154.30.73.148 - - [02/Nov/2025:10:51:58 +0545] "GET /wp-content/plugins/under-construction-page/themes/images/favicon.png HTTP/1.1" 200 4026 "https://roshanchandy.com/consultants/with-fed-rate-hike-how-can-credit-unions-navigate/" "Mozilla/5.0 (Macintosh; Intel Mac OS X 10_15_7) AppleWebKit/537.36 (KHTML, like Gecko) Chrome/139.0.0.0 Safari/537.36"
45.119.85.39 - - [02/Nov/2025:10:51:57 +0545] "GET /wp/wp-login.php HTTP/1.1" 200 2274 "https://www.google.com" "Mozilla/5.0 (X11; Linux x86_64) AppleWebKit/537.36 (KHTML, like Gecko) Chrome/140.0.0.0 Safari/537.36"
66.249.68.37 - - [02/Nov/2025:10:52:02 +0545] "GET /?products/10589682/ HTTP/1.1" 200 2274 "-" "Mozilla/5.0 (Linux; Android 6.0.1; Nexus 5X Build/MMB29P) AppleWebKit/537.36 (KHTML, like Gecko) Chrome/141.0.7390.122 Mobile Safari/537.36 (compatible; GoogleOther)"
66.249.68.36 - - [02/Nov/2025:10:52:21 +0545] "GET /?products/5698793/ HTTP/1.1" 200 2274 "-" "Mozilla/5.0 (Linux; Android 6.0.1; Nexus 5X Build/MMB29P) AppleWebKit/537.36 (KHTML, like Gecko) Chrome/141.0.7390.122 Mobile Safari/537.36 (compatible; GoogleOther)"
152.53.193.46 - - [02/Nov/2025:10:52:25 +0545] "POST /xmlrpc.php HTTP/1.1" 200 401 "-" "Mozilla/5.0 (Macintosh; Intel Mac OS X 10_13_6) AppleWebKit/605.1.15 (KHTML, like Gecko) Version/11.1.2 Safari/605.1.15"
66.249.68.36 - - [02/Nov/2025:10:52:38 +0545] "GET /?products/13092971/ HTTP/1.1" 200 2274 "-" "Mozilla/5.0 (Linux; Android 6.0.1; Nexus 5X Build/MMB29P) AppleWebKit/537.36 (KHTML, like Gecko) Chrome/141.0.7390.122 Mobile Safari/537.36 (compatible; GoogleOther)"
66.249.68.36 - - [02/Nov/2025:10:52:56 +0545] "GET /?products/5952604/ HTTP/1.1" 200 2274 "-" "Mozilla/5.0 (Linux; Android 6.0.1; Nexus 5X Build/MMB29P) AppleWebKit/537.36 (KHTML, like Gecko) Chrome/141.0.7390.122 Mobile Safari/537.36 (compatible; GoogleOther)"
66.249.68.37 - - [02/Nov/2025:10:53:13 +0545] "GET /?products/14900404/ HTTP/1.1" 200 2274 "-" "Mozilla/5.0 (Linux; Android 6.0.1; Nexus 5X Build/MMB29P) AppleWebKit/537.36 (KHTML, like Gecko) Chrome/141.0.7390.122 Mobile Safari/537.36 (compatible; GoogleOther)"
66.249.68.36 - - [02/Nov/2025:10:53:31 +0545] "GET /?products/7014460/ HTTP/1.1" 200 2274 "-" "Mozilla/5.0 (Linux; Android 6.0.1; Nexus 5X Build/MMB29P) AppleWebKit/537.36 (KHTML, like Gecko) Chrome/141.0.7390.122 Mobile Safari/537.36 (compatible; GoogleOther)"
66.249.68.36 - - [02/Nov/2025:10:53:47 +0545] "GET /?products/6403648/ HTTP/1.1" 200 2274 "-" "Mozilla/5.0 (Linux; Android 6.0.1; Nexus 5X Build/MMB29P) AppleWebKit/537.36 (KHTML, like Gecko) Chrome/141.0.7390.122 Mobile Safari/537.36 (compatible; GoogleOther)"
45.119.85.39 - - [02/Nov/2025:10:53:59 +0545] "GET /wp-json/wp/v2/users HTTP/1.1" 200 771 "-" "Mozilla/5.0 (X11; Linux x86_64) AppleWebKit/537.36 (KHTML, like Gecko) Chrome/140.0.0.0 Safari/537.36"
66.249.68.36 - - [02/Nov/2025:10:54:02 +0545] "GET /?products/11343882/ HTTP/1.1" 200 2274 "-" "Mozilla/5.0 (Linux; Android 6.0.1; Nexus 5X Build/MMB29P) AppleWebKit/537.36 (KHTML, like Gecko) Chrome/141.0.7390.122 Mobile Safari/537.36 (compatible; GoogleOther)"
194.76.27.29 - - [02/Nov/2025:10:54:17 +0545] "POST /xmlrpc.php HTTP/1.1" 200 401 "-" "Mozilla/5.0 (Windows NT 10.0; WOW64; Trident/7.0; MATBJS; rv:11.0) like Gecko"
66.249.68.37 - - [02/Nov/2025:10:54:18 +0545] "GET /?products/12678526/ HTTP/1.1" 200 2274 "-" "Mozilla/5.0 (Linux; Android 6.0.1; Nexus 5X Build/MMB29P) AppleWebKit/537.36 (KHTML, like Gecko) Chrome/141.0.7390.122 Mobile Safari/537.36 (compatible; GoogleOther)"
154.13.221.108 - - [02/Nov/2025:10:54:24 +0545] "GET /consultants/descobrindo-as-probabilidades-no-pagolbet/ HTTP/1.1" 200 2274 "-" "Mozilla/5.0 (X11; Linux x86_64) AppleWebKit/537.36 (KHTML, like Gecko) Chrome/114.0.0.0 Safari/537.36"
154.13.221.108 - - [02/Nov/2025:10:54:28 +0545] "GET /wp-login.php HTTP/1.1" 200 6570 "https://roshanchandy.com/consultants/descobrindo-as-probabilidades-no-pagolbet/" "Mozilla/5.0 (Windows NT 6.3; Win64; x64) AppleWebKit/537.36 (KHTML, like Gecko) Chrome/103.0.0.0 Safari/537.36"
154.13.221.108 - - [02/Nov/2025:10:54:31 +0545] "GET /wp-login.php?action=lostpassword HTTP/1.1" 200 3808 "https://roshanchandy.com/wp-login.php" "Mozilla/5.0 (Windows NT 6.3; Win64; x64) AppleWebKit/537.36 (KHTML, like Gecko) Chrome/103.0.0.0 Safari/537.36"
66.249.68.36 - - [02/Nov/2025:10:54:34 +0545] "GET /?products/6305904/ HTTP/1.1" 200 2274 "-" "Mozilla/5.0 (Linux; Android 6.0.1; Nexus 5X Build/MMB29P) AppleWebKit/537.36 (KHTML, like Gecko) Chrome/141.0.7390.122 Mobile Safari/537.36 (compatible; GoogleOther)"
66.249.68.36 - - [02/Nov/2025:10:54:48 +0545] "GET /?products/11804582/ HTTP/1.1" 200 2274 "-" "Mozilla/5.0 (Linux; Android 6.0.1; Nexus 5X Build/MMB29P) AppleWebKit/537.36 (KHTML, like Gecko) Chrome/141.0.7390.122 Mobile Safari/537.36 (compatible; GoogleOther)"
194.76.27.29 - - [02/Nov/2025:10:54:48 +0545] "POST /xmlrpc.php HTTP/1.1" 200 401 "-" "Mozilla/5.0 (Windows NT 10.0; WOW64; Trident/7.0; MATBJS; rv:11.0) like Gecko"
45.119.85.39 - - [02/Nov/2025:10:54:53 +0545] "POST /xmlrpc.php HTTP/1.1" 200 403 "-" "Mozilla/5.0 (X11; Linux x86_64) AppleWebKit/537.36 (KHTML, like Gecko) Chrome/140.0.0.0 Safari/537.36"
66.249.68.36 - - [02/Nov/2025:10:55:03 +0545] "GET /?products/8557693/ HTTP/1.1" 200 2274 "-" "Mozilla/5.0 (Linux; Android 6.0.1; Nexus 5X Build/MMB29P) AppleWebKit/537.36 (KHTML, like Gecko) Chrome/141.0.7390.122 Mobile Safari/537.36 (compatible; GoogleOther)"
194.76.27.29 - - [02/Nov/2025:10:55:01 +0545] "POST /xmlrpc.php HTTP/1.1" 200 401 "-" "Mozilla/5.0 (Windows NT 10.0; WOW64; Trident/7.0; MATBJS; rv:11.0) like Gecko"
51.68.35.162 - - [02/Nov/2025:10:55:04 +0545] "POST /xmlrpc.php HTTP/1.1" 200 403 "-" "Mozilla/5.0 (Windows NT 10.0; Win64; x64; rv:63.0) Gecko/20100101 Firefox/63.0"
45.3.39.168 - - [02/Nov/2025:10:55:16 +0545] "GET /consultants/comment-les-probabilites-influencent-vos-succes-au-spingenie-casino/ HTTP/1.1" 200 2274 "https://roshanchandy.com/" "Mozilla/5.0 (X11; Linux i686; rv:114.0) Gecko/20100101 Firefox/114.0"
66.249.68.37 - - [02/Nov/2025:10:55:17 +0545] "GET /?products/10492926/ HTTP/1.1" 200 2274 "-" "Mozilla/5.0 (Linux; Android 6.0.1; Nexus 5X Build/MMB29P) AppleWebKit/537.36 (KHTML, like Gecko) Chrome/141.0.7390.122 Mobile Safari/537.36 (compatible; GoogleOther)"
45.3.39.168 - - [02/Nov/2025:10:55:23 +0545] "GET /wp-login.php HTTP/1.1" 200 6570 "https://roshanchandy.com/consultants/comment-les-probabilites-influencent-vos-succes-au-spingenie-casino/" "Mozilla/5.0 (X11; Linux i686; rv:114.0) Gecko/20100101 Firefox/114.0"
66.249.68.36 - - [02/Nov/2025:10:55:33 +0545] "GET /?products/17072871/ HTTP/1.1" 200 2274 "-" "Mozilla/5.0 (Linux; Android 6.0.1; Nexus 5X Build/MMB29P) AppleWebKit/537.36 (KHTML, like Gecko) Chrome/141.0.7390.122 Mobile Safari/537.36 (compatible; GoogleOther)"
66.249.68.36 - - [02/Nov/2025:10:55:53 +0545] "GET /?products/21650226/ HTTP/1.1" 200 2274 "-" "Mozilla/5.0 (Linux; Android 6.0.1; Nexus 5X Build/MMB29P) AppleWebKit/537.36 (KHTML, like Gecko) Chrome/141.0.7390.122 Mobile Safari/537.36 (compatible; GoogleOther)"
66.249.68.37 - - [02/Nov/2025:10:56:08 +0545] "GET /?products/13360759/ HTTP/1.1" 200 2274 "-" "Mozilla/5.0 (Linux; Android 6.0.1; Nexus 5X Build/MMB29P) AppleWebKit/537.36 (KHTML, like Gecko) Chrome/141.0.7390.122 Mobile Safari/537.36 (compatible; GoogleOther)"
45.119.85.39 - - [02/Nov/2025:10:56:19 +0545] "POST /xmlrpc.php HTTP/1.1" 200 403 "-" "Mozilla/5.0 (X11; Linux x86_64) AppleWebKit/537.36 (KHTML, like Gecko) Chrome/140.0.0.0 Safari/537.36"
66.249.68.36 - - [02/Nov/2025:10:56:29 +0545] "GET /?products/13833004/ HTTP/1.1" 200 2274 "-" "Mozilla/5.0 (Linux; Android 6.0.1; Nexus 5X Build/MMB29P) AppleWebKit/537.36 (KHTML, like Gecko) Chrome/141.0.7390.122 Mobile Safari/537.36 (compatible; GoogleOther)"
46.8.155.89 - - [02/Nov/2025:10:56:34 +0545] "GET /consultants/wahrscheinlichkeiten-fur-erfolg-im-turbonino-casino/ HTTP/1.1" 200 2274 "https://roshanchandy.com/" "Mozilla/5.0 (Windows NT 10.0; WOW64) AppleWebKit/537.36 (KHTML, like Gecko) Chrome/114.0.0.0 Safari/537.36 Vivaldi/5.3.2679.68"
46.8.155.89 - - [02/Nov/2025:10:56:39 +0545] "GET /wp-login.php HTTP/1.1" 200 6570 "https://roshanchandy.com/consultants/wahrscheinlichkeiten-fur-erfolg-im-turbonino-casino/" "Mozilla/5.0 (Windows NT 6.3; Win64; x64) AppleWebKit/537.36 (KHTML, like Gecko) Chrome/103.0.0.0 Safari/537.36"
46.8.155.89 - - [02/Nov/2025:10:56:42 +0545] "GET /wp-login.php?action=lostpassword HTTP/1.1" 200 3808 "https://roshanchandy.com/wp-login.php" "Mozilla/5.0 (Windows NT 6.3; Win64; x64) AppleWebKit/537.36 (KHTML, like Gecko) Chrome/103.0.0.0 Safari/537.36"
66.249.68.36 - - [02/Nov/2025:10:56:44 +0545] "GET /?products/11456459/ HTTP/1.1" 200 2274 "-" "Mozilla/5.0 (Linux; Android 6.0.1; Nexus 5X Build/MMB29P) AppleWebKit/537.36 (KHTML, like Gecko) Chrome/141.0.7390.122 Mobile Safari/537.36 (compatible; GoogleOther)"
66.249.68.36 - - [02/Nov/2025:10:56:59 +0545] "GET /?products/936337/ HTTP/1.1" 200 2274 "-" "Mozilla/5.0 (Linux; Android 6.0.1; Nexus 5X Build/MMB29P) AppleWebKit/537.36 (KHTML, like Gecko) Chrome/141.0.7390.122 Mobile Safari/537.36 (compatible; GoogleOther)"
66.249.68.36 - - [02/Nov/2025:10:57:14 +0545] "GET /?products/8687871/ HTTP/1.1" 200 2274 "-" "Mozilla/5.0 (Linux; Android 6.0.1; Nexus 5X Build/MMB29P) AppleWebKit/537.36 (KHTML, like Gecko) Chrome/141.0.7390.122 Mobile Safari/537.36 (compatible; GoogleOther)"
66.249.68.36 - - [02/Nov/2025:10:57:30 +0545] "GET /?products/16403282/ HTTP/1.1" 200 2274 "-" "Mozilla/5.0 (Linux; Android 6.0.1; Nexus 5X Build/MMB29P) AppleWebKit/537.36 (KHTML, like Gecko) Chrome/141.0.7390.122 Mobile Safari/537.36 (compatible; GoogleOther)"
66.249.68.36 - - [02/Nov/2025:10:57:45 +0545] "GET /?products/12266537/ HTTP/1.1" 200 2274 "-" "Mozilla/5.0 (Linux; Android 6.0.1; Nexus 5X Build/MMB29P) AppleWebKit/537.36 (KHTML, like Gecko) Chrome/141.0.7390.122 Mobile Safari/537.36 (compatible; GoogleOther)"
45.119.85.39 - - [02/Nov/2025:10:57:57 +0545] "POST /xmlrpc.php HTTP/1.1" 200 403 "-" "Mozilla/5.0 (X11; Linux x86_64) AppleWebKit/537.36 (KHTML, like Gecko) Chrome/140.0.0.0 Safari/537.36"
66.249.68.38 - - [02/Nov/2025:10:58:04 +0545] "GET /?products/6818615/ HTTP/1.1" 200 2274 "-" "Mozilla/5.0 (Linux; Android 6.0.1; Nexus 5X Build/MMB29P) AppleWebKit/537.36 (KHTML, like Gecko) Chrome/141.0.7390.122 Mobile Safari/537.36 (compatible; GoogleOther)"
194.164.126.55 - - [02/Nov/2025:10:58:08 +0545] "POST /xmlrpc.php HTTP/1.1" 200 401 "-" "Mozilla/5.0 (Macintosh; Intel Mac OS X 10_13_4) AppleWebKit/537.36 (KHTML, like Gecko) Chrome/67.0.3396.87 Safari/537.36"
66.249.68.36 - - [02/Nov/2025:10:58:19 +0545] "GET /?products/10128626/ HTTP/1.1" 200 2274 "-" "Mozilla/5.0 (Linux; Android 6.0.1; Nexus 5X Build/MMB29P) AppleWebKit/537.36 (KHTML, like Gecko) Chrome/141.0.7390.122 Mobile Safari/537.36 (compatible; GoogleOther)"
66.249.68.36 - - [02/Nov/2025:10:58:34 +0545] "GET /?products/11499882/ HTTP/1.1" 200 2274 "-" "Mozilla/5.0 (Linux; Android 6.0.1; Nexus 5X Build/MMB29P) AppleWebKit/537.36 (KHTML, like Gecko) Chrome/141.0.7390.122 Mobile Safari/537.36 (compatible; GoogleOther)"
92.112.92.41 - - [02/Nov/2025:10:58:37 +0545] "GET /consultants/automated-reconciliation-reconcile-with-confidence/ HTTP/1.1" 200 2274 "-" "Mozilla/5.0 (Macintosh; Intel Mac OS X 10_15_7) AppleWebKit/537.36 (KHTML, like Gecko) Chrome/139.0.0.0 Safari/537.36"
114.119.156.146 - - [02/Nov/2025:10:58:38 +0545] "GET /consultants/services/consulting-services HTTP/1.1" 200 2274 "https://roshanchandy.com/consultants/comment-la-theorie-des-probabilites-dynamise-vos-resultats-au-simsinos-casino/" "Mozilla/5.0 (Linux; Android 7.0;) AppleWebKit/537.36 (KHTML, like Gecko) Mobile Safari/537.36 (compatible; PetalBot;+https://webmaster.petalsearch.com/site/petalbot)"
66.249.68.36 - - [02/Nov/2025:10:58:47 +0545] "GET /?products/4383960/ HTTP/1.1" 200 2274 "-" "Mozilla/5.0 (Linux; Android 6.0.1; Nexus 5X Build/MMB29P) AppleWebKit/537.36 (KHTML, like Gecko) Chrome/141.0.7390.122 Mobile Safari/537.36 (compatible; GoogleOther)"
66.249.68.38 - - [02/Nov/2025:10:59:01 +0545] "GET /?products/12688148/ HTTP/1.1" 200 2274 "-" "Mozilla/5.0 (Linux; Android 6.0.1; Nexus 5X Build/MMB29P) AppleWebKit/537.36 (KHTML, like Gecko) Chrome/141.0.7390.122 Mobile Safari/537.36 (compatible; GoogleOther)"
66.249.68.36 - - [02/Nov/2025:10:59:15 +0545] "GET /?products/11066715/ HTTP/1.1" 200 2274 "-" "Mozilla/5.0 (Linux; Android 6.0.1; Nexus 5X Build/MMB29P) AppleWebKit/537.36 (KHTML, like Gecko) Chrome/141.0.7390.122 Mobile Safari/537.36 (compatible; GoogleOther)"
38.154.14.213 - - [02/Nov/2025:10:59:23 +0545] "GET /consultants/automated-reconciliation-reconcile-with-confidence/ HTTP/1.1" 200 2274 "-" "Mozilla/5.0 (Macintosh; Intel Mac OS X 10_15_7) AppleWebKit/537.36 (KHTML, like Gecko) Chrome/139.0.0.0 Safari/537.36"
38.154.14.213 - - [02/Nov/2025:10:59:25 +0545] "GET /wp-content/plugins/under-construction-page/themes/mad_designer/style.css?v=3.99 HTTP/1.1" 200 1600 "https://roshanchandy.com/consultants/automated-reconciliation-reconcile-with-confidence/" "Mozilla/5.0 (Macintosh; Intel Mac OS X 10_15_7) AppleWebKit/537.36 (KHTML, like Gecko) Chrome/139.0.0.0 Safari/537.36"
38.154.14.213 - - [02/Nov/2025:10:59:26 +0545] "GET /wp-content/plugins/under-construction-page/themes/images/favicon.png HTTP/1.1" 200 4026 "https://roshanchandy.com/consultants/automated-reconciliation-reconcile-with-confidence/" "Mozilla/5.0 (Macintosh; Intel Mac OS X 10_15_7) AppleWebKit/537.36 (KHTML, like Gecko) Chrome/139.0.0.0 Safari/537.36"
66.249.68.36 - - [02/Nov/2025:10:59:29 +0545] "GET /?products/21199360/ HTTP/1.1" 200 2274 "-" "Mozilla/5.0 (Linux; Android 6.0.1; Nexus 5X Build/MMB29P) AppleWebKit/537.36 (KHTML, like Gecko) Chrome/141.0.7390.122 Mobile Safari/537.36 (compatible; GoogleOther)"
20.25.250.19 - - [02/Nov/2025:10:59:45 +0545] "POST /xmlrpc.php HTTP/1.1" 200 401 "-" "Mozilla/4.0 (compatible; MSIE 7.0; Windows NT 6.1; WOW64; Trident/7.0; SLCC2; .NET CLR 2.0.50727; .NET CLR 3.5.30729; .NET CLR 3.0.30729; Media Center PC 6.0; .NET4.0C)"
45.119.85.39 - - [02/Nov/2025:10:59:47 +0545] "POST /xmlrpc.php HTTP/1.1" 200 403 "-" "Mozilla/5.0 (X11; Linux x86_64) AppleWebKit/537.36 (KHTML, like Gecko) Chrome/140.0.0.0 Safari/537.36"
15.235.218.124 - - [02/Nov/2025:10:59:49 +0545] "GET /wp-login.php HTTP/1.1" 200 6570 "-" "Mozilla/5.0 (Windows NT 6.1; WOW64; Trident/7.0; MDDSJS; rv:11.0) like Gecko"
66.249.68.36 - - [02/Nov/2025:10:59:51 +0545] "GET /?products/1382648/ HTTP/1.1" 200 2274 "-" "Mozilla/5.0 (Linux; Android 6.0.1; Nexus 5X Build/MMB29P) AppleWebKit/537.36 (KHTML, like Gecko) Chrome/141.0.7390.122 Mobile Safari/537.36 (compatible; GoogleOther)"
185.200.240.65 - - [02/Nov/2025:10:59:55 +0545] "GET /wp-login.php HTTP/1.1" 200 6570 "-" "Mozilla/5.0 (Windows NT 6.3; WOW64; Trident/7.0; MAGWJS; rv:11.0) like Gecko"
15.235.218.124 - - [02/Nov/2025:10:59:57 +0545] "POST /wp-login.php HTTP/1.1" 200 6960 "https://roshanchandy.com/wp-login.php" "Mozilla/5.0 (Windows NT 6.1; WOW64; Trident/7.0; MDDSJS; rv:11.0) like Gecko"
185.200.240.65 - - [02/Nov/2025:11:00:00 +0545] "POST /wp-login.php HTTP/1.1" 200 6966 "https://roshanchandy.com/wp-login.php" "Mozilla/5.0 (Windows NT 6.3; WOW64; Trident/7.0; MAGWJS; rv:11.0) like Gecko"
66.249.68.38 - - [02/Nov/2025:11:00:05 +0545] "GET /?products/10535015/ HTTP/1.1" 200 2274 "-" "Mozilla/5.0 (Linux; Android 6.0.1; Nexus 5X Build/MMB29P) AppleWebKit/537.36 (KHTML, like Gecko) Chrome/141.0.7390.122 Mobile Safari/537.36 (compatible; GoogleOther)"
66.249.68.36 - - [02/Nov/2025:11:00:18 +0545] "GET /?products/4171359/ HTTP/1.1" 200 2274 "-" "Mozilla/5.0 (Linux; Android 6.0.1; Nexus 5X Build/MMB29P) AppleWebKit/537.36 (KHTML, like Gecko) Chrome/141.0.7390.122 Mobile Safari/537.36 (compatible; GoogleOther)"
66.249.68.36 - - [02/Nov/2025:11:00:32 +0545] "GET /?products/21267904/ HTTP/1.1" 200 2274 "-" "Mozilla/5.0 (Linux; Android 6.0.1; Nexus 5X Build/MMB29P) AppleWebKit/537.36 (KHTML, like Gecko) Chrome/141.0.7390.122 Mobile Safari/537.36 (compatible; GoogleOther)"
66.249.68.36 - - [02/Nov/2025:11:00:45 +0545] "GET /?products/10386326/ HTTP/1.1" 200 2274 "-" "Mozilla/5.0 (Linux; Android 6.0.1; Nexus 5X Build/MMB29P) AppleWebKit/537.36 (KHTML, like Gecko) Chrome/141.0.7390.122 Mobile Safari/537.36 (compatible; GoogleOther)"
66.249.68.36 - - [02/Nov/2025:11:00:58 +0545] "GET /?products/2106326/ HTTP/1.1" 200 2274 "-" "Mozilla/5.0 (Linux; Android 6.0.1; Nexus 5X Build/MMB29P) AppleWebKit/537.36 (KHTML, like Gecko) Chrome/141.0.7390.122 Mobile Safari/537.36 (compatible; GoogleOther)"
66.249.68.36 - - [02/Nov/2025:11:01:12 +0545] "GET /?products/11046182/ HTTP/1.1" 200 2274 "-" "Mozilla/5.0 (Linux; Android 6.0.1; Nexus 5X Build/MMB29P) AppleWebKit/537.36 (KHTML, like Gecko) Chrome/141.0.7390.122 Mobile Safari/537.36 (compatible; GoogleOther)"
66.249.68.36 - - [02/Nov/2025:11:01:27 +0545] "GET /?products/7272871/ HTTP/1.1" 200 2274 "-" "Mozilla/5.0 (Linux; Android 6.0.1; Nexus 5X Build/MMB29P) AppleWebKit/537.36 (KHTML, like Gecko) Chrome/141.0.7390.122 Mobile Safari/537.36 (compatible; GoogleOther)"
66.249.68.36 - - [02/Nov/2025:11:01:41 +0545] "GET /?products/21773460/ HTTP/1.1" 200 2274 "-" "Mozilla/5.0 (Linux; Android 6.0.1; Nexus 5X Build/MMB29P) AppleWebKit/537.36 (KHTML, like Gecko) Chrome/141.0.7390.122 Mobile Safari/537.36 (compatible; GoogleOther)"
45.119.85.39 - - [02/Nov/2025:11:01:48 +0545] "POST /xmlrpc.php HTTP/1.1" 200 403 "-" "Mozilla/5.0 (X11; Linux x86_64) AppleWebKit/537.36 (KHTML, like Gecko) Chrome/140.0.0.0 Safari/537.36"
66.249.68.36 - - [02/Nov/2025:11:01:55 +0545] "GET /?products/6576004/ HTTP/1.1" 200 2274 "-" "Mozilla/5.0 (Linux; Android 6.0.1; Nexus 5X Build/MMB29P) AppleWebKit/537.36 (KHTML, like Gecko) Chrome/141.0.7390.122 Mobile Safari/537.36 (compatible; GoogleOther)"
91.134.81.68 - - [02/Nov/2025:11:02:01 +0545] "POST /xmlrpc.php HTTP/1.1" 200 401 "-" "Mozilla/5.0 (Windows NT 10.0; WOW64; Trident/7.0; ASU2JS; rv:11.0) like Gecko"
66.249.68.36 - - [02/Nov/2025:11:02:09 +0545] "GET /?products/4999271/ HTTP/1.1" 200 2274 "-" "Mozilla/5.0 (Linux; Android 6.0.1; Nexus 5X Build/MMB29P) AppleWebKit/537.36 (KHTML, like Gecko) Chrome/141.0.7390.122 Mobile Safari/537.36 (compatible; GoogleOther)"
66.249.68.36 - - [02/Nov/2025:11:02:26 +0545] "GET /?products/4418648/ HTTP/1.1" 200 2274 "-" "Mozilla/5.0 (Linux; Android 6.0.1; Nexus 5X Build/MMB29P) AppleWebKit/537.36 (KHTML, like Gecko) Chrome/141.0.7390.122 Mobile Safari/537.36 (compatible; GoogleOther)"
66.249.68.36 - - [02/Nov/2025:11:02:44 +0545] "GET /?products/17208037/ HTTP/1.1" 200 2274 "-" "Mozilla/5.0 (Linux; Android 6.0.1; Nexus 5X Build/MMB29P) AppleWebKit/537.36 (KHTML, like Gecko) Chrome/141.0.7390.122 Mobile Safari/537.36 (compatible; GoogleOther)"
66.249.68.38 - - [02/Nov/2025:11:03:02 +0545] "GET /?products/12660671/ HTTP/1.1" 500 2508 "-" "Mozilla/5.0 (Linux; Android 6.0.1; Nexus 5X Build/MMB29P) AppleWebKit/537.36 (KHTML, like Gecko) Chrome/141.0.7390.122 Mobile Safari/537.36 (compatible; GoogleOther)"
66.249.68.36 - - [02/Nov/2025:11:03:38 +0545] "GET /?products/2107293/ HTTP/1.1" 500 2431 "-" "Mozilla/5.0 (Linux; Android 6.0.1; Nexus 5X Build/MMB29P) AppleWebKit/537.36 (KHTML, like Gecko) Chrome/141.0.7390.122 Mobile Safari/537.36 (compatible; GoogleOther)"
45.119.85.39 - - [02/Nov/2025:11:03:50 +0545] "POST /xmlrpc.php HTTP/1.1" 200 - "-" "Mozilla/5.0 (X11; Linux x86_64) AppleWebKit/537.36 (KHTML, like Gecko) Chrome/140.0.0.0 Safari/537.36"
45.119.85.39 - - [02/Nov/2025:11:10:28 +0545] "POST /xmlrpc.php HTTP/1.1" 200 - "-" "Mozilla/5.0 (X11; Linux x86_64) AppleWebKit/537.36 (KHTML, like Gecko) Chrome/140.0.0.0 Safari/537.36"
191.96.95.88 - - [02/Nov/2025:11:09:20 +0545] "GET /consultants/entendendo-as-odds-no-speicasino-um-estudo-detalhado/ HTTP/1.1" 500 2431 "https://roshanchandy.com/" "Mozilla/5.0 (Macintosh; Intel Mac OS X 12_5) AppleWebKit/537.36 (KHTML, like Gecko) Chrome/114.0.0.0 Safari/537.36 Edg/114.0.1264.71"
45.119.85.39 - - [02/Nov/2025:11:08:10 +0545] "POST /xmlrpc.php HTTP/1.1" 200 - "-" "Mozilla/5.0 (X11; Linux x86_64) AppleWebKit/537.36 (KHTML, like Gecko) Chrome/140.0.0.0 Safari/537.36"
66.249.68.36 - - [02/Nov/2025:11:04:41 +0545] "GET /?products/24804482/ HTTP/1.1" 500 2431 "-" "Mozilla/5.0 (Linux; Android 6.0.1; Nexus 5X Build/MMB29P) AppleWebKit/537.36 (KHTML, like Gecko) Chrome/141.0.7390.122 Mobile Safari/537.36 (compatible; GoogleOther)"
107.172.71.88 - - [02/Nov/2025:11:05:32 +0545] "GET /consultants/entendendo-as-odds-no-speicasino-um-estudo-detalhado/ HTTP/1.1" 500 2431 "https://roshanchandy.com/" "Mozilla/5.0 (Macintosh; Intel Mac OS X 12_5) AppleWebKit/537.36 (KHTML, like Gecko) Chrome/114.0.0.0 Safari/537.36 Edg/114.0.1264.71"
103.216.118.237 - - [02/Nov/2025:11:09:23 +0545] "POST /xmlrpc.php HTTP/1.1" 200 - "-" "Mozilla/4.0 (compatible; MSIE 7.0; Windows NT 6.2; Win64; x64; Trident/7.0; .NET4.0E; .NET4.0C; .NET CLR 3.5.30729; .NET CLR 2.0.50727; .NET CLR 3.0.30729; InfoPath.3)"
65.254.81.60 - - [02/Nov/2025:11:11:13 +0545] "POST /wp-cron.php?doing_wp_cron=1762061173.5209760665893554687500 HTTP/1.1" 200 - "-" "WordPress/6.8.3; https://roshanchandy.com"
143.105.152.110 - - [02/Nov/2025:11:11:11 +0545] "GET /consultants/entendendo-as-odds-no-speicasino-um-estudo-detalhado/ HTTP/1.1" 200 2274 "https://roshanchandy.com/" "Mozilla/5.0 (X11; Ubuntu; Linux x86_64; rv:114.0) Gecko/20100101 Firefox/114.0"
143.105.152.110 - - [02/Nov/2025:11:11:18 +0545] "GET /wp-login.php HTTP/1.1" 200 6570 "https://roshanchandy.com/consultants/entendendo-as-odds-no-speicasino-um-estudo-detalhado/" "Mozilla/5.0 (Windows NT 6.3; Win64; x64) AppleWebKit/537.36 (KHTML, like Gecko) Chrome/103.0.0.0 Safari/537.36"
143.105.152.110 - - [02/Nov/2025:11:11:20 +0545] "GET /wp-login.php?action=lostpassword HTTP/1.1" 200 3808 "https://roshanchandy.com/wp-login.php" "Mozilla/5.0 (Windows NT 6.3; Win64; x64) AppleWebKit/537.36 (KHTML, like Gecko) Chrome/103.0.0.0 Safari/537.36"
101.100.194.71 - - [02/Nov/2025:11:11:26 +0545] "GET /wp-login.php HTTP/1.1" 200 6570 "-" "Mozilla/5.0 (IE 11.0; Windows NT 6.3; Trident/7.0; .NET4.0E; .NET4.0C; rv:11.0) like Gecko"
66.249.68.37 - - [02/Nov/2025:11:11:47 +0545] "GET /?products/6257171/ HTTP/1.1" 200 2274 "-" "Mozilla/5.0 (Linux; Android 6.0.1; Nexus 5X Build/MMB29P) AppleWebKit/537.36 (KHTML, like Gecko) Chrome/141.0.7390.122 Mobile Safari/537.36 (compatible; GoogleOther)"
66.249.68.36 - - [02/Nov/2025:11:12:12 +0545] "GET /?products/16549659/ HTTP/1.1" 200 2274 "-" "Mozilla/5.0 (Linux; Android 6.0.1; Nexus 5X Build/MMB29P) AppleWebKit/537.36 (KHTML, like Gecko) Chrome/141.0.7390.122 Mobile Safari/537.36 (compatible; GoogleOther)"
210.5.164.50 - - [02/Nov/2025:11:12:16 +0545] "GET /wp-login.php HTTP/1.1" 200 6570 "-" "Mozilla/4.0 (compatible; MSIE 8.0; Windows NT 6.2; WOW64; Trident/7.0; .NET4.0C; .NET4.0E; .NET CLR 2.0.50727; .NET CLR 3.0.30729; .NET CLR 3.5.30729)"
210.5.164.50 - - [02/Nov/2025:11:12:19 +0545] "POST /wp-login.php HTTP/1.1" 200 6960 "https://roshanchandy.com/wp-login.php" "Mozilla/4.0 (compatible; MSIE 8.0; Windows NT 6.2; WOW64; Trident/7.0; .NET4.0C; .NET4.0E; .NET CLR 2.0.50727; .NET CLR 3.0.30729; .NET CLR 3.5.30729)"
45.119.85.39 - - [02/Nov/2025:11:12:33 +0545] "POST /xmlrpc.php HTTP/1.1" 200 403 "-" "Mozilla/5.0 (X11; Linux x86_64) AppleWebKit/537.36 (KHTML, like Gecko) Chrome/140.0.0.0 Safari/537.36"
66.249.68.36 - - [02/Nov/2025:11:12:34 +0545] "GET /?products/13361271/ HTTP/1.1" 200 2274 "-" "Mozilla/5.0 (Linux; Android 6.0.1; Nexus 5X Build/MMB29P) AppleWebKit/537.36 (KHTML, like Gecko) Chrome/141.0.7390.122 Mobile Safari/537.36 (compatible; GoogleOther)"
66.249.68.36 - - [02/Nov/2025:11:12:53 +0545] "GET /?products/24134537/ HTTP/1.1" 200 2274 "-" "Mozilla/5.0 (Linux; Android 6.0.1; Nexus 5X Build/MMB29P) AppleWebKit/537.36 (KHTML, like Gecko) Chrome/141.0.7390.122 Mobile Safari/537.36 (compatible; GoogleOther)"
66.249.68.36 - - [02/Nov/2025:11:13:10 +0545] "GET /?products/9177159/ HTTP/1.1" 200 2274 "-" "Mozilla/5.0 (Linux; Android 6.0.1; Nexus 5X Build/MMB29P) AppleWebKit/537.36 (KHTML, like Gecko) Chrome/141.0.7390.122 Mobile Safari/537.36 (compatible; GoogleOther)"
66.249.68.36 - - [02/Nov/2025:11:13:26 +0545] "GET /?products/19245937/ HTTP/1.1" 200 2274 "-" "Mozilla/5.0 (Linux; Android 6.0.1; Nexus 5X Build/MMB29P) AppleWebKit/537.36 (KHTML, like Gecko) Chrome/141.0.7390.122 Mobile Safari/537.36 (compatible; GoogleOther)"
95.182.126.159 - - [02/Nov/2025:11:13:35 +0545] "GET /consultants/entenda-as-probabilidades-para-otimizar-ganhos-no-bingoemcasa-casino/ HTTP/1.1" 200 2274 "https://roshanchandy.com/" "Mozilla/5.0 (Windows NT 10.0; Win64; x64; rv:114.0) Gecko/20100101 Firefox/114.0"
95.182.126.159 - - [02/Nov/2025:11:13:37 +0545] "GET /wp-login.php HTTP/1.1" 200 6570 "https://roshanchandy.com/consultants/entenda-as-probabilidades-para-otimizar-ganhos-no-bingoemcasa-casino/" "Mozilla/5.0 (Windows NT 6.3; Win64; x64) AppleWebKit/537.36 (KHTML, like Gecko) Chrome/103.0.0.0 Safari/537.36"
95.182.126.159 - - [02/Nov/2025:11:13:38 +0545] "GET /wp-login.php?action=lostpassword HTTP/1.1" 200 3808 "https://roshanchandy.com/wp-login.php" "Mozilla/5.0 (Windows NT 6.3; Win64; x64) AppleWebKit/537.36 (KHTML, like Gecko) Chrome/103.0.0.0 Safari/537.36"
66.249.68.36 - - [02/Nov/2025:11:13:39 +0545] "GET /?products/15060471/ HTTP/1.1" 200 2274 "-" "Mozilla/5.0 (Linux; Android 6.0.1; Nexus 5X Build/MMB29P) AppleWebKit/537.36 (KHTML, like Gecko) Chrome/141.0.7390.122 Mobile Safari/537.36 (compatible; GoogleOther)"
66.249.68.36 - - [02/Nov/2025:11:13:52 +0545] "GET /?products/9897559/ HTTP/1.1" 200 2274 "-" "Mozilla/5.0 (Linux; Android 6.0.1; Nexus 5X Build/MMB29P) AppleWebKit/537.36 (KHTML, like Gecko) Chrome/141.0.7390.122 Mobile Safari/537.36 (compatible; GoogleOther)"
66.249.68.36 - - [02/Nov/2025:11:14:03 +0545] "GET /?products/7583060/ HTTP/1.1" 200 2274 "-" "Mozilla/5.0 (Linux; Android 6.0.1; Nexus 5X Build/MMB29P) AppleWebKit/537.36 (KHTML, like Gecko) Chrome/141.0.7390.122 Mobile Safari/537.36 (compatible; GoogleOther)"
107.172.67.154 - - [02/Nov/2025:11:14:11 +0545] "GET /consultants/entendendo-as-odds-no-speicasino-um-estudo-detalhado/ HTTP/1.1" 200 2274 "https://roshanchandy.com/" "Mozilla/5.0 (Macintosh; Intel Mac OS X 12_5) AppleWebKit/537.36 (KHTML, like Gecko) Chrome/114.0.0.0 Safari/537.36 Vivaldi/5.3.2679.68"
66.249.68.37 - - [02/Nov/2025:11:14:14 +0545] "GET /?products/10682393/ HTTP/1.1" 200 2274 "-" "Mozilla/5.0 (Linux; Android 6.0.1; Nexus 5X Build/MMB29P) AppleWebKit/537.36 (KHTML, like Gecko) Chrome/141.0.7390.122 Mobile Safari/537.36 (compatible; GoogleOther)"
107.172.67.154 - - [02/Nov/2025:11:14:14 +0545] "GET /wp-login.php HTTP/1.1" 200 6570 "https://roshanchandy.com/consultants/entendendo-as-odds-no-speicasino-um-estudo-detalhado/" "Mozilla/5.0 (Macintosh; Intel Mac OS X 12_5) AppleWebKit/537.36 (KHTML, like Gecko) Chrome/114.0.0.0 Safari/537.36 Vivaldi/5.3.2679.68"
66.249.68.36 - - [02/Nov/2025:11:14:23 +0545] "GET /?products/14498948/ HTTP/1.1" 200 2274 "-" "Mozilla/5.0 (Linux; Android 6.0.1; Nexus 5X Build/MMB29P) AppleWebKit/537.36 (KHTML, like Gecko) Chrome/141.0.7390.122 Mobile Safari/537.36 (compatible; GoogleOther)"
66.249.68.36 - - [02/Nov/2025:11:14:32 +0545] "GET /?products/13582571/ HTTP/1.1" 200 2274 "-" "Mozilla/5.0 (Linux; Android 6.0.1; Nexus 5X Build/MMB29P) AppleWebKit/537.36 (KHTML, like Gecko) Chrome/141.0.7390.122 Mobile Safari/537.36 (compatible; GoogleOther)"
66.249.68.36 - - [02/Nov/2025:11:14:40 +0545] "GET /?products/12703048/ HTTP/1.1" 200 2274 "-" "Mozilla/5.0 (Linux; Android 6.0.1; Nexus 5X Build/MMB29P) AppleWebKit/537.36 (KHTML, like Gecko) Chrome/141.0.7390.122 Mobile Safari/537.36 (compatible; GoogleOther)"
45.119.85.39 - - [02/Nov/2025:11:14:47 +0545] "POST /xmlrpc.php HTTP/1.1" 200 403 "-" "Mozilla/5.0 (X11; Linux x86_64) AppleWebKit/537.36 (KHTML, like Gecko) Chrome/140.0.0.0 Safari/537.36"
66.249.68.36 - - [02/Nov/2025:11:14:48 +0545] "GET /?products/2164971/ HTTP/1.1" 200 2274 "-" "Mozilla/5.0 (Linux; Android 6.0.1; Nexus 5X Build/MMB29P) AppleWebKit/537.36 (KHTML, like Gecko) Chrome/141.0.7390.122 Mobile Safari/537.36 (compatible; GoogleOther)"
66.249.68.36 - - [02/Nov/2025:11:14:55 +0545] "GET /?products/10775482/ HTTP/1.1" 200 2274 "-" "Mozilla/5.0 (Linux; Android 6.0.1; Nexus 5X Build/MMB29P) AppleWebKit/537.36 (KHTML, like Gecko) Chrome/141.0.7390.122 Mobile Safari/537.36 (compatible; GoogleOther)"
113.20.31.55 - - [02/Nov/2025:11:14:57 +0545] "GET /wp-login.php HTTP/1.1" 200 6570 "-" "Mozilla/5.0 (Windows NT 5.1; Win64; x64) AppleWebKit/537.36 (KHTML, like Gecko) Chrome/58.0.3029.110 Safari/537.36 Edge/16.16299"
113.20.31.55 - - [02/Nov/2025:11:14:59 +0545] "POST /wp-login.php HTTP/1.1" 200 6960 "https://roshanchandy.com/wp-login.php" "Mozilla/5.0 (Windows NT 5.1; Win64; x64) AppleWebKit/537.36 (KHTML, like Gecko) Chrome/58.0.3029.110 Safari/537.36 Edge/16.16299"
66.249.68.37 - - [02/Nov/2025:11:15:02 +0545] "GET /?products/9674704/ HTTP/1.1" 200 2274 "-" "Mozilla/5.0 (Linux; Android 6.0.1; Nexus 5X Build/MMB29P) AppleWebKit/537.36 (KHTML, like Gecko) Chrome/141.0.7390.122 Mobile Safari/537.36 (compatible; GoogleOther)"
66.249.68.36 - - [02/Nov/2025:11:15:09 +0545] "GET /?products/10773715/ HTTP/1.1" 200 2274 "-" "Mozilla/5.0 (Linux; Android 6.0.1; Nexus 5X Build/MMB29P) AppleWebKit/537.36 (KHTML, like Gecko) Chrome/141.0.7390.122 Mobile Safari/537.36 (compatible; GoogleOther)"
114.119.158.36 - - [02/Nov/2025:11:15:16 +0545] "GET /consultants/pariez-avec-confiance-au-ninecasino-emotion-et-recompenses-uniques HTTP/1.1" 200 2274 "-" "Mozilla/5.0 (Linux; Android 7.0;) AppleWebKit/537.36 (KHTML, like Gecko) Mobile Safari/537.36 (compatible; PetalBot;+https://webmaster.petalsearch.com/site/petalbot)"
66.249.68.36 - - [02/Nov/2025:11:15:20 +0545] "GET /?products/10798159/ HTTP/1.1" 200 2274 "-" "Mozilla/5.0 (Linux; Android 6.0.1; Nexus 5X Build/MMB29P) AppleWebKit/537.36 (KHTML, like Gecko) Chrome/141.0.7390.122 Mobile Safari/537.36 (compatible; GoogleOther)"
66.249.68.36 - - [02/Nov/2025:11:15:39 +0545] "GET /?products/11972548/ HTTP/1.1" 200 2274 "-" "Mozilla/5.0 (Linux; Android 6.0.1; Nexus 5X Build/MMB29P) AppleWebKit/537.36 (KHTML, like Gecko) Chrome/141.0.7390.122 Mobile Safari/537.36 (compatible; GoogleOther)"
66.249.68.36 - - [02/Nov/2025:11:15:57 +0545] "GET /?products/17775626/ HTTP/1.1" 200 2274 "-" "Mozilla/5.0 (Linux; Android 6.0.1; Nexus 5X Build/MMB29P) AppleWebKit/537.36 (KHTML, like Gecko) Chrome/141.0.7390.122 Mobile Safari/537.36 (compatible; GoogleOther)"
66.249.68.36 - - [02/Nov/2025:11:16:15 +0545] "GET /?products/19929682/ HTTP/1.1" 200 2274 "-" "Mozilla/5.0 (Linux; Android 6.0.1; Nexus 5X Build/MMB29P) AppleWebKit/537.36 (KHTML, like Gecko) Chrome/141.0.7390.122 Mobile Safari/537.36 (compatible; GoogleOther)"
66.249.68.37 - - [02/Nov/2025:11:16:33 +0545] "GET /?products/9162782/ HTTP/1.1" 200 2274 "-" "Mozilla/5.0 (Linux; Android 6.0.1; Nexus 5X Build/MMB29P) AppleWebKit/537.36 (KHTML, like Gecko) Chrome/141.0.7390.122 Mobile Safari/537.36 (compatible; GoogleOther)"
66.249.68.36 - - [02/Nov/2025:11:16:52 +0545] "GET /?products/5779715/ HTTP/1.1" 200 2274 "-" "Mozilla/5.0 (Linux; Android 6.0.1; Nexus 5X Build/MMB29P) AppleWebKit/537.36 (KHTML, like Gecko) Chrome/141.0.7390.122 Mobile Safari/537.36 (compatible; GoogleOther)"
45.119.85.39 - - [02/Nov/2025:11:17:02 +0545] "POST /xmlrpc.php HTTP/1.1" 200 403 "-" "Mozilla/5.0 (X11; Linux x86_64) AppleWebKit/537.36 (KHTML, like Gecko) Chrome/140.0.0.0 Safari/537.36"
66.116.197.245 - - [02/Nov/2025:11:17:05 +0545] "POST /xmlrpc.php HTTP/1.1" 200 401 "-" "Mozilla/4.0 (compatible; MSIE 7.0; Windows NT 6.1; WOW64; Trident/7.0; SLCC2; .NET CLR 2.0.50727; .NET CLR 3.5.30729; .NET CLR 3.0.30729; Media Center PC 6.0; InfoPath.2; .NET4.0C; .NET4.0E)"
66.249.68.37 - - [02/Nov/2025:11:17:10 +0545] "GET /?products/21852582/ HTTP/1.1" 200 2274 "-" "Mozilla/5.0 (Linux; Android 6.0.1; Nexus 5X Build/MMB29P) AppleWebKit/537.36 (KHTML, like Gecko) Chrome/141.0.7390.122 Mobile Safari/537.36 (compatible; GoogleOther)"
66.249.68.37 - - [02/Nov/2025:11:17:28 +0545] "GET /?products/8830204/ HTTP/1.1" 200 2274 "-" "Mozilla/5.0 (Linux; Android 6.0.1; Nexus 5X Build/MMB29P) AppleWebKit/537.36 (KHTML, like Gecko) Chrome/141.0.7390.122 Mobile Safari/537.36 (compatible; GoogleOther)"
66.249.68.36 - - [02/Nov/2025:11:17:46 +0545] "GET /?products/13669115/ HTTP/1.1" 200 2274 "-" "Mozilla/5.0 (Linux; Android 6.0.1; Nexus 5X Build/MMB29P) AppleWebKit/537.36 (KHTML, like Gecko) Chrome/141.0.7390.122 Mobile Safari/537.36 (compatible; GoogleOther)"
66.249.68.37 - - [02/Nov/2025:11:18:04 +0545] "GET /?products/21663782/ HTTP/1.1" 200 2274 "-" "Mozilla/5.0 (Linux; Android 6.0.1; Nexus 5X Build/MMB29P) AppleWebKit/537.36 (KHTML, like Gecko) Chrome/141.0.7390.122 Mobile Safari/537.36 (compatible; GoogleOther)"
66.249.68.36 - - [02/Nov/2025:11:18:23 +0545] "GET /?products/11392426/ HTTP/1.1" 200 2274 "-" "Mozilla/5.0 (Linux; Android 6.0.1; Nexus 5X Build/MMB29P) AppleWebKit/537.36 (KHTML, like Gecko) Chrome/141.0.7390.122 Mobile Safari/537.36 (compatible; GoogleOther)"
66.249.68.36 - - [02/Nov/2025:11:18:41 +0545] "GET /?products/15243960/ HTTP/1.1" 200 2274 "-" "Mozilla/5.0 (Linux; Android 6.0.1; Nexus 5X Build/MMB29P) AppleWebKit/537.36 (KHTML, like Gecko) Chrome/141.0.7390.122 Mobile Safari/537.36 (compatible; GoogleOther)"
66.249.68.36 - - [02/Nov/2025:11:18:59 +0545] "GET /?products/9410248/ HTTP/1.1" 200 2274 "-" "Mozilla/5.0 (Linux; Android 6.0.1; Nexus 5X Build/MMB29P) AppleWebKit/537.36 (KHTML, like Gecko) Chrome/141.0.7390.122 Mobile Safari/537.36 (compatible; GoogleOther)"
45.119.85.39 - - [02/Nov/2025:11:19:10 +0545] "POST /xmlrpc.php HTTP/1.1" 200 403 "-" "Mozilla/5.0 (X11; Linux x86_64) AppleWebKit/537.36 (KHTML, like Gecko) Chrome/140.0.0.0 Safari/537.36"
66.249.68.36 - - [02/Nov/2025:11:19:19 +0545] "GET /?products/3413726/ HTTP/1.1" 200 2274 "-" "Mozilla/5.0 (Linux; Android 6.0.1; Nexus 5X Build/MMB29P) AppleWebKit/537.36 (KHTML, like Gecko) Chrome/141.0.7390.122 Mobile Safari/537.36 (compatible; GoogleOther)"
66.249.68.36 - - [02/Nov/2025:11:19:27 +0545] "GET /consultants/plongez-dans-lunivers-de-lucky-31-casino-probabilites-et-divertissement-au-rendez-vous/ HTTP/1.1" 200 2274 "-" "Mozilla/5.0 (Linux; Android 6.0.1; Nexus 5X Build/MMB29P) AppleWebKit/537.36 (KHTML, like Gecko) Chrome/141.0.7390.122 Mobile Safari/537.36 (compatible; GoogleOther)"
66.249.68.36 - - [02/Nov/2025:11:19:35 +0545] "GET /?products/24804482/ HTTP/1.1" 200 2274 "-" "Mozilla/5.0 (Linux; Android 6.0.1; Nexus 5X Build/MMB29P) AppleWebKit/537.36 (KHTML, like Gecko) Chrome/141.0.7390.122 Mobile Safari/537.36 (compatible; GoogleOther)"
66.249.68.36 - - [02/Nov/2025:11:19:54 +0545] "GET /?products/23705515/ HTTP/1.1" 200 2274 "-" "Mozilla/5.0 (Linux; Android 6.0.1; Nexus 5X Build/MMB29P) AppleWebKit/537.36 (KHTML, like Gecko) Chrome/141.0.7390.122 Mobile Safari/537.36 (compatible; GoogleOther)"
66.249.68.37 - - [02/Nov/2025:11:20:12 +0545] "GET /?products/21347460/ HTTP/1.1" 200 2274 "-" "Mozilla/5.0 (Linux; Android 6.0.1; Nexus 5X Build/MMB29P) AppleWebKit/537.36 (KHTML, like Gecko) Chrome/141.0.7390.122 Mobile Safari/537.36 (compatible; GoogleOther)"
66.249.68.36 - - [02/Nov/2025:11:20:34 +0545] "GET /?products/10790348/ HTTP/1.1" 200 2274 "-" "Mozilla/5.0 (Linux; Android 6.0.1; Nexus 5X Build/MMB29P) AppleWebKit/537.36 (KHTML, like Gecko) Chrome/141.0.7390.122 Mobile Safari/537.36 (compatible; GoogleOther)"
3.95.27.52 - - [02/Nov/2025:11:20:36 +0545] "GET / HTTP/1.1" 200 2274 "-" "Mozilla/5.0 (Windows NT 10.0; WOW64) AppleWebKit/537.36 (KHTML, like Gecko) Chrome/109.0.0.0 Safari/537.36"
3.95.27.52 - - [02/Nov/2025:11:20:37 +0545] "GET / HTTP/1.1" 200 2274 "-" "Mozilla/5.0 (Windows NT 10.0; WOW64) AppleWebKit/537.36 (KHTML, like Gecko) Chrome/109.0.0.0 Safari/537.36"
66.249.68.36 - - [02/Nov/2025:11:20:48 +0545] "GET /?products/14113726/ HTTP/1.1" 200 2274 "-" "Mozilla/5.0 (Linux; Android 6.0.1; Nexus 5X Build/MMB29P) AppleWebKit/537.36 (KHTML, like Gecko) Chrome/141.0.7390.122 Mobile Safari/537.36 (compatible; GoogleOther)"
66.249.68.37 - - [02/Nov/2025:11:21:07 +0545] "GET /?products/6008160/ HTTP/1.1" 200 2274 "-" "Mozilla/5.0 (Linux; Android 6.0.1; Nexus 5X Build/MMB29P) AppleWebKit/537.36 (KHTML, like Gecko) Chrome/141.0.7390.122 Mobile Safari/537.36 (compatible; GoogleOther)"
66.249.68.36 - - [02/Nov/2025:11:21:25 +0545] "GET /?products/19703204/ HTTP/1.1" 200 2274 "-" "Mozilla/5.0 (Linux; Android 6.0.1; Nexus 5X Build/MMB29P) AppleWebKit/537.36 (KHTML, like Gecko) Chrome/141.0.7390.122 Mobile Safari/537.36 (compatible; GoogleOther)"
45.119.85.39 - - [02/Nov/2025:11:21:29 +0545] "POST /xmlrpc.php HTTP/1.1" 200 403 "-" "Mozilla/5.0 (X11; Linux x86_64) AppleWebKit/537.36 (KHTML, like Gecko) Chrome/140.0.0.0 Safari/537.36"
66.249.68.36 - - [02/Nov/2025:11:21:43 +0545] "GET /?products/9693926/ HTTP/1.1" 200 2274 "-" "Mozilla/5.0 (Linux; Android 6.0.1; Nexus 5X Build/MMB29P) AppleWebKit/537.36 (KHTML, like Gecko) Chrome/141.0.7390.122 Mobile Safari/537.36 (compatible; GoogleOther)"
66.249.68.37 - - [02/Nov/2025:11:22:02 +0545] "GET /?products/7452560/ HTTP/1.1" 200 2274 "-" "Mozilla/5.0 (Linux; Android 6.0.1; Nexus 5X Build/MMB29P) AppleWebKit/537.36 (KHTML, like Gecko) Chrome/141.0.7390.122 Mobile Safari/537.36 (compatible; GoogleOther)"
66.249.68.36 - - [02/Nov/2025:11:22:20 +0545] "GET /?products/15628393/ HTTP/1.1" 200 2274 "-" "Mozilla/5.0 (Linux; Android 6.0.1; Nexus 5X Build/MMB29P) AppleWebKit/537.36 (KHTML, like Gecko) Chrome/141.0.7390.122 Mobile Safari/537.36 (compatible; GoogleOther)"
66.249.68.36 - - [02/Nov/2025:11:22:38 +0545] "GET /?products/19731493/ HTTP/1.1" 200 2274 "-" "Mozilla/5.0 (Linux; Android 6.0.1; Nexus 5X Build/MMB29P) AppleWebKit/537.36 (KHTML, like Gecko) Chrome/141.0.7390.122 Mobile Safari/537.36 (compatible; GoogleOther)"
66.249.68.36 - - [02/Nov/2025:11:22:56 +0545] "GET /?products/22302148/ HTTP/1.1" 200 2274 "-" "Mozilla/5.0 (Linux; Android 6.0.1; Nexus 5X Build/MMB29P) AppleWebKit/537.36 (KHTML, like Gecko) Chrome/141.0.7390.122 Mobile Safari/537.36 (compatible; GoogleOther)"
66.249.68.37 - - [02/Nov/2025:11:23:14 +0545] "GET /?products/17562015/ HTTP/1.1" 200 2274 "-" "Mozilla/5.0 (Linux; Android 6.0.1; Nexus 5X Build/MMB29P) AppleWebKit/537.36 (KHTML, like Gecko) Chrome/141.0.7390.122 Mobile Safari/537.36 (compatible; GoogleOther)"
66.249.68.36 - - [02/Nov/2025:11:23:32 +0545] "GET /?products/3915459/ HTTP/1.1" 200 2274 "-" "Mozilla/5.0 (Linux; Android 6.0.1; Nexus 5X Build/MMB29P) AppleWebKit/537.36 (KHTML, like Gecko) Chrome/141.0.7390.122 Mobile Safari/537.36 (compatible; GoogleOther)"
45.119.85.39 - - [02/Nov/2025:11:23:40 +0545] "POST /xmlrpc.php HTTP/1.1" 200 403 "-" "Mozilla/5.0 (X11; Linux x86_64) AppleWebKit/537.36 (KHTML, like Gecko) Chrome/140.0.0.0 Safari/537.36"
66.249.68.36 - - [02/Nov/2025:11:23:51 +0545] "GET /?products/17587348/ HTTP/1.1" 200 2274 "-" "Mozilla/5.0 (Linux; Android 6.0.1; Nexus 5X Build/MMB29P) AppleWebKit/537.36 (KHTML, like Gecko) Chrome/141.0.7390.122 Mobile Safari/537.36 (compatible; GoogleOther)"
66.249.68.36 - - [02/Nov/2025:11:24:09 +0545] "GET /?products/7123837/ HTTP/1.1" 200 2274 "-" "Mozilla/5.0 (Linux; Android 6.0.1; Nexus 5X Build/MMB29P) AppleWebKit/537.36 (KHTML, like Gecko) Chrome/141.0.7390.122 Mobile Safari/537.36 (compatible; GoogleOther)"
66.249.68.37 - - [02/Nov/2025:11:24:27 +0545] "GET /?products/11437448/ HTTP/1.1" 200 2274 "-" "Mozilla/5.0 (Linux; Android 6.0.1; Nexus 5X Build/MMB29P) AppleWebKit/537.36 (KHTML, like Gecko) Chrome/141.0.7390.122 Mobile Safari/537.36 (compatible; GoogleOther)"
66.249.68.36 - - [02/Nov/2025:11:24:46 +0545] "GET /?products/16756771/ HTTP/1.1" 200 2274 "-" "Mozilla/5.0 (Linux; Android 6.0.1; Nexus 5X Build/MMB29P) AppleWebKit/537.36 (KHTML, like Gecko) Chrome/141.0.7390.122 Mobile Safari/537.36 (compatible; GoogleOther)"
66.249.68.37 - - [02/Nov/2025:11:25:04 +0545] "GET /?products/9382248/ HTTP/1.1" 200 2274 "-" "Mozilla/5.0 (Linux; Android 6.0.1; Nexus 5X Build/MMB29P) AppleWebKit/537.36 (KHTML, like Gecko) Chrome/141.0.7390.122 Mobile Safari/537.36 (compatible; GoogleOther)"
66.249.68.36 - - [02/Nov/2025:11:25:22 +0545] "GET /?products/6535926/ HTTP/1.1" 200 2274 "-" "Mozilla/5.0 (Linux; Android 6.0.1; Nexus 5X Build/MMB29P) AppleWebKit/537.36 (KHTML, like Gecko) Chrome/141.0.7390.122 Mobile Safari/537.36 (compatible; GoogleOther)"
66.249.68.36 - - [02/Nov/2025:11:25:40 +0545] "GET /?products/8667026/ HTTP/1.1" 200 2274 "-" "Mozilla/5.0 (Linux; Android 6.0.1; Nexus 5X Build/MMB29P) AppleWebKit/537.36 (KHTML, like Gecko) Chrome/141.0.7390.122 Mobile Safari/537.36 (compatible; GoogleOther)"
45.119.85.39 - - [02/Nov/2025:11:25:54 +0545] "POST /xmlrpc.php HTTP/1.1" 200 403 "-" "Mozilla/5.0 (X11; Linux x86_64) AppleWebKit/537.36 (KHTML, like Gecko) Chrome/140.0.0.0 Safari/537.36"
66.249.68.36 - - [02/Nov/2025:11:25:58 +0545] "GET /?products/8257493/ HTTP/1.1" 200 2274 "-" "Mozilla/5.0 (Linux; Android 6.0.1; Nexus 5X Build/MMB29P) AppleWebKit/537.36 (KHTML, like Gecko) Chrome/141.0.7390.122 Mobile Safari/537.36 (compatible; GoogleOther)"
66.249.68.36 - - [02/Nov/2025:11:26:16 +0545] "GET /?products/13964926/ HTTP/1.1" 200 2274 "-" "Mozilla/5.0 (Linux; Android 6.0.1; Nexus 5X Build/MMB29P) AppleWebKit/537.36 (KHTML, like Gecko) Chrome/141.0.7390.122 Mobile Safari/537.36 (compatible; GoogleOther)"
193.111.154.53 - - [02/Nov/2025:11:26:21 +0545] "GET / HTTP/1.1" 200 2274 "-" "Mozilla/5.0 (Macintosh; Intel Mac OS X 10_15_7) AppleWebKit/537.36 (KHTML, like Gecko) Chrome/120.0.0.0 Safari/537.36"
66.249.68.36 - - [02/Nov/2025:11:26:36 +0545] "GET /?products/6353871/ HTTP/1.1" 200 2274 "-" "Mozilla/5.0 (Linux; Android 6.0.1; Nexus 5X Build/MMB29P) AppleWebKit/537.36 (KHTML, like Gecko) Chrome/141.0.7390.122 Mobile Safari/537.36 (compatible; GoogleOther)"
107.152.46.252 - - [02/Nov/2025:11:26:53 +0545] "GET /consultants/desvendando-a-matematica-por-tras-do-supremabet-casino/ HTTP/1.1" 200 2274 "https://roshanchandy.com/" "Mozilla/5.0 (Macintosh; Intel Mac OS X 12_5) AppleWebKit/537.36 (KHTML, like Gecko) Chrome/114.0.0.0 Safari/537.36 OPR/89.0.4447.51"
66.249.68.36 - - [02/Nov/2025:11:26:53 +0545] "GET /?products/21195960/ HTTP/1.1" 200 2274 "-" "Mozilla/5.0 (Linux; Android 6.0.1; Nexus 5X Build/MMB29P) AppleWebKit/537.36 (KHTML, like Gecko) Chrome/141.0.7390.122 Mobile Safari/537.36 (compatible; GoogleOther)"
66.249.68.36 - - [02/Nov/2025:11:27:11 +0545] "GET /?products/4791848/ HTTP/1.1" 200 2274 "-" "Mozilla/5.0 (Linux; Android 6.0.1; Nexus 5X Build/MMB29P) AppleWebKit/537.36 (KHTML, like Gecko) Chrome/141.0.7390.122 Mobile Safari/537.36 (compatible; GoogleOther)"
66.249.68.36 - - [02/Nov/2025:11:27:33 +0545] "GET /?products/16997226/ HTTP/1.1" 200 2274 "-" "Mozilla/5.0 (Linux; Android 6.0.1; Nexus 5X Build/MMB29P) AppleWebKit/537.36 (KHTML, like Gecko) Chrome/141.0.7390.122 Mobile Safari/537.36 (compatible; GoogleOther)"
66.249.68.36 - - [02/Nov/2025:11:27:48 +0545] "GET /?products/13783215/ HTTP/1.1" 200 2274 "-" "Mozilla/5.0 (Linux; Android 6.0.1; Nexus 5X Build/MMB29P) AppleWebKit/537.36 (KHTML, like Gecko) Chrome/141.0.7390.122 Mobile Safari/537.36 (compatible; GoogleOther)"
66.249.68.37 - - [02/Nov/2025:11:28:06 +0545] "GET /?products/9855293/ HTTP/1.1" 200 2274 "-" "Mozilla/5.0 (Linux; Android 6.0.1; Nexus 5X Build/MMB29P) AppleWebKit/537.36 (KHTML, like Gecko) Chrome/141.0.7390.122 Mobile Safari/537.36 (compatible; GoogleOther)"
45.119.85.39 - - [02/Nov/2025:11:28:14 +0545] "POST /xmlrpc.php HTTP/1.1" 200 403 "-" "Mozilla/5.0 (X11; Linux x86_64) AppleWebKit/537.36 (KHTML, like Gecko) Chrome/140.0.0.0 Safari/537.36"
66.249.68.37 - - [02/Nov/2025:11:28:24 +0545] "GET /?products/5308837/ HTTP/1.1" 200 2274 "-" "Mozilla/5.0 (Linux; Android 6.0.1; Nexus 5X Build/MMB29P) AppleWebKit/537.36 (KHTML, like Gecko) Chrome/141.0.7390.122 Mobile Safari/537.36 (compatible; GoogleOther)"
66.249.68.36 - - [02/Nov/2025:11:28:45 +0545] "GET /?products/14033815/ HTTP/1.1" 200 2274 "-" "Mozilla/5.0 (Linux; Android 6.0.1; Nexus 5X Build/MMB29P) AppleWebKit/537.36 (KHTML, like Gecko) Chrome/141.0.7390.122 Mobile Safari/537.36 (compatible; GoogleOther)"
66.249.68.38 - - [02/Nov/2025:11:29:01 +0545] "GET /?products/9182804/ HTTP/1.1" 200 2274 "-" "Mozilla/5.0 (Linux; Android 6.0.1; Nexus 5X Build/MMB29P) AppleWebKit/537.36 (KHTML, like Gecko) Chrome/141.0.7390.122 Mobile Safari/537.36 (compatible; GoogleOther)"
66.249.68.37 - - [02/Nov/2025:11:29:19 +0545] "GET /?products/13723648/ HTTP/1.1" 200 2274 "-" "Mozilla/5.0 (Linux; Android 6.0.1; Nexus 5X Build/MMB29P) AppleWebKit/537.36 (KHTML, like Gecko) Chrome/141.0.7390.122 Mobile Safari/537.36 (compatible; GoogleOther)"
66.249.68.36 - - [02/Nov/2025:11:29:37 +0545] "GET /?products/20375060/ HTTP/1.1" 200 2274 "-" "Mozilla/5.0 (Linux; Android 6.0.1; Nexus 5X Build/MMB29P) AppleWebKit/537.36 (KHTML, like Gecko) Chrome/141.0.7390.122 Mobile Safari/537.36 (compatible; GoogleOther)"
66.249.68.36 - - [02/Nov/2025:11:29:55 +0545] "GET /?products/10140171/ HTTP/1.1" 200 2274 "-" "Mozilla/5.0 (Linux; Android 6.0.1; Nexus 5X Build/MMB29P) AppleWebKit/537.36 (KHTML, like Gecko) Chrome/141.0.7390.122 Mobile Safari/537.36 (compatible; GoogleOther)"
66.249.68.36 - - [02/Nov/2025:11:30:13 +0545] "GET /?products/14003115/ HTTP/1.1" 200 2274 "-" "Mozilla/5.0 (Linux; Android 6.0.1; Nexus 5X Build/MMB29P) AppleWebKit/537.36 (KHTML, like Gecko) Chrome/141.0.7390.122 Mobile Safari/537.36 (compatible; GoogleOther)"
66.249.68.37 - - [02/Nov/2025:11:30:32 +0545] "GET /?products/23809693/ HTTP/1.1" 200 2274 "-" "Mozilla/5.0 (Linux; Android 6.0.1; Nexus 5X Build/MMB29P) AppleWebKit/537.36 (KHTML, like Gecko) Chrome/141.0.7390.122 Mobile Safari/537.36 (compatible; GoogleOther)"
45.119.85.39 - - [02/Nov/2025:11:30:34 +0545] "POST /xmlrpc.php HTTP/1.1" 200 403 "-" "Mozilla/5.0 (X11; Linux x86_64) AppleWebKit/537.36 (KHTML, like Gecko) Chrome/140.0.0.0 Safari/537.36"
66.249.68.36 - - [02/Nov/2025:11:31:03 +0545] "GET /?products/22123560/ HTTP/1.1" 200 2274 "-" "Mozilla/5.0 (Linux; Android 6.0.1; Nexus 5X Build/MMB29P) AppleWebKit/537.36 (KHTML, like Gecko) Chrome/141.0.7390.122 Mobile Safari/537.36 (compatible; GoogleOther)"
66.249.68.37 - - [02/Nov/2025:11:31:27 +0545] "GET /?products/16235404/ HTTP/1.1" 200 2274 "-" "Mozilla/5.0 (Linux; Android 6.0.1; Nexus 5X Build/MMB29P) AppleWebKit/537.36 (KHTML, like Gecko) Chrome/141.0.7390.122 Mobile Safari/537.36 (compatible; GoogleOther)"
66.249.68.36 - - [02/Nov/2025:11:31:43 +0545] "GET /?products/17592026/ HTTP/1.1" 200 2274 "-" "Mozilla/5.0 (Linux; Android 6.0.1; Nexus 5X Build/MMB29P) AppleWebKit/537.36 (KHTML, like Gecko) Chrome/141.0.7390.122 Mobile Safari/537.36 (compatible; GoogleOther)"
66.249.68.36 - - [02/Nov/2025:11:31:56 +0545] "GET /?products/16594548/ HTTP/1.1" 200 2274 "-" "Mozilla/5.0 (Linux; Android 6.0.1; Nexus 5X Build/MMB29P) AppleWebKit/537.36 (KHTML, like Gecko) Chrome/141.0.7390.122 Mobile Safari/537.36 (compatible; GoogleOther)"
114.119.135.30 - - [02/Nov/2025:11:31:56 +0545] "GET /consultants/our-success-stories HTTP/1.1" 200 2274 "-" "Mozilla/5.0 (Linux; Android 7.0;) AppleWebKit/537.36 (KHTML, like Gecko) Mobile Safari/537.36 (compatible; PetalBot;+https://webmaster.petalsearch.com/site/petalbot)"
66.249.68.38 - - [02/Nov/2025:11:32:09 +0545] "GET /?products/15627771/ HTTP/1.1" 200 2274 "-" "Mozilla/5.0 (Linux; Android 6.0.1; Nexus 5X Build/MMB29P) AppleWebKit/537.36 (KHTML, like Gecko) Chrome/141.0.7390.122 Mobile Safari/537.36 (compatible; GoogleOther)"
66.249.68.36 - - [02/Nov/2025:11:32:23 +0545] "GET /?products/20122326/ HTTP/1.1" 200 2274 "-" "Mozilla/5.0 (Linux; Android 6.0.1; Nexus 5X Build/MMB29P) AppleWebKit/537.36 (KHTML, like Gecko) Chrome/141.0.7390.122 Mobile Safari/537.36 (compatible; GoogleOther)"
66.249.68.36 - - [02/Nov/2025:11:32:39 +0545] "GET /?products/18375971/ HTTP/1.1" 200 2274 "-" "Mozilla/5.0 (Linux; Android 6.0.1; Nexus 5X Build/MMB29P) AppleWebKit/537.36 (KHTML, like Gecko) Chrome/141.0.7390.122 Mobile Safari/537.36 (compatible; GoogleOther)"
45.119.85.39 - - [02/Nov/2025:11:32:55 +0545] "POST /xmlrpc.php HTTP/1.1" 200 403 "-" "Mozilla/5.0 (X11; Linux x86_64) AppleWebKit/537.36 (KHTML, like Gecko) Chrome/140.0.0.0 Safari/537.36"
66.249.68.36 - - [02/Nov/2025:11:32:57 +0545] "GET /?products/11130848/ HTTP/1.1" 200 2274 "-" "Mozilla/5.0 (Linux; Android 6.0.1; Nexus 5X Build/MMB29P) AppleWebKit/537.36 (KHTML, like Gecko) Chrome/141.0.7390.122 Mobile Safari/537.36 (compatible; GoogleOther)"
60.199.208.223 - - [02/Nov/2025:11:33:06 +0545] "GET /wp-login.php HTTP/1.1" 200 6570 "-" "Mozilla/5.0 (Macintosh; Intel Mac OS X 10_10_5) AppleWebKit/600.8.9 (KHTML, like Gecko) Version/10.1.2 Safari/603.3.8"
66.249.68.36 - - [02/Nov/2025:11:33:16 +0545] "GET /?products/9471404/ HTTP/1.1" 200 2274 "-" "Mozilla/5.0 (Linux; Android 6.0.1; Nexus 5X Build/MMB29P) AppleWebKit/537.36 (KHTML, like Gecko) Chrome/141.0.7390.122 Mobile Safari/537.36 (compatible; GoogleOther)"
66.249.68.37 - - [02/Nov/2025:11:33:34 +0545] "GET /?products/4714015/ HTTP/1.1" 200 2274 "-" "Mozilla/5.0 (Linux; Android 6.0.1; Nexus 5X Build/MMB29P) AppleWebKit/537.36 (KHTML, like Gecko) Chrome/141.0.7390.122 Mobile Safari/537.36 (compatible; GoogleOther)"
66.249.68.36 - - [02/Nov/2025:11:33:52 +0545] "GET /?products/12055837/ HTTP/1.1" 200 2274 "-" "Mozilla/5.0 (Linux; Android 6.0.1; Nexus 5X Build/MMB29P) AppleWebKit/537.36 (KHTML, like Gecko) Chrome/141.0.7390.122 Mobile Safari/537.36 (compatible; GoogleOther)"
173.249.55.89 - - [02/Nov/2025:11:33:56 +0545] "POST /xmlrpc.php HTTP/1.1" 200 433 "-" "Mozilla/5.0 (Windows NT 10.0; Win64; x64; rv:68.0) Gecko/20100101 Firefox/68.0"
66.249.68.36 - - [02/Nov/2025:11:34:32 +0545] "GET /?products/6286626/ HTTP/1.1" 500 2431 "-" "Mozilla/5.0 (Linux; Android 6.0.1; Nexus 5X Build/MMB29P) AppleWebKit/537.36 (KHTML, like Gecko) Chrome/141.0.7390.122 Mobile Safari/537.36 (compatible; GoogleOther)"
