69.48.205.45 - - [02/Nov/2025:04:50:55 +0545] "POST /xmlrpc.php HTTP/1.1" 200 401 "-" "Mozilla/5.0 (Macintosh; Intel Mac OS X 10_13_5) AppleWebKit/537.36 (KHTML, like Gecko) Chrome/66.0.3359.181 Safari/537.36"
59.115.179.82 - - [02/Nov/2025:04:51:09 +0545] "GET /consultants/cresus-vu-par-un-specialiste-du-casino-en-ligne/ HTTP/1.1" 200 2274 "https://roshanchandy.com/consultants/cresus-vu-par-un-specialiste-du-casino-en-ligne/" "Mozilla/5.0 (Windows NT 6.1; WOW64) AppleWebKit/537.36 (KHTML, like Gecko) Chrome/35.0.7620.452 Safari/537.36"
98.70.40.140 - - [02/Nov/2025:04:51:12 +0545] "GET /wp-login.php HTTP/1.1" 200 6570 "-" "Mozilla/5.0 (X11; Linux x86_64) AppleWebKit/537.36 (KHTML, like Gecko) Chrome/67.0.3396.87 Safari/537.36"
98.70.40.140 - - [02/Nov/2025:04:51:18 +0545] "POST /wp-login.php HTTP/1.1" 200 6966 "https://roshanchandy.com/wp-login.php" "Mozilla/5.0 (X11; Linux x86_64) AppleWebKit/537.36 (KHTML, like Gecko) Chrome/67.0.3396.87 Safari/537.36"
114.119.153.158 - - [02/Nov/2025:04:52:13 +0545] "GET /consultants/so-pragen-wahrscheinlichkeiten-ihr-abenteuer-im-richard-casino HTTP/1.1" 200 2274 "https://rndinnovationweek.com/so-pragen-wahrscheinlichkeiten-ihr-abenteuer-im-richard-casino" "Mozilla/5.0 (Linux; Android 7.0;) AppleWebKit/537.36 (KHTML, like Gecko) Mobile Safari/537.36 (compatible; PetalBot;+https://webmaster.petalsearch.com/site/petalbot)"
162.240.173.187 - - [02/Nov/2025:04:54:18 +0545] "POST /xmlrpc.php HTTP/1.1" 200 401 "-" "Mozilla/5.0 (Windows NT 10.0; Win64; x64) AppleWebKit/537.36 (KHTML, like Gecko) Chrome/66.0.3359.139 Safari/537.36"
45.201.164.37 - - [02/Nov/2025:04:54:21 +0545] "GET /consultants/evaluation-approfondie-de-fatpirate/ HTTP/1.1" 200 2274 "-" "Mozilla/5.0 (Windows NT 10.0; Win64; x64) AppleWebKit/537.36 (KHTML, like Gecko) Chrome/114.0.0.0 Safari/537.36"
45.201.164.37 - - [02/Nov/2025:04:54:27 +0545] "GET /wp-login.php HTTP/1.1" 200 6570 "https://roshanchandy.com/consultants/evaluation-approfondie-de-fatpirate/" "Mozilla/5.0 (Windows NT 6.3; Win64; x64) AppleWebKit/537.36 (KHTML, like Gecko) Chrome/103.0.0.0 Safari/537.36"
45.201.164.37 - - [02/Nov/2025:04:54:32 +0545] "GET /wp-login.php?action=lostpassword HTTP/1.1" 200 3808 "https://roshanchandy.com/wp-login.php" "Mozilla/5.0 (Windows NT 6.3; Win64; x64) AppleWebKit/537.36 (KHTML, like Gecko) Chrome/103.0.0.0 Safari/537.36"
107.189.18.44 - - [02/Nov/2025:04:57:02 +0545] "GET /consultants/les-cles-des-probabilites-pour-maximiser-ses-performances-sur-vbet-casino/ HTTP/1.1" 200 2274 "-" "Mozilla/5.0 (Windows NT 10.0; Win64; x64) AppleWebKit/537.36 (KHTML, like Gecko) Chrome/114.0.0.0 Safari/537.36 Edg/114.0.1264.71"
107.189.18.44 - - [02/Nov/2025:04:57:03 +0545] "GET /wp-login.php HTTP/1.1" 200 6570 "https://roshanchandy.com/consultants/les-cles-des-probabilites-pour-maximiser-ses-performances-sur-vbet-casino/" "Mozilla/5.0 (Windows NT 10.0; Win64; x64) AppleWebKit/537.36 (KHTML, like Gecko) Chrome/114.0.0.0 Safari/537.36 Edg/114.0.1264.71"
157.90.114.254 - - [02/Nov/2025:04:59:15 +0545] "POST /consultants/xmlrpc.php HTTP/1.1" 200 180 "-" "Mozilla/5.0 (Windows NT 10.0; Win64; x64) AppleWebKit/537.36 (KHTML, like Gecko) Chrome/108.0.0.0 Safari/537.36"
157.90.114.254 - - [02/Nov/2025:04:59:29 +0545] "POST /consultants/xmlrpc.php HTTP/1.1" 200 9277 "-" "Mozilla/5.0 (Windows NT 10.0; Win64; x64) AppleWebKit/537.36 (KHTML, like Gecko) Chrome/108.0.0.0 Safari/537.36"
157.90.114.254 - - [02/Nov/2025:04:59:33 +0545] "GET /consultants/restricted-country/ HTTP/1.1" 200 2274 "-" "Mozilla/5.0 (Windows NT 10.0; Win64; x64) AppleWebKit/537.36 (KHTML, like Gecko) Chrome/108.0.0.0 Safari/537.36"
157.90.114.254 - - [02/Nov/2025:04:59:36 +0545] "POST /consultants/xmlrpc.php HTTP/1.1" 200 178 "-" "Mozilla/5.0 (Windows NT 10.0; Win64; x64) AppleWebKit/537.36 (KHTML, like Gecko) Chrome/108.0.0.0 Safari/537.36"
104.207.43.54 - - [02/Nov/2025:05:00:35 +0545] "GET /consultants/comment-la-theorie-des-probabilites-dynamise-vos-resultats-au-simsinos-casino/ HTTP/1.1" 200 2274 "https://roshanchandy.com/" "Mozilla/5.0 (Macintosh; Intel Mac OS X 12_5) AppleWebKit/537.36 (KHTML, like Gecko) Chrome/114.0.0.0 Safari/537.36"
104.207.43.54 - - [02/Nov/2025:05:00:39 +0545] "GET /wp-login.php HTTP/1.1" 200 6570 "https://roshanchandy.com/consultants/comment-la-theorie-des-probabilites-dynamise-vos-resultats-au-simsinos-casino/" "Mozilla/5.0 (Macintosh; Intel Mac OS X 12_5) AppleWebKit/537.36 (KHTML, like Gecko) Chrome/114.0.0.0 Safari/537.36"
222.246.62.182 - - [02/Nov/2025:05:01:07 +0545] "GET / HTTP/1.1" 200 2274 "https://roshanchandy.com/" "Mozilla/5.0 (Windows NT 6.1; WOW64) AppleWebKit/537.36 (KHTML, like Gecko) Chrome/50.0.2661.102 Safari/537.36"
162.212.152.67 - - [02/Nov/2025:05:01:15 +0545] "GET /consultants/tout-sur-les-probabilites-et-les-recompenses-au-instant-casino/ HTTP/1.1" 200 2274 "https://roshanchandy.com/" "Mozilla/5.0 (X11; Linux x86_64) AppleWebKit/537.36 (KHTML, like Gecko) Chrome/114.0.0.0 Safari/537.36 OPR/89.0.4447.51"
162.212.152.67 - - [02/Nov/2025:05:01:19 +0545] "GET /wp-login.php HTTP/1.1" 200 6570 "https://roshanchandy.com/consultants/tout-sur-les-probabilites-et-les-recompenses-au-instant-casino/" "Mozilla/5.0 (X11; Linux x86_64) AppleWebKit/537.36 (KHTML, like Gecko) Chrome/114.0.0.0 Safari/537.36 OPR/89.0.4447.51"
132.148.78.150 - - [02/Nov/2025:05:01:35 +0545] "GET /wp-login.php HTTP/1.1" 200 6570 "-" "Mozilla/5.0 (Windows NT 10.0; Win64; x64) AppleWebKit/537.36 (KHTML, like Gecko) Chrome/52.0.2743.116 Safari/537.36 Edge/15.15063"
66.116.197.245 - - [02/Nov/2025:05:02:12 +0545] "POST /xmlrpc.php HTTP/1.1" 200 401 "-" "Mozilla/5.0 (Macintosh; Intel Mac OS X 10_13_4) AppleWebKit/605.1.15 (KHTML, like Gecko) Version/11.1 Safari/605.1.15"
192.241.72.138 - - [02/Nov/2025:05:03:25 +0545] "GET /consultants/jogue-no-richville-casino-a-plataforma-que-une-diversao-e-oportunidades/ HTTP/1.1" 200 2274 "https://roshanchandy.com/" "Mozilla/5.0 (Windows NT 10.0; Win64; x64) AppleWebKit/537.36 (KHTML, like Gecko) Chrome/114.0.0.0 Safari/537.36"
65.254.81.60 - - [02/Nov/2025:05:04:47 +0545] "POST /wp-cron.php?doing_wp_cron=1762039186.9395539760589599609375 HTTP/1.1" 200 - "-" "WordPress/6.8.3; https://roshanchandy.com"
213.231.4.64 - - [02/Nov/2025:05:04:43 +0545] "GET /wp-login.php HTTP/1.1" 200 6570 "-" "Mozilla/4.0 (compatible; MSIE 8.0; Windows NT 6.2; WOW64; Trident/7.0; .NET4.0C; .NET4.0E; .NET CLR 2.0.50727; .NET CLR 3.0.30729; .NET CLR 3.5.30729)"
213.231.4.64 - - [02/Nov/2025:05:04:47 +0545] "POST /wp-login.php HTTP/1.1" 200 6966 "https://roshanchandy.com/wp-login.php" "Mozilla/4.0 (compatible; MSIE 8.0; Windows NT 6.2; WOW64; Trident/7.0; .NET4.0C; .NET4.0E; .NET CLR 2.0.50727; .NET CLR 3.0.30729; .NET CLR 3.5.30729)"
103.82.27.24 - - [02/Nov/2025:05:05:59 +0545] "GET / HTTP/1.1" 200 15 "-" "Mozilla/5.0 (Macintosh; Intel Mac OS X 10_15_7) AppleWebKit/537.36 (KHTML, like Gecko) Chrome/120.0.0.0 Safari/537.36"
103.82.27.24 - - [02/Nov/2025:05:06:02 +0545] "POST / HTTP/1.1" 200 29 "-" "Mozilla/5.0 (Macintosh; Intel Mac OS X 10_15_7) AppleWebKit/537.36 (KHTML, like Gecko) Chrome/120.0.0.0 Safari/537.36"
175.4.8.54 - - [02/Nov/2025:05:06:23 +0545] "GET /wp-comments-post.php HTTP/1.1" 405 - "http://www.roshanchandy.com/wp-comments-post.php" "Go-http-client/1.1"
196.196.169.138 - - [02/Nov/2025:05:06:33 +0545] "GET /consultants/teoria-da-probabilidade-o-caminho-para-vitorias-no-br4bet-casino/ HTTP/1.1" 200 2274 "https://roshanchandy.com/" "Mozilla/5.0 (Windows NT 10.0; Win64; x64) AppleWebKit/537.36 (KHTML, like Gecko) Chrome/114.0.0.0 Safari/537.36 Edg/114.0.1264.71"
196.196.169.138 - - [02/Nov/2025:05:06:37 +0545] "GET /wp-login.php HTTP/1.1" 200 6570 "https://roshanchandy.com/consultants/teoria-da-probabilidade-o-caminho-para-vitorias-no-br4bet-casino/" "Mozilla/5.0 (Windows NT 10.0; Win64; x64) AppleWebKit/537.36 (KHTML, like Gecko) Chrome/114.0.0.0 Safari/537.36 Edg/114.0.1264.71"
103.185.74.129 - - [02/Nov/2025:05:07:11 +0545] "POST /xmlrpc.php HTTP/1.1" 200 401 "-" "Mozilla/5.0 (Windows NT 10.0; WOW64; Trident/7.0; TNJB; rv:11.0) like Gecko"
74.7.227.186 - - [02/Nov/2025:05:07:16 +0545] "GET /?sitemap.xml HTTP/1.1" 200 2274 "-" "Mozilla/5.0 AppleWebKit/537.36 (KHTML, like Gecko; compatible; GPTBot/1.2; +https://openai.com/gptbot)"
103.171.88.220 - - [02/Nov/2025:05:07:23 +0545] "GET /wp-login.php HTTP/1.1" 200 6570 "-" "Mozilla/5.0 (Windows NT 6.1; WOW64; Trident/7.0; MATP; MATP; MATPJS; rv:11.0) like Gecko"
103.171.88.220 - - [02/Nov/2025:05:07:27 +0545] "POST /wp-login.php HTTP/1.1" 200 6960 "https://roshanchandy.com/wp-login.php" "Mozilla/5.0 (Windows NT 6.1; WOW64; Trident/7.0; MATP; MATP; MATPJS; rv:11.0) like Gecko"
74.7.227.186 - - [02/Nov/2025:05:07:27 +0545] "GET /wp-login.php HTTP/1.1" 200 6570 "-" "Mozilla/5.0 AppleWebKit/537.36 (KHTML, like Gecko; compatible; GPTBot/1.2; +https://openai.com/gptbot)"
74.7.227.186 - - [02/Nov/2025:05:07:32 +0545] "GET /wp-content/plugins/under-construction-page/themes/css/common.css?v=3.99 HTTP/1.1" 200 878 "-" "Mozilla/5.0 AppleWebKit/537.36 (KHTML, like Gecko; compatible; GPTBot/1.2; +https://openai.com/gptbot)"
74.7.227.186 - - [02/Nov/2025:05:07:34 +0545] "GET /wp-content/plugins/under-construction-page/themes/css/font-awesome.min.css?v=3.99 HTTP/1.1" 200 31000 "-" "Mozilla/5.0 AppleWebKit/537.36 (KHTML, like Gecko; compatible; GPTBot/1.2; +https://openai.com/gptbot)"
74.7.227.186 - - [02/Nov/2025:05:07:37 +0545] "GET /wp-content/plugins/under-construction-page/themes/mad_designer/style.css?v=3.99 HTTP/1.1" 200 1600 "-" "Mozilla/5.0 AppleWebKit/537.36 (KHTML, like Gecko; compatible; GPTBot/1.2; +https://openai.com/gptbot)"
74.7.227.186 - - [02/Nov/2025:05:07:41 +0545] "GET /wp-content/plugins/under-construction-page/themes/css/bootstrap.min.css?v=3.99 HTTP/1.1" 200 121200 "-" "Mozilla/5.0 AppleWebKit/537.36 (KHTML, like Gecko; compatible; GPTBot/1.2; +https://openai.com/gptbot)"
74.7.227.186 - - [02/Nov/2025:05:07:45 +0545] "GET /wp-admin/js/user-profile.min.js?ver=6.8.3 HTTP/1.1" 200 6862 "-" "Mozilla/5.0 AppleWebKit/537.36 (KHTML, like Gecko; compatible; GPTBot/1.2; +https://openai.com/gptbot)"
74.7.227.186 - - [02/Nov/2025:05:07:47 +0545] "GET /wp-includes/js/jquery/jquery.min.js?ver=3.7.1 HTTP/1.1" 200 87553 "-" "Mozilla/5.0 AppleWebKit/537.36 (KHTML, like Gecko; compatible; GPTBot/1.2; +https://openai.com/gptbot)"
74.7.227.186 - - [02/Nov/2025:05:07:50 +0545] "GET /wp-includes/js/dist/dom-ready.min.js?ver=f77871ff7694fffea381 HTTP/1.1" 200 457 "-" "Mozilla/5.0 AppleWebKit/537.36 (KHTML, like Gecko; compatible; GPTBot/1.2; +https://openai.com/gptbot)"
74.7.227.186 - - [02/Nov/2025:05:07:53 +0545] "GET /wp-includes/js/clipboard.min.js?ver=2.0.11 HTTP/1.1" 200 9009 "-" "Mozilla/5.0 AppleWebKit/537.36 (KHTML, like Gecko; compatible; GPTBot/1.2; +https://openai.com/gptbot)"
74.7.227.186 - - [02/Nov/2025:05:07:56 +0545] "GET /wp-includes/js/zxcvbn-async.min.js?ver=1.0 HTTP/1.1" 200 351 "-" "Mozilla/5.0 AppleWebKit/537.36 (KHTML, like Gecko; compatible; GPTBot/1.2; +https://openai.com/gptbot)"
74.7.227.186 - - [02/Nov/2025:05:07:59 +0545] "GET /wp-content/plugins/under-construction-page/themes/fonts/fontawesome-webfont.eot HTTP/1.1" 200 165742 "-" "Mozilla/5.0 AppleWebKit/537.36 (KHTML, like Gecko; compatible; GPTBot/1.2; +https://openai.com/gptbot)"
74.7.227.186 - - [02/Nov/2025:05:08:02 +0545] "GET /wp-includes/js/zxcvbn.min.js HTTP/1.1" 200 822237 "-" "Mozilla/5.0 AppleWebKit/537.36 (KHTML, like Gecko; compatible; GPTBot/1.2; +https://openai.com/gptbot)"
74.7.227.186 - - [02/Nov/2025:05:08:05 +0545] "GET /wp-content/plugins/under-construction-page/themes/fonts/glyphicons-halflings-regular.ttf HTTP/1.1" 200 2274 "-" "Mozilla/5.0 AppleWebKit/537.36 (KHTML, like Gecko; compatible; GPTBot/1.2; +https://openai.com/gptbot)"
74.7.227.186 - - [02/Nov/2025:05:08:10 +0545] "GET /wp-content/plugins/under-construction-page/themes/fonts/glyphicons-halflings-regular.svg HTTP/1.1" 200 2274 "-" "Mozilla/5.0 AppleWebKit/537.36 (KHTML, like Gecko; compatible; GPTBot/1.2; +https://openai.com/gptbot)"
74.7.227.186 - - [02/Nov/2025:05:08:16 +0545] "GET /wp-content/plugins/under-construction-page/themes/fonts/glyphicons-halflings-regular.woff HTTP/1.1" 200 2274 "-" "Mozilla/5.0 AppleWebKit/537.36 (KHTML, like Gecko; compatible; GPTBot/1.2; +https://openai.com/gptbot)"
74.7.227.186 - - [02/Nov/2025:05:08:22 +0545] "GET /wp-content/plugins/under-construction-page/themes/fonts/glyphicons-halflings-regular.woff2 HTTP/1.1" 200 2274 "-" "Mozilla/5.0 AppleWebKit/537.36 (KHTML, like Gecko; compatible; GPTBot/1.2; +https://openai.com/gptbot)"
74.7.227.186 - - [02/Nov/2025:05:08:27 +0545] "GET /wp-includes/js/dist/a11y.min.js?ver=3156534cc54473497e14 HTTP/1.1" 200 2358 "-" "Mozilla/5.0 AppleWebKit/537.36 (KHTML, like Gecko; compatible; GPTBot/1.2; +https://openai.com/gptbot)"
74.7.227.186 - - [02/Nov/2025:05:08:29 +0545] "GET /wp-includes/js/dist/i18n.min.js?ver=5e580eb46a90c2b997e6 HTTP/1.1" 200 9141 "-" "Mozilla/5.0 AppleWebKit/537.36 (KHTML, like Gecko; compatible; GPTBot/1.2; +https://openai.com/gptbot)"
74.7.227.186 - - [02/Nov/2025:05:08:34 +0545] "GET /wp-content/plugins/under-construction-page/themes/fonts/fontawesome-webfont.woff2?v=4.7.0 HTTP/1.1" 200 77160 "-" "Mozilla/5.0 AppleWebKit/537.36 (KHTML, like Gecko; compatible; GPTBot/1.2; +https://openai.com/gptbot)"
108.167.132.89 - - [02/Nov/2025:05:08:32 +0545] "POST /xmlrpc.php HTTP/1.1" 200 401 "-" "Mozilla/5.0 (Windows NT 6.2; Win64; x64; rv:60.0) Gecko/20100101 Firefox/60.0"
74.7.227.186 - - [02/Nov/2025:05:08:37 +0545] "GET /wp-includes/js/dist/hooks.min.js?ver=4d63a3d491d11ffd8ac6 HTTP/1.1" 200 4776 "-" "Mozilla/5.0 AppleWebKit/537.36 (KHTML, like Gecko; compatible; GPTBot/1.2; +https://openai.com/gptbot)"
74.7.227.186 - - [02/Nov/2025:05:08:41 +0545] "GET /wp-content/plugins/under-construction-page/themes/fonts/fontawesome-webfont.woff?v=4.7.0 HTTP/1.1" 200 98024 "-" "Mozilla/5.0 AppleWebKit/537.36 (KHTML, like Gecko; compatible; GPTBot/1.2; +https://openai.com/gptbot)"
74.7.227.186 - - [02/Nov/2025:05:08:45 +0545] "GET /wp-content/plugins/under-construction-page/themes/fonts/fontawesome-webfont.eot?v=4.7.0 HTTP/1.1" 200 165742 "-" "Mozilla/5.0 AppleWebKit/537.36 (KHTML, like Gecko; compatible; GPTBot/1.2; +https://openai.com/gptbot)"
74.7.227.186 - - [02/Nov/2025:05:08:48 +0545] "GET /wp-content/plugins/under-construction-page/themes/fonts/fontawesome-webfont.svg?v=4.7.0 HTTP/1.1" 200 444379 "-" "Mozilla/5.0 AppleWebKit/537.36 (KHTML, like Gecko; compatible; GPTBot/1.2; +https://openai.com/gptbot)"
89.46.91.172 - - [02/Nov/2025:05:08:48 +0545] "POST /xmlrpc.php HTTP/1.1" 200 403 "-" "Mozilla/5.0 (Windows NT 10.0; Win64; x64; rv:67.0) Gecko/20100101 Firefox/67.0"
114.119.155.70 - - [02/Nov/2025:05:08:51 +0545] "GET /consultants/services/financial-management-services HTTP/1.1" 200 2274 "-" "Mozilla/5.0 (Linux; Android 7.0;) AppleWebKit/537.36 (KHTML, like Gecko) Mobile Safari/537.36 (compatible; PetalBot;+https://webmaster.petalsearch.com/site/petalbot)"
74.7.227.186 - - [02/Nov/2025:05:08:52 +0545] "GET /wp-login.php?action=lostpassword HTTP/1.1" 200 3808 "-" "Mozilla/5.0 AppleWebKit/537.36 (KHTML, like Gecko; compatible; GPTBot/1.2; +https://openai.com/gptbot)"
74.7.227.186 - - [02/Nov/2025:05:08:56 +0545] "GET /wp-content/plugins/under-construction-page/themes/fonts/fontawesome-webfont.ttf?v=4.7.0 HTTP/1.1" 200 165548 "-" "Mozilla/5.0 AppleWebKit/537.36 (KHTML, like Gecko; compatible; GPTBot/1.2; +https://openai.com/gptbot)"
74.7.227.186 - - [02/Nov/2025:05:08:58 +0545] "GET /wp-includes/css/dashicons.min.css?ver=6.8.3 HTTP/1.1" 200 59016 "-" "Mozilla/5.0 AppleWebKit/537.36 (KHTML, like Gecko; compatible; GPTBot/1.2; +https://openai.com/gptbot)"
74.7.227.186 - - [02/Nov/2025:05:09:01 +0545] "GET /wp-includes/css/buttons.min.css?ver=6.8.3 HTTP/1.1" 200 6061 "-" "Mozilla/5.0 AppleWebKit/537.36 (KHTML, like Gecko; compatible; GPTBot/1.2; +https://openai.com/gptbot)"
74.7.227.186 - - [02/Nov/2025:05:09:03 +0545] "GET /wp-admin/css/login.min.css?ver=6.8.3 HTTP/1.1" 200 6381 "-" "Mozilla/5.0 AppleWebKit/537.36 (KHTML, like Gecko; compatible; GPTBot/1.2; +https://openai.com/gptbot)"
74.7.227.186 - - [02/Nov/2025:05:09:06 +0545] "GET /wp-admin/css/forms.min.css?ver=6.8.3 HTTP/1.1" 200 28448 "-" "Mozilla/5.0 AppleWebKit/537.36 (KHTML, like Gecko; compatible; GPTBot/1.2; +https://openai.com/gptbot)"
74.7.227.186 - - [02/Nov/2025:05:09:08 +0545] "GET /wp-admin/js/password-strength-meter.min.js?ver=6.8.3 HTTP/1.1" 200 1123 "-" "Mozilla/5.0 AppleWebKit/537.36 (KHTML, like Gecko; compatible; GPTBot/1.2; +https://openai.com/gptbot)"
74.7.227.186 - - [02/Nov/2025:05:09:11 +0545] "GET /wp-admin/css/l10n.min.css?ver=6.8.3 HTTP/1.1" 200 3200 "-" "Mozilla/5.0 AppleWebKit/537.36 (KHTML, like Gecko; compatible; GPTBot/1.2; +https://openai.com/gptbot)"
74.7.227.186 - - [02/Nov/2025:05:09:14 +0545] "GET /wp-includes/fonts/dashicons.ttf?99ac726223c749443b642ce33df8b800 HTTP/1.1" 200 56392 "-" "Mozilla/5.0 AppleWebKit/537.36 (KHTML, like Gecko; compatible; GPTBot/1.2; +https://openai.com/gptbot)"
74.7.227.186 - - [02/Nov/2025:05:09:16 +0545] "GET /wp-includes/fonts/dashicons.eot?99ac726223c749443b642ce33df8b800 HTTP/1.1" 200 56564 "-" "Mozilla/5.0 AppleWebKit/537.36 (KHTML, like Gecko; compatible; GPTBot/1.2; +https://openai.com/gptbot)"
74.7.227.186 - - [02/Nov/2025:05:09:19 +0545] "GET /wp-admin/images/wordpress-logo.svg?ver=20131107 HTTP/1.1" 200 1521 "-" "Mozilla/5.0 AppleWebKit/537.36 (KHTML, like Gecko; compatible; GPTBot/1.2; +https://openai.com/gptbot)"
74.7.227.186 - - [02/Nov/2025:05:09:21 +0545] "GET /wp-includes/js/jquery/jquery-migrate.min.js?ver=3.4.1 HTTP/1.1" 200 13577 "-" "Mozilla/5.0 AppleWebKit/537.36 (KHTML, like Gecko; compatible; GPTBot/1.2; +https://openai.com/gptbot)"
74.7.227.186 - - [02/Nov/2025:05:09:24 +0545] "GET /privacy-policy/ HTTP/1.1" 200 2274 "-" "Mozilla/5.0 AppleWebKit/537.36 (KHTML, like Gecko; compatible; GPTBot/1.2; +https://openai.com/gptbot)"
74.7.227.186 - - [02/Nov/2025:05:09:29 +0545] "GET /wp-content/plugins/under-construction-page/themes/fonts/glyphicons-halflings-regular.eot HTTP/1.1" 200 2274 "-" "Mozilla/5.0 AppleWebKit/537.36 (KHTML, like Gecko; compatible; GPTBot/1.2; +https://openai.com/gptbot)"
185.31.40.11 - - [02/Nov/2025:05:09:32 +0545] "POST /xmlrpc.php HTTP/1.1" 200 403 "-" "Mozilla/5.0 (Windows NT 10.0; Win64; x64; rv:44.0) Gecko/20100101 Firefox/44.0"
74.7.227.186 - - [02/Nov/2025:05:09:34 +0545] "GET /wp-includes/js/wp-util.min.js?ver=6.8.3 HTTP/1.1" 200 1426 "-" "Mozilla/5.0 AppleWebKit/537.36 (KHTML, like Gecko; compatible; GPTBot/1.2; +https://openai.com/gptbot)"
78.183.105.148 - - [02/Nov/2025:05:09:34 +0545] "GET /consultants/gewinne-maximieren-mit-wahrscheinlichkeiten-im-pledoo-casino/ HTTP/1.1" 200 2274 "https://roshanchandy.com/" "Mozilla/5.0 (X11; Linux i686) AppleWebKit/537.36 (KHTML, like Gecko) Chrome/114.0.0.0 Safari/537.36 Vivaldi/5.3.2679.68"
74.7.227.186 - - [02/Nov/2025:05:09:37 +0545] "GET /wp-includes/js/underscore.min.js?ver=1.13.7 HTTP/1.1" 200 18905 "-" "Mozilla/5.0 AppleWebKit/537.36 (KHTML, like Gecko; compatible; GPTBot/1.2; +https://openai.com/gptbot)"
78.183.105.148 - - [02/Nov/2025:05:09:41 +0545] "GET /wp-login.php HTTP/1.1" 200 6570 "https://roshanchandy.com/consultants/gewinne-maximieren-mit-wahrscheinlichkeiten-im-pledoo-casino/" "Mozilla/5.0 (Windows NT 6.3; Win64; x64) AppleWebKit/537.36 (KHTML, like Gecko) Chrome/103.0.0.0 Safari/537.36"
78.183.105.148 - - [02/Nov/2025:05:09:45 +0545] "GET /wp-login.php HTTP/1.1" 200 6570 "https://roshanchandy.com/wp-login.php" "Mozilla/5.0 (Windows NT 6.3; Win64; x64) AppleWebKit/537.36 (KHTML, like Gecko) Chrome/103.0.0.0 Safari/537.36"
5.161.124.30 - - [02/Nov/2025:05:10:15 +0545] "GET /wp-login.php HTTP/1.1" 200 6570 "-" "Mozilla/5.0 (Windows NT 10.0) AppleWebKit/537.36 (KHTML, like Gecko) Chrome/66.0.3359.181 Safari/537.36"
5.161.124.30 - - [02/Nov/2025:05:10:36 +0545] "GET /wp-login.php HTTP/1.1" 200 6570 "-" "Mozilla/5.0 (Windows NT 10.0) AppleWebKit/537.36 (KHTML, like Gecko) Chrome/66.0.3359.181 Safari/537.36"
5.161.124.30 - - [02/Nov/2025:05:10:44 +0545] "POST /wp-login.php HTTP/1.1" 200 6966 "https://roshanchandy.com/wp-login.php" "Mozilla/5.0 (Windows NT 10.0) AppleWebKit/537.36 (KHTML, like Gecko) Chrome/66.0.3359.181 Safari/537.36"
198.38.94.18 - - [02/Nov/2025:05:11:47 +0545] "GET /wp-login.php HTTP/1.1" 200 6570 "-" "Mozilla/5.0 (Windows NT 10.0; Win64; x64) AppleWebKit/537.36 (KHTML, like Gecko) Chrome/63.0.3239.108 Safari/537.36 OPR/50.0.2762.45"
198.38.94.18 - - [02/Nov/2025:05:11:50 +0545] "POST /wp-login.php HTTP/1.1" 200 6960 "https://roshanchandy.com/wp-login.php" "Mozilla/5.0 (Windows NT 10.0; Win64; x64) AppleWebKit/537.36 (KHTML, like Gecko) Chrome/63.0.3239.108 Safari/537.36 OPR/50.0.2762.45"
104.244.74.116 - - [02/Nov/2025:05:12:32 +0545] "POST /wp-json/sure-triggers/v1/automation/action HTTP/1.1" 404 114 "-" "Mozilla/5.0 (Macintosh; Intel Mac OS X 10_15_7) AppleWebKit/537.36 (KHTML, like Gecko) Chrome/113.0.0.0 Safari/537.36"
104.244.74.116 - - [02/Nov/2025:05:12:36 +0545] "GET / HTTP/1.1" 200 2274 "http://www.google.com.hk" "Mozilla/5.0 (Windows NT 6.1; WOW64) AppleWebKit/537.36 (KHTML, like Gecko) Chrome/42.0.2311.90 Safari/537.36"
104.244.74.116 - - [02/Nov/2025:05:12:38 +0545] "GET /wp-login.php?wp_lang=e HTTP/1.1" 200 6566 "-" "Mozilla/5.0 (Macintosh; Intel Mac OS X 10_9_4 AppleWebKit/537.36 (KHTML, like Gecko) Chrome/36.0.1985.125 Safari/537.36"
104.244.74.116 - - [02/Nov/2025:05:12:40 +0545] "POST /wp-login.php?wp_lang=e HTTP/1.1" 200 6955 "-" "Mozilla/5.0 (Macintosh; Intel Mac OS X 10_9_4 AppleWebKit/537.36 (KHTML, like Gecko) Chrome/36.0.1985.125 Safari/537.36"
104.244.74.116 - - [02/Nov/2025:05:12:43 +0545] "GET /?author=1 HTTP/1.1" 200 2274 "http://www.google.com.hk" "Mozilla/5.0 (Windows NT 6.1; WOW64) AppleWebKit/537.36 (KHTML, like Gecko) Chrome/42.0.2311.90 Safari/537.36"
104.244.74.116 - - [02/Nov/2025:05:12:48 +0545] "GET /wp-login.php?wp_lang=e HTTP/1.1" 200 6566 "-" "Mozilla/5.0 (Macintosh; Intel Mac OS X 10_9_4 AppleWebKit/537.36 (KHTML, like Gecko) Chrome/36.0.1985.125 Safari/537.36"
104.244.74.116 - - [02/Nov/2025:05:12:49 +0545] "POST /wp-login.php?wp_lang=e HTTP/1.1" 200 6835 "-" "Mozilla/5.0 (Macintosh; Intel Mac OS X 10_9_4 AppleWebKit/537.36 (KHTML, like Gecko) Chrome/36.0.1985.125 Safari/537.36"
217.154.56.55 - - [02/Nov/2025:05:13:35 +0545] "GET /wp-login.php HTTP/1.1" 200 6570 "-" "Mozilla/5.0 (Windows NT 6.3; WOW64; Trident/7.0; Touch; MDDCJS; rv:11.0) like Gecko"
217.154.56.55 - - [02/Nov/2025:05:13:39 +0545] "POST /wp-login.php HTTP/1.1" 200 6966 "https://roshanchandy.com/wp-login.php" "Mozilla/5.0 (Windows NT 6.3; WOW64; Trident/7.0; Touch; MDDCJS; rv:11.0) like Gecko"
101.100.194.71 - - [02/Nov/2025:05:14:02 +0545] "POST /xmlrpc.php HTTP/1.1" 200 401 "-" "Mozilla/5.0 (Windows NT 6.1; Trident/7.0; EIE10;ENUSWOL; rv:11.0) like Gecko"
217.131.14.2 - - [02/Nov/2025:05:16:24 +0545] "POST /xmlrpc.php HTTP/1.1" 200 401 "-" "Mozilla/5.0 (Windows NT 6.3; WOW64; Trident/7.0; rv:11.0; i-Macros-Web-Automation) like Gecko"
148.66.159.158 - - [02/Nov/2025:05:16:38 +0545] "POST /xmlrpc.php HTTP/1.1" 200 401 "-" "Mozilla/5.0 (Windows NT 10.0; WOW64) AppleWebKit/537.36 (KHTML, like Gecko) Chrome/67.0.3396.79 Safari/537.36"
146.174.166.201 - - [02/Nov/2025:05:17:59 +0545] "GET /consultants/wp-content/uploads/2023/01/Website-Brochure.pdf HTTP/1.1" 200 394224 "-" "Mozilla/5.0 (Windows; U; Windows NT 5.1; en-US) AppleWebKit/532.2 (KHTML, like Gecko) Chrome/4.0.222.7 Safari/532.2"
104.194.153.222 - - [02/Nov/2025:05:18:43 +0545] "GET /consultants/comprendre-les-probabilites-au-riviera-casino-pour-maximiser-ses-gains/ HTTP/1.1" 200 2274 "https://roshanchandy.com/" "Mozilla/5.0 (X11; Linux x86_64) AppleWebKit/537.36 (KHTML, like Gecko) Chrome/114.0.0.0 Safari/537.36 OPR/89.0.4447.51"
104.194.153.222 - - [02/Nov/2025:05:18:45 +0545] "GET /wp-login.php HTTP/1.1" 200 6570 "https://roshanchandy.com/consultants/comprendre-les-probabilites-au-riviera-casino-pour-maximiser-ses-gains/" "Mozilla/5.0 (X11; Linux x86_64) AppleWebKit/537.36 (KHTML, like Gecko) Chrome/114.0.0.0 Safari/537.36 OPR/89.0.4447.51"
65.254.81.138 - - [02/Nov/2025:05:19:11 +0545] "GET /wp-login.php HTTP/1.1" 200 6570 "-" "Mozilla/5.0 (Windows NT 10.0; Win64; x64) AppleWebKit/537.36 (KHTML, like Gecko) Chrome/66.0.3359.170 Safari/537.36 OPR/53.0.2907.68"
65.254.81.138 - - [02/Nov/2025:05:19:18 +0545] "POST /wp-login.php HTTP/1.1" 200 6966 "https://roshanchandy.com/wp-login.php" "Mozilla/5.0 (Windows NT 10.0; Win64; x64) AppleWebKit/537.36 (KHTML, like Gecko) Chrome/66.0.3359.170 Safari/537.36 OPR/53.0.2907.68"
171.253.185.45 - - [02/Nov/2025:05:19:30 +0545] "GET /consultants/entenda-as-probabilidades-para-otimizar-sua-experiencia-no-f12br-casino/ HTTP/1.1" 200 2274 "https://roshanchandy.com/" "Mozilla/5.0 (Windows NT 10.0; WOW64) AppleWebKit/537.36 (KHTML, like Gecko) Chrome/114.0.0.0 Safari/537.36"
171.253.185.45 - - [02/Nov/2025:05:19:32 +0545] "GET /wp-login.php HTTP/1.1" 200 6570 "https://roshanchandy.com/consultants/entenda-as-probabilidades-para-otimizar-sua-experiencia-no-f12br-casino/" "Mozilla/5.0 (Windows NT 10.0; WOW64) AppleWebKit/537.36 (KHTML, like Gecko) Chrome/114.0.0.0 Safari/537.36"
144.76.32.239 - - [02/Nov/2025:05:20:24 +0545] "GET /robots.txt HTTP/1.1" 200 71 "-" "Mozilla/5.0 (compatible; BLEXBot/1.0; +https://help.seranking.com/en/blex-crawler)"
144.76.32.239 - - [02/Nov/2025:05:20:27 +0545] "GET /robots.txt HTTP/1.1" 200 71 "-" "Mozilla/5.0 (compatible; BLEXBot/1.0; +https://help.seranking.com/en/blex-crawler)"
144.76.32.239 - - [02/Nov/2025:05:20:28 +0545] "GET / HTTP/1.1" 200 2274 "-" "Mozilla/5.0 (compatible; BLEXBot/1.0; +https://help.seranking.com/en/blex-crawler)"
144.76.32.239 - - [02/Nov/2025:05:20:33 +0545] "GET /consultants/die-wissenschaft-der-wahrscheinlichkeiten-im-sportingbet-casino/%22%22 HTTP/1.1" 200 2274 "-" "Mozilla/5.0 (compatible; BLEXBot/1.0; +https://help.seranking.com/en/blex-crawler)"
144.76.32.239 - - [02/Nov/2025:05:20:44 +0545] "GET /consultants/so-pragen-wahrscheinlichkeiten-ihr-erlebnis-im-drueckglueck-casino/%22%22 HTTP/1.1" 200 2274 "-" "Mozilla/5.0 (compatible; BLEXBot/1.0; +https://help.seranking.com/en/blex-crawler)"
103.133.214.209 - - [02/Nov/2025:05:21:37 +0545] "GET /wp-login.php HTTP/1.1" 200 6570 "-" "Mozilla/5.0 (Windows NT 6.1; Trident/7.0; EIE10;ENUSWOL; rv:11.0) like Gecko"
103.133.214.209 - - [02/Nov/2025:05:22:04 +0545] "GET /wp-login.php HTTP/1.1" 200 6570 "-" "Mozilla/5.0 (Windows NT 6.1; Trident/7.0; EIE10;ENUSWOL; rv:11.0) like Gecko"
194.233.93.51 - - [02/Nov/2025:05:22:27 +0545] "GET /wp-login.php HTTP/1.1" 200 6570 "-" "Mozilla/5.0 (Windows NT 10.0; Win64; x64) AppleWebKit/537.36 (KHTML, like Gecko) Chrome/120.0.0.0 Safari/537.36"
194.233.93.51 - - [02/Nov/2025:05:22:34 +0545] "POST /wp-login.php HTTP/1.1" 200 6942 "-" "Mozilla/5.0 (Windows NT 10.0; Win64; x64) AppleWebKit/537.36 (KHTML, like Gecko) Chrome/120.0.0.0 Safari/537.36"
194.233.93.51 - - [02/Nov/2025:05:22:37 +0545] "GET /wp-admin/post-new.php HTTP/1.1" 302 - "-" "Mozilla/5.0 (Windows NT 10.0; Win64; x64) AppleWebKit/537.36 (KHTML, like Gecko) Chrome/120.0.0.0 Safari/537.36"
194.233.93.51 - - [02/Nov/2025:05:22:40 +0545] "GET /wp-login.php?redirect_to=https%3A%2F%2Froshanchandy.com%2Fwp-admin%2Fpost-new.php&reauth=1 HTTP/1.1" 200 6582 "-" "Mozilla/5.0 (Windows NT 10.0; Win64; x64) AppleWebKit/537.36 (KHTML, like Gecko) Chrome/120.0.0.0 Safari/537.36"
157.90.114.254 - - [02/Nov/2025:05:24:44 +0545] "POST /consultants/xmlrpc.php HTTP/1.1" 200 180 "-" "Mozilla/5.0 (Windows NT 10.0; Win64; x64) AppleWebKit/537.36 (KHTML, like Gecko) Chrome/108.0.0.0 Safari/537.36"
157.90.114.254 - - [02/Nov/2025:05:25:03 +0545] "POST /consultants/xmlrpc.php HTTP/1.1" 200 11411 "-" "Mozilla/5.0 (Windows NT 10.0; Win64; x64) AppleWebKit/537.36 (KHTML, like Gecko) Chrome/108.0.0.0 Safari/537.36"
157.90.114.254 - - [02/Nov/2025:05:25:09 +0545] "GET /consultants/top-online-casinos-canada-in-2025-for-real-money-gambling/ HTTP/1.1" 200 2274 "-" "Mozilla/5.0 (Windows NT 10.0; Win64; x64) AppleWebKit/537.36 (KHTML, like Gecko) Chrome/108.0.0.0 Safari/537.36"
157.90.114.254 - - [02/Nov/2025:05:25:18 +0545] "POST /consultants/xmlrpc.php HTTP/1.1" 200 178 "-" "Mozilla/5.0 (Windows NT 10.0; Win64; x64) AppleWebKit/537.36 (KHTML, like Gecko) Chrome/108.0.0.0 Safari/537.36"
114.119.155.70 - - [02/Nov/2025:05:25:34 +0545] "GET /consultants/secure-software-development-best-practices HTTP/1.1" 200 2274 "https://roshanchandy.com/consultants/secure-software-development-best-practices/" "Mozilla/5.0 (Linux; Android 7.0;) AppleWebKit/537.36 (KHTML, like Gecko) Mobile Safari/537.36 (compatible; PetalBot;+https://webmaster.petalsearch.com/site/petalbot)"
35.200.179.113 - - [02/Nov/2025:05:26:44 +0545] "POST /xmlrpc.php HTTP/1.1" 200 401 "-" "Mozilla/5.0 (Windows NT 10.0; WOW64) AppleWebKit/537.36 (KHTML, like Gecko) Chrome/65.0.3325.162 Safari/537.36"
103.186.30.186 - - [02/Nov/2025:05:28:14 +0545] "GET /style.php HTTP/1.1" 200 2274 "http://roshanchandy.com/style.php" "Go-http-client/1.1"
103.186.30.186 - - [02/Nov/2025:05:28:19 +0545] "GET /wp-content/style.php HTTP/1.1" 200 2274 "http://roshanchandy.com/wp-content/style.php" "Go-http-client/1.1"
103.186.30.186 - - [02/Nov/2025:05:28:22 +0545] "GET /wp-content/themes/style.php HTTP/1.1" 200 2274 "http://roshanchandy.com/wp-content/themes/style.php" "Go-http-client/1.1"
103.186.30.186 - - [02/Nov/2025:05:28:25 +0545] "GET /wp-admin/style.php HTTP/1.1" 200 2274 "http://roshanchandy.com/wp-admin/style.php" "Go-http-client/1.1"
103.186.30.186 - - [02/Nov/2025:05:28:27 +0545] "GET /wp-includes/style.php HTTP/1.1" 200 2274 "http://roshanchandy.com/wp-includes/style.php" "Go-http-client/1.1"
103.186.30.186 - - [02/Nov/2025:05:28:29 +0545] "GET /chosen.php?p= HTTP/1.1" 200 2274 "http://roshanchandy.com/chosen.php?p=" "Go-http-client/1.1"
103.186.30.186 - - [02/Nov/2025:05:28:31 +0545] "GET /file.php HTTP/1.1" 200 2274 "http://roshanchandy.com/file.php" "Go-http-client/1.1"
103.186.30.186 - - [02/Nov/2025:05:28:33 +0545] "GET /flower.php HTTP/1.1" 200 2274 "http://roshanchandy.com/flower.php" "Go-http-client/1.1"
103.186.30.186 - - [02/Nov/2025:05:28:36 +0545] "GET /gifclass.php HTTP/1.1" 200 2274 "http://roshanchandy.com/gifclass.php#888xyz999" "Go-http-client/1.1"
103.186.30.186 - - [02/Nov/2025:05:28:39 +0545] "GET /bless.php HTTP/1.1" 200 2274 "http://roshanchandy.com/bless.php#888xyz999" "Go-http-client/1.1"
103.186.30.186 - - [02/Nov/2025:05:28:41 +0545] "GET /class-t.api.php HTTP/1.1" 200 2274 "http://roshanchandy.com/class-t.api.php#888xyz999" "Go-http-client/1.1"
103.186.30.186 - - [02/Nov/2025:05:28:44 +0545] "GET /blurbs.php HTTP/1.1" 200 2274 "http://roshanchandy.com/blurbs.php#888xyz999" "Go-http-client/1.1"
103.186.30.186 - - [02/Nov/2025:05:28:45 +0545] "GET /akcc.php HTTP/1.1" 200 2274 "http://roshanchandy.com/akcc.php" "Go-http-client/1.1"
103.186.30.186 - - [02/Nov/2025:05:28:47 +0545] "GET /abcd.php HTTP/1.1" 200 2274 "http://roshanchandy.com/abcd.php" "Go-http-client/1.1"
103.186.30.186 - - [02/Nov/2025:05:28:49 +0545] "GET /aku.php HTTP/1.1" 200 2274 "http://roshanchandy.com/aku.php" "Go-http-client/1.1"
103.186.30.186 - - [02/Nov/2025:05:28:51 +0545] "GET /cord.php HTTP/1.1" 200 2274 "http://roshanchandy.com/cord.php" "Go-http-client/1.1"
103.186.30.186 - - [02/Nov/2025:05:28:53 +0545] "GET /dex.php HTTP/1.1" 200 2274 "http://roshanchandy.com/dex.php" "Go-http-client/1.1"
103.186.30.186 - - [02/Nov/2025:05:28:56 +0545] "GET /wp-admin/admin-ajax.php HTTP/1.1" 400 1 "http://roshanchandy.com/wp-admin/admin-ajax.php" "Go-http-client/1.1"
103.186.30.186 - - [02/Nov/2025:05:28:58 +0545] "GET /zoo.php HTTP/1.1" 200 2274 "http://roshanchandy.com/zoo.php" "Go-http-client/1.1"
103.186.30.186 - - [02/Nov/2025:05:29:01 +0545] "GET /zwso.php HTTP/1.1" 200 2274 "http://roshanchandy.com//zwso.php" "Go-http-client/1.1"
103.186.30.186 - - [02/Nov/2025:05:29:03 +0545] "GET /wp-admin/zwso.php HTTP/1.1" 200 2274 "http://roshanchandy.com/wp-admin/zwso.php" "Go-http-client/1.1"
103.186.30.186 - - [02/Nov/2025:05:29:06 +0545] "GET /wp-content/plugins/hellopress/wp_mna.php HTTP/1.1" 200 2274 "http://roshanchandy.com/wp-content/plugins/hellopress/wp_mna.php" "Go-http-client/1.1"
103.186.30.186 - - [02/Nov/2025:05:29:08 +0545] "GET /bolt.php HTTP/1.1" 200 2274 "http://roshanchandy.com/bolt.php" "Go-http-client/1.1"
103.186.30.186 - - [02/Nov/2025:05:29:10 +0545] "GET /shlo.php HTTP/1.1" 200 2274 "http://roshanchandy.com/shlo.php#lufix" "Go-http-client/1.1"
103.186.30.186 - - [02/Nov/2025:05:29:12 +0545] "GET /133.php HTTP/1.1" 200 2274 "http://roshanchandy.com/133.php" "Go-http-client/1.1"
103.186.30.186 - - [02/Nov/2025:05:29:14 +0545] "GET /ahax.php HTTP/1.1" 200 2274 "http://roshanchandy.com/ahax.php" "Go-http-client/1.1"
103.186.30.186 - - [02/Nov/2025:05:29:16 +0545] "GET /wpssl.php HTTP/1.1" 200 2274 "http://roshanchandy.com/wpssl.php" "Go-http-client/1.1"
103.186.30.186 - - [02/Nov/2025:05:29:18 +0545] "GET /witmm.php HTTP/1.1" 200 2274 "http://roshanchandy.com/witmm.php#lufix" "Go-http-client/1.1"
103.186.30.186 - - [02/Nov/2025:05:29:21 +0545] "GET /wp-admin/css/index.php HTTP/1.1" 200 2274 "http://roshanchandy.com/wp-admin/css/index.php" "Go-http-client/1.1"
103.186.30.186 - - [02/Nov/2025:05:29:23 +0545] "GET /wp-content/plugins/index.php HTTP/1.1" 200 - "http://roshanchandy.com/wp-content/plugins/index.php" "Go-http-client/1.1"
103.186.30.186 - - [02/Nov/2025:05:29:23 +0545] "GET /wp-content/index.php HTTP/1.1" 200 - "http://roshanchandy.com/wp-content/index.php" "Go-http-client/1.1"
103.186.30.186 - - [02/Nov/2025:05:29:24 +0545] "GET /files.php HTTP/1.1" 200 2274 "http://roshanchandy.com/files.php#admin@3tu/T?TJ8v?N" "Go-http-client/1.1"
172.245.155.10 - - [02/Nov/2025:05:29:24 +0545] "POST /xmlrpc.php HTTP/1.1" 200 401 "-" "Mozilla/5.0 (Macintosh; Intel Mac OS X 10_12_6) AppleWebKit/605.1.15 (KHTML, like Gecko) Version/11.1.1 Safari/605.1.15"
103.186.30.186 - - [02/Nov/2025:05:29:26 +0545] "GET /wp-editor.php HTTP/1.1" 200 2274 "http://roshanchandy.com/wp-editor.php#lufix" "Go-http-client/1.1"
78.138.127.62 - - [02/Nov/2025:05:30:55 +0545] "GET /consultants/tout-sur-les-probabilites-et-les-recompenses-au-instant-casino/ HTTP/1.1" 200 2274 "https://roshanchandy.com/" "Mozilla/5.0 (Windows NT 10.0) AppleWebKit/537.36 (KHTML, like Gecko) Chrome/114.0.0.0 Safari/537.36"
78.138.127.62 - - [02/Nov/2025:05:31:06 +0545] "GET /wp-login.php HTTP/1.1" 200 6570 "https://roshanchandy.com/consultants/tout-sur-les-probabilites-et-les-recompenses-au-instant-casino/" "Mozilla/5.0 (Windows NT 6.3; Win64; x64) AppleWebKit/537.36 (KHTML, like Gecko) Chrome/103.0.0.0 Safari/537.36"
78.138.127.62 - - [02/Nov/2025:05:31:08 +0545] "GET /wp-login.php?action=lostpassword HTTP/1.1" 200 3808 "https://roshanchandy.com/wp-login.php" "Mozilla/5.0 (Windows NT 6.3; Win64; x64) AppleWebKit/537.36 (KHTML, like Gecko) Chrome/103.0.0.0 Safari/537.36"
198.54.126.241 - - [02/Nov/2025:05:34:08 +0545] "GET /wp-login.php HTTP/1.1" 200 6570 "-" "Mozilla/5.0 (X11; Linux x86_64; rv:60.0) Gecko/20100101 Firefox/60.0"
198.54.126.241 - - [02/Nov/2025:05:34:14 +0545] "POST /wp-login.php HTTP/1.1" 200 6960 "https://roshanchandy.com/wp-login.php" "Mozilla/5.0 (X11; Linux x86_64; rv:60.0) Gecko/20100101 Firefox/60.0"
37.156.146.119 - - [02/Nov/2025:05:37:10 +0545] "POST /xmlrpc.php HTTP/1.1" 200 401 "-" "Mozilla/5.0 (Windows NT 10.0; Win64; x64) AppleWebKit/537.36 (KHTML, like Gecko) Chrome/63.0.3239.132 Safari/537.36 OPR/50.0.2762.67"
217.131.14.2 - - [02/Nov/2025:05:37:48 +0545] "GET /wp-login.php HTTP/1.1" 200 6570 "-" "Mozilla/5.0 (Windows NT 10.0; WOW64) AppleWebKit/537.36 (KHTML, like Gecko) Chrome/65.0.3325.162 Safari/537.36"
217.131.14.2 - - [02/Nov/2025:05:37:52 +0545] "POST /wp-login.php HTTP/1.1" 200 6960 "https://roshanchandy.com/wp-login.php" "Mozilla/5.0 (Windows NT 10.0; WOW64) AppleWebKit/537.36 (KHTML, like Gecko) Chrome/65.0.3325.162 Safari/537.36"
68.65.122.230 - - [02/Nov/2025:05:38:14 +0545] "POST /xmlrpc.php HTTP/1.1" 200 401 "-" "Mozilla/5.0 (Windows NT 10.0; WOW64; Trident/7.0; MATBJS; rv:11.0) like Gecko"
213.231.4.64 - - [02/Nov/2025:05:38:39 +0545] "GET /wp-login.php HTTP/1.1" 200 6570 "-" "Mozilla/4.0 (compatible; MSIE 7.0; Windows NT 6.1; WOW64; Trident/7.0; SLCC2; .NET CLR 2.0.50727; .NET CLR 3.5.30729; .NET CLR 3.0.30729; Media Center PC 6.0; .NET4.0C; InfoPath.3; .NET4.0E)"
213.231.4.64 - - [02/Nov/2025:05:38:43 +0545] "POST /wp-login.php HTTP/1.1" 200 6966 "https://roshanchandy.com/wp-login.php" "Mozilla/4.0 (compatible; MSIE 7.0; Windows NT 6.1; WOW64; Trident/7.0; SLCC2; .NET CLR 2.0.50727; .NET CLR 3.5.30729; .NET CLR 3.0.30729; Media Center PC 6.0; .NET4.0C; InfoPath.3; .NET4.0E)"
23.22.64.74 - - [02/Nov/2025:05:39:45 +0545] "POST /xmlrpc.php HTTP/1.1" 200 401 "-" "Mozilla/5.0 (Windows NT 6.1; WOW64; Trident/7.0; EIE10;ENUSMSE; rv:11.0) like Gecko"
114.119.136.95 - - [02/Nov/2025:05:42:09 +0545] "GET /consultants/schlussel-zum-erfolg-im-bet-at-home-casino HTTP/1.1" 200 2274 "https://roshanchandy.com/consultants/application-development-3/" "Mozilla/5.0 (Linux; Android 7.0;) AppleWebKit/537.36 (KHTML, like Gecko) Mobile Safari/537.36 (compatible; PetalBot;+https://webmaster.petalsearch.com/site/petalbot)"
198.57.247.161 - - [02/Nov/2025:05:42:56 +0545] "GET /wp-login.php HTTP/1.1" 200 6570 "-" "Mozilla/5.0 (Macintosh; Intel Mac OS X 10_10_5) AppleWebKit/537.36 (KHTML, like Gecko) Chrome/67.0.3396.87 Safari/537.36"
57.141.14.88 - - [02/Nov/2025:05:43:09 +0545] "GET /consultants/wp-json/wp/v2/posts/29235 HTTP/1.1" 200 2274 "-" "meta-externalagent/1.1 (+https://developers.facebook.com/docs/sharing/webmasters/crawler)"
198.57.247.161 - - [02/Nov/2025:05:43:27 +0545] "GET /wp-login.php HTTP/1.1" 200 6570 "-" "Mozilla/5.0 (Macintosh; Intel Mac OS X 10_10_5) AppleWebKit/537.36 (KHTML, like Gecko) Chrome/67.0.3396.87 Safari/537.36"
157.15.203.39 - - [02/Nov/2025:05:43:32 +0545] "POST /xmlrpc.php HTTP/1.1" 200 401 "-" "Mozilla/5.0 (Windows NT 6.1; WOW64; Trident/7.0; MATBJS; rv:11.0) like Gecko"
108.167.189.53 - - [02/Nov/2025:05:43:38 +0545] "GET /wp-login.php HTTP/1.1" 200 6570 "-" "Mozilla/5.0 (Windows NT 6.1; WOW64; Trident/7.0; MASP; rv:11.0) like Gecko"
50.87.141.117 - - [02/Nov/2025:05:44:00 +0545] "POST /xmlrpc.php HTTP/1.1" 200 401 "-" "Mozilla/5.0 (Windows NT 6.3; WOW64; Trident/7.0; MALCJS; rv:11.0) like Gecko"
178.159.37.16 - - [02/Nov/2025:05:44:26 +0545] "GET /consultants/les-cles-des-probabilites-pour-maximiser-ses-performances-sur-vbet-casino/ HTTP/1.1" 200 2274 "https://roshanchandy.com/" "Mozilla/5.0 (X11; Linux x86_64) AppleWebKit/537.36 (KHTML, like Gecko) Chrome/114.0.0.0 Safari/537.36 Vivaldi/5.3.2679.68"
178.159.37.16 - - [02/Nov/2025:05:44:34 +0545] "GET /wp-login.php HTTP/1.1" 200 6570 "https://roshanchandy.com/consultants/les-cles-des-probabilites-pour-maximiser-ses-performances-sur-vbet-casino/" "Mozilla/5.0 (Windows NT 6.3; Win64; x64) AppleWebKit/537.36 (KHTML, like Gecko) Chrome/103.0.0.0 Safari/537.36"
178.159.37.16 - - [02/Nov/2025:05:44:36 +0545] "GET /wp-login.php HTTP/1.1" 200 6570 "https://roshanchandy.com/wp-login.php" "Mozilla/5.0 (Windows NT 6.3; Win64; x64) AppleWebKit/537.36 (KHTML, like Gecko) Chrome/103.0.0.0 Safari/537.36"
78.157.49.100 - - [02/Nov/2025:05:44:40 +0545] "GET /wp-login.php HTTP/1.1" 200 6570 "-" "Mozilla/4.0 (compatible; MSIE 7.0; Windows NT 6.3; WOW64; Trident/7.0; .NET4.0C; .NET4.0E; .NET CLR 2.0.50727; .NET CLR 3.0.30729; .NET CLR 3.5.30729; Tablet PC 2.0)"
78.157.49.100 - - [02/Nov/2025:05:44:43 +0545] "POST /wp-login.php HTTP/1.1" 200 6966 "https://roshanchandy.com/wp-login.php" "Mozilla/4.0 (compatible; MSIE 7.0; Windows NT 6.3; WOW64; Trident/7.0; .NET4.0C; .NET4.0E; .NET CLR 2.0.50727; .NET CLR 3.0.30729; .NET CLR 3.5.30729; Tablet PC 2.0)"
213.199.39.78 - - [02/Nov/2025:05:45:43 +0545] "GET /consultants/comprendre-les-probabilites-au-riviera-casino-pour-maximiser-ses-gains/ HTTP/1.1" 200 2274 "https://roshanchandy.com/" "Mozilla/5.0 (X11; Ubuntu; Linux i686; rv:114.0) Gecko/20100101 Firefox/114.0"
103.190.46.189 - - [02/Nov/2025:05:46:10 +0545] "GET /blurbs.php HTTP/1.1" 200 2274 "-" "Mozlila/5.0 (Linux; Android 7.0; SM-G892A Bulid/NRD90M; wv) AppleWebKit/537.36 (KHTML, like Gecko) Version/4.0 Chrome/60.0.3112.107 Moblie Safari/537.36"
213.199.39.78 - - [02/Nov/2025:05:46:29 +0545] "GET /wp-login.php HTTP/1.1" 200 6570 "https://roshanchandy.com/consultants/comprendre-les-probabilites-au-riviera-casino-pour-maximiser-ses-gains/" "Mozilla/5.0 (Windows NT 6.3; Win64; x64) AppleWebKit/537.36 (KHTML, like Gecko) Chrome/103.0.0.0 Safari/537.36"
213.199.39.78 - - [02/Nov/2025:05:46:32 +0545] "GET /wp-login.php?action=lostpassword HTTP/1.1" 200 3808 "https://roshanchandy.com/wp-login.php" "Mozilla/5.0 (Windows NT 6.3; Win64; x64) AppleWebKit/537.36 (KHTML, like Gecko) Chrome/103.0.0.0 Safari/537.36"
103.190.46.189 - - [02/Nov/2025:05:46:34 +0545] "GET /cord.php HTTP/1.1" 200 2274 "-" "Mozlila/5.0 (Linux; Android 7.0; SM-G892A Bulid/NRD90M; wv) AppleWebKit/537.36 (KHTML, like Gecko) Version/4.0 Chrome/60.0.3112.107 Moblie Safari/537.36"
103.190.46.189 - - [02/Nov/2025:05:46:59 +0545] "GET /file2.php HTTP/1.1" 200 2274 "-" "Mozlila/5.0 (Linux; Android 7.0; SM-G892A Bulid/NRD90M; wv) AppleWebKit/537.36 (KHTML, like Gecko) Version/4.0 Chrome/60.0.3112.107 Moblie Safari/537.36"
103.190.46.189 - - [02/Nov/2025:05:47:22 +0545] "GET /shelp.php HTTP/1.1" 200 2274 "-" "Mozlila/5.0 (Linux; Android 7.0; SM-G892A Bulid/NRD90M; wv) AppleWebKit/537.36 (KHTML, like Gecko) Version/4.0 Chrome/60.0.3112.107 Moblie Safari/537.36"
103.216.118.237 - - [02/Nov/2025:05:47:33 +0545] "POST /xmlrpc.php HTTP/1.1" 200 401 "-" "Mozilla/5.0 (Windows NT 6.1; WOW64; Trident/7.0; EIE11;ENGBWOL; rv:11.0) like Gecko"
103.190.46.189 - - [02/Nov/2025:05:48:02 +0545] "GET /133.php HTTP/1.1" 200 2274 "-" "Mozlila/5.0 (Linux; Android 7.0; SM-G892A Bulid/NRD90M; wv) AppleWebKit/537.36 (KHTML, like Gecko) Version/4.0 Chrome/60.0.3112.107 Moblie Safari/537.36"
103.190.46.189 - - [02/Nov/2025:05:48:16 +0545] "GET /wp-admin/admin-ajax.php HTTP/1.1" 400 1 "-" "Mozlila/5.0 (Linux; Android 7.0; SM-G892A Bulid/NRD90M; wv) AppleWebKit/537.36 (KHTML, like Gecko) Version/4.0 Chrome/60.0.3112.107 Moblie Safari/537.36"
103.190.46.189 - - [02/Nov/2025:05:48:31 +0545] "GET /ahax.php HTTP/1.1" 200 2274 "-" "Mozlila/5.0 (Linux; Android 7.0; SM-G892A Bulid/NRD90M; wv) AppleWebKit/537.36 (KHTML, like Gecko) Version/4.0 Chrome/60.0.3112.107 Moblie Safari/537.36"
103.190.46.189 - - [02/Nov/2025:05:48:35 +0545] "GET /wp-content/plugins/yanierin/akc.php HTTP/1.1" 200 2274 "-" "Mozlila/5.0 (Linux; Android 7.0; SM-G892A Bulid/NRD90M; wv) AppleWebKit/537.36 (KHTML, like Gecko) Version/4.0 Chrome/60.0.3112.107 Moblie Safari/537.36"
103.190.46.189 - - [02/Nov/2025:05:48:39 +0545] "GET /akc.php HTTP/1.1" 200 2274 "-" "Mozlila/5.0 (Linux; Android 7.0; SM-G892A Bulid/NRD90M; wv) AppleWebKit/537.36 (KHTML, like Gecko) Version/4.0 Chrome/60.0.3112.107 Moblie Safari/537.36"
149.126.217.177 - - [02/Nov/2025:05:48:42 +0545] "GET /consultants/so-pragen-wahrscheinlichkeiten-ihr-abenteuer-im-richard-casino/ HTTP/1.1" 200 2274 "https://roshanchandy.com/" "Mozilla/5.0 (Macintosh; Intel Mac OS X 12_5) AppleWebKit/537.36 (KHTML, like Gecko) Chrome/114.0.0.0 Safari/537.36 OPR/89.0.4447.51"
84.247.151.78 - - [02/Nov/2025:05:48:44 +0545] "GET /wp-login.php HTTP/1.1" 200 6570 "-" "Mozilla/4.0 (compatible; MSIE 7.0; Windows NT 6.2; WOW64; Trident/7.0; .NET4.0C; .NET4.0E)"
149.126.217.177 - - [02/Nov/2025:05:48:46 +0545] "GET /wp-login.php HTTP/1.1" 200 6570 "https://roshanchandy.com/consultants/so-pragen-wahrscheinlichkeiten-ihr-abenteuer-im-richard-casino/" "Mozilla/5.0 (Windows NT 6.3; Win64; x64) AppleWebKit/537.36 (KHTML, like Gecko) Chrome/103.0.0.0 Safari/537.36"
149.126.217.177 - - [02/Nov/2025:05:48:48 +0545] "GET /wp-login.php?action=lostpassword HTTP/1.1" 200 3808 "https://roshanchandy.com/wp-login.php" "Mozilla/5.0 (Windows NT 6.3; Win64; x64) AppleWebKit/537.36 (KHTML, like Gecko) Chrome/103.0.0.0 Safari/537.36"
103.190.46.189 - - [02/Nov/2025:05:48:54 +0545] "GET /akp.php HTTP/1.1" 200 2274 "-" "Mozlila/5.0 (Linux; Android 7.0; SM-G892A Bulid/NRD90M; wv) AppleWebKit/537.36 (KHTML, like Gecko) Version/4.0 Chrome/60.0.3112.107 Moblie Safari/537.36"
103.190.46.189 - - [02/Nov/2025:05:49:10 +0545] "GET /wp_wlx.php HTTP/1.1" 200 2274 "-" "Mozlila/5.0 (Linux; Android 7.0; SM-G892A Bulid/NRD90M; wv) AppleWebKit/537.36 (KHTML, like Gecko) Version/4.0 Chrome/60.0.3112.107 Moblie Safari/537.36"
103.190.46.189 - - [02/Nov/2025:05:49:18 +0545] "GET /law.php HTTP/1.1" 200 2274 "-" "Mozlila/5.0 (Linux; Android 7.0; SM-G892A Bulid/NRD90M; wv) AppleWebKit/537.36 (KHTML, like Gecko) Version/4.0 Chrome/60.0.3112.107 Moblie Safari/537.36"
132.148.78.150 - - [02/Nov/2025:05:49:24 +0545] "GET /wp-login.php HTTP/1.1" 200 6570 "-" "Mozilla/5.0 (Windows NT 10.0; Win64; x64) AppleWebKit/537.36 (KHTML, like Gecko) Chrome/63.0.3239.132 Safari/537.36 OPR/50.0.2762.67"
103.190.46.189 - - [02/Nov/2025:05:49:27 +0545] "GET /admin.php HTTP/1.1" 200 2274 "-" "Mozlila/5.0 (Linux; Android 7.0; SM-G892A Bulid/NRD90M; wv) AppleWebKit/537.36 (KHTML, like Gecko) Version/4.0 Chrome/60.0.3112.107 Moblie Safari/537.36"
132.148.78.150 - - [02/Nov/2025:05:49:29 +0545] "POST /wp-login.php HTTP/1.1" 200 6960 "https://roshanchandy.com/wp-login.php" "Mozilla/5.0 (Windows NT 10.0; Win64; x64) AppleWebKit/537.36 (KHTML, like Gecko) Chrome/63.0.3239.132 Safari/537.36 OPR/50.0.2762.67"
103.190.46.189 - - [02/Nov/2025:05:49:31 +0545] "GET /file52.php HTTP/1.1" 200 2274 "-" "Mozlila/5.0 (Linux; Android 7.0; SM-G892A Bulid/NRD90M; wv) AppleWebKit/537.36 (KHTML, like Gecko) Version/4.0 Chrome/60.0.3112.107 Moblie Safari/537.36"
57.141.14.93 - - [02/Nov/2025:05:49:40 +0545] "GET /consultants/2018/05/ HTTP/1.1" 200 2274 "-" "meta-externalagent/1.1 (+https://developers.facebook.com/docs/sharing/webmasters/crawler)"
103.190.46.189 - - [02/Nov/2025:05:49:50 +0545] "GET /alfa.php HTTP/1.1" 200 2274 "-" "Mozlila/5.0 (Linux; Android 7.0; SM-G892A Bulid/NRD90M; wv) AppleWebKit/537.36 (KHTML, like Gecko) Version/4.0 Chrome/60.0.3112.107 Moblie Safari/537.36"
102.222.20.187 - - [02/Nov/2025:05:49:49 +0545] "POST /xmlrpc.php HTTP/1.1" 200 403 "-" "Mozilla/5.0 (Windows NT 10.0; Win64; x64; rv:94.0) Gecko/20100101 Firefox/94.0"
103.190.46.189 - - [02/Nov/2025:05:49:56 +0545] "GET /NewFile.php HTTP/1.1" 200 2274 "-" "Mozlila/5.0 (Linux; Android 7.0; SM-G892A Bulid/NRD90M; wv) AppleWebKit/537.36 (KHTML, like Gecko) Version/4.0 Chrome/60.0.3112.107 Moblie Safari/537.36"
103.190.46.189 - - [02/Nov/2025:05:50:01 +0545] "GET /about.php HTTP/1.1" 200 2274 "-" "Mozlila/5.0 (Linux; Android 7.0; SM-G892A Bulid/NRD90M; wv) AppleWebKit/537.36 (KHTML, like Gecko) Version/4.0 Chrome/60.0.3112.107 Moblie Safari/537.36"
103.190.46.189 - - [02/Nov/2025:05:50:08 +0545] "GET /edit-tags.php HTTP/1.1" 200 2274 "-" "Mozlila/5.0 (Linux; Android 7.0; SM-G892A Bulid/NRD90M; wv) AppleWebKit/537.36 (KHTML, like Gecko) Version/4.0 Chrome/60.0.3112.107 Moblie Safari/537.36"
103.190.46.189 - - [02/Nov/2025:05:50:21 +0545] "GET /file5.php HTTP/1.1" 200 2274 "-" "Mozlila/5.0 (Linux; Android 7.0; SM-G892A Bulid/NRD90M; wv) AppleWebKit/537.36 (KHTML, like Gecko) Version/4.0 Chrome/60.0.3112.107 Moblie Safari/537.36"
162.0.235.216 - - [02/Nov/2025:05:50:33 +0545] "GET /wp-login.php HTTP/1.1" 200 6570 "-" "Mozilla/5.0 (Windows NT 6.1) AppleWebKit/537.36 (KHTML, like Gecko) Chrome/66.0.3359.117 Safari/537.36"
103.190.46.189 - - [02/Nov/2025:05:50:36 +0545] "GET /ava.php HTTP/1.1" 200 2274 "-" "Mozlila/5.0 (Linux; Android 7.0; SM-G892A Bulid/NRD90M; wv) AppleWebKit/537.36 (KHTML, like Gecko) Version/4.0 Chrome/60.0.3112.107 Moblie Safari/537.36"
162.0.235.216 - - [02/Nov/2025:05:50:40 +0545] "POST /wp-login.php HTTP/1.1" 200 6966 "https://roshanchandy.com/wp-login.php" "Mozilla/5.0 (Windows NT 6.1) AppleWebKit/537.36 (KHTML, like Gecko) Chrome/66.0.3359.117 Safari/537.36"
5.175.42.26 - - [02/Nov/2025:05:51:40 +0545] "GET /wp-login.php HTTP/1.1" 200 6570 "-" "Mozilla/5.0 (Windows NT 6.1; WOW64; Trident/7.0; EIE10;ENUSMSE; rv:11.0) like Gecko"
98.70.40.140 - - [02/Nov/2025:05:55:00 +0545] "GET /wp-login.php HTTP/1.1" 200 6570 "-" "Mozilla/5.0 (Macintosh; Intel Mac OS X 10_11_6) AppleWebKit/537.36 (KHTML, like Gecko) Chrome/67.0.3396.79 Safari/537.36"
98.70.40.140 - - [02/Nov/2025:05:55:07 +0545] "POST /wp-login.php HTTP/1.1" 200 6966 "https://roshanchandy.com/wp-login.php" "Mozilla/5.0 (Macintosh; Intel Mac OS X 10_11_6) AppleWebKit/537.36 (KHTML, like Gecko) Chrome/67.0.3396.79 Safari/537.36"
185.18.197.202 - - [02/Nov/2025:05:55:59 +0545] "POST /xmlrpc.php HTTP/1.1" 200 401 "-" "Mozilla/5.0 (Windows NT 10.0; WOW64; Trident/7.0; Touch; LCJB; rv:11.0) like Gecko"
165.22.241.155 - - [02/Nov/2025:05:56:24 +0545] "GET /wp-login.php HTTP/1.1" 200 6570 "-" "Mozilla/5.0 (Windows NT 6.3; WOW64; Trident/7.0; MASEJS; rv:11.0) like Gecko"
165.22.241.155 - - [02/Nov/2025:05:56:27 +0545] "POST /wp-login.php HTTP/1.1" 200 6966 "https://roshanchandy.com/wp-login.php" "Mozilla/5.0 (Windows NT 6.3; WOW64; Trident/7.0; MASEJS; rv:11.0) like Gecko"
103.190.46.189 - - [02/Nov/2025:05:58:09 +0545] "GET /simple.php HTTP/1.1" 200 2274 "-" "Mozlila/5.0 (Linux; Android 7.0; SM-G892A Bulid/NRD90M; wv) AppleWebKit/537.36 (KHTML, like Gecko) Version/4.0 Chrome/60.0.3112.107 Moblie Safari/537.36"
85.215.252.72 - - [02/Nov/2025:05:58:25 +0545] "GET /wp-login.php HTTP/1.1" 200 6570 "-" "Mozilla/5.0 (Windows NT 10.0; Win64; x64) AppleWebKit/537.36 (KHTML, like Gecko) Chrome/65.0.3325.146 Safari/537.36"
103.190.46.189 - - [02/Nov/2025:05:58:26 +0545] "GET /dropdown.php HTTP/1.1" 200 2274 "-" "Mozlila/5.0 (Linux; Android 7.0; SM-G892A Bulid/NRD90M; wv) AppleWebKit/537.36 (KHTML, like Gecko) Version/4.0 Chrome/60.0.3112.107 Moblie Safari/537.36"
