193.111.154.53 - - [02/Nov/2025:10:16:06 +0545] "POST /buildmydesign.in/wp-admin/menu-header.php HTTP/1.1" 500 - "-" "Mozilla/5.0 (Macintosh; Intel Mac OS X 10_15_7) AppleWebKit/537.36 (KHTML, like Gecko) Chrome/120.0.0.0 Safari/537.36"
165.22.241.155 - - [02/Nov/2025:10:16:05 +0545] "GET /wp-login.php HTTP/1.1" 200 6570 "-" "Mozilla/5.0 (Windows NT 6.3; Win64; x64; Trident/7.0; Touch; LCJB; rv:11.0) like Gecko"
193.111.152.95 - - [02/Nov/2025:10:16:11 +0545] "POST /varsha/wp-content/plugins/elementor/vendor_prefixed/twig/twig/twig/src/Profiler/ranking.php HTTP/1.1" 200 23 "-" "Mozilla/5.0 (Macintosh; Intel Mac OS X 10_15_7) AppleWebKit/537.36 (KHTML, like Gecko) Chrome/120.0.0.0 Safari/537.36"
165.22.241.155 - - [02/Nov/2025:10:16:12 +0545] "POST /wp-login.php HTTP/1.1" 200 6960 "https://roshanchandy.com/wp-login.php" "Mozilla/5.0 (Windows NT 6.3; Win64; x64; Trident/7.0; Touch; LCJB; rv:11.0) like Gecko"
193.111.152.95 - - [02/Nov/2025:10:16:16 +0545] "POST /varsha/wp-content/plugins/elementor/vendor_prefixed/twig/twig/twig/src/Profiler/ranking.php HTTP/1.1" 500 - "-" "Mozilla/5.0 (Macintosh; Intel Mac OS X 10_15_7) AppleWebKit/537.36 (KHTML, like Gecko) Chrome/120.0.0.0 Safari/537.36"
185.198.233.51 - - [02/Nov/2025:10:16:18 +0545] "GET /petiva/wp-content/plugins/woocommerce/assets/client/blocks/product-filters-style.asset.php HTTP/1.1" 200 15 "-" "Mozilla/5.0 (Macintosh; Intel Mac OS X 10_15_7) AppleWebKit/537.36 (KHTML, like Gecko) Chrome/120.0.0.0 Safari/537.36"
185.198.233.51 - - [02/Nov/2025:10:16:21 +0545] "POST /petiva/wp-content/plugins/woocommerce/assets/client/blocks/product-filters-style.asset.php HTTP/1.1" 500 - "-" "Mozilla/5.0 (Macintosh; Intel Mac OS X 10_15_7) AppleWebKit/537.36 (KHTML, like Gecko) Chrome/120.0.0.0 Safari/537.36"
170.106.147.63 - - [02/Nov/2025:10:16:22 +0545] "GET / HTTP/1.1" 200 2274 "http://www.roshanchandy.com" "Mozilla/5.0 (iPhone; CPU iPhone OS 13_2_3 like Mac OS X) AppleWebKit/605.1.15 (KHTML, like Gecko) Version/13.0.3 Mobile/15E148 Safari/604.1"
193.111.154.53 - - [02/Nov/2025:10:16:27 +0545] "POST /varsha/wp-includes/style-engine.php HTTP/1.1" 200 33 "-" "Mozilla/5.0 (Macintosh; Intel Mac OS X 10_15_7) AppleWebKit/537.36 (KHTML, like Gecko) Chrome/120.0.0.0 Safari/537.36"
193.111.154.53 - - [02/Nov/2025:10:16:33 +0545] "POST /varsha/wp-includes/style-engine.php HTTP/1.1" 200 - "-" "Mozilla/5.0 (Macintosh; Intel Mac OS X 10_15_7) AppleWebKit/537.36 (KHTML, like Gecko) Chrome/120.0.0.0 Safari/537.36"
185.198.233.124 - - [02/Nov/2025:10:16:37 +0545] "POST /varsha/wp-content/themes/twentytwentyfive/patterns/template-page-vertical-header-blog.php HTTP/1.1" 200 32 "-" "Mozilla/5.0 (Macintosh; Intel Mac OS X 10_15_7) AppleWebKit/537.36 (KHTML, like Gecko) Chrome/120.0.0.0 Safari/537.36"
185.198.233.124 - - [02/Nov/2025:10:16:39 +0545] "POST /varsha/wp-content/themes/twentytwentyfive/patterns/template-page-vertical-header-blog.php HTTP/1.1" 500 - "-" "Mozilla/5.0 (Macintosh; Intel Mac OS X 10_15_7) AppleWebKit/537.36 (KHTML, like Gecko) Chrome/120.0.0.0 Safari/537.36"
185.198.233.51 - - [02/Nov/2025:10:16:41 +0545] "POST /landpress/wp-content/plugins/woocommerce/assets/client/blocks/price-format.asset.php HTTP/1.1" 200 31 "-" "Mozilla/5.0 (Macintosh; Intel Mac OS X 10_15_7) AppleWebKit/537.36 (KHTML, like Gecko) Chrome/120.0.0.0 Safari/537.36"
185.198.233.51 - - [02/Nov/2025:10:16:44 +0545] "POST /landpress/wp-content/plugins/woocommerce/assets/client/blocks/price-format.asset.php HTTP/1.1" 200 - "-" "Mozilla/5.0 (Macintosh; Intel Mac OS X 10_15_7) AppleWebKit/537.36 (KHTML, like Gecko) Chrome/120.0.0.0 Safari/537.36"
185.36.188.86 - - [02/Nov/2025:10:16:48 +0545] "GET /wp-content/plugins/official-facebook-pixel/vendor/facebook/php-business-sdk/examples/server.php HTTP/1.1" 200 33 "-" "Mozilla/5.0 (Macintosh; Intel Mac OS X 10_15_7) AppleWebKit/537.36 (KHTML, like Gecko) Chrome/120.0.0.0 Safari/537.36"
185.36.188.86 - - [02/Nov/2025:10:16:52 +0545] "POST /wp-content/plugins/official-facebook-pixel/vendor/facebook/php-business-sdk/examples/server.php HTTP/1.1" 500 - "-" "Mozilla/5.0 (Macintosh; Intel Mac OS X 10_15_7) AppleWebKit/537.36 (KHTML, like Gecko) Chrome/120.0.0.0 Safari/537.36"
84.37.98.77 - - [02/Nov/2025:10:17:02 +0545] "GET /consultants/managing-covid19-impact-credit-risk-modeling/ HTTP/1.1" 200 2274 "-" "Mozilla/5.0 (Macintosh; Intel Mac OS X 10_15_7) AppleWebKit/537.36 (KHTML, like Gecko) Chrome/139.0.0.0 Safari/537.36"
84.37.98.77 - - [02/Nov/2025:10:17:09 +0545] "GET /wp-content/plugins/under-construction-page/themes/mad_designer/style.css?v=3.99 HTTP/1.1" 200 1600 "https://roshanchandy.com/consultants/managing-covid19-impact-credit-risk-modeling/" "Mozilla/5.0 (Macintosh; Intel Mac OS X 10_15_7) AppleWebKit/537.36 (KHTML, like Gecko) Chrome/139.0.0.0 Safari/537.36"
148.113.180.195 - - [02/Nov/2025:10:17:07 +0545] "POST /xmlrpc.php HTTP/1.1" 200 403 "-" "Mozilla/5.0 (Windows NT 10.0; Win64; x64; rv:54.0) Gecko/20100101 Firefox/54.0"
84.37.98.77 - - [02/Nov/2025:10:17:10 +0545] "GET /wp-content/plugins/under-construction-page/themes/images/favicon.png HTTP/1.1" 200 4026 "https://roshanchandy.com/consultants/managing-covid19-impact-credit-risk-modeling/" "Mozilla/5.0 (Macintosh; Intel Mac OS X 10_15_7) AppleWebKit/537.36 (KHTML, like Gecko) Chrome/139.0.0.0 Safari/537.36"
103.204.108.147 - - [02/Nov/2025:10:17:13 +0545] "GET /consultants/as-chances-de-ganhar-no-viking-luck-uma-visao-matematica/ HTTP/1.1" 200 2274 "https://roshanchandy.com/" "Mozilla/5.0 (Linux x86_64; rv:114.0) Gecko/20100101 Firefox/114.0"
103.204.108.147 - - [02/Nov/2025:10:17:19 +0545] "GET /wp-login.php HTTP/1.1" 200 6570 "https://roshanchandy.com/consultants/as-chances-de-ganhar-no-viking-luck-uma-visao-matematica/" "Mozilla/5.0 (Windows NT 6.3; Win64; x64) AppleWebKit/537.36 (KHTML, like Gecko) Chrome/103.0.0.0 Safari/537.36"
103.204.108.147 - - [02/Nov/2025:10:17:23 +0545] "GET /wp-login.php?action=lostpassword HTTP/1.1" 200 3808 "https://roshanchandy.com/wp-login.php" "Mozilla/5.0 (Windows NT 6.3; Win64; x64) AppleWebKit/537.36 (KHTML, like Gecko) Chrome/103.0.0.0 Safari/537.36"
191.96.252.33 - - [02/Nov/2025:10:17:30 +0545] "GET /consultants/entendendo-as-odds-no-speicasino-um-estudo-detalhado/ HTTP/1.1" 200 2274 "https://roshanchandy.com/" "Mozilla/5.0 (Windows NT 10.0; Win64; x64) AppleWebKit/537.36 (KHTML, like Gecko) Chrome/114.0.0.0 Safari/537.36 Vivaldi/5.3.2679.68"
191.96.252.33 - - [02/Nov/2025:10:17:38 +0545] "GET /wp-login.php HTTP/1.1" 200 6570 "https://roshanchandy.com/consultants/entendendo-as-odds-no-speicasino-um-estudo-detalhado/" "Mozilla/5.0 (Windows NT 10.0; Win64; x64) AppleWebKit/537.36 (KHTML, like Gecko) Chrome/114.0.0.0 Safari/537.36 Vivaldi/5.3.2679.68"
185.198.233.51 - - [02/Nov/2025:10:17:42 +0545] "POST /petiva/wp-content/plugins/woocommerce/assets/client/admin/product-editor/blocks/product-fields/product-shipping-dimensions-fields/editor.asset.php HTTP/1.1" 200 30 "-" "Mozilla/5.0 (Macintosh; Intel Mac OS X 10_15_7) AppleWebKit/537.36 (KHTML, like Gecko) Chrome/120.0.0.0 Safari/537.36"
185.198.233.124 - - [02/Nov/2025:10:17:44 +0545] "POST /varsha/wp-content/themes/twentytwentyfive/patterns/template-page-vertical-header-blog.php HTTP/1.1" 200 37 "-" "Mozilla/5.0 (Macintosh; Intel Mac OS X 10_15_7) AppleWebKit/537.36 (KHTML, like Gecko) Chrome/120.0.0.0 Safari/537.36"
194.169.161.98 - - [02/Nov/2025:10:17:45 +0545] "POST /kazuesolutions/wp-content/plugins/elementor-pro/modules/notes/database/transformers/user.transformer.php HTTP/1.1" 200 32 "-" "Mozilla/5.0 (Macintosh; Intel Mac OS X 10_15_7) AppleWebKit/537.36 (KHTML, like Gecko) Chrome/120.0.0.0 Safari/537.36"
193.111.152.95 - - [02/Nov/2025:10:17:47 +0545] "POST /varsha/wp-content/plugins/elementor/vendor_prefixed/twig/twig/twig/src/Profiler/ranking.php HTTP/1.1" 200 34 "-" "Mozilla/5.0 (Macintosh; Intel Mac OS X 10_15_7) AppleWebKit/537.36 (KHTML, like Gecko) Chrome/120.0.0.0 Safari/537.36"
193.111.154.53 - - [02/Nov/2025:10:17:51 +0545] "POST /varsha/wp-includes/style-engine.php HTTP/1.1" 200 31 "-" "Mozilla/5.0 (Macintosh; Intel Mac OS X 10_15_7) AppleWebKit/537.36 (KHTML, like Gecko) Chrome/120.0.0.0 Safari/537.36"
193.111.152.95 - - [02/Nov/2025:10:17:53 +0545] "GET /petiva/wp-content/plugins/woocommerce/vendor/symfony/css-selector/Node/openid.php HTTP/1.1" 200 15 "-" "Mozilla/5.0 (Macintosh; Intel Mac OS X 10_15_7) AppleWebKit/537.36 (KHTML, like Gecko) Chrome/120.0.0.0 Safari/537.36"
185.161.211.209 - - [02/Nov/2025:10:17:56 +0545] "POST /consultants/wp-includes/widgets/class-wp-widget-categories.php HTTP/1.1" 200 26 "-" "Mozilla/5.0 (Macintosh; Intel Mac OS X 10_15_7) AppleWebKit/537.36 (KHTML, like Gecko) Chrome/120.0.0.0 Safari/537.36"
185.198.233.51 - - [02/Nov/2025:10:17:58 +0545] "GET /petiva/wp-content/plugins/woocommerce/assets/client/blocks/product-filters-style.asset.php HTTP/1.1" 200 15 "-" "Mozilla/5.0 (Macintosh; Intel Mac OS X 10_15_7) AppleWebKit/537.36 (KHTML, like Gecko) Chrome/120.0.0.0 Safari/537.36"
95.182.124.49 - - [02/Nov/2025:10:17:57 +0545] "GET /consultants/dominando-as-odds-para-vencer-no-brazino777-casino/ HTTP/1.1" 200 2274 "https://roshanchandy.com/" "Mozilla/5.0 (Macintosh; Intel Mac OS X 12_5) AppleWebKit/537.36 (KHTML, like Gecko) Chrome/114.0.0.0 Safari/537.36 OPR/89.0.4447.51"
185.198.233.51 - - [02/Nov/2025:10:17:59 +0545] "POST /landpress/wp-content/plugins/woocommerce/assets/client/blocks/price-format.asset.php HTTP/1.1" 200 23 "-" "Mozilla/5.0 (Macintosh; Intel Mac OS X 10_15_7) AppleWebKit/537.36 (KHTML, like Gecko) Chrome/120.0.0.0 Safari/537.36"
185.161.210.163 - - [02/Nov/2025:10:18:01 +0545] "GET /landpress/wp-content/plugins/woocommerce/assets/client/admin/product-editor/blocks/generic/product-section/representatives.php HTTP/1.1" 200 24 "-" "Mozilla/5.0 (Macintosh; Intel Mac OS X 10_15_7) AppleWebKit/537.36 (KHTML, like Gecko) Chrome/120.0.0.0 Safari/537.36"
193.111.154.53 - - [02/Nov/2025:10:18:04 +0545] "POST /buildmydesign.in/wp-admin/menu-header.php HTTP/1.1" 200 31 "-" "Mozilla/5.0 (Macintosh; Intel Mac OS X 10_15_7) AppleWebKit/537.36 (KHTML, like Gecko) Chrome/120.0.0.0 Safari/537.36"
95.182.124.49 - - [02/Nov/2025:10:18:01 +0545] "GET /wp-login.php HTTP/1.1" 200 6570 "https://roshanchandy.com/consultants/dominando-as-odds-para-vencer-no-brazino777-casino/" "Mozilla/5.0 (Windows NT 6.3; Win64; x64) AppleWebKit/537.36 (KHTML, like Gecko) Chrome/103.0.0.0 Safari/537.36"
185.36.188.86 - - [02/Nov/2025:10:18:07 +0545] "GET /wp-content/plugins/official-facebook-pixel/vendor/facebook/php-business-sdk/examples/server.php HTTP/1.1" 200 33 "-" "Mozilla/5.0 (Macintosh; Intel Mac OS X 10_15_7) AppleWebKit/537.36 (KHTML, like Gecko) Chrome/120.0.0.0 Safari/537.36"
95.182.124.49 - - [02/Nov/2025:10:18:05 +0545] "GET /wp-login.php HTTP/1.1" 200 6570 "https://roshanchandy.com/wp-login.php" "Mozilla/5.0 (Windows NT 6.3; Win64; x64) AppleWebKit/537.36 (KHTML, like Gecko) Chrome/103.0.0.0 Safari/537.36"
66.249.68.37 - - [02/Nov/2025:10:19:32 +0545] "GET /?products/7389282/ HTTP/1.1" 200 2274 "-" "Mozilla/5.0 (Linux; Android 6.0.1; Nexus 5X Build/MMB29P) AppleWebKit/537.36 (KHTML, like Gecko) Chrome/141.0.7390.122 Mobile Safari/537.36 (compatible; GoogleOther)"
66.249.68.37 - - [02/Nov/2025:10:19:44 +0545] "GET /?products/4785071/ HTTP/1.1" 200 2274 "-" "Mozilla/5.0 (Linux; Android 6.0.1; Nexus 5X Build/MMB29P) AppleWebKit/537.36 (KHTML, like Gecko) Chrome/141.0.7390.122 Mobile Safari/537.36 (compatible; GoogleOther)"
146.190.81.111 - - [02/Nov/2025:10:19:50 +0545] "POST /xmlrpc.php HTTP/1.1" 200 401 "-" "Mozilla/5.0 (Windows NT 6.1; Win64; x64) AppleWebKit/537.36 (KHTML, like Gecko) Chrome/64.0.3282.186 Safari/537.36 OPR/51.0.2830.55"
66.249.68.36 - - [02/Nov/2025:10:19:56 +0545] "GET /?products/12566804/ HTTP/1.1" 200 2274 "-" "Mozilla/5.0 (Linux; Android 6.0.1; Nexus 5X Build/MMB29P) AppleWebKit/537.36 (KHTML, like Gecko) Chrome/141.0.7390.122 Mobile Safari/537.36 (compatible; GoogleOther)"
66.249.68.38 - - [02/Nov/2025:10:20:09 +0545] "GET /?products/24417604/ HTTP/1.1" 200 2274 "-" "Mozilla/5.0 (Linux; Android 6.0.1; Nexus 5X Build/MMB29P) AppleWebKit/537.36 (KHTML, like Gecko) Chrome/141.0.7390.122 Mobile Safari/537.36 (compatible; GoogleOther)"
178.159.37.16 - - [02/Nov/2025:10:20:14 +0545] "GET /consultants/entendendo-as-odds-no-speicasino-um-estudo-detalhado/ HTTP/1.1" 200 2274 "https://roshanchandy.com/" "Mozilla/5.0 (Windows NT 10.0; Win64; x64) AppleWebKit/537.36 (KHTML, like Gecko) Chrome/114.0.0.0 Safari/537.36 Edg/114.0.1264.71"
178.159.37.16 - - [02/Nov/2025:10:20:17 +0545] "GET /wp-login.php HTTP/1.1" 200 6570 "https://roshanchandy.com/consultants/entendendo-as-odds-no-speicasino-um-estudo-detalhado/" "Mozilla/5.0 (Windows NT 6.3; Win64; x64) AppleWebKit/537.36 (KHTML, like Gecko) Chrome/103.0.0.0 Safari/537.36"
178.159.37.16 - - [02/Nov/2025:10:20:20 +0545] "GET /wp-login.php HTTP/1.1" 200 6570 "https://roshanchandy.com/wp-login.php" "Mozilla/5.0 (Windows NT 6.3; Win64; x64) AppleWebKit/537.36 (KHTML, like Gecko) Chrome/103.0.0.0 Safari/537.36"
66.249.68.36 - - [02/Nov/2025:10:20:20 +0545] "GET /?products/14676226/ HTTP/1.1" 200 2274 "-" "Mozilla/5.0 (Linux; Android 6.0.1; Nexus 5X Build/MMB29P) AppleWebKit/537.36 (KHTML, like Gecko) Chrome/141.0.7390.122 Mobile Safari/537.36 (compatible; GoogleOther)"
66.249.68.36 - - [02/Nov/2025:10:20:32 +0545] "GET /?products/16957137/ HTTP/1.1" 200 2274 "-" "Mozilla/5.0 (Linux; Android 6.0.1; Nexus 5X Build/MMB29P) AppleWebKit/537.36 (KHTML, like Gecko) Chrome/141.0.7390.122 Mobile Safari/537.36 (compatible; GoogleOther)"
66.249.68.36 - - [02/Nov/2025:10:20:43 +0545] "GET /?products/14489715/ HTTP/1.1" 200 2274 "-" "Mozilla/5.0 (Linux; Android 6.0.1; Nexus 5X Build/MMB29P) AppleWebKit/537.36 (KHTML, like Gecko) Chrome/141.0.7390.122 Mobile Safari/537.36 (compatible; GoogleOther)"
66.249.68.36 - - [02/Nov/2025:10:21:02 +0545] "GET /?products/9668548/ HTTP/1.1" 200 2274 "-" "Mozilla/5.0 (Linux; Android 6.0.1; Nexus 5X Build/MMB29P) AppleWebKit/537.36 (KHTML, like Gecko) Chrome/141.0.7390.122 Mobile Safari/537.36 (compatible; GoogleOther)"
66.249.68.36 - - [02/Nov/2025:10:21:14 +0545] "GET /?products/13058604/ HTTP/1.1" 200 2274 "-" "Mozilla/5.0 (Linux; Android 6.0.1; Nexus 5X Build/MMB29P) AppleWebKit/537.36 (KHTML, like Gecko) Chrome/141.0.7390.122 Mobile Safari/537.36 (compatible; GoogleOther)"
66.249.68.36 - - [02/Nov/2025:10:21:26 +0545] "GET /?products/14930082/ HTTP/1.1" 200 2274 "-" "Mozilla/5.0 (Linux; Android 6.0.1; Nexus 5X Build/MMB29P) AppleWebKit/537.36 (KHTML, like Gecko) Chrome/141.0.7390.122 Mobile Safari/537.36 (compatible; GoogleOther)"
64.23.233.138 - - [02/Nov/2025:10:21:32 +0545] "POST /xmlrpc.php HTTP/1.1" 200 401 "-" "Mozilla/4.0 (compatible; MSIE 8.0; Windows NT 6.2; WOW64; Trident/7.0; .NET4.0C; .NET4.0E; .NET CLR 2.0.50727; .NET CLR 3.0.30729; .NET CLR 3.5.30729)"
66.249.68.36 - - [02/Nov/2025:10:21:39 +0545] "GET /?products/6619948/ HTTP/1.1" 200 2274 "-" "Mozilla/5.0 (Linux; Android 6.0.1; Nexus 5X Build/MMB29P) AppleWebKit/537.36 (KHTML, like Gecko) Chrome/141.0.7390.122 Mobile Safari/537.36 (compatible; GoogleOther)"
66.249.68.36 - - [02/Nov/2025:10:21:57 +0545] "GET /?products/9136648/ HTTP/1.1" 200 2274 "-" "Mozilla/5.0 (Linux; Android 6.0.1; Nexus 5X Build/MMB29P) AppleWebKit/537.36 (KHTML, like Gecko) Chrome/141.0.7390.122 Mobile Safari/537.36 (compatible; GoogleOther)"
66.249.68.36 - - [02/Nov/2025:10:22:16 +0545] "GET /?products/18772537/ HTTP/1.1" 200 2274 "-" "Mozilla/5.0 (Linux; Android 6.0.1; Nexus 5X Build/MMB29P) AppleWebKit/537.36 (KHTML, like Gecko) Chrome/141.0.7390.122 Mobile Safari/537.36 (compatible; GoogleOther)"
66.249.68.36 - - [02/Nov/2025:10:22:34 +0545] "GET /?products/2558060/ HTTP/1.1" 200 2274 "-" "Mozilla/5.0 (Linux; Android 6.0.1; Nexus 5X Build/MMB29P) AppleWebKit/537.36 (KHTML, like Gecko) Chrome/141.0.7390.122 Mobile Safari/537.36 (compatible; GoogleOther)"
66.249.68.36 - - [02/Nov/2025:10:22:52 +0545] "GET /?products/12029459/ HTTP/1.1" 200 2274 "-" "Mozilla/5.0 (Linux; Android 6.0.1; Nexus 5X Build/MMB29P) AppleWebKit/537.36 (KHTML, like Gecko) Chrome/141.0.7390.122 Mobile Safari/537.36 (compatible; GoogleOther)"
66.249.68.38 - - [02/Nov/2025:10:23:10 +0545] "GET /?products/2890548/ HTTP/1.1" 200 2274 "-" "Mozilla/5.0 (Linux; Android 6.0.1; Nexus 5X Build/MMB29P) AppleWebKit/537.36 (KHTML, like Gecko) Chrome/141.0.7390.122 Mobile Safari/537.36 (compatible; GoogleOther)"
66.249.68.37 - - [02/Nov/2025:10:23:30 +0545] "GET /?products/11453471/ HTTP/1.1" 200 2274 "-" "Mozilla/5.0 (Linux; Android 6.0.1; Nexus 5X Build/MMB29P) AppleWebKit/537.36 (KHTML, like Gecko) Chrome/141.0.7390.122 Mobile Safari/537.36 (compatible; GoogleOther)"
66.249.68.36 - - [02/Nov/2025:10:23:46 +0545] "GET /?products/11138460/ HTTP/1.1" 200 2274 "-" "Mozilla/5.0 (Linux; Android 6.0.1; Nexus 5X Build/MMB29P) AppleWebKit/537.36 (KHTML, like Gecko) Chrome/141.0.7390.122 Mobile Safari/537.36 (compatible; GoogleOther)"
66.249.68.37 - - [02/Nov/2025:10:24:05 +0545] "GET /?products/12522660/ HTTP/1.1" 200 2274 "-" "Mozilla/5.0 (Linux; Android 6.0.1; Nexus 5X Build/MMB29P) AppleWebKit/537.36 (KHTML, like Gecko) Chrome/141.0.7390.122 Mobile Safari/537.36 (compatible; GoogleOther)"
66.249.68.36 - - [02/Nov/2025:10:24:23 +0545] "GET /?products/12798037/ HTTP/1.1" 200 2274 "-" "Mozilla/5.0 (Linux; Android 6.0.1; Nexus 5X Build/MMB29P) AppleWebKit/537.36 (KHTML, like Gecko) Chrome/141.0.7390.122 Mobile Safari/537.36 (compatible; GoogleOther)"
66.249.68.36 - - [02/Nov/2025:10:24:41 +0545] "GET /?products/8861559/ HTTP/1.1" 200 2274 "-" "Mozilla/5.0 (Linux; Android 6.0.1; Nexus 5X Build/MMB29P) AppleWebKit/537.36 (KHTML, like Gecko) Chrome/141.0.7390.122 Mobile Safari/537.36 (compatible; GoogleOther)"
66.249.68.36 - - [02/Nov/2025:10:24:49 +0545] "GET /consultants/kumarhanelerde-sorumlu-oyun-oynamann-onemi/ HTTP/1.1" 200 2274 "-" "Mozilla/5.0 (Linux; Android 6.0.1; Nexus 5X Build/MMB29P) AppleWebKit/537.36 (KHTML, like Gecko) Chrome/141.0.7390.122 Mobile Safari/537.36 (compatible; Googlebot/2.1; +http://www.google.com/bot.html)"
66.249.68.36 - - [02/Nov/2025:10:24:59 +0545] "GET /?products/16327048/ HTTP/1.1" 200 2274 "-" "Mozilla/5.0 (Linux; Android 6.0.1; Nexus 5X Build/MMB29P) AppleWebKit/537.36 (KHTML, like Gecko) Chrome/141.0.7390.122 Mobile Safari/537.36 (compatible; GoogleOther)"
66.249.68.36 - - [02/Nov/2025:10:25:18 +0545] "GET /?products/20071348/ HTTP/1.1" 200 2274 "-" "Mozilla/5.0 (Linux; Android 6.0.1; Nexus 5X Build/MMB29P) AppleWebKit/537.36 (KHTML, like Gecko) Chrome/141.0.7390.122 Mobile Safari/537.36 (compatible; GoogleOther)"
114.119.136.95 - - [02/Nov/2025:10:25:25 +0545] "GET /consultants/theorie-des-probabilites-au-quickwin-casino-guide-pour-joueurs-avises HTTP/1.1" 200 2274 "-" "Mozilla/5.0 (Linux; Android 7.0;) AppleWebKit/537.36 (KHTML, like Gecko) Mobile Safari/537.36 (compatible; PetalBot;+https://webmaster.petalsearch.com/site/petalbot)"
66.249.68.36 - - [02/Nov/2025:10:25:36 +0545] "GET /?products/16706159/ HTTP/1.1" 200 2274 "-" "Mozilla/5.0 (Linux; Android 6.0.1; Nexus 5X Build/MMB29P) AppleWebKit/537.36 (KHTML, like Gecko) Chrome/141.0.7390.122 Mobile Safari/537.36 (compatible; GoogleOther)"
157.90.114.254 - - [02/Nov/2025:10:25:46 +0545] "POST /consultants/xmlrpc.php HTTP/1.1" 200 180 "-" "Mozilla/5.0 (Windows NT 10.0; Win64; x64) AppleWebKit/537.36 (KHTML, like Gecko) Chrome/108.0.0.0 Safari/537.36"
66.249.68.36 - - [02/Nov/2025:10:25:54 +0545] "GET /?products/22634593/ HTTP/1.1" 200 2274 "-" "Mozilla/5.0 (Linux; Android 6.0.1; Nexus 5X Build/MMB29P) AppleWebKit/537.36 (KHTML, like Gecko) Chrome/141.0.7390.122 Mobile Safari/537.36 (compatible; GoogleOther)"
157.90.114.254 - - [02/Nov/2025:10:25:56 +0545] "POST /consultants/xmlrpc.php HTTP/1.1" 200 11133 "-" "Mozilla/5.0 (Windows NT 10.0; Win64; x64) AppleWebKit/537.36 (KHTML, like Gecko) Chrome/108.0.0.0 Safari/537.36"
157.90.114.254 - - [02/Nov/2025:10:26:02 +0545] "GET /consultants/japanese-courting-culture-what-to-expect-when-relationship-romantically-in-japan/ HTTP/1.1" 200 2274 "-" "Mozilla/5.0 (Windows NT 10.0; Win64; x64) AppleWebKit/537.36 (KHTML, like Gecko) Chrome/108.0.0.0 Safari/537.36"
157.90.114.254 - - [02/Nov/2025:10:26:07 +0545] "POST /consultants/xmlrpc.php HTTP/1.1" 200 178 "-" "Mozilla/5.0 (Windows NT 10.0; Win64; x64) AppleWebKit/537.36 (KHTML, like Gecko) Chrome/108.0.0.0 Safari/537.36"
66.249.68.36 - - [02/Nov/2025:10:26:13 +0545] "GET /?products/2770271/ HTTP/1.1" 200 2274 "-" "Mozilla/5.0 (Linux; Android 6.0.1; Nexus 5X Build/MMB29P) AppleWebKit/537.36 (KHTML, like Gecko) Chrome/141.0.7390.122 Mobile Safari/537.36 (compatible; GoogleOther)"
66.249.68.36 - - [02/Nov/2025:10:26:31 +0545] "GET /?products/13589771/ HTTP/1.1" 200 2274 "-" "Mozilla/5.0 (Linux; Android 6.0.1; Nexus 5X Build/MMB29P) AppleWebKit/537.36 (KHTML, like Gecko) Chrome/141.0.7390.122 Mobile Safari/537.36 (compatible; GoogleOther)"
66.249.68.36 - - [02/Nov/2025:10:26:51 +0545] "GET /?products/3776382/ HTTP/1.1" 200 2274 "-" "Mozilla/5.0 (Linux; Android 6.0.1; Nexus 5X Build/MMB29P) AppleWebKit/537.36 (KHTML, like Gecko) Chrome/141.0.7390.122 Mobile Safari/537.36 (compatible; GoogleOther)"
162.240.173.187 - - [02/Nov/2025:10:27:04 +0545] "GET /wp-login.php HTTP/1.1" 200 6570 "-" "Mozilla/5.0 (Macintosh; Intel Mac OS X 10_12_6) AppleWebKit/537.36 (KHTML, like Gecko) Chrome/67.0.3396.87 Safari/537.36"
66.249.68.37 - - [02/Nov/2025:10:27:07 +0545] "GET /?products/11218293/ HTTP/1.1" 200 2274 "-" "Mozilla/5.0 (Linux; Android 6.0.1; Nexus 5X Build/MMB29P) AppleWebKit/537.36 (KHTML, like Gecko) Chrome/141.0.7390.122 Mobile Safari/537.36 (compatible; GoogleOther)"
52.215.86.173 - - [02/Nov/2025:10:27:19 +0545] "POST /xmlrpc.php HTTP/1.1" 200 401 "-" "Mozilla/5.0 (Windows NT 6.1; WOW64; Trident/7.0; apetito Gruppe; rv:11.0) like Gecko"
66.249.68.36 - - [02/Nov/2025:10:27:25 +0545] "GET /?products/10499193/ HTTP/1.1" 200 2274 "-" "Mozilla/5.0 (Linux; Android 6.0.1; Nexus 5X Build/MMB29P) AppleWebKit/537.36 (KHTML, like Gecko) Chrome/141.0.7390.122 Mobile Safari/537.36 (compatible; GoogleOther)"
45.56.185.220 - - [02/Nov/2025:10:27:34 +0545] "GET /consultants/need-automation-loan-origination-system/ HTTP/1.1" 200 2274 "-" "Mozilla/5.0 (Macintosh; Intel Mac OS X 10_15_7) AppleWebKit/537.36 (KHTML, like Gecko) Chrome/139.0.0.0 Safari/537.36"
45.56.185.220 - - [02/Nov/2025:10:27:42 +0545] "GET /wp-content/plugins/under-construction-page/themes/mad_designer/style.css?v=3.99 HTTP/1.1" 200 1600 "https://roshanchandy.com/consultants/need-automation-loan-origination-system/" "Mozilla/5.0 (Macintosh; Intel Mac OS X 10_15_7) AppleWebKit/537.36 (KHTML, like Gecko) Chrome/139.0.0.0 Safari/537.36"
66.249.68.36 - - [02/Nov/2025:10:27:43 +0545] "GET /?products/14029737/ HTTP/1.1" 200 2274 "-" "Mozilla/5.0 (Linux; Android 6.0.1; Nexus 5X Build/MMB29P) AppleWebKit/537.36 (KHTML, like Gecko) Chrome/141.0.7390.122 Mobile Safari/537.36 (compatible; GoogleOther)"
45.56.185.220 - - [02/Nov/2025:10:27:47 +0545] "GET /wp-content/plugins/under-construction-page/themes/images/favicon.png HTTP/1.1" 200 4026 "https://roshanchandy.com/consultants/need-automation-loan-origination-system/" "Mozilla/5.0 (Macintosh; Intel Mac OS X 10_15_7) AppleWebKit/537.36 (KHTML, like Gecko) Chrome/139.0.0.0 Safari/537.36"
66.249.68.37 - - [02/Nov/2025:10:28:02 +0545] "GET /?products/2107993/ HTTP/1.1" 200 2274 "-" "Mozilla/5.0 (Linux; Android 6.0.1; Nexus 5X Build/MMB29P) AppleWebKit/537.36 (KHTML, like Gecko) Chrome/141.0.7390.122 Mobile Safari/537.36 (compatible; GoogleOther)"
66.249.68.37 - - [02/Nov/2025:10:28:20 +0545] "GET /?products/9126759/ HTTP/1.1" 200 2274 "-" "Mozilla/5.0 (Linux; Android 6.0.1; Nexus 5X Build/MMB29P) AppleWebKit/537.36 (KHTML, like Gecko) Chrome/141.0.7390.122 Mobile Safari/537.36 (compatible; GoogleOther)"
66.249.68.36 - - [02/Nov/2025:10:28:38 +0545] "GET /?products/7954515/ HTTP/1.1" 200 2274 "-" "Mozilla/5.0 (Linux; Android 6.0.1; Nexus 5X Build/MMB29P) AppleWebKit/537.36 (KHTML, like Gecko) Chrome/141.0.7390.122 Mobile Safari/537.36 (compatible; GoogleOther)"
35.169.240.53 - - [02/Nov/2025:10:28:44 +0545] "GET /consultants/5-reasons-why-you-need-cloud-storage-everyday/ HTTP/1.1" 200 2274 "-" "Mozilla/5.0 AppleWebKit/537.36 (KHTML, like Gecko; compatible; Amazonbot/0.1; +https://developer.amazon.com/support/amazonbot) Chrome/119.0.6045.214 Safari/537.36"
66.249.68.36 - - [02/Nov/2025:10:28:56 +0545] "GET /?products/7983137/ HTTP/1.1" 200 2274 "-" "Mozilla/5.0 (Linux; Android 6.0.1; Nexus 5X Build/MMB29P) AppleWebKit/537.36 (KHTML, like Gecko) Chrome/141.0.7390.122 Mobile Safari/537.36 (compatible; GoogleOther)"
183.60.225.196 - - [02/Nov/2025:10:28:58 +0545] "GET / HTTP/1.1" 200 2274 "-" "Mozilla/5.0 (Linux; Android 6.0; Nexus 5 Build/MRA58N) AppleWebKit/537.36 (KHTML, like Gecko) Chrome/99.0.4844.51 Mobile Safari/537.36 MicroMessenger/7.0.1"
183.60.225.196 - - [02/Nov/2025:10:29:01 +0545] "GET /wp-content/plugins/under-construction-page/themes/css/common.css?v=3.99 HTTP/1.1" 200 878 "https://roshanchandy.com/" "Mozilla/5.0 (Linux; Android 6.0; Nexus 5 Build/MRA58N) AppleWebKit/537.36 (KHTML, like Gecko) Chrome/99.0.4844.51 Mobile Safari/537.36 MicroMessenger/7.0.1"
193.112.35.218 - - [02/Nov/2025:10:29:01 +0545] "GET /wp-content/plugins/under-construction-page/themes/mad_designer/style.css?v=3.99 HTTP/1.1" 200 1600 "https://roshanchandy.com/" "Mozilla/5.0 (Linux; Android 6.0; Nexus 5 Build/MRA58N) AppleWebKit/537.36 (KHTML, like Gecko) Chrome/99.0.4844.51 Mobile Safari/537.36 MicroMessenger/7.0.1"
183.60.225.196 - - [02/Nov/2025:10:29:01 +0545] "GET /wp-content/plugins/under-construction-page/themes/css/font-awesome.min.css?v=3.99 HTTP/1.1" 200 31000 "https://roshanchandy.com/" "Mozilla/5.0 (Linux; Android 6.0; Nexus 5 Build/MRA58N) AppleWebKit/537.36 (KHTML, like Gecko) Chrome/99.0.4844.51 Mobile Safari/537.36 MicroMessenger/7.0.1"
183.60.225.196 - - [02/Nov/2025:10:29:00 +0545] "GET /wp-content/plugins/under-construction-page/themes/css/bootstrap.min.css?v=3.99 HTTP/1.1" 200 121200 "https://roshanchandy.com/" "Mozilla/5.0 (Linux; Android 6.0; Nexus 5 Build/MRA58N) AppleWebKit/537.36 (KHTML, like Gecko) Chrome/99.0.4844.51 Mobile Safari/537.36 MicroMessenger/7.0.1"
193.112.35.218 - - [02/Nov/2025:10:29:01 +0545] "GET /wp-content/plugins/under-construction-page/themes/mad_designer/mad-designer.png HTTP/1.1" 200 161836 "https://roshanchandy.com/" "Mozilla/5.0 (Linux; Android 6.0; Nexus 5 Build/MRA58N) AppleWebKit/537.36 (KHTML, like Gecko) Chrome/99.0.4844.51 Mobile Safari/537.36 MicroMessenger/7.0.1"
183.60.225.196 - - [02/Nov/2025:10:29:04 +0545] "GET /wp-content/plugins/under-construction-page/themes/fonts/fontawesome-webfont.woff2?v=4.7.0 HTTP/1.1" 200 77160 "https://roshanchandy.com/wp-content/plugins/under-construction-page/themes/css/font-awesome.min.css?v=3.99" "Mozilla/5.0 (Linux; Android 6.0; Nexus 5 Build/MRA58N) AppleWebKit/537.36 (KHTML, like Gecko) Chrome/99.0.4844.51 Mobile Safari/537.36 MicroMessenger/7.0.1"
66.249.68.38 - - [02/Nov/2025:10:29:15 +0545] "GET /?products/13755426/ HTTP/1.1" 200 2274 "-" "Mozilla/5.0 (Linux; Android 6.0.1; Nexus 5X Build/MMB29P) AppleWebKit/537.36 (KHTML, like Gecko) Chrome/141.0.7390.122 Mobile Safari/537.36 (compatible; GoogleOther)"
66.249.68.36 - - [02/Nov/2025:10:29:33 +0545] "GET /?products/5406759/ HTTP/1.1" 200 2274 "-" "Mozilla/5.0 (Linux; Android 6.0.1; Nexus 5X Build/MMB29P) AppleWebKit/537.36 (KHTML, like Gecko) Chrome/141.0.7390.122 Mobile Safari/537.36 (compatible; GoogleOther)"
66.249.68.36 - - [02/Nov/2025:10:29:51 +0545] "GET /?products/19420626/ HTTP/1.1" 200 2274 "-" "Mozilla/5.0 (Linux; Android 6.0.1; Nexus 5X Build/MMB29P) AppleWebKit/537.36 (KHTML, like Gecko) Chrome/141.0.7390.122 Mobile Safari/537.36 (compatible; GoogleOther)"
66.249.68.37 - - [02/Nov/2025:10:30:09 +0545] "GET /?products/16918215/ HTTP/1.1" 200 2274 "-" "Mozilla/5.0 (Linux; Android 6.0.1; Nexus 5X Build/MMB29P) AppleWebKit/537.36 (KHTML, like Gecko) Chrome/141.0.7390.122 Mobile Safari/537.36 (compatible; GoogleOther)"
66.249.68.36 - - [02/Nov/2025:10:30:28 +0545] "GET /?products/11646671/ HTTP/1.1" 200 2274 "-" "Mozilla/5.0 (Linux; Android 6.0.1; Nexus 5X Build/MMB29P) AppleWebKit/537.36 (KHTML, like Gecko) Chrome/141.0.7390.122 Mobile Safari/537.36 (compatible; GoogleOther)"
66.116.197.245 - - [02/Nov/2025:10:30:38 +0545] "POST /xmlrpc.php HTTP/1.1" 200 401 "-" "Mozilla/5.0 (Windows NT 6.1; WOW64; Trident/7.0; NISSC; rv:11.0) like Gecko"
66.249.68.36 - - [02/Nov/2025:10:30:46 +0545] "GET /?products/6848593/ HTTP/1.1" 200 2274 "-" "Mozilla/5.0 (Linux; Android 6.0.1; Nexus 5X Build/MMB29P) AppleWebKit/537.36 (KHTML, like Gecko) Chrome/141.0.7390.122 Mobile Safari/537.36 (compatible; GoogleOther)"
35.195.201.3 - - [02/Nov/2025:10:30:55 +0545] "POST /xmlrpc.php HTTP/1.1" 200 401 "-" "Mozilla/4.0 (compatible; MSIE 7.0; Windows NT 6.1; Trident/7.0; SLCC2; .NET CLR 2.0.50727; .NET CLR 3.5.30729; .NET CLR 3.0.30729; .NET4.0C; .NET4.0E)"
66.249.68.36 - - [02/Nov/2025:10:31:04 +0545] "GET /?products/17796848/ HTTP/1.1" 200 2274 "-" "Mozilla/5.0 (Linux; Android 6.0.1; Nexus 5X Build/MMB29P) AppleWebKit/537.36 (KHTML, like Gecko) Chrome/141.0.7390.122 Mobile Safari/537.36 (compatible; GoogleOther)"
66.116.197.245 - - [02/Nov/2025:10:31:17 +0545] "POST /xmlrpc.php HTTP/1.1" 200 401 "-" "Mozilla/5.0 (Windows NT 6.1; WOW64; Trident/7.0; NISSC; rv:11.0) like Gecko"
66.249.68.37 - - [02/Nov/2025:10:31:24 +0545] "GET /?products/2742426/ HTTP/1.1" 200 2274 "-" "Mozilla/5.0 (Linux; Android 6.0.1; Nexus 5X Build/MMB29P) AppleWebKit/537.36 (KHTML, like Gecko) Chrome/141.0.7390.122 Mobile Safari/537.36 (compatible; GoogleOther)"
66.249.68.36 - - [02/Nov/2025:10:31:51 +0545] "GET /?products/16981404/ HTTP/1.1" 200 2274 "-" "Mozilla/5.0 (Linux; Android 6.0.1; Nexus 5X Build/MMB29P) AppleWebKit/537.36 (KHTML, like Gecko) Chrome/141.0.7390.122 Mobile Safari/537.36 (compatible; GoogleOther)"
141.148.155.111 - - [02/Nov/2025:10:32:13 +0545] "GET /wp-login.php HTTP/1.1" 200 6570 "-" "Mozilla/4.0 (compatible; MSIE 7.0; Windows NT 6.2; Trident/7.0; .NET4.0C; .NET4.0E; .NET CLR 2.0.50727; .NET CLR 3.0.30729; .NET CLR 3.5.30729)"
141.148.155.111 - - [02/Nov/2025:10:32:18 +0545] "POST /wp-login.php HTTP/1.1" 200 6960 "https://roshanchandy.com/wp-login.php" "Mozilla/4.0 (compatible; MSIE 7.0; Windows NT 6.2; Trident/7.0; .NET4.0C; .NET4.0E; .NET CLR 2.0.50727; .NET CLR 3.0.30729; .NET CLR 3.5.30729)"
95.217.35.25 - - [02/Nov/2025:10:32:19 +0545] "GET /consultants/les-cles-des-probabilites-pour-maximiser-ses-performances-sur-vbet-casino/ HTTP/1.1" 200 2274 "-" "Mozilla/5.0 (Macintosh; Intel Mac OS X 12.5; rv:114.0) Gecko/20100101 Firefox/114.0"
66.249.68.38 - - [02/Nov/2025:10:32:18 +0545] "GET /?products/10431382/ HTTP/1.1" 200 2274 "-" "Mozilla/5.0 (Linux; Android 6.0.1; Nexus 5X Build/MMB29P) AppleWebKit/537.36 (KHTML, like Gecko) Chrome/141.0.7390.122 Mobile Safari/537.36 (compatible; GoogleOther)"
95.217.35.25 - - [02/Nov/2025:10:32:22 +0545] "GET /wp-login.php HTTP/1.1" 200 6570 "https://roshanchandy.com/consultants/les-cles-des-probabilites-pour-maximiser-ses-performances-sur-vbet-casino/" "Mozilla/5.0 (Macintosh; Intel Mac OS X 12.5; rv:114.0) Gecko/20100101 Firefox/114.0"
66.249.68.36 - - [02/Nov/2025:10:32:43 +0545] "GET /?products/12307026/ HTTP/1.1" 200 2274 "-" "Mozilla/5.0 (Linux; Android 6.0.1; Nexus 5X Build/MMB29P) AppleWebKit/537.36 (KHTML, like Gecko) Chrome/141.0.7390.122 Mobile Safari/537.36 (compatible; GoogleOther)"
195.154.60.83 - - [02/Nov/2025:10:33:12 +0545] "GET /consultants/die-wissenschaft-der-wahrscheinlichkeiten-im-sportingbet-casino/ HTTP/1.1" 200 2274 "https://roshanchandy.com/" "Mozilla/5.0 (Windows NT 10.0; Win64; x64; rv:114.0) Gecko/20100101 Firefox/114.0"
195.154.60.83 - - [02/Nov/2025:10:33:36 +0545] "GET /wp-login.php HTTP/1.1" 200 6570 "https://roshanchandy.com/consultants/die-wissenschaft-der-wahrscheinlichkeiten-im-sportingbet-casino/" "Mozilla/5.0 (Windows NT 6.3; Win64; x64) AppleWebKit/537.36 (KHTML, like Gecko) Chrome/103.0.0.0 Safari/537.36"
195.154.60.83 - - [02/Nov/2025:10:33:44 +0545] "GET /wp-login.php HTTP/1.1" 200 6570 "https://roshanchandy.com/wp-login.php" "Mozilla/5.0 (Windows NT 6.3; Win64; x64) AppleWebKit/537.36 (KHTML, like Gecko) Chrome/103.0.0.0 Safari/537.36"
66.249.68.38 - - [02/Nov/2025:10:34:16 +0545] "GET /?products/15572971/ HTTP/1.1" 200 2274 "-" "Mozilla/5.0 (Linux; Android 6.0.1; Nexus 5X Build/MMB29P) AppleWebKit/537.36 (KHTML, like Gecko) Chrome/141.0.7390.122 Mobile Safari/537.36 (compatible; GoogleOther)"
66.249.68.37 - - [02/Nov/2025:10:34:44 +0545] "GET /?products/10679682/ HTTP/1.1" 200 2274 "-" "Mozilla/5.0 (Linux; Android 6.0.1; Nexus 5X Build/MMB29P) AppleWebKit/537.36 (KHTML, like Gecko) Chrome/141.0.7390.122 Mobile Safari/537.36 (compatible; GoogleOther)"
103.176.179.166 - - [02/Nov/2025:10:34:46 +0545] "POST /xmlrpc.php HTTP/1.1" 200 401 "-" "Mozilla/5.0 (Windows NT 6.1; WOW64; Trident/7.0; NP06; rv:11.0) like Gecko"
66.249.68.36 - - [02/Nov/2025:10:35:25 +0545] "GET /?products/9849371/ HTTP/1.1" 500 2431 "-" "Mozilla/5.0 (Linux; Android 6.0.1; Nexus 5X Build/MMB29P) AppleWebKit/537.36 (KHTML, like Gecko) Chrome/141.0.7390.122 Mobile Safari/537.36 (compatible; GoogleOther)"
66.249.68.37 - - [02/Nov/2025:10:35:46 +0545] "GET /?products/5937260/ HTTP/1.1" 200 2274 "-" "Mozilla/5.0 (Linux; Android 6.0.1; Nexus 5X Build/MMB29P) AppleWebKit/537.36 (KHTML, like Gecko) Chrome/141.0.7390.122 Mobile Safari/537.36 (compatible; GoogleOther)"
66.249.68.37 - - [02/Nov/2025:10:36:18 +0545] "GET /?products/19551204/ HTTP/1.1" 200 2274 "-" "Mozilla/5.0 (Linux; Android 6.0.1; Nexus 5X Build/MMB29P) AppleWebKit/537.36 (KHTML, like Gecko) Chrome/141.0.7390.122 Mobile Safari/537.36 (compatible; GoogleOther)"
66.249.68.36 - - [02/Nov/2025:10:36:48 +0545] "GET /?products/15218382/ HTTP/1.1" 200 2274 "-" "Mozilla/5.0 (Linux; Android 6.0.1; Nexus 5X Build/MMB29P) AppleWebKit/537.36 (KHTML, like Gecko) Chrome/141.0.7390.122 Mobile Safari/537.36 (compatible; GoogleOther)"
66.249.68.36 - - [02/Nov/2025:10:37:16 +0545] "GET /?products/13135893/ HTTP/1.1" 200 2274 "-" "Mozilla/5.0 (Linux; Android 6.0.1; Nexus 5X Build/MMB29P) AppleWebKit/537.36 (KHTML, like Gecko) Chrome/141.0.7390.122 Mobile Safari/537.36 (compatible; GoogleOther)"
64.227.131.240 - - [02/Nov/2025:10:37:29 +0545] "GET / HTTP/1.1" 200 15 "-" "Mozilla/5.0 (Macintosh; Intel Mac OS X 10_15_7) AppleWebKit/537.36 (KHTML, like Gecko) Chrome/120.0.0.0 Safari/537.36"
64.227.131.240 - - [02/Nov/2025:10:37:33 +0545] "POST / HTTP/1.1" 200 29 "-" "Mozilla/5.0 (Macintosh; Intel Mac OS X 10_15_7) AppleWebKit/537.36 (KHTML, like Gecko) Chrome/120.0.0.0 Safari/537.36"
66.249.68.37 - - [02/Nov/2025:10:37:43 +0545] "GET /?products/13315248/ HTTP/1.1" 200 2274 "-" "Mozilla/5.0 (Linux; Android 6.0.1; Nexus 5X Build/MMB29P) AppleWebKit/537.36 (KHTML, like Gecko) Chrome/141.0.7390.122 Mobile Safari/537.36 (compatible; GoogleOther)"
45.119.85.39 - - [02/Nov/2025:10:38:02 +0545] "GET /wp-login.php HTTP/1.1" 200 6570 "https://www.google.com" "Mozilla/5.0 (X11; Linux x86_64) AppleWebKit/537.36 (KHTML, like Gecko) Chrome/140.0.0.0 Safari/537.36"
66.249.68.38 - - [02/Nov/2025:10:38:08 +0545] "GET /?products/22694715/ HTTP/1.1" 200 2274 "-" "Mozilla/5.0 (Linux; Android 6.0.1; Nexus 5X Build/MMB29P) AppleWebKit/537.36 (KHTML, like Gecko) Chrome/141.0.7390.122 Mobile Safari/537.36 (compatible; GoogleOther)"
66.249.68.36 - - [02/Nov/2025:10:38:30 +0545] "GET /?products/8516426/ HTTP/1.1" 200 2274 "-" "Mozilla/5.0 (Linux; Android 6.0.1; Nexus 5X Build/MMB29P) AppleWebKit/537.36 (KHTML, like Gecko) Chrome/141.0.7390.122 Mobile Safari/537.36 (compatible; GoogleOther)"
66.249.68.36 - - [02/Nov/2025:10:38:51 +0545] "GET /?products/8896637/ HTTP/1.1" 200 2274 "-" "Mozilla/5.0 (Linux; Android 6.0.1; Nexus 5X Build/MMB29P) AppleWebKit/537.36 (KHTML, like Gecko) Chrome/141.0.7390.122 Mobile Safari/537.36 (compatible; GoogleOther)"
66.249.68.37 - - [02/Nov/2025:10:39:10 +0545] "GET /?products/16490626/ HTTP/1.1" 200 2274 "-" "Mozilla/5.0 (Linux; Android 6.0.1; Nexus 5X Build/MMB29P) AppleWebKit/537.36 (KHTML, like Gecko) Chrome/141.0.7390.122 Mobile Safari/537.36 (compatible; GoogleOther)"
66.249.68.36 - - [02/Nov/2025:10:39:33 +0545] "GET /?products/11710982/ HTTP/1.1" 200 2274 "-" "Mozilla/5.0 (Linux; Android 6.0.1; Nexus 5X Build/MMB29P) AppleWebKit/537.36 (KHTML, like Gecko) Chrome/141.0.7390.122 Mobile Safari/537.36 (compatible; GoogleOther)"
66.249.68.36 - - [02/Nov/2025:10:39:52 +0545] "GET /?products/17942193/ HTTP/1.1" 200 2274 "-" "Mozilla/5.0 (Linux; Android 6.0.1; Nexus 5X Build/MMB29P) AppleWebKit/537.36 (KHTML, like Gecko) Chrome/141.0.7390.122 Mobile Safari/537.36 (compatible; GoogleOther)"
66.249.68.38 - - [02/Nov/2025:10:40:09 +0545] "GET /?products/15567771/ HTTP/1.1" 200 2274 "-" "Mozilla/5.0 (Linux; Android 6.0.1; Nexus 5X Build/MMB29P) AppleWebKit/537.36 (KHTML, like Gecko) Chrome/141.0.7390.122 Mobile Safari/537.36 (compatible; GoogleOther)"
181.97.76.177 - - [02/Nov/2025:10:40:12 +0545] "GET /consultants/a-fascinante-ciencia-das-odds-no-dicebet/ HTTP/1.1" 200 2274 "https://roshanchandy.com/" "Mozilla/5.0 (X11; Linux i686; rv:114.0) Gecko/20100101 Firefox/114.0"
181.97.76.177 - - [02/Nov/2025:10:40:19 +0545] "GET /wp-login.php HTTP/1.1" 200 6570 "https://roshanchandy.com/consultants/a-fascinante-ciencia-das-odds-no-dicebet/" "Mozilla/5.0 (Windows NT 6.3; Win64; x64) AppleWebKit/537.36 (KHTML, like Gecko) Chrome/103.0.0.0 Safari/537.36"
181.97.76.177 - - [02/Nov/2025:10:40:22 +0545] "GET /wp-login.php HTTP/1.1" 200 6570 "https://roshanchandy.com/wp-login.php" "Mozilla/5.0 (Windows NT 6.3; Win64; x64) AppleWebKit/537.36 (KHTML, like Gecko) Chrome/103.0.0.0 Safari/537.36"
66.249.68.37 - - [02/Nov/2025:10:40:26 +0545] "GET /?products/25339260/ HTTP/1.1" 200 2274 "-" "Mozilla/5.0 (Linux; Android 6.0.1; Nexus 5X Build/MMB29P) AppleWebKit/537.36 (KHTML, like Gecko) Chrome/141.0.7390.122 Mobile Safari/537.36 (compatible; GoogleOther)"
66.249.68.36 - - [02/Nov/2025:10:40:42 +0545] "GET /?products/8155315/ HTTP/1.1" 200 2274 "-" "Mozilla/5.0 (Linux; Android 6.0.1; Nexus 5X Build/MMB29P) AppleWebKit/537.36 (KHTML, like Gecko) Chrome/141.0.7390.122 Mobile Safari/537.36 (compatible; GoogleOther)"
66.249.68.36 - - [02/Nov/2025:10:40:58 +0545] "GET /?products/13947215/ HTTP/1.1" 200 2274 "-" "Mozilla/5.0 (Linux; Android 6.0.1; Nexus 5X Build/MMB29P) AppleWebKit/537.36 (KHTML, like Gecko) Chrome/141.0.7390.122 Mobile Safari/537.36 (compatible; GoogleOther)"
66.249.68.36 - - [02/Nov/2025:10:41:13 +0545] "GET /?products/9364126/ HTTP/1.1" 200 2274 "-" "Mozilla/5.0 (Linux; Android 6.0.1; Nexus 5X Build/MMB29P) AppleWebKit/537.36 (KHTML, like Gecko) Chrome/141.0.7390.122 Mobile Safari/537.36 (compatible; GoogleOther)"
66.249.68.36 - - [02/Nov/2025:10:41:28 +0545] "GET /?products/10614604/ HTTP/1.1" 200 2274 "-" "Mozilla/5.0 (Linux; Android 6.0.1; Nexus 5X Build/MMB29P) AppleWebKit/537.36 (KHTML, like Gecko) Chrome/141.0.7390.122 Mobile Safari/537.36 (compatible; GoogleOther)"
190.123.210.58 - - [02/Nov/2025:10:41:35 +0545] "GET /consultants/entendendo-as-odds-no-speicasino-um-estudo-detalhado/ HTTP/1.1" 200 2274 "https://roshanchandy.com/" "Mozilla/5.0 (X11; Linux x86_64) AppleWebKit/537.36 (KHTML, like Gecko) Chrome/114.0.0.0 Safari/537.36"
190.123.210.58 - - [02/Nov/2025:10:41:41 +0545] "GET /wp-login.php HTTP/1.1" 200 6570 "https://roshanchandy.com/consultants/entendendo-as-odds-no-speicasino-um-estudo-detalhado/" "Mozilla/5.0 (X11; Linux x86_64) AppleWebKit/537.36 (KHTML, like Gecko) Chrome/114.0.0.0 Safari/537.36"
66.249.68.36 - - [02/Nov/2025:10:41:46 +0545] "GET /?products/1235526/ HTTP/1.1" 200 2274 "-" "Mozilla/5.0 (Linux; Android 6.0.1; Nexus 5X Build/MMB29P) AppleWebKit/537.36 (KHTML, like Gecko) Chrome/141.0.7390.122 Mobile Safari/537.36 (compatible; GoogleOther)"
89.252.168.205 - - [02/Nov/2025:10:41:54 +0545] "POST /xmlrpc.php HTTP/1.1" 200 401 "-" "Mozilla/5.0 (Windows NT 6.3; Win64; x64) AppleWebKit/537.36 (KHTML, like Gecko) Chrome/67.0.3396.62 Safari/537.36"
114.119.155.70 - - [02/Nov/2025:10:41:59 +0545] "GET /consultants/teoria-da-probabilidade-o-caminho-para-vitorias-no-br4bet-casino HTTP/1.1" 200 2274 "https://www.docmetal.com/the-doc-metal-show-04-19-2021-playlist" "Mozilla/5.0 (Linux; Android 7.0;) AppleWebKit/537.36 (KHTML, like Gecko) Mobile Safari/537.36 (compatible; PetalBot;+https://webmaster.petalsearch.com/site/petalbot)"
66.249.68.37 - - [02/Nov/2025:10:42:07 +0545] "GET /?products/13531348/ HTTP/1.1" 200 2274 "-" "Mozilla/5.0 (Linux; Android 6.0.1; Nexus 5X Build/MMB29P) AppleWebKit/537.36 (KHTML, like Gecko) Chrome/141.0.7390.122 Mobile Safari/537.36 (compatible; GoogleOther)"
66.249.68.36 - - [02/Nov/2025:10:42:22 +0545] "GET /?products/12720060/ HTTP/1.1" 200 2274 "-" "Mozilla/5.0 (Linux; Android 6.0.1; Nexus 5X Build/MMB29P) AppleWebKit/537.36 (KHTML, like Gecko) Chrome/141.0.7390.122 Mobile Safari/537.36 (compatible; GoogleOther)"
66.249.68.36 - - [02/Nov/2025:10:42:38 +0545] "GET /?products/20859504/ HTTP/1.1" 200 2274 "-" "Mozilla/5.0 (Linux; Android 6.0.1; Nexus 5X Build/MMB29P) AppleWebKit/537.36 (KHTML, like Gecko) Chrome/141.0.7390.122 Mobile Safari/537.36 (compatible; GoogleOther)"
192.198.108.173 - - [02/Nov/2025:10:42:53 +0545] "GET /consultants/teoria-da-probabilidade-o-caminho-para-vitorias-no-br4bet-casino/ HTTP/1.1" 200 2274 "https://roshanchandy.com/" "Mozilla/5.0 (Linux x86_64; rv:114.0) Gecko/20100101 Firefox/114.0"
66.249.68.36 - - [02/Nov/2025:10:42:54 +0545] "GET /?products/3617659/ HTTP/1.1" 200 2274 "-" "Mozilla/5.0 (Linux; Android 6.0.1; Nexus 5X Build/MMB29P) AppleWebKit/537.36 (KHTML, like Gecko) Chrome/141.0.7390.122 Mobile Safari/537.36 (compatible; GoogleOther)"
192.198.108.173 - - [02/Nov/2025:10:43:00 +0545] "GET /wp-login.php HTTP/1.1" 200 6570 "https://roshanchandy.com/consultants/teoria-da-probabilidade-o-caminho-para-vitorias-no-br4bet-casino/" "Mozilla/5.0 (Windows NT 6.3; Win64; x64) AppleWebKit/537.36 (KHTML, like Gecko) Chrome/103.0.0.0 Safari/537.36"
192.198.108.173 - - [02/Nov/2025:10:43:03 +0545] "GET /wp-login.php HTTP/1.1" 200 6570 "https://roshanchandy.com/wp-login.php" "Mozilla/5.0 (Windows NT 6.3; Win64; x64) AppleWebKit/537.36 (KHTML, like Gecko) Chrome/103.0.0.0 Safari/537.36"
66.249.68.37 - - [02/Nov/2025:10:43:10 +0545] "GET /?products/11872982/ HTTP/1.1" 200 2274 "-" "Mozilla/5.0 (Linux; Android 6.0.1; Nexus 5X Build/MMB29P) AppleWebKit/537.36 (KHTML, like Gecko) Chrome/141.0.7390.122 Mobile Safari/537.36 (compatible; GoogleOther)"
38.154.139.83 - - [02/Nov/2025:10:44:41 +0545] "GET /consultants/summarizing-data-in-excel-pivot-or-formulas/ HTTP/1.1" 500 2431 "-" "Mozilla/5.0 (Macintosh; Intel Mac OS X 10_15_7) AppleWebKit/537.36 (KHTML, like Gecko) Chrome/139.0.0.0 Safari/537.36"
66.249.68.36 - - [02/Nov/2025:10:43:45 +0545] "GET /?products/12480715/ HTTP/1.1" 500 2508 "-" "Mozilla/5.0 (Linux; Android 6.0.1; Nexus 5X Build/MMB29P) AppleWebKit/537.36 (KHTML, like Gecko) Chrome/141.0.7390.122 Mobile Safari/537.36 (compatible; GoogleOther)"
66.249.68.36 - - [02/Nov/2025:10:44:45 +0545] "GET /?products/12629382/ HTTP/1.1" 500 2431 "-" "Mozilla/5.0 (Linux; Android 6.0.1; Nexus 5X Build/MMB29P) AppleWebKit/537.36 (KHTML, like Gecko) Chrome/141.0.7390.122 Mobile Safari/537.36 (compatible; GoogleOther)"
185.230.122.57 - - [02/Nov/2025:10:44:45 +0545] "GET /consultants/summarizing-data-in-excel-pivot-or-formulas/ HTTP/1.1" 500 2431 "-" "Mozilla/5.0 (Macintosh; Intel Mac OS X 10_15_7) AppleWebKit/537.36 (KHTML, like Gecko) Chrome/139.0.0.0 Safari/537.36"
24.28.37.101 - - [02/Nov/2025:10:44:48 +0545] "GET /consultants/summarizing-data-in-excel-pivot-or-formulas/ HTTP/1.1" 500 2431 "-" "Mozilla/5.0 (Macintosh; Intel Mac OS X 10_15_7) AppleWebKit/537.36 (KHTML, like Gecko) Chrome/139.0.0.0 Safari/537.36"
66.249.68.37 - - [02/Nov/2025:10:45:27 +0545] "GET /?products/15663904/ HTTP/1.1" 200 2274 "-" "Mozilla/5.0 (Linux; Android 6.0.1; Nexus 5X Build/MMB29P) AppleWebKit/537.36 (KHTML, like Gecko) Chrome/141.0.7390.122 Mobile Safari/537.36 (compatible; GoogleOther)"
103.163.246.134 - - [02/Nov/2025:10:45:40 +0545] "POST /xmlrpc.php HTTP/1.1" 200 401 "-" "Mozilla/4.0 (compatible; MSIE 7.0; Windows NT 6.1; Win64; x64; Trident/7.0; .NET CLR 2.0.50727; SLCC2; .NET CLR 3.5.30729; .NET CLR 3.0.30729; .NET4.0C; .NET4.0E)"
66.249.68.36 - - [02/Nov/2025:10:46:25 +0545] "GET /?products/21723559/ HTTP/1.1" 200 2274 "-" "Mozilla/5.0 (Linux; Android 6.0.1; Nexus 5X Build/MMB29P) AppleWebKit/537.36 (KHTML, like Gecko) Chrome/141.0.7390.122 Mobile Safari/537.36 (compatible; GoogleOther)"
66.249.68.37 - - [02/Nov/2025:10:47:02 +0545] "GET /?products/25441160/ HTTP/1.1" 200 2274 "-" "Mozilla/5.0 (Linux; Android 6.0.1; Nexus 5X Build/MMB29P) AppleWebKit/537.36 (KHTML, like Gecko) Chrome/141.0.7390.122 Mobile Safari/537.36 (compatible; GoogleOther)"
66.249.68.36 - - [02/Nov/2025:10:47:37 +0545] "GET /?products/11983871/ HTTP/1.1" 200 2274 "-" "Mozilla/5.0 (Linux; Android 6.0.1; Nexus 5X Build/MMB29P) AppleWebKit/537.36 (KHTML, like Gecko) Chrome/141.0.7390.122 Mobile Safari/537.36 (compatible; GoogleOther)"
66.249.68.38 - - [02/Nov/2025:10:48:07 +0545] "GET /?products/19000226/ HTTP/1.1" 200 2274 "-" "Mozilla/5.0 (Linux; Android 6.0.1; Nexus 5X Build/MMB29P) AppleWebKit/537.36 (KHTML, like Gecko) Chrome/141.0.7390.122 Mobile Safari/537.36 (compatible; GoogleOther)"
103.136.107.99 - - [02/Nov/2025:10:48:26 +0545] "GET /consultants/a-fascinante-ciencia-das-odds-no-dicebet/ HTTP/1.1" 200 2274 "https://roshanchandy.com/" "Mozilla/5.0 (Windows NT 10.0; Win64; x64) AppleWebKit/537.36 (KHTML, like Gecko) Chrome/114.0.0.0 Safari/537.36"
103.136.107.99 - - [02/Nov/2025:10:48:28 +0545] "GET /wp-login.php HTTP/1.1" 200 6570 "https://roshanchandy.com/consultants/a-fascinante-ciencia-das-odds-no-dicebet/" "Mozilla/5.0 (Windows NT 10.0; Win64; x64) AppleWebKit/537.36 (KHTML, like Gecko) Chrome/114.0.0.0 Safari/537.36"
66.249.68.37 - - [02/Nov/2025:10:48:34 +0545] "GET /?products/11444104/ HTTP/1.1" 200 2274 "-" "Mozilla/5.0 (Linux; Android 6.0.1; Nexus 5X Build/MMB29P) AppleWebKit/537.36 (KHTML, like Gecko) Chrome/141.0.7390.122 Mobile Safari/537.36 (compatible; GoogleOther)"
103.188.82.198 - - [02/Nov/2025:10:48:46 +0545] "POST /xmlrpc.php HTTP/1.1" 200 401 "-" "Mozilla/5.0+(Windows+NT+6.3;+WOW64;+Trident/7.0;+rv:11.0)+like+Gecko"
124.156.240.51 - - [02/Nov/2025:10:49:18 +0545] "POST /xmlrpc.php HTTP/1.1" 200 401 "-" "Mozilla/5.0 (X11; CrOS x86_64 10452.74.0) AppleWebKit/537.36 (KHTML, like Gecko) Chrome/66.0.3359.137 Safari/537.36"
66.249.68.36 - - [02/Nov/2025:10:49:54 +0545] "GET /?products/3071193/ HTTP/1.1" 200 2274 "-" "Mozilla/5.0 (Linux; Android 6.0.1; Nexus 5X Build/MMB29P) AppleWebKit/537.36 (KHTML, like Gecko) Chrome/141.0.7390.122 Mobile Safari/537.36 (compatible; GoogleOther)"
66.249.68.37 - - [02/Nov/2025:10:50:17 +0545] "GET /?products/15749682/ HTTP/1.1" 200 2274 "-" "Mozilla/5.0 (Linux; Android 6.0.1; Nexus 5X Build/MMB29P) AppleWebKit/537.36 (KHTML, like Gecko) Chrome/141.0.7390.122 Mobile Safari/537.36 (compatible; GoogleOther)"
213.136.75.53 - - [02/Nov/2025:10:50:33 +0545] "GET /wp-login.php HTTP/1.1" 200 6570 "-" "Mozilla/5.0 (Windows NT 6.0; Win64; x64) AppleWebKit/537.36 (KHTML, like Gecko) Chrome/65.0.3325.181 Safari/537.36 OPR/52.0.2871.99"
66.249.68.37 - - [02/Nov/2025:10:50:40 +0545] "GET /?products/17047882/ HTTP/1.1" 200 2274 "-" "Mozilla/5.0 (Linux; Android 6.0.1; Nexus 5X Build/MMB29P) AppleWebKit/537.36 (KHTML, like Gecko) Chrome/141.0.7390.122 Mobile Safari/537.36 (compatible; GoogleOther)"
66.249.68.38 - - [02/Nov/2025:10:51:01 +0545] "GET /?products/11754782/ HTTP/1.1" 200 2274 "-" "Mozilla/5.0 (Linux; Android 6.0.1; Nexus 5X Build/MMB29P) AppleWebKit/537.36 (KHTML, like Gecko) Chrome/141.0.7390.122 Mobile Safari/537.36 (compatible; GoogleOther)"
213.136.75.53 - - [02/Nov/2025:10:51:05 +0545] "GET /wp-login.php HTTP/1.1" 200 6570 "-" "Mozilla/5.0 (Windows NT 6.0; Win64; x64) AppleWebKit/537.36 (KHTML, like Gecko) Chrome/65.0.3325.181 Safari/537.36 OPR/52.0.2871.99"
213.136.75.53 - - [02/Nov/2025:10:51:12 +0545] "POST /wp-login.php HTTP/1.1" 200 6960 "https://roshanchandy.com/wp-login.php" "Mozilla/5.0 (Windows NT 6.0; Win64; x64) AppleWebKit/537.36 (KHTML, like Gecko) Chrome/65.0.3325.181 Safari/537.36 OPR/52.0.2871.99"
66.249.68.36 - - [02/Nov/2025:10:51:22 +0545] "GET /?products/7731704/ HTTP/1.1" 200 2274 "-" "Mozilla/5.0 (Linux; Android 6.0.1; Nexus 5X Build/MMB29P) AppleWebKit/537.36 (KHTML, like Gecko) Chrome/141.0.7390.122 Mobile Safari/537.36 (compatible; GoogleOther)"
98.70.40.140 - - [02/Nov/2025:10:51:23 +0545] "GET /wp-login.php HTTP/1.1" 200 6570 "-" "Mozilla/5.0 (Windows NT 6.1; WOW64; Trident/7.0; LCJB; rv:11.0) like Gecko"
98.70.40.140 - - [02/Nov/2025:10:51:28 +0545] "POST /wp-login.php HTTP/1.1" 200 6966 "https://roshanchandy.com/wp-login.php" "Mozilla/5.0 (Windows NT 6.1; WOW64; Trident/7.0; LCJB; rv:11.0) like Gecko"
66.249.68.36 - - [02/Nov/2025:10:51:43 +0545] "GET /?products/5367893/ HTTP/1.1" 200 2274 "-" "Mozilla/5.0 (Linux; Android 6.0.1; Nexus 5X Build/MMB29P) AppleWebKit/537.36 (KHTML, like Gecko) Chrome/141.0.7390.122 Mobile Safari/537.36 (compatible; GoogleOther)"
154.30.73.148 - - [02/Nov/2025:10:51:55 +0545] "GET /consultants/with-fed-rate-hike-how-can-credit-unions-navigate/ HTTP/1.1" 200 2274 "-" "Mozilla/5.0 (Macintosh; Intel Mac OS X 10_15_7) AppleWebKit/537.36 (KHTML, like Gecko) Chrome/139.0.0.0 Safari/537.36"
154.30.73.148 - - [02/Nov/2025:10:51:57 +0545] "GET /wp-content/plugins/under-construction-page/themes/mad_designer/style.css?v=3.99 HTTP/1.1" 200 1600 "https://roshanchandy.com/consultants/with-fed-rate-hike-how-can-credit-unions-navigate/" "Mozilla/5.0 (Macintosh; Intel Mac OS X 10_15_7) AppleWebKit/537.36 (KHTML, like Gecko) Chrome/139.0.0.0 Safari/537.36"
