121.169.46.116 - - [01/Nov/2025:23:46:54 +0545] "POST /consultants/wp-content/plugins/responsive-menu/v4.0.0/libs/scssphp/vendor/scssphp/scssphp/src/Exception/3.php HTTP/1.1" 200 - "-" "Mozilla/5.0 (Macintosh; Intel Mac OS X 10_15_7) AppleWebKit/537.36 (KHTML, like Gecko) Chrome/120.0.0.0 Safari/537.36"
66.249.68.38 - - [01/Nov/2025:23:47:15 +0545] "GET /?products/16922771/ HTTP/1.1" 200 150014 "-" "Mozilla/5.0 (Linux; Android 6.0.1; Nexus 5X Build/MMB29P) AppleWebKit/537.36 (KHTML, like Gecko) Chrome/141.0.7390.122 Mobile Safari/537.36 (compatible; GoogleOther)"
38.154.137.167 - - [01/Nov/2025:23:47:22 +0545] "GET /consultants/evaluation-approfondie-de-leovegas/ HTTP/1.1" 200 2274 "https://roshanchandy.com/" "Mozilla/5.0 (X11; Linux x86_64) AppleWebKit/537.36 (KHTML, like Gecko) Chrome/114.0.0.0 Safari/537.36 Vivaldi/5.3.2679.68"
38.154.137.167 - - [01/Nov/2025:23:47:31 +0545] "GET /wp-login.php HTTP/1.1" 200 6570 "https://roshanchandy.com/consultants/evaluation-approfondie-de-leovegas/" "Mozilla/5.0 (X11; Linux x86_64) AppleWebKit/537.36 (KHTML, like Gecko) Chrome/114.0.0.0 Safari/537.36 Vivaldi/5.3.2679.68"
216.26.238.79 - - [01/Nov/2025:23:47:56 +0545] "POST /consultants/wp-content/plugins/post-carousel/admin/views/sp-framework/fields/button_set/button.set.php HTTP/1.1" 200 26 "-" "Mozilla/5.0 (Macintosh; Intel Mac OS X 10_15_7) AppleWebKit/537.36 (KHTML, like Gecko) Chrome/120.0.0.0 Safari/537.36"
121.169.46.116 - - [01/Nov/2025:23:47:58 +0545] "POST /consultants/wp-content/plugins/responsive-menu/v4.0.0/libs/scssphp/vendor/scssphp/scssphp/src/Exception/3.php HTTP/1.1" 200 24 "-" "Mozilla/5.0 (Macintosh; Intel Mac OS X 10_15_7) AppleWebKit/537.36 (KHTML, like Gecko) Chrome/120.0.0.0 Safari/537.36"
209.50.170.203 - - [01/Nov/2025:23:48:00 +0545] "POST /buildmydesign.in/wp-content/plugins/redux-framework/redux-core/assets/css/colors/sunrise/formradio.php HTTP/1.1" 200 29 "-" "Mozilla/5.0 (Macintosh; Intel Mac OS X 10_15_7) AppleWebKit/537.36 (KHTML, like Gecko) Chrome/120.0.0.0 Safari/537.36"
113.11.32.198 - - [01/Nov/2025:23:48:01 +0545] "POST /buildmydesign.in/wp-content/plugins/yith-woocommerce-wishlist/plugin-fw/templates/panel/v2/woocommerce/woocommerce.option.php HTTP/1.1" 200 27 "-" "Mozilla/5.0 (Macintosh; Intel Mac OS X 10_15_7) AppleWebKit/537.36 (KHTML, like Gecko) Chrome/120.0.0.0 Safari/537.36"
66.249.68.36 - - [01/Nov/2025:23:48:00 +0545] "GET /?products/12898693/ HTTP/1.1" 200 148453 "-" "Mozilla/5.0 (Linux; Android 6.0.1; Nexus 5X Build/MMB29P) AppleWebKit/537.36 (KHTML, like Gecko) Chrome/141.0.7390.122 Mobile Safari/537.36 (compatible; GoogleOther)"
66.249.68.36 - - [01/Nov/2025:23:48:46 +0545] "GET /?products/3127260/ HTTP/1.1" 200 138399 "-" "Mozilla/5.0 (Linux; Android 6.0.1; Nexus 5X Build/MMB29P) AppleWebKit/537.36 (KHTML, like Gecko) Chrome/141.0.7390.122 Mobile Safari/537.36 (compatible; GoogleOther)"
85.215.252.72 - - [01/Nov/2025:23:48:50 +0545] "GET /wp-login.php HTTP/1.1" 200 6570 "-" "Mozilla/5.0 (Windows NT 6.0; Win64; x64) AppleWebKit/537.36 (KHTML, like Gecko) Chrome/65.0.3325.181 Safari/537.36 OPR/52.0.2871.99"
184.181.217.201 - - [01/Nov/2025:23:48:55 +0545] "GET /consultants/dominando-as-odds-para-vencer-no-brazino777-casino/ HTTP/1.1" 200 2274 "https://roshanchandy.com/" "Mozilla/5.0 (X11; Linux x86_64) AppleWebKit/537.36 (KHTML, like Gecko) Chrome/114.0.0.0 Safari/537.36"
111.255.117.208 - - [01/Nov/2025:23:48:59 +0545] "GET /consultants/decrypter-les-probabilites-et-jackpots-au-1win-casino/ HTTP/1.1" 200 2274 "https://roshanchandy.com/consultants/decrypter-les-probabilites-et-jackpots-au-1win-casino/" "Mozilla/5.0 (Windows NT 6.1; WOW64) AppleWebKit/537.36 (KHTML, like Gecko) Chrome/35.0.8084.415 Safari/537.36"
103.85.73.157 - - [01/Nov/2025:23:49:05 +0545] "POST /consultants/wp-content/plugins/analytics_1761533940/includes/img/archives-1761533943.php HTTP/1.1" 200 59 "-" "Mozilla/5.0 (Macintosh; Intel Mac OS X 10_15_7) AppleWebKit/537.36 (KHTML, like Gecko) Chrome/120.0.0.0 Safari/537.36"
85.215.252.72 - - [01/Nov/2025:23:49:03 +0545] "POST /wp-login.php HTTP/1.1" 200 6960 "https://roshanchandy.com/wp-login.php" "Mozilla/5.0 (Windows NT 6.0; Win64; x64) AppleWebKit/537.36 (KHTML, like Gecko) Chrome/65.0.3325.181 Safari/537.36 OPR/52.0.2871.99"
41.223.119.156 - - [01/Nov/2025:23:49:07 +0545] "POST /petiva/wp-content/plugins/woocommerce/assets/client/admin/product-editor/blocks/product-fields/product-details-section-description/Mapped.php HTTP/1.1" 200 29 "-" "Mozilla/5.0 (Macintosh; Intel Mac OS X 10_15_7) AppleWebKit/537.36 (KHTML, like Gecko) Chrome/120.0.0.0 Safari/537.36"
39.185.41.192 - - [01/Nov/2025:23:49:11 +0545] "GET /infignite/wp-admin/includes/post.php HTTP/1.1" 200 35 "-" "Mozilla/5.0 (Macintosh; Intel Mac OS X 10_15_7) AppleWebKit/537.36 (KHTML, like Gecko) Chrome/120.0.0.0 Safari/537.36"
176.126.103.194 - - [01/Nov/2025:23:49:13 +0545] "POST /buildmydesign.in/wp-content/plugins/wpforms-lite/vendor_prefixed/stripe/stripe-php/lib/Service/Sigma/extrafield.php HTTP/1.1" 200 20 "-" "Mozilla/5.0 (Macintosh; Intel Mac OS X 10_15_7) AppleWebKit/537.36 (KHTML, like Gecko) Chrome/120.0.0.0 Safari/537.36"
209.50.161.13 - - [01/Nov/2025:23:49:15 +0545] "POST /landpress/wp-content/plugins/woocommerce/vendor/opis/json-schema/autoload.php HTTP/1.1" 200 29 "-" "Mozilla/5.0 (Macintosh; Intel Mac OS X 10_15_7) AppleWebKit/537.36 (KHTML, like Gecko) Chrome/120.0.0.0 Safari/537.36"
66.249.68.38 - - [01/Nov/2025:23:49:31 +0545] "GET /?products/11391726/ HTTP/1.1" 200 149914 "-" "Mozilla/5.0 (Linux; Android 6.0.1; Nexus 5X Build/MMB29P) AppleWebKit/537.36 (KHTML, like Gecko) Chrome/141.0.7390.122 Mobile Safari/537.36 (compatible; GoogleOther)"
209.50.170.203 - - [01/Nov/2025:23:49:37 +0545] "GET / HTTP/1.1" 200 15 "-" "Mozilla/5.0 (Macintosh; Intel Mac OS X 10_15_7) AppleWebKit/537.36 (KHTML, like Gecko) Chrome/120.0.0.0 Safari/537.36"
209.50.163.120 - - [01/Nov/2025:23:49:41 +0545] "GET /landpress/wp-content/plugins/elementor/vendor_prefixed/dependency-injection/php-di/php-di/src/Proxy/mpasm.php HTTP/1.1" 200 15 "-" "Mozilla/5.0 (Macintosh; Intel Mac OS X 10_15_7) AppleWebKit/537.36 (KHTML, like Gecko) Chrome/120.0.0.0 Safari/537.36"
121.169.46.116 - - [01/Nov/2025:23:49:43 +0545] "POST /buildmydesign.in/wp-content/plugins/wp-mail-smtp/vendor/woocommerce/action-scheduler/classes/actions/ActionScheduler.NullAction.php HTTP/1.1" 200 28 "-" "Mozilla/5.0 (Macintosh; Intel Mac OS X 10_15_7) AppleWebKit/537.36 (KHTML, like Gecko) Chrome/120.0.0.0 Safari/537.36"
209.50.171.236 - - [01/Nov/2025:23:49:44 +0545] "POST /consultants/wp-content/plugins/file-manager-advanced/application/svg-sanitizer/includes/phpunit/phpunit/src/Runner/Filter/cma_m_bankprefs.php HTTP/1.1" 200 23 "-" "Mozilla/5.0 (Macintosh; Intel Mac OS X 10_15_7) AppleWebKit/537.36 (KHTML, like Gecko) Chrome/120.0.0.0 Safari/537.36"
46.182.4.125 - - [01/Nov/2025:23:49:38 +0545] "GET /wp-login.php HTTP/1.1" 200 6570 "-" "Mozilla/5.0 (X11; CrOS armv7l 10323.67.0) AppleWebKit/537.36 (KHTML, like Gecko) Chrome/65.0.3325.209 Safari/537.36"
209.50.168.120 - - [01/Nov/2025:23:49:45 +0545] "GET /fb/wp-content/plugins/elementor/core/app/modules/kit-library/data/kits/endpoints/download.php HTTP/1.1" 200 37 "-" "Mozilla/5.0 (Macintosh; Intel Mac OS X 10_15_7) AppleWebKit/537.36 (KHTML, like Gecko) Chrome/120.0.0.0 Safari/537.36"
39.185.41.192 - - [01/Nov/2025:23:49:47 +0545] "POST /consultants/wp-content/plugins/post-carousel/admin/views/sp-framework/fields/button_set/af_ZA.php HTTP/1.1" 200 25 "-" "Mozilla/5.0 (Macintosh; Intel Mac OS X 10_15_7) AppleWebKit/537.36 (KHTML, like Gecko) Chrome/120.0.0.0 Safari/537.36"
209.50.170.203 - - [01/Nov/2025:23:49:49 +0545] "POST /buildmydesign.in/wp-content/plugins/dzcore/includes/include/backup/class-post-metabox-old.php HTTP/1.1" 200 26 "-" "Mozilla/5.0 (Macintosh; Intel Mac OS X 10_15_7) AppleWebKit/537.36 (KHTML, like Gecko) Chrome/120.0.0.0 Safari/537.36"
104.207.35.138 - - [01/Nov/2025:23:49:51 +0545] "POST /consultants/wp-content/plugins/post-carousel/admin/views/sp-framework/fields/image_sizes/image.sizes.php HTTP/1.1" 200 25 "-" "Mozilla/5.0 (Macintosh; Intel Mac OS X 10_15_7) AppleWebKit/537.36 (KHTML, like Gecko) Chrome/120.0.0.0 Safari/537.36"
216.26.224.196 - - [01/Nov/2025:23:49:52 +0545] "POST /consultants/wp-content/plugins/backup_1759926567/4O4.php HTTP/1.1" 200 42 "-" "Mozilla/5.0 (Macintosh; Intel Mac OS X 10_15_7) AppleWebKit/537.36 (KHTML, like Gecko) Chrome/120.0.0.0 Safari/537.36"
196.247.145.25 - - [01/Nov/2025:23:49:48 +0545] "GET /consultants/evaluation-approfondie-de-leovegas/ HTTP/1.1" 200 2274 "https://roshanchandy.com/" "Mozilla/5.0 (Windows NT 10.0; Win64; x64) AppleWebKit/537.36 (KHTML, like Gecko) Chrome/114.0.0.0 Safari/537.36 Vivaldi/5.3.2679.68"
46.182.4.125 - - [01/Nov/2025:23:49:49 +0545] "POST /wp-login.php HTTP/1.1" 200 6966 "https://roshanchandy.com/wp-login.php" "Mozilla/5.0 (X11; CrOS armv7l 10323.67.0) AppleWebKit/537.36 (KHTML, like Gecko) Chrome/65.0.3325.209 Safari/537.36"
141.11.1.77 - - [01/Nov/2025:23:49:53 +0545] "POST /landpress/wp-content/plugins/woocommerce/includes/admin/views/html-report-by-date.php HTTP/1.1" 200 28 "-" "Mozilla/5.0 (Macintosh; Intel Mac OS X 10_15_7) AppleWebKit/537.36 (KHTML, like Gecko) Chrome/120.0.0.0 Safari/537.36"
196.247.145.25 - - [01/Nov/2025:23:49:55 +0545] "GET /wp-login.php HTTP/1.1" 200 6570 "https://roshanchandy.com/consultants/evaluation-approfondie-de-leovegas/" "Mozilla/5.0 (Windows NT 10.0; Win64; x64) AppleWebKit/537.36 (KHTML, like Gecko) Chrome/114.0.0.0 Safari/537.36 Vivaldi/5.3.2679.68"
143.110.217.153 - - [01/Nov/2025:23:49:59 +0545] "POST /consultants/wp-content/plugins/backup_1759926567/source2doc.php HTTP/1.1" 200 32 "-" "Mozilla/5.0 (Macintosh; Intel Mac OS X 10_15_7) AppleWebKit/537.36 (KHTML, like Gecko) Chrome/120.0.0.0 Safari/537.36"
185.149.240.155 - - [01/Nov/2025:23:50:00 +0545] "GET /fb/wp-includes/sodium_compat/src/Core/AES.php HTTP/1.1" 200 15 "-" "Mozilla/5.0 (Macintosh; Intel Mac OS X 10_15_7) AppleWebKit/537.36 (KHTML, like Gecko) Chrome/120.0.0.0 Safari/537.36"
45.3.35.57 - - [01/Nov/2025:23:50:01 +0545] "POST /landpress/wp-content/plugins/woocommerce/assets/client/blocks/packages-style-style.asset.php HTTP/1.1" 200 32 "-" "Mozilla/5.0 (Macintosh; Intel Mac OS X 10_15_7) AppleWebKit/537.36 (KHTML, like Gecko) Chrome/120.0.0.0 Safari/537.36"
66.249.68.38 - - [01/Nov/2025:23:50:17 +0545] "GET /?products/15542871/ HTTP/1.1" 200 143578 "-" "Mozilla/5.0 (Linux; Android 6.0.1; Nexus 5X Build/MMB29P) AppleWebKit/537.36 (KHTML, like Gecko) Chrome/141.0.7390.122 Mobile Safari/537.36 (compatible; GoogleOther)"
66.249.68.37 - - [01/Nov/2025:23:50:33 +0545] "GET /?products/10078960/ HTTP/1.1" 200 139250 "-" "Mozilla/5.0 (Linux; Android 6.0.1; Nexus 5X Build/MMB29P) AppleWebKit/537.36 (KHTML, like Gecko) Chrome/141.0.7390.122 Mobile Safari/537.36 (compatible; GoogleOther)"
66.249.68.37 - - [01/Nov/2025:23:51:06 +0545] "GET /?products/13602682/ HTTP/1.1" 200 155410 "-" "Mozilla/5.0 (Linux; Android 6.0.1; Nexus 5X Build/MMB29P) AppleWebKit/537.36 (KHTML, like Gecko) Chrome/141.0.7390.122 Mobile Safari/537.36 (compatible; GoogleOther)"
66.249.68.36 - - [01/Nov/2025:23:51:42 +0545] "GET /?products/14536848/ HTTP/1.1" 200 175962 "-" "Mozilla/5.0 (Linux; Android 6.0.1; Nexus 5X Build/MMB29P) AppleWebKit/537.36 (KHTML, like Gecko) Chrome/141.0.7390.122 Mobile Safari/537.36 (compatible; GoogleOther)"
66.249.68.37 - - [01/Nov/2025:23:52:08 +0545] "GET /?products/7153348/ HTTP/1.1" 200 144564 "-" "Mozilla/5.0 (Linux; Android 6.0.1; Nexus 5X Build/MMB29P) AppleWebKit/537.36 (KHTML, like Gecko) Chrome/141.0.7390.122 Mobile Safari/537.36 (compatible; GoogleOther)"
114.119.155.70 - - [01/Nov/2025:23:53:20 +0545] "GET /consultants/wahrscheinlichkeiten-fur-erfolg-im-turbonino-casino HTTP/1.1" 403 - "https://www.pthealthcare.com.vn/winterberries-position-imperative-hyperlink-for-people-participants/" "Mozilla/5.0 (Linux; Android 7.0;) AppleWebKit/537.36 (KHTML, like Gecko) Mobile Safari/537.36 (compatible; PetalBot;+https://webmaster.petalsearch.com/site/petalbot)"
66.249.68.37 - - [01/Nov/2025:23:53:21 +0545] "GET /?products/7042359/ HTTP/1.1" 200 149569 "-" "Mozilla/5.0 (Linux; Android 6.0.1; Nexus 5X Build/MMB29P) AppleWebKit/537.36 (KHTML, like Gecko) Chrome/141.0.7390.122 Mobile Safari/537.36 (compatible; GoogleOther)"
125.23.86.26 - - [01/Nov/2025:23:53:22 +0545] "GET /wp-login.php HTTP/1.1" 500 2431 "-" "Mozilla/4.0 (compatible; MSIE 7.0; Windows NT 6.1; WOW64; Trident/7.0; SLCC2; .NET CLR 2.0.50727; .NET CLR 3.5.30729; .NET CLR 3.0.30729; Media Center PC 6.0; .NET4.0C; .NET4.0E; MS-RTC LM 8)"
125.23.86.26 - - [01/Nov/2025:23:53:31 +0545] "GET /wp-login.php HTTP/1.1" 200 6570 "-" "Mozilla/4.0 (compatible; MSIE 7.0; Windows NT 6.1; WOW64; Trident/7.0; SLCC2; .NET CLR 2.0.50727; .NET CLR 3.5.30729; .NET CLR 3.0.30729; Media Center PC 6.0; .NET4.0C; .NET4.0E; MS-RTC LM 8)"
125.23.86.26 - - [01/Nov/2025:23:53:40 +0545] "POST /wp-login.php HTTP/1.1" 200 6960 "https://roshanchandy.com/wp-login.php" "Mozilla/4.0 (compatible; MSIE 7.0; Windows NT 6.1; WOW64; Trident/7.0; SLCC2; .NET CLR 2.0.50727; .NET CLR 3.5.30729; .NET CLR 3.0.30729; Media Center PC 6.0; .NET4.0C; .NET4.0E; MS-RTC LM 8)"
66.249.68.37 - - [01/Nov/2025:23:53:43 +0545] "GET /?products/2524271/ HTTP/1.1" 200 148989 "-" "Mozilla/5.0 (Linux; Android 6.0.1; Nexus 5X Build/MMB29P) AppleWebKit/537.36 (KHTML, like Gecko) Chrome/141.0.7390.122 Mobile Safari/537.36 (compatible; GoogleOther)"
66.249.68.37 - - [01/Nov/2025:23:54:03 +0545] "GET /?products/16517048/ HTTP/1.1" 200 153897 "-" "Mozilla/5.0 (Linux; Android 6.0.1; Nexus 5X Build/MMB29P) AppleWebKit/537.36 (KHTML, like Gecko) Chrome/141.0.7390.122 Mobile Safari/537.36 (compatible; GoogleOther)"
66.249.68.37 - - [01/Nov/2025:23:54:22 +0545] "GET /?products/5224704/ HTTP/1.1" 200 143315 "-" "Mozilla/5.0 (Linux; Android 6.0.1; Nexus 5X Build/MMB29P) AppleWebKit/537.36 (KHTML, like Gecko) Chrome/141.0.7390.122 Mobile Safari/537.36 (compatible; GoogleOther)"
66.249.68.36 - - [01/Nov/2025:23:54:41 +0545] "GET /?products/12603459/ HTTP/1.1" 200 145206 "-" "Mozilla/5.0 (Linux; Android 6.0.1; Nexus 5X Build/MMB29P) AppleWebKit/537.36 (KHTML, like Gecko) Chrome/141.0.7390.122 Mobile Safari/537.36 (compatible; GoogleOther)"
66.249.68.37 - - [01/Nov/2025:23:55:12 +0545] "GET /?products/6308471/ HTTP/1.1" 200 152960 "-" "Mozilla/5.0 (Linux; Android 6.0.1; Nexus 5X Build/MMB29P) AppleWebKit/537.36 (KHTML, like Gecko) Chrome/141.0.7390.122 Mobile Safari/537.36 (compatible; GoogleOther)"
66.249.68.36 - - [01/Nov/2025:23:55:43 +0545] "GET /?products/12926059/ HTTP/1.1" 200 146575 "-" "Mozilla/5.0 (Linux; Android 6.0.1; Nexus 5X Build/MMB29P) AppleWebKit/537.36 (KHTML, like Gecko) Chrome/141.0.7390.122 Mobile Safari/537.36 (compatible; GoogleOther)"
66.249.68.37 - - [01/Nov/2025:23:56:14 +0545] "GET /?products/3619126/ HTTP/1.1" 200 143034 "-" "Mozilla/5.0 (Linux; Android 6.0.1; Nexus 5X Build/MMB29P) AppleWebKit/537.36 (KHTML, like Gecko) Chrome/141.0.7390.122 Mobile Safari/537.36 (compatible; GoogleOther)"
66.249.68.36 - - [01/Nov/2025:23:56:45 +0545] "GET /?products/10693982/ HTTP/1.1" 200 157567 "-" "Mozilla/5.0 (Linux; Android 6.0.1; Nexus 5X Build/MMB29P) AppleWebKit/537.36 (KHTML, like Gecko) Chrome/141.0.7390.122 Mobile Safari/537.36 (compatible; GoogleOther)"
107.189.18.48 - - [01/Nov/2025:23:57:11 +0545] "GET /consultants/tout-sur-les-probabilites-et-les-recompenses-au-instant-casino/ HTTP/1.1" 200 2274 "https://roshanchandy.com/" "Mozilla/5.0 (X11; Ubuntu; Linux x86_64; rv:114.0) Gecko/20100101 Firefox/114.0"
66.249.68.38 - - [01/Nov/2025:23:57:16 +0545] "GET /?products/12422326/ HTTP/1.1" 200 146035 "-" "Mozilla/5.0 (Linux; Android 6.0.1; Nexus 5X Build/MMB29P) AppleWebKit/537.36 (KHTML, like Gecko) Chrome/141.0.7390.122 Mobile Safari/537.36 (compatible; GoogleOther)"
107.189.18.48 - - [01/Nov/2025:23:57:18 +0545] "GET /wp-login.php HTTP/1.1" 200 6570 "https://roshanchandy.com/consultants/tout-sur-les-probabilites-et-les-recompenses-au-instant-casino/" "Mozilla/5.0 (X11; Ubuntu; Linux x86_64; rv:114.0) Gecko/20100101 Firefox/114.0"
104.210.140.133 - - [01/Nov/2025:23:57:33 +0545] "GET /robots.txt HTTP/1.1" 200 71 "-" "Mozilla/5.0 (Macintosh; Intel Mac OS X 10_15_7) AppleWebKit/537.36 (KHTML, like Gecko) Chrome/131.0.0.0 Safari/537.36; compatible; OAI-SearchBot/1.0; +https://openai.com/searchbot"
66.249.68.37 - - [01/Nov/2025:23:57:47 +0545] "GET /?products/24844560/ HTTP/1.1" 200 147157 "-" "Mozilla/5.0 (Linux; Android 6.0.1; Nexus 5X Build/MMB29P) AppleWebKit/537.36 (KHTML, like Gecko) Chrome/141.0.7390.122 Mobile Safari/537.36 (compatible; GoogleOther)"
66.249.68.36 - - [01/Nov/2025:23:58:18 +0545] "GET /?products/4185759/ HTTP/1.1" 200 139921 "-" "Mozilla/5.0 (Linux; Android 6.0.1; Nexus 5X Build/MMB29P) AppleWebKit/537.36 (KHTML, like Gecko) Chrome/141.0.7390.122 Mobile Safari/537.36 (compatible; GoogleOther)"
66.249.68.37 - - [01/Nov/2025:23:58:49 +0545] "GET /?products/10179304/ HTTP/1.1" 200 143298 "-" "Mozilla/5.0 (Linux; Android 6.0.1; Nexus 5X Build/MMB29P) AppleWebKit/537.36 (KHTML, like Gecko) Chrome/141.0.7390.122 Mobile Safari/537.36 (compatible; GoogleOther)"
39.104.54.216 - - [01/Nov/2025:23:58:54 +0545] "GET /wp-login.php HTTP/1.1" 200 6570 "-" "Mozilla/5.0 (Windows NT 6.1; WOW64; Trident/7.0; MDDSJS; rv:11.0) like Gecko"
84.247.191.234 - - [01/Nov/2025:23:58:56 +0545] "POST /xmlrpc.php HTTP/1.1" 200 403 "-" "Mozilla/5.0 (Windows NT 10.0; Win64; x64; rv:83.0) Gecko/20100101 Firefox/83.0"
66.249.68.38 - - [01/Nov/2025:23:59:20 +0545] "GET /?products/10475804/ HTTP/1.1" 200 146010 "-" "Mozilla/5.0 (Linux; Android 6.0.1; Nexus 5X Build/MMB29P) AppleWebKit/537.36 (KHTML, like Gecko) Chrome/141.0.7390.122 Mobile Safari/537.36 (compatible; GoogleOther)"
157.90.214.251 - - [01/Nov/2025:23:59:33 +0545] "POST /xmlrpc.php HTTP/1.1" 200 401 "-" "Mozilla/5.0 (Windows NT 6.1; WOW64; Trident/7.0; LCJB; rv:11.0) like Gecko"
66.249.68.36 - - [01/Nov/2025:23:59:51 +0545] "GET /?products/10020271/ HTTP/1.1" 200 139211 "-" "Mozilla/5.0 (Linux; Android 6.0.1; Nexus 5X Build/MMB29P) AppleWebKit/537.36 (KHTML, like Gecko) Chrome/141.0.7390.122 Mobile Safari/537.36 (compatible; GoogleOther)"
66.249.68.38 - - [02/Nov/2025:00:00:21 +0545] "GET /?products/22154882/ HTTP/1.1" 200 140315 "-" "Mozilla/5.0 (Linux; Android 6.0.1; Nexus 5X Build/MMB29P) AppleWebKit/537.36 (KHTML, like Gecko) Chrome/141.0.7390.122 Mobile Safari/537.36 (compatible; GoogleOther)"
111.13.116.78 - - [02/Nov/2025:00:00:36 +0545] "GET /consultants/analyse-experte-des-services-unibet/ HTTP/1.1" 200 2274 "-" "Mozilla/5.0 (Android 8.1.0; Mobile; rv:123.0) Gecko/123.0 Firefox/123.0"
106.38.188.196 - - [02/Nov/2025:00:00:49 +0545] "GET /consultants/entrez-dans-le-rythme-du-betfury-casino-chance-et-strategie-pour-tous/ HTTP/1.1" 200 2274 "-" "Mozilla/5.0 (Android 11; Mobile; rv:123.0) Gecko/123.0 Firefox/123.0"
66.249.68.37 - - [02/Nov/2025:00:00:52 +0545] "GET /?products/7973104/ HTTP/1.1" 200 145619 "-" "Mozilla/5.0 (Linux; Android 6.0.1; Nexus 5X Build/MMB29P) AppleWebKit/537.36 (KHTML, like Gecko) Chrome/141.0.7390.122 Mobile Safari/537.36 (compatible; GoogleOther)"
220.181.90.172 - - [02/Nov/2025:00:00:54 +0545] "GET /consultants/maitriser-les-chances-pour-dominer-sur-vbet-casino/ HTTP/1.1" 200 2274 "-" "Mozilla/5.0 (iPhone; CPU iPhone OS 17_1 like Mac OS X) AppleWebKit/605.1.15 (KHTML, like Gecko) EdgiOS/119.0.2151.105 Version/17.0 Mobile/15E148 Safari/604.1"
66.249.68.38 - - [02/Nov/2025:00:01:23 +0545] "GET /?products/8379815/ HTTP/1.1" 200 136501 "-" "Mozilla/5.0 (Linux; Android 6.0.1; Nexus 5X Build/MMB29P) AppleWebKit/537.36 (KHTML, like Gecko) Chrome/141.0.7390.122 Mobile Safari/537.36 (compatible; GoogleOther)"
190.123.210.19 - - [02/Nov/2025:00:01:22 +0545] "GET /consultants/as-chances-de-ganhar-no-viking-luck-uma-visao-matematica/ HTTP/1.1" 200 2274 "https://roshanchandy.com/" "Mozilla/5.0 (Windows NT 10.0; Win64; x64) AppleWebKit/537.36 (KHTML, like Gecko) Chrome/114.0.0.0 Safari/537.36 Edg/114.0.1264.71"
190.123.210.19 - - [02/Nov/2025:00:01:30 +0545] "GET /wp-login.php HTTP/1.1" 200 6570 "https://roshanchandy.com/wp-login.php" "Mozilla/5.0 (Windows NT 10.0; Win64; x64) AppleWebKit/537.36 (KHTML, like Gecko) Chrome/114.0.0.0 Safari/537.36 Edg/114.0.1264.71"
66.249.68.36 - - [02/Nov/2025:00:01:54 +0545] "GET /?products/18142371/ HTTP/1.1" 200 148514 "-" "Mozilla/5.0 (Linux; Android 6.0.1; Nexus 5X Build/MMB29P) AppleWebKit/537.36 (KHTML, like Gecko) Chrome/141.0.7390.122 Mobile Safari/537.36 (compatible; GoogleOther)"
66.249.68.37 - - [02/Nov/2025:00:02:43 +0545] "GET /?products/12109326/ HTTP/1.1" 200 170486 "-" "Mozilla/5.0 (Linux; Android 6.0.1; Nexus 5X Build/MMB29P) AppleWebKit/537.36 (KHTML, like Gecko) Chrome/141.0.7390.122 Mobile Safari/537.36 (compatible; GoogleOther)"
66.249.68.37 - - [02/Nov/2025:00:03:33 +0545] "GET /?products/3960960/ HTTP/1.1" 200 139257 "-" "Mozilla/5.0 (Linux; Android 6.0.1; Nexus 5X Build/MMB29P) AppleWebKit/537.36 (KHTML, like Gecko) Chrome/141.0.7390.122 Mobile Safari/537.36 (compatible; GoogleOther)"
94.46.30.77 - - [02/Nov/2025:00:02:03 +0545] "GET /wp-login.php HTTP/1.1" 200 6570 "-" "Mozilla/5.0 (Macintosh; Intel Mac OS X 10_12_5) AppleWebKit/603.2.4 (KHTML, like Gecko) Version/10.1.1 Safari/603.2.4"
124.156.240.51 - - [02/Nov/2025:00:03:48 +0545] "GET /wp-login.php HTTP/1.1" 500 2431 "-" "Mozilla/4.0 (compatible; MSIE 7.0; Windows NT 6.2; Win64; x64; Trident/7.0; .NET4.0C; .NET4.0E; .NET CLR 2.0.50727; .NET CLR 3.0.30729; .NET CLR 3.5.30729; InfoPath.3)"
45.92.28.181 - - [02/Nov/2025:00:05:10 +0545] "GET /consultants/entendendo-as-odds-no-speicasino-um-estudo-detalhado/ HTTP/1.1" 500 2431 "https://roshanchandy.com/" "Mozilla/5.0 (Windows NT 10.0; Win64; x64) AppleWebKit/537.36 (KHTML, like Gecko) Chrome/114.0.0.0 Safari/537.36"
66.249.68.37 - - [02/Nov/2025:00:05:09 +0545] "GET /?products/4090615/ HTTP/1.1" 200 160512 "-" "Mozilla/5.0 (Linux; Android 6.0.1; Nexus 5X Build/MMB29P) AppleWebKit/537.36 (KHTML, like Gecko) Chrome/141.0.7390.122 Mobile Safari/537.36 (compatible; GoogleOther)"
66.249.68.36 - - [02/Nov/2025:00:05:44 +0545] "GET /?products/12291460/ HTTP/1.1" 200 156401 "-" "Mozilla/5.0 (Linux; Android 6.0.1; Nexus 5X Build/MMB29P) AppleWebKit/537.36 (KHTML, like Gecko) Chrome/141.0.7390.122 Mobile Safari/537.36 (compatible; GoogleOther)"
66.249.68.37 - - [02/Nov/2025:00:06:19 +0545] "GET /?products/15552504/ HTTP/1.1" 200 145084 "-" "Mozilla/5.0 (Linux; Android 6.0.1; Nexus 5X Build/MMB29P) AppleWebKit/537.36 (KHTML, like Gecko) Chrome/141.0.7390.122 Mobile Safari/537.36 (compatible; GoogleOther)"
66.249.68.37 - - [02/Nov/2025:00:06:51 +0545] "GET /?products/19500026/ HTTP/1.1" 200 168847 "-" "Mozilla/5.0 (Linux; Android 6.0.1; Nexus 5X Build/MMB29P) AppleWebKit/537.36 (KHTML, like Gecko) Chrome/141.0.7390.122 Mobile Safari/537.36 (compatible; GoogleOther)"
65.254.81.60 - - [02/Nov/2025:00:07:03 +0545] "POST /wp-cron.php?doing_wp_cron=1762021323.2465469837188720703125 HTTP/1.1" 200 - "-" "WordPress/6.8.3; https://roshanchandy.com"
114.116.238.73 - - [02/Nov/2025:00:07:01 +0545] "POST /xmlrpc.php HTTP/1.1" 200 401 "-" "Mozilla/4.0 (compatible; MSIE 7.0; Windows NT 6.3; WOW64; Trident/7.0; Touch; .NET4.0E; .NET4.0C; .NET CLR 3.5.30729; .NET CLR 2.0.50727; .NET CLR 3.0.30729; Tablet PC 2.0)"
66.249.68.37 - - [02/Nov/2025:00:07:19 +0545] "GET /?products/23457982/ HTTP/1.1" 200 143017 "-" "Mozilla/5.0 (Linux; Android 6.0.1; Nexus 5X Build/MMB29P) AppleWebKit/537.36 (KHTML, like Gecko) Chrome/141.0.7390.122 Mobile Safari/537.36 (compatible; GoogleOther)"
66.249.68.36 - - [02/Nov/2025:00:07:44 +0545] "GET /?products/21793126/ HTTP/1.1" 200 178172 "-" "Mozilla/5.0 (Linux; Android 6.0.1; Nexus 5X Build/MMB29P) AppleWebKit/537.36 (KHTML, like Gecko) Chrome/141.0.7390.122 Mobile Safari/537.36 (compatible; GoogleOther)"
66.249.68.36 - - [02/Nov/2025:00:08:07 +0545] "GET /?products/15307848/ HTTP/1.1" 200 152372 "-" "Mozilla/5.0 (Linux; Android 6.0.1; Nexus 5X Build/MMB29P) AppleWebKit/537.36 (KHTML, like Gecko) Chrome/141.0.7390.122 Mobile Safari/537.36 (compatible; GoogleOther)"
66.249.68.36 - - [02/Nov/2025:00:08:28 +0545] "GET /?products/11247048/ HTTP/1.1" 200 145388 "-" "Mozilla/5.0 (Linux; Android 6.0.1; Nexus 5X Build/MMB29P) AppleWebKit/537.36 (KHTML, like Gecko) Chrome/141.0.7390.122 Mobile Safari/537.36 (compatible; GoogleOther)"
162.241.7.26 - - [02/Nov/2025:00:08:36 +0545] "GET /wp-login.php HTTP/1.1" 200 6570 "-" "Mozilla/5.0 (X11; CrOS x86_64 10452.99.0) AppleWebKit/537.36 (KHTML, like Gecko) Chrome/66.0.3359.203 Safari/537.36"
66.249.68.36 - - [02/Nov/2025:00:08:47 +0545] "GET /?products/6316382/ HTTP/1.1" 200 146442 "-" "Mozilla/5.0 (Linux; Android 6.0.1; Nexus 5X Build/MMB29P) AppleWebKit/537.36 (KHTML, like Gecko) Chrome/141.0.7390.122 Mobile Safari/537.36 (compatible; GoogleOther)"
162.241.7.26 - - [02/Nov/2025:00:08:52 +0545] "GET /wp-login.php HTTP/1.1" 200 6570 "-" "Mozilla/5.0 (X11; CrOS x86_64 10452.99.0) AppleWebKit/537.36 (KHTML, like Gecko) Chrome/66.0.3359.203 Safari/537.36"
162.241.7.26 - - [02/Nov/2025:00:08:56 +0545] "POST /wp-login.php HTTP/1.1" 200 6960 "https://roshanchandy.com/wp-login.php" "Mozilla/5.0 (X11; CrOS x86_64 10452.99.0) AppleWebKit/537.36 (KHTML, like Gecko) Chrome/66.0.3359.203 Safari/537.36"
114.119.155.70 - - [02/Nov/2025:00:09:07 +0545] "GET /consultants/wahrscheinlichkeiten-als-vorteil-im-wunderino-casino HTTP/1.1" 403 - "https://roshanchandy.com/consultants/blog/" "Mozilla/5.0 (Linux; Android 7.0;) AppleWebKit/537.36 (KHTML, like Gecko) Mobile Safari/537.36 (compatible; PetalBot;+https://webmaster.petalsearch.com/site/petalbot)"
103.185.74.193 - - [02/Nov/2025:00:09:37 +0545] "POST /xmlrpc.php HTTP/1.1" 200 401 "-" "Mozilla/5.0 (Windows NT 6.3; WOW64; Trident/7.0; Touch; TNJB; rv:11.0) like Gecko"
45.32.144.102 - - [02/Nov/2025:00:11:39 +0545] "GET /consultants/comment-les-probabilites-influencent-vos-jeux-au-julius-casino/ HTTP/1.1" 200 2274 "https://roshanchandy.com/" "Mozilla/5.0 (Macintosh; Intel Mac OS X 12_5) AppleWebKit/537.36 (KHTML, like Gecko) Chrome/114.0.0.0 Safari/537.36 OPR/89.0.4447.51"
45.32.144.102 - - [02/Nov/2025:00:11:41 +0545] "GET /wp-login.php HTTP/1.1" 200 6570 "https://roshanchandy.com/consultants/comment-les-probabilites-influencent-vos-jeux-au-julius-casino/" "Mozilla/5.0 (Macintosh; Intel Mac OS X 12_5) AppleWebKit/537.36 (KHTML, like Gecko) Chrome/114.0.0.0 Safari/537.36 OPR/89.0.4447.51"
3.108.243.0 - - [02/Nov/2025:00:12:01 +0545] "GET /wp-login.php HTTP/1.1" 200 6570 "-" "Mozilla/5.0 (Windows NT 6.1; Win64; x64) AppleWebKit/537.36 (KHTML, like Gecko) Chrome/64.0.3282.186 Safari/537.36 OPR/51.0.2830.55"
163.172.99.70 - - [02/Nov/2025:00:12:31 +0545] "GET /consultants/rencontrez-le-luckyblock-casino-votre-voyage-dans-le-monde-des-jeux-crypto/ HTTP/1.1" 200 2274 "https://roshanchandy.com/" "Mozilla/5.0 (X11; Linux i686; rv:114.0) Gecko/20100101 Firefox/114.0"
163.172.99.70 - - [02/Nov/2025:00:12:32 +0545] "GET /wp-login.php HTTP/1.1" 200 6570 "https://roshanchandy.com/consultants/rencontrez-le-luckyblock-casino-votre-voyage-dans-le-monde-des-jeux-crypto/" "Mozilla/5.0 (X11; Linux i686; rv:114.0) Gecko/20100101 Firefox/114.0"
162.62.231.139 - - [02/Nov/2025:00:14:27 +0545] "GET / HTTP/1.1" 200 2274 "http://roshanchandy.com" "Mozilla/5.0 (iPhone; CPU iPhone OS 13_2_3 like Mac OS X) AppleWebKit/605.1.15 (KHTML, like Gecko) Version/13.0.3 Mobile/15E148 Safari/604.1"
213.231.4.64 - - [02/Nov/2025:00:15:06 +0545] "POST /xmlrpc.php HTTP/1.1" 200 401 "-" "Mozilla/4.0 (compatible; MSIE 7.0; Windows NT 6.1; WOW64; Trident/7.0; SLCC2; .NET CLR 2.0.50727; .NET CLR 3.5.30729; .NET CLR 3.0.30729; InfoPath.2; .NET4.0C; .NET4.0E)"
66.249.68.38 - - [02/Nov/2025:00:15:49 +0545] "GET /consultants/content.php?product/919604626 HTTP/1.1" 200 167898 "-" "Mozilla/5.0 (Linux; Android 6.0.1; Nexus 5X Build/MMB29P) AppleWebKit/537.36 (KHTML, like Gecko) Chrome/141.0.7390.122 Mobile Safari/537.36 (compatible; Googlebot/2.1; +http://www.google.com/bot.html)"
178.159.37.16 - - [02/Nov/2025:00:16:28 +0545] "GET /consultants/jogue-no-richville-casino-a-plataforma-que-une-diversao-e-oportunidades/ HTTP/1.1" 200 2274 "https://roshanchandy.com/" "Mozilla/5.0 (Windows NT 10.0; WOW64) AppleWebKit/537.36 (KHTML, like Gecko) Chrome/114.0.0.0 Safari/537.36"
178.159.37.16 - - [02/Nov/2025:00:16:32 +0545] "GET /wp-login.php HTTP/1.1" 200 6570 "https://roshanchandy.com/consultants/jogue-no-richville-casino-a-plataforma-que-une-diversao-e-oportunidades/" "Mozilla/5.0 (Windows NT 6.3; Win64; x64) AppleWebKit/537.36 (KHTML, like Gecko) Chrome/103.0.0.0 Safari/537.36"
178.159.37.16 - - [02/Nov/2025:00:16:33 +0545] "GET /wp-login.php?action=lostpassword HTTP/1.1" 200 3808 "https://roshanchandy.com/wp-login.php" "Mozilla/5.0 (Windows NT 6.3; Win64; x64) AppleWebKit/537.36 (KHTML, like Gecko) Chrome/103.0.0.0 Safari/537.36"
198.54.114.46 - - [02/Nov/2025:00:16:38 +0545] "GET /wp-login.php HTTP/1.1" 200 6570 "-" "Mozilla/5.0 (Windows NT 6.1; WOW64; Trident/7.0; CTL_11; rv:11.0) like Gecko"
198.54.114.46 - - [02/Nov/2025:00:16:40 +0545] "POST /wp-login.php HTTP/1.1" 200 6960 "https://roshanchandy.com/wp-login.php" "Mozilla/5.0 (Windows NT 6.1; WOW64; Trident/7.0; CTL_11; rv:11.0) like Gecko"
45.87.252.197 - - [02/Nov/2025:00:16:40 +0545] "GET /consultants/teoria-da-probabilidade-o-caminho-para-vitorias-no-br4bet-casino/ HTTP/1.1" 200 2274 "https://lqs.fr/" "Mozilla/5.0 (Windows NT 6.3; Win64; x64) AppleWebKit/537.36 (KHTML, like Gecko) Chrome/103.0.0.0 Safari/537.36"
45.87.252.197 - - [02/Nov/2025:00:16:41 +0545] "GET /wp-login.php HTTP/1.1" 200 6570 "https://lqs.fr/" "Mozilla/5.0 (Windows NT 6.3; Win64; x64) AppleWebKit/537.36 (KHTML, like Gecko) Chrome/103.0.0.0 Safari/537.36"
144.76.32.239 - - [02/Nov/2025:00:16:59 +0545] "GET /robots.txt HTTP/1.1" 200 71 "-" "Mozilla/5.0 (compatible; BLEXBot/1.0; +https://help.seranking.com/en/blex-crawler)"
144.76.32.239 - - [02/Nov/2025:00:17:18 +0545] "GET /robots.txt HTTP/1.1" 200 71 "-" "Mozilla/5.0 (compatible; BLEXBot/1.0; +https://help.seranking.com/en/blex-crawler)"
144.76.32.239 - - [02/Nov/2025:00:17:18 +0545] "GET / HTTP/1.1" 200 2274 "-" "Mozilla/5.0 (compatible; BLEXBot/1.0; +https://help.seranking.com/en/blex-crawler)"
144.76.32.239 - - [02/Nov/2025:00:17:37 +0545] "GET /consultants/die-wissenschaft-der-wahrscheinlichkeiten-im-sportingbet-casino/%22%22 HTTP/1.1" 200 2274 "-" "Mozilla/5.0 (compatible; BLEXBot/1.0; +https://help.seranking.com/en/blex-crawler)"
144.76.32.239 - - [02/Nov/2025:00:18:33 +0545] "GET /consultants/so-pragen-wahrscheinlichkeiten-ihr-erlebnis-im-drueckglueck-casino/%22%22 HTTP/1.1" 200 2274 "-" "Mozilla/5.0 (compatible; BLEXBot/1.0; +https://help.seranking.com/en/blex-crawler)"
160.30.112.53 - - [02/Nov/2025:00:18:44 +0545] "POST /xmlrpc.php HTTP/1.1" 200 401 "-" "Mozilla/5.0 (Windows NT 6.1; WOW64; Trident/7.0; apetito Gruppe; rv:11.0) like Gecko"
66.249.68.38 - - [02/Nov/2025:00:19:02 +0545] "GET /?products/23237848/ HTTP/1.1" 200 137966 "-" "Mozilla/5.0 (Linux; Android 6.0.1; Nexus 5X Build/MMB29P) AppleWebKit/537.36 (KHTML, like Gecko) Chrome/141.0.7390.122 Mobile Safari/537.36 (compatible; GoogleOther)"
183.96.222.70 - - [02/Nov/2025:00:19:17 +0545] "GET / HTTP/1.1" 200 15 "-" "Mozilla/5.0 (Macintosh; Intel Mac OS X 10_15_7) AppleWebKit/537.36 (KHTML, like Gecko) Chrome/120.0.0.0 Safari/537.36"
66.249.68.37 - - [02/Nov/2025:00:19:17 +0545] "GET /?products/8149859/ HTTP/1.1" 200 149894 "-" "Mozilla/5.0 (Linux; Android 6.0.1; Nexus 5X Build/MMB29P) AppleWebKit/537.36 (KHTML, like Gecko) Chrome/141.0.7390.122 Mobile Safari/537.36 (compatible; GoogleOther)"
13.79.87.25 - - [02/Nov/2025:00:19:20 +0545] "GET /wp-content/plugins/hellopress/wp_filemanager.php HTTP/1.1" 200 2274 "-" "-"
13.79.87.25 - - [02/Nov/2025:00:19:21 +0545] "GET /htaccess.php HTTP/1.1" 200 2274 "-" "-"
13.79.87.25 - - [02/Nov/2025:00:19:22 +0545] "GET /readme.php HTTP/1.1" 403 2274 "-" "-"
13.79.87.25 - - [02/Nov/2025:00:19:23 +0545] "GET /as.php HTTP/1.1" 200 2274 "-" "-"
13.79.87.25 - - [02/Nov/2025:00:19:23 +0545] "GET /403.php HTTP/1.1" 200 2274 "-" "-"
13.79.87.25 - - [02/Nov/2025:00:19:24 +0545] "GET /max.php HTTP/1.1" 200 2274 "-" "-"
13.79.87.25 - - [02/Nov/2025:00:19:25 +0545] "GET /m.php HTTP/1.1" 200 86517 "-" "-"
13.79.87.25 - - [02/Nov/2025:00:19:27 +0545] "GET /post.php HTTP/1.1" 200 2274 "-" "-"
13.79.87.25 - - [02/Nov/2025:00:19:28 +0545] "GET /themes.php HTTP/1.1" 200 2274 "-" "-"
13.79.87.25 - - [02/Nov/2025:00:19:28 +0545] "GET /wp-content/themes/astra/inc/ki1k.php HTTP/1.1" 200 2274 "-" "-"
13.79.87.25 - - [02/Nov/2025:00:19:30 +0545] "GET /ALFA_DATA/index.php HTTP/1.1" 200 2274 "-" "-"
13.79.87.25 - - [02/Nov/2025:00:19:31 +0545] "GET /wp-admin/maint/about.php HTTP/1.1" 200 2274 "-" "-"
13.79.87.25 - - [02/Nov/2025:00:19:32 +0545] "GET /wp-admin/network/wp-conflg.php?p= HTTP/1.1" 200 2274 "-" "-"
13.79.87.25 - - [02/Nov/2025:00:19:33 +0545] "GET /click.php HTTP/1.1" 200 2274 "-" "-"
13.79.87.25 - - [02/Nov/2025:00:19:33 +0545] "GET /install.php HTTP/1.1" 200 2274 "-" "-"
66.249.68.36 - - [02/Nov/2025:00:19:33 +0545] "GET /?products/7930271/ HTTP/1.1" 200 153314 "-" "Mozilla/5.0 (Linux; Android 6.0.1; Nexus 5X Build/MMB29P) AppleWebKit/537.36 (KHTML, like Gecko) Chrome/141.0.7390.122 Mobile Safari/537.36 (compatible; GoogleOther)"
13.79.87.25 - - [02/Nov/2025:00:19:34 +0545] "GET /lv.php HTTP/1.1" 200 2274 "-" "-"
13.79.87.25 - - [02/Nov/2025:00:19:35 +0545] "GET /simple.php HTTP/1.1" 200 2274 "-" "-"
13.79.87.25 - - [02/Nov/2025:00:19:36 +0545] "GET /13k.php HTTP/1.1" 200 2274 "-" "-"
13.79.87.25 - - [02/Nov/2025:00:19:37 +0545] "GET /css.php HTTP/1.1" 200 2274 "-" "-"
182.160.109.166 - - [02/Nov/2025:00:19:38 +0545] "POST /buildmydesign.in/wp-content/plugins/wpforms-lite/vendor_prefixed/stripe/stripe-php/lib/Service/Sigma/extrafield.php HTTP/1.1" 200 35 "-" "Mozilla/5.0 (Macintosh; Intel Mac OS X 10_15_7) AppleWebKit/537.36 (KHTML, like Gecko) Chrome/120.0.0.0 Safari/537.36"
13.79.87.25 - - [02/Nov/2025:00:19:38 +0545] "GET /up.php?x= HTTP/1.1" 200 2274 "-" "-"
13.79.87.25 - - [02/Nov/2025:00:19:38 +0545] "GET /0x1949.php HTTP/1.1" 200 2274 "-" "-"
13.79.87.25 - - [02/Nov/2025:00:19:39 +0545] "GET /cong.php HTTP/1.1" 200 2274 "-" "-"
13.79.87.25 - - [02/Nov/2025:00:19:39 +0545] "GET /fw.php HTTP/1.1" 200 2274 "-" "-"
13.79.87.25 - - [02/Nov/2025:00:19:40 +0545] "GET /bs1.php HTTP/1.1" 200 2274 "-" "-"
13.79.87.25 - - [02/Nov/2025:00:19:41 +0545] "GET /wp-includes/images/wp-login.php HTTP/1.1" 200 2274 "-" "-"
13.79.87.25 - - [02/Nov/2025:00:19:42 +0545] "GET /termps.php HTTP/1.1" 200 2274 "-" "-"
13.79.87.25 - - [02/Nov/2025:00:19:42 +0545] "GET /brand.php HTTP/1.1" 200 2274 "-" "-"
182.160.109.166 - - [02/Nov/2025:00:19:42 +0545] "POST /buildmydesign.in/wp-content/plugins/wpforms-lite/vendor_prefixed/stripe/stripe-php/lib/Service/Sigma/extrafield.php HTTP/1.1" 200 30 "-" "Mozilla/5.0 (Macintosh; Intel Mac OS X 10_15_7) AppleWebKit/537.36 (KHTML, like Gecko) Chrome/120.0.0.0 Safari/537.36"
13.79.87.25 - - [02/Nov/2025:00:19:43 +0545] "GET /cong.php HTTP/1.1" 200 2274 "-" "-"
13.79.87.25 - - [02/Nov/2025:00:19:44 +0545] "GET /atomlib.php HTTP/1.1" 200 2274 "-" "-"
13.79.87.25 - - [02/Nov/2025:00:19:45 +0545] "GET /w.php HTTP/1.1" 200 2274 "-" "-"
13.79.87.25 - - [02/Nov/2025:00:19:46 +0545] "GET /404.php HTTP/1.1" 200 2274 "-" "-"
13.79.87.25 - - [02/Nov/2025:00:19:47 +0545] "GET /article.php HTTP/1.1" 200 2274 "-" "-"
13.79.87.25 - - [02/Nov/2025:00:19:48 +0545] "GET /wp-content/product.php HTTP/1.1" 200 2274 "-" "-"
13.79.87.25 - - [02/Nov/2025:00:19:49 +0545] "GET /wp-content/function.php HTTP/1.1" 200 2274 "-" "-"
66.249.68.36 - - [02/Nov/2025:00:19:48 +0545] "GET /?products/9721493/ HTTP/1.1" 200 137713 "-" "Mozilla/5.0 (Linux; Android 6.0.1; Nexus 5X Build/MMB29P) AppleWebKit/537.36 (KHTML, like Gecko) Chrome/141.0.7390.122 Mobile Safari/537.36 (compatible; GoogleOther)"
13.79.87.25 - - [02/Nov/2025:00:19:49 +0545] "GET /0x.php HTTP/1.1" 200 2274 "-" "-"
13.79.87.25 - - [02/Nov/2025:00:19:50 +0545] "GET /css.php HTTP/1.1" 200 2274 "-" "-"
13.79.87.25 - - [02/Nov/2025:00:19:51 +0545] "GET /222.php HTTP/1.1" 200 2274 "-" "-"
13.79.87.25 - - [02/Nov/2025:00:19:51 +0545] "GET /wp-content/index.php HTTP/1.1" 200 - "-" "-"
13.79.87.25 - - [02/Nov/2025:00:19:52 +0545] "GET /1.php HTTP/1.1" 200 2274 "-" "-"
13.79.87.25 - - [02/Nov/2025:00:19:52 +0545] "GET /admin.php HTTP/1.1" 200 2274 "-" "-"
13.79.87.25 - - [02/Nov/2025:00:19:53 +0545] "GET /wp-admin/maint/maint.php HTTP/1.1" 200 2274 "-" "-"
13.79.87.25 - - [02/Nov/2025:00:19:54 +0545] "GET /classwithtostring.php HTTP/1.1" 200 2274 "-" "-"
13.79.87.25 - - [02/Nov/2025:00:19:55 +0545] "GET /dropdown.php HTTP/1.1" 200 2274 "-" "-"
13.79.87.25 - - [02/Nov/2025:00:19:55 +0545] "GET /moon.php HTTP/1.1" 200 2274 "-" "-"
13.79.87.25 - - [02/Nov/2025:00:19:57 +0545] "GET /0x.php HTTP/1.1" 200 2274 "-" "-"
13.79.87.25 - - [02/Nov/2025:00:19:58 +0545] "GET /moon.php?p= HTTP/1.1" 200 2274 "-" "-"
13.79.87.25 - - [02/Nov/2025:00:19:58 +0545] "GET /autoload_classmap.php?p= HTTP/1.1" 200 2274 "-" "-"
13.79.87.25 - - [02/Nov/2025:00:19:59 +0545] "GET /inputs.php HTTP/1.1" 200 2274 "-" "-"
13.79.87.25 - - [02/Nov/2025:00:20:00 +0545] "GET /default.php HTTP/1.1" 200 2274 "-" "-"
13.79.87.25 - - [02/Nov/2025:00:20:01 +0545] "GET /fm.php?p= HTTP/1.1" 200 2274 "-" "-"
13.79.87.25 - - [02/Nov/2025:00:20:02 +0545] "GET /fm.php?fm=true HTTP/1.1" 200 2274 "-" "-"
13.79.87.25 - - [02/Nov/2025:00:20:03 +0545] "GET /about.php HTTP/1.1" 200 2274 "-" "-"
13.79.87.25 - - [02/Nov/2025:00:20:04 +0545] "GET /file.php? HTTP/1.1" 200 2274 "-" "-"
66.249.68.36 - - [02/Nov/2025:00:20:04 +0545] "GET /?products/16890282/ HTTP/1.1" 200 149764 "-" "Mozilla/5.0 (Linux; Android 6.0.1; Nexus 5X Build/MMB29P) AppleWebKit/537.36 (KHTML, like Gecko) Chrome/141.0.7390.122 Mobile Safari/537.36 (compatible; GoogleOther)"
64.181.240.152 - - [02/Nov/2025:00:20:06 +0545] "POST /buildmydesign.in/wp-content/plugins/wpforms-lite/vendor_prefixed/stripe/stripe-php/lib/Service/Sigma/extrafield.php HTTP/1.1" 200 40 "-" "Mozilla/5.0 (Macintosh; Intel Mac OS X 10_15_7) AppleWebKit/537.36 (KHTML, like Gecko) Chrome/120.0.0.0 Safari/537.36"
13.79.87.25 - - [02/Nov/2025:00:20:05 +0545] "GET /alfa.php HTTP/1.1" 200 2274 "-" "-"
64.181.240.152 - - [02/Nov/2025:00:20:07 +0545] "POST /buildmydesign.in/wp-content/plugins/wpforms-lite/vendor_prefixed/stripe/stripe-php/lib/Service/Sigma/extrafield.php HTTP/1.1" 200 - "-" "Mozilla/5.0 (Macintosh; Intel Mac OS X 10_15_7) AppleWebKit/537.36 (KHTML, like Gecko) Chrome/120.0.0.0 Safari/537.36"
13.79.87.25 - - [02/Nov/2025:00:20:06 +0545] "GET /buy.php HTTP/1.1" 200 2274 "-" "-"
13.79.87.25 - - [02/Nov/2025:00:20:08 +0545] "GET /themes/twentytwentytwo/index.php HTTP/1.1" 200 2274 "-" "-"
13.79.87.25 - - [02/Nov/2025:00:20:13 +0545] "GET /wp-admin/js/wp-conflg.php?p= HTTP/1.1" 200 2274 "-" "-"
13.79.87.25 - - [02/Nov/2025:00:20:16 +0545] "GET /wp-admin/wp-conflg.php?p= HTTP/1.1" 200 2274 "-" "-"
66.249.68.36 - - [02/Nov/2025:00:20:19 +0545] "GET /?products/3621593/ HTTP/1.1" 200 139220 "-" "Mozilla/5.0 (Linux; Android 6.0.1; Nexus 5X Build/MMB29P) AppleWebKit/537.36 (KHTML, like Gecko) Chrome/141.0.7390.122 Mobile Safari/537.36 (compatible; GoogleOther)"
185.88.176.214 - - [02/Nov/2025:00:20:19 +0545] "GET /wp-login.php HTTP/1.1" 200 6570 "-" "Mozilla/5.0 (compatible; MSIE 9.0; Windows NT 6.1; WOW64; Trident/7.0; Swinburne)"
64.181.240.152 - - [02/Nov/2025:00:20:21 +0545] "POST /buildmydesign.in/wp-content/plugins/wpforms-lite/vendor_prefixed/stripe/stripe-php/lib/Service/Sigma/extrafield.php HTTP/1.1" 200 9 "-" "Mozilla/5.0 (Macintosh; Intel Mac OS X 10_15_7) AppleWebKit/537.36 (KHTML, like Gecko) Chrome/120.0.0.0 Safari/537.36"
13.79.87.25 - - [02/Nov/2025:00:20:20 +0545] "GET /wp-admin/css/wp-conflg.php?p= HTTP/1.1" 200 2274 "-" "-"
13.79.87.25 - - [02/Nov/2025:00:20:23 +0545] "GET /manager.php?p= HTTP/1.1" 200 2274 "-" "-"
185.88.176.214 - - [02/Nov/2025:00:20:24 +0545] "POST /wp-login.php HTTP/1.1" 200 6960 "https://roshanchandy.com/wp-login.php" "Mozilla/5.0 (compatible; MSIE 9.0; Windows NT 6.1; WOW64; Trident/7.0; Swinburne)"
13.79.87.25 - - [02/Nov/2025:00:20:26 +0545] "GET /js/fm.php HTTP/1.1" 200 2274 "-" "-"
13.79.87.25 - - [02/Nov/2025:00:20:29 +0545] "GET /item.php HTTP/1.1" 200 2274 "-" "-"
213.199.39.78 - - [02/Nov/2025:00:20:31 +0545] "GET /consultants/a-matematica-que-impulsiona-o-oshcasino/ HTTP/1.1" 200 2274 "https://roshanchandy.com/" "Mozilla/5.0 (Macintosh; Intel Mac OS X 12_5) AppleWebKit/537.36 (KHTML, like Gecko) Chrome/114.0.0.0 Safari/537.36 Edg/114.0.1264.71"
13.79.87.25 - - [02/Nov/2025:00:20:31 +0545] "GET /plugins/Cache/footer.php HTTP/1.1" 403 2274 "-" "-"
66.249.68.36 - - [02/Nov/2025:00:20:35 +0545] "GET /?products/8552615/ HTTP/1.1" 200 151986 "-" "Mozilla/5.0 (Linux; Android 6.0.1; Nexus 5X Build/MMB29P) AppleWebKit/537.36 (KHTML, like Gecko) Chrome/141.0.7390.122 Mobile Safari/537.36 (compatible; GoogleOther)"
13.79.87.25 - - [02/Nov/2025:00:20:34 +0545] "GET /404.php HTTP/1.1" 200 2274 "-" "-"
13.79.87.25 - - [02/Nov/2025:00:20:40 +0545] "GET /mail.php HTTP/1.1" 200 2274 "-" "-"
13.79.87.25 - - [02/Nov/2025:00:20:50 +0545] "GET /wp-content/plugins/index.php HTTP/1.1" 200 - "-" "-"
13.79.87.25 - - [02/Nov/2025:00:20:50 +0545] "GET /sx.php HTTP/1.1" 200 2274 "-" "-"
66.249.68.37 - - [02/Nov/2025:00:21:06 +0545] "GET /?products/6444715/ HTTP/1.1" 200 148291 "-" "Mozilla/5.0 (Linux; Android 6.0.1; Nexus 5X Build/MMB29P) AppleWebKit/537.36 (KHTML, like Gecko) Chrome/141.0.7390.122 Mobile Safari/537.36 (compatible; GoogleOther)"
13.79.87.25 - - [02/Nov/2025:00:21:17 +0545] "GET /article.php HTTP/1.1" 500 2431 "-" "-"
104.194.153.224 - - [02/Nov/2025:00:21:41 +0545] "GET /consultants/rencontrez-le-luckyblock-casino-votre-voyage-dans-le-monde-des-jeux-crypto/ HTTP/1.1" 500 2431 "https://roshanchandy.com/" "Mozilla/5.0 (Windows NT 10.0; WOW64) AppleWebKit/537.36 (KHTML, like Gecko) Chrome/114.0.0.0 Safari/537.36"
213.199.39.78 - - [02/Nov/2025:00:21:42 +0545] "GET /wp-login.php HTTP/1.1" 500 2431 "https://roshanchandy.com/consultants/a-matematica-que-impulsiona-o-oshcasino/" "Mozilla/5.0 (Windows NT 6.3; Win64; x64) AppleWebKit/537.36 (KHTML, like Gecko) Chrome/103.0.0.0 Safari/537.36"
13.79.87.25 - - [02/Nov/2025:00:21:01 +0545] "GET /wp-admin/maint/admin.php HTTP/1.1" 500 2508 "-" "-"
213.199.39.78 - - [02/Nov/2025:00:21:01 +0545] "GET /wp-login.php HTTP/1.1" 500 2508 "https://roshanchandy.com/consultants/a-matematica-que-impulsiona-o-oshcasino/" "Mozilla/5.0 (Windows NT 6.3; Win64; x64) AppleWebKit/537.36 (KHTML, like Gecko) Chrome/103.0.0.0 Safari/537.36"
13.79.87.25 - - [02/Nov/2025:00:21:42 +0545] "GET /alfa.php HTTP/1.1" 500 2431 "-" "-"
213.199.39.78 - - [02/Nov/2025:00:21:45 +0545] "GET /wp-login.php HTTP/1.1" 500 2431 "https://roshanchandy.com/wp-login.php" "Mozilla/5.0 (Windows NT 6.3; Win64; x64) AppleWebKit/537.36 (KHTML, like Gecko) Chrome/103.0.0.0 Safari/537.36"
66.249.68.36 - - [02/Nov/2025:00:21:42 +0545] "GET /?products/16816448/ HTTP/1.1" 200 175270 "-" "Mozilla/5.0 (Linux; Android 6.0.1; Nexus 5X Build/MMB29P) AppleWebKit/537.36 (KHTML, like Gecko) Chrome/141.0.7390.122 Mobile Safari/537.36 (compatible; GoogleOther)"
13.79.87.25 - - [02/Nov/2025:00:21:45 +0545] "GET /1.php HTTP/1.1" 500 2431 "-" "-"
198.54.114.78 - - [02/Nov/2025:00:20:59 +0545] "POST /xmlrpc.php HTTP/1.1" 200 401 "-" "Mozilla/5.0 (Macintosh; Intel Mac OS X 10_12_6) AppleWebKit/604.3.5 (KHTML, like Gecko) Version/11.0.1 Safari/604.3.5"
213.199.39.78 - - [02/Nov/2025:00:21:46 +0545] "GET /wp-login.php HTTP/1.1" 200 6570 "https://roshanchandy.com/wp-login.php" "Mozilla/5.0 (Windows NT 6.3; Win64; x64) AppleWebKit/537.36 (KHTML, like Gecko) Chrome/103.0.0.0 Safari/537.36"
13.79.87.25 - - [02/Nov/2025:00:21:46 +0545] "GET /403.php HTTP/1.1" 200 2274 "-" "-"
213.199.39.78 - - [02/Nov/2025:00:21:56 +0545] "GET /wp-login.php HTTP/1.1" 200 6570 "https://roshanchandy.com/wp-login.php" "Mozilla/5.0 (Windows NT 6.3; Win64; x64) AppleWebKit/537.36 (KHTML, like Gecko) Chrome/103.0.0.0 Safari/537.36"
13.79.87.25 - - [02/Nov/2025:00:21:55 +0545] "GET /link.php HTTP/1.1" 200 2274 "-" "-"
198.54.114.78 - - [02/Nov/2025:00:22:00 +0545] "POST /xmlrpc.php HTTP/1.1" 200 401 "-" "Mozilla/5.0 (Macintosh; Intel Mac OS X 10_12_6) AppleWebKit/604.3.5 (KHTML, like Gecko) Version/11.0.1 Safari/604.3.5"
66.249.68.37 - - [02/Nov/2025:00:22:08 +0545] "GET /?products/906148/ HTTP/1.1" 200 139633 "-" "Mozilla/5.0 (Linux; Android 6.0.1; Nexus 5X Build/MMB29P) AppleWebKit/537.36 (KHTML, like Gecko) Chrome/141.0.7390.122 Mobile Safari/537.36 (compatible; GoogleOther)"
13.79.87.25 - - [02/Nov/2025:00:22:06 +0545] "GET /byp.php HTTP/1.1" 200 2274 "-" "-"
13.79.87.25 - - [02/Nov/2025:00:22:15 +0545] "GET /bak.php HTTP/1.1" 200 2274 "-" "-"
66.249.68.37 - - [02/Nov/2025:00:22:39 +0545] "GET /?products/15996660/ HTTP/1.1" 200 148227 "-" "Mozilla/5.0 (Linux; Android 6.0.1; Nexus 5X Build/MMB29P) AppleWebKit/537.36 (KHTML, like Gecko) Chrome/141.0.7390.122 Mobile Safari/537.36 (compatible; GoogleOther)"
13.79.87.25 - - [02/Nov/2025:00:22:46 +0545] "GET /ws.php HTTP/1.1" 500 2431 "-" "-"
66.249.68.36 - - [02/Nov/2025:00:23:27 +0545] "GET /?products/24221759/ HTTP/1.1" 200 142071 "-" "Mozilla/5.0 (Linux; Android 6.0.1; Nexus 5X Build/MMB29P) AppleWebKit/537.36 (KHTML, like Gecko) Chrome/141.0.7390.122 Mobile Safari/537.36 (compatible; GoogleOther)"
13.79.87.25 - - [02/Nov/2025:00:23:28 +0545] "GET /.well-known/index.php HTTP/1.1" 500 2431 "-" "-"
13.79.87.25 - - [02/Nov/2025:00:23:31 +0545] "GET /wp-includes/certificates/plugins.php HTTP/1.1" 500 2431 "-" "-"
13.79.87.25 - - [02/Nov/2025:00:23:31 +0545] "GET /wp-content/themes/seotheme/mar.php HTTP/1.1" 500 2431 "-" "-"
13.79.87.25 - - [02/Nov/2025:00:23:32 +0545] "GET /wp-admin/network/plugins.php HTTP/1.1" 500 3117 "-" "-"
13.79.87.25 - - [02/Nov/2025:00:23:33 +0545] "GET /wp-admin/about.php HTTP/1.1" 500 3117 "-" "-"
13.79.87.25 - - [02/Nov/2025:00:23:34 +0545] "GET /gmo.php HTTP/1.1" 500 2431 "-" "-"
13.79.87.25 - - [02/Nov/2025:00:23:34 +0545] "GET /wp-includes/ID3/about.php HTTP/1.1" 500 2431 "-" "-"
13.79.87.25 - - [02/Nov/2025:00:23:35 +0545] "GET /css/index.php HTTP/1.1" 500 2431 "-" "-"
13.79.87.25 - - [02/Nov/2025:00:23:36 +0545] "GET /wp-admin/includes/xmrlpc.php?p= HTTP/1.1" 500 2431 "-" "-"
13.79.87.25 - - [02/Nov/2025:00:22:31 +0545] "GET /ini.php HTTP/1.1" 500 2508 "-" "-"
66.249.68.37 - - [02/Nov/2025:00:23:41 +0545] "GET /?products/5279060/ HTTP/1.1" 200 165293 "-" "Mozilla/5.0 (Linux; Android 6.0.1; Nexus 5X Build/MMB29P) AppleWebKit/537.36 (KHTML, like Gecko) Chrome/141.0.7390.122 Mobile Safari/537.36 (compatible; GoogleOther)"
13.79.87.25 - - [02/Nov/2025:00:23:37 +0545] "GET /wp-includes/SimplePie/wp-login.php HTTP/1.1" 200 2274 "-" "-"
66.249.68.36 - - [02/Nov/2025:00:24:43 +0545] "GET /?products/24750148/ HTTP/1.1" 200 156399 "-" "Mozilla/5.0 (Linux; Android 6.0.1; Nexus 5X Build/MMB29P) AppleWebKit/537.36 (KHTML, like Gecko) Chrome/141.0.7390.122 Mobile Safari/537.36 (compatible; GoogleOther)"
66.249.68.36 - - [02/Nov/2025:00:24:46 +0545] "GET /?products/15421048/ HTTP/1.1" 200 163267 "-" "Mozilla/5.0 (Linux; Android 6.0.1; Nexus 5X Build/MMB29P) AppleWebKit/537.36 (KHTML, like Gecko) Chrome/141.0.7390.122 Mobile Safari/537.36 (compatible; GoogleOther)"
5.70.56.209 - - [02/Nov/2025:00:25:41 +0545] "GET /consultants/erfolge-durch-chancen-im-playjango-casino-steigern/ HTTP/1.1" 500 2431 "https://roshanchandy.com/" "Mozilla/5.0 (Macintosh; Intel Mac OS X 12_5) AppleWebKit/537.36 (KHTML, like Gecko) Chrome/114.0.0.0 Safari/537.36 OPR/89.0.4447.51"
13.79.87.25 - - [02/Nov/2025:00:25:49 +0545] "GET /wp-includes/style-engine/about.php HTTP/1.1" 500 2431 "-" "-"
66.249.68.36 - - [02/Nov/2025:00:25:48 +0545] "GET /?products/11095504/ HTTP/1.1" 503 73720 "-" "Mozilla/5.0 (Linux; Android 6.0.1; Nexus 5X Build/MMB29P) AppleWebKit/537.36 (KHTML, like Gecko) Chrome/141.0.7390.122 Mobile Safari/537.36 (compatible; GoogleOther)"
50.62.142.177 - - [02/Nov/2025:00:25:51 +0545] "POST /xmlrpc.php HTTP/1.1" 200 - "-" "Mozilla/4.0 (compatible; MSIE 7.0; Windows NT 6.2; Win64; x64; Trident/7.0; .NET4.0E; .NET4.0C; .NET CLR 3.5.30729; .NET CLR 2.0.50727; .NET CLR 3.0.30729; InfoPath.3)"
13.79.87.25 - - [02/Nov/2025:00:23:50 +0545] "GET /wp-content/themes/about.php HTTP/1.1" 500 2508 "-" "-"
13.79.87.25 - - [02/Nov/2025:00:27:18 +0545] "GET /css/colors/blue/index.php HTTP/1.1" 500 2431 "-" "-"
13.79.87.25 - - [02/Nov/2025:00:27:21 +0545] "GET /wp-content/plugins/pwnd/as.php HTTP/1.1" 500 2431 "-" "-"
13.79.87.25 - - [02/Nov/2025:00:28:51 +0545] "GET /wp-content/radio.php HTTP/1.1" 500 2431 "-" "-"
13.79.87.25 - - [02/Nov/2025:00:28:44 +0545] "GET /wp-includes/assets/index.php HTTP/1.1" 500 2431 "-" "-"
201.46.112.136 - - [02/Nov/2025:00:23:59 +0545] "POST /xmlrpc.php HTTP/1.1" 200 - "-" "Mozilla/5.0 (Windows NT 6.1; WOW64; Trident/7.0; rv:11.0; MSN 9.0;MSN 9.1;MSN 9.6;MSN 10.0;MSN 10.2;MSN 10.5; MSNbMSNI; MSNmen-us; MSNcIA)"
66.249.68.36 - - [02/Nov/2025:00:28:56 +0545] "GET /?products/7988759/ HTTP/1.1" 200 163692 "-" "Mozilla/5.0 (Linux; Android 6.0.1; Nexus 5X Build/MMB29P) AppleWebKit/537.36 (KHTML, like Gecko) Chrome/141.0.7390.122 Mobile Safari/537.36 (compatible; GoogleOther)"
13.79.87.25 - - [02/Nov/2025:00:28:55 +0545] "GET /wp-includes/fonts/index.php?p= HTTP/1.1" 500 2431 "-" "-"
13.79.87.25 - - [02/Nov/2025:00:28:58 +0545] "GET /.well-known/gecko-litespeed.php HTTP/1.1" 500 2431 "-" "-"
13.79.87.25 - - [02/Nov/2025:00:28:59 +0545] "GET /.well-known/admin.php HTTP/1.1" 500 2431 "-" "-"
13.79.87.25 - - [02/Nov/2025:00:29:00 +0545] "GET /wp-content/admin.php HTTP/1.1" 200 2274 "-" "-"
13.79.87.25 - - [02/Nov/2025:00:24:46 +0545] "GET /wp-includes/Requests/Text/admin.php HTTP/1.1" 200 2274 "-" "-"
