177.234.138.108 - - [02/Nov/2025:01:04:42 +0545] "GET /consultants/entendendo-as-odds-no-speicasino-um-estudo-detalhado/ HTTP/1.1" 200 2274 "https://roshanchandy.com/" "Mozilla/5.0 (Windows NT 10.0; Win64; x64; rv:114.0) Gecko/20100101 Firefox/114.0"
45.3.39.202 - - [02/Nov/2025:01:04:47 +0545] "POST /consultants/wp-login.php HTTP/1.1" 302 - "https://roshanchandy.com/consultants/wp-login.php" "Mozilla/5.0 (Windows NT 10.0; Win64; x64) AppleWebKit/537.36 (KHTML, like Gecko) Chrome/115.0.0.0 Safari/537.36 Edg/115.0.1901.203"
66.249.68.37 - - [02/Nov/2025:01:04:55 +0545] "GET /?products/8349437/ HTTP/1.1" 200 146660 "-" "Mozilla/5.0 (Linux; Android 6.0.1; Nexus 5X Build/MMB29P) AppleWebKit/537.36 (KHTML, like Gecko) Chrome/141.0.7390.122 Mobile Safari/537.36 (compatible; GoogleOther)"
177.234.138.108 - - [02/Nov/2025:01:04:53 +0545] "GET /wp-login.php HTTP/1.1" 200 6570 "https://roshanchandy.com/consultants/entendendo-as-odds-no-speicasino-um-estudo-detalhado/" "Mozilla/5.0 (Windows NT 10.0; Win64; x64; rv:114.0) Gecko/20100101 Firefox/114.0"
45.3.39.202 - - [02/Nov/2025:01:04:51 +0545] "GET /consultants/wp-admin/ HTTP/1.1" 200 97979 "https://roshanchandy.com/consultants/wp-login.php" "Mozilla/5.0 (Windows NT 10.0; Win64; x64) AppleWebKit/537.36 (KHTML, like Gecko) Chrome/115.0.0.0 Safari/537.36 Edg/115.0.1901.203"
66.249.68.38 - - [02/Nov/2025:01:05:32 +0545] "GET /?products/13260826/ HTTP/1.1" 200 159711 "-" "Mozilla/5.0 (Linux; Android 6.0.1; Nexus 5X Build/MMB29P) AppleWebKit/537.36 (KHTML, like Gecko) Chrome/141.0.7390.122 Mobile Safari/537.36 (compatible; GoogleOther)"
45.3.39.202 - - [02/Nov/2025:01:05:01 +0545] "GET /consultants/wp-admin/plugin-install.php HTTP/1.1" 200 82861 "https://roshanchandy.com/consultants/wp-admin/plugin-install.php" "Mozilla/5.0 (Windows NT 10.0; Win64; x64) AppleWebKit/537.36 (KHTML, like Gecko) Chrome/115.0.0.0 Safari/537.36 Edg/115.0.1901.203"
37.60.244.188 - - [02/Nov/2025:01:05:03 +0545] "GET /consultants/a-fascinante-ciencia-das-odds-no-dicebet/ HTTP/1.1" 200 2274 "https://roshanchandy.com/" "Mozilla/5.0 (Windows NT 10.0) AppleWebKit/537.36 (KHTML, like Gecko) Chrome/114.0.0.0 Safari/537.36"
66.249.68.36 - - [02/Nov/2025:01:05:57 +0545] "GET /?products/12702760/ HTTP/1.1" 200 145830 "-" "Mozilla/5.0 (Linux; Android 6.0.1; Nexus 5X Build/MMB29P) AppleWebKit/537.36 (KHTML, like Gecko) Chrome/141.0.7390.122 Mobile Safari/537.36 (compatible; GoogleOther)"
66.249.68.37 - - [02/Nov/2025:01:06:30 +0545] "GET /?products/11725893/ HTTP/1.1" 200 145873 "-" "Mozilla/5.0 (Linux; Android 6.0.1; Nexus 5X Build/MMB29P) AppleWebKit/537.36 (KHTML, like Gecko) Chrome/141.0.7390.122 Mobile Safari/537.36 (compatible; GoogleOther)"
47.128.111.111 - - [02/Nov/2025:01:06:40 +0545] "GET /consultants/solve-your-credit-decision-challenges-with-the-power-of-predictive-analytics/ HTTP/1.1" 200 2274 "-" "Mozilla/5.0 (Linux; Android 5.0) AppleWebKit/537.36 (KHTML, like Gecko) Mobile Safari/537.36 (compatible; TikTokSpider; ttspider-feedback@tiktok.com)"
66.249.68.37 - - [02/Nov/2025:01:06:59 +0545] "GET /?products/15298926/ HTTP/1.1" 200 145220 "-" "Mozilla/5.0 (Linux; Android 6.0.1; Nexus 5X Build/MMB29P) AppleWebKit/537.36 (KHTML, like Gecko) Chrome/141.0.7390.122 Mobile Safari/537.36 (compatible; GoogleOther)"
5.182.17.121 - - [02/Nov/2025:01:07:19 +0545] "GET /wp-login.php HTTP/1.1" 200 6570 "-" "Mozilla/5.0 (Windows NT 6.2; Win64; x64) AppleWebKit/537.36 (KHTML, like Gecko) Chrome/67.0.3396.87 Safari/537.36"
5.182.17.121 - - [02/Nov/2025:01:07:23 +0545] "POST /wp-login.php HTTP/1.1" 200 6966 "https://roshanchandy.com/wp-login.php" "Mozilla/5.0 (Windows NT 6.2; Win64; x64) AppleWebKit/537.36 (KHTML, like Gecko) Chrome/67.0.3396.87 Safari/537.36"
66.249.68.36 - - [02/Nov/2025:01:07:30 +0545] "GET /?products/3628360/ HTTP/1.1" 200 143498 "-" "Mozilla/5.0 (Linux; Android 6.0.1; Nexus 5X Build/MMB29P) AppleWebKit/537.36 (KHTML, like Gecko) Chrome/141.0.7390.122 Mobile Safari/537.36 (compatible; GoogleOther)"
66.249.68.37 - - [02/Nov/2025:01:08:01 +0545] "GET /?products/22332593/ HTTP/1.1" 200 154441 "-" "Mozilla/5.0 (Linux; Android 6.0.1; Nexus 5X Build/MMB29P) AppleWebKit/537.36 (KHTML, like Gecko) Chrome/141.0.7390.122 Mobile Safari/537.36 (compatible; GoogleOther)"
66.249.68.37 - - [02/Nov/2025:01:08:32 +0545] "GET /?products/8931760/ HTTP/1.1" 200 147636 "-" "Mozilla/5.0 (Linux; Android 6.0.1; Nexus 5X Build/MMB29P) AppleWebKit/537.36 (KHTML, like Gecko) Chrome/141.0.7390.122 Mobile Safari/537.36 (compatible; GoogleOther)"
66.249.68.37 - - [02/Nov/2025:01:09:03 +0545] "GET /?products/8417048/ HTTP/1.1" 200 156807 "-" "Mozilla/5.0 (Linux; Android 6.0.1; Nexus 5X Build/MMB29P) AppleWebKit/537.36 (KHTML, like Gecko) Chrome/141.0.7390.122 Mobile Safari/537.36 (compatible; GoogleOther)"
66.249.68.36 - - [02/Nov/2025:01:09:34 +0545] "GET /?products/11861426/ HTTP/1.1" 200 137189 "-" "Mozilla/5.0 (Linux; Android 6.0.1; Nexus 5X Build/MMB29P) AppleWebKit/537.36 (KHTML, like Gecko) Chrome/141.0.7390.122 Mobile Safari/537.36 (compatible; GoogleOther)"
66.249.68.36 - - [02/Nov/2025:01:10:05 +0545] "GET /?products/15283771/ HTTP/1.1" 200 156668 "-" "Mozilla/5.0 (Linux; Android 6.0.1; Nexus 5X Build/MMB29P) AppleWebKit/537.36 (KHTML, like Gecko) Chrome/141.0.7390.122 Mobile Safari/537.36 (compatible; GoogleOther)"
82.29.210.149 - - [02/Nov/2025:01:10:34 +0545] "GET /consultants/erfolge-durch-chancen-im-playjango-casino-steigern/ HTTP/1.1" 200 2274 "https://roshanchandy.com/" "Mozilla/5.0 (X11; Linux i686) AppleWebKit/537.36 (KHTML, like Gecko) Chrome/114.0.0.0 Safari/537.36 Vivaldi/5.3.2679.68"
66.249.68.37 - - [02/Nov/2025:01:10:36 +0545] "GET /?products/8384059/ HTTP/1.1" 200 143047 "-" "Mozilla/5.0 (Linux; Android 6.0.1; Nexus 5X Build/MMB29P) AppleWebKit/537.36 (KHTML, like Gecko) Chrome/141.0.7390.122 Mobile Safari/537.36 (compatible; GoogleOther)"
82.29.210.149 - - [02/Nov/2025:01:10:38 +0545] "GET /wp-login.php HTTP/1.1" 200 6570 "https://roshanchandy.com/consultants/erfolge-durch-chancen-im-playjango-casino-steigern/" "Mozilla/5.0 (X11; Linux i686) AppleWebKit/537.36 (KHTML, like Gecko) Chrome/114.0.0.0 Safari/537.36 Vivaldi/5.3.2679.68"
66.249.68.38 - - [02/Nov/2025:01:11:07 +0545] "GET /?products/14590637/ HTTP/1.1" 200 138852 "-" "Mozilla/5.0 (Linux; Android 6.0.1; Nexus 5X Build/MMB29P) AppleWebKit/537.36 (KHTML, like Gecko) Chrome/141.0.7390.122 Mobile Safari/537.36 (compatible; GoogleOther)"
122.117.102.125 - - [02/Nov/2025:01:11:12 +0545] "POST /xmlrpc.php HTTP/1.1" 200 401 "-" "Mozilla/5.0 (Windows NT 6.3; WOW64; Trident/7.0; Touch; MAGWJS; rv:11.0) like Gecko"
66.249.68.36 - - [02/Nov/2025:01:11:38 +0545] "GET /?products/7017582/ HTTP/1.1" 200 157535 "-" "Mozilla/5.0 (Linux; Android 6.0.1; Nexus 5X Build/MMB29P) AppleWebKit/537.36 (KHTML, like Gecko) Chrome/141.0.7390.122 Mobile Safari/537.36 (compatible; GoogleOther)"
66.249.68.38 - - [02/Nov/2025:01:12:09 +0545] "GET /?products/23787104/ HTTP/1.1" 200 147844 "-" "Mozilla/5.0 (Linux; Android 6.0.1; Nexus 5X Build/MMB29P) AppleWebKit/537.36 (KHTML, like Gecko) Chrome/141.0.7390.122 Mobile Safari/537.36 (compatible; GoogleOther)"
66.249.68.37 - - [02/Nov/2025:01:12:40 +0545] "GET /?products/5046204/ HTTP/1.1" 200 154914 "-" "Mozilla/5.0 (Linux; Android 6.0.1; Nexus 5X Build/MMB29P) AppleWebKit/537.36 (KHTML, like Gecko) Chrome/141.0.7390.122 Mobile Safari/537.36 (compatible; GoogleOther)"
58.187.176.60 - - [02/Nov/2025:01:13:04 +0545] "GET /consultants/tout-savoir-sur-les-probabilites-dans-les-jeux-de-vbet-casino/ HTTP/1.1" 200 2274 "https://roshanchandy.com/" "Mozilla/5.0 (Macintosh; Intel Mac OS X 12_5) AppleWebKit/537.36 (KHTML, like Gecko) Chrome/114.0.0.0 Safari/537.36 OPR/89.0.4447.51"
58.187.176.60 - - [02/Nov/2025:01:13:07 +0545] "GET /wp-login.php HTTP/1.1" 200 6570 "https://roshanchandy.com/consultants/tout-savoir-sur-les-probabilites-dans-les-jeux-de-vbet-casino/" "Mozilla/5.0 (Macintosh; Intel Mac OS X 12_5) AppleWebKit/537.36 (KHTML, like Gecko) Chrome/114.0.0.0 Safari/537.36 OPR/89.0.4447.51"
66.249.68.36 - - [02/Nov/2025:01:13:11 +0545] "GET /?products/5716226/ HTTP/1.1" 200 143519 "-" "Mozilla/5.0 (Linux; Android 6.0.1; Nexus 5X Build/MMB29P) AppleWebKit/537.36 (KHTML, like Gecko) Chrome/141.0.7390.122 Mobile Safari/537.36 (compatible; GoogleOther)"
148.113.204.52 - - [02/Nov/2025:01:13:42 +0545] "POST /xmlrpc.php HTTP/1.1" 200 403 "-" "Mozilla/5.0 (Windows NT 10.0; Win64; x64; rv:80.0) Gecko/20100101 Firefox/80.0"
66.249.68.36 - - [02/Nov/2025:01:13:42 +0545] "GET /?products/11078948/ HTTP/1.1" 200 161331 "-" "Mozilla/5.0 (Linux; Android 6.0.1; Nexus 5X Build/MMB29P) AppleWebKit/537.36 (KHTML, like Gecko) Chrome/141.0.7390.122 Mobile Safari/537.36 (compatible; GoogleOther)"
120.29.78.35 - - [02/Nov/2025:01:13:59 +0545] "GET /consultants/explore-o-universo-do-rioplay-casino-jogos-e-chances-de-ganhar/ HTTP/1.1" 200 2274 "https://roshanchandy.com/" "Mozilla/5.0 (Macintosh; Intel Mac OS X 12.5; rv:114.0) Gecko/20100101 Firefox/114.0"
120.29.78.35 - - [02/Nov/2025:01:14:07 +0545] "GET /wp-login.php HTTP/1.1" 200 6570 "https://roshanchandy.com/consultants/explore-o-universo-do-rioplay-casino-jogos-e-chances-de-ganhar/" "Mozilla/5.0 (Windows NT 6.3; Win64; x64) AppleWebKit/537.36 (KHTML, like Gecko) Chrome/103.0.0.0 Safari/537.36"
120.29.78.35 - - [02/Nov/2025:01:14:10 +0545] "GET /wp-login.php HTTP/1.1" 200 6570 "https://roshanchandy.com/wp-login.php" "Mozilla/5.0 (Windows NT 6.3; Win64; x64) AppleWebKit/537.36 (KHTML, like Gecko) Chrome/103.0.0.0 Safari/537.36"
66.249.68.37 - - [02/Nov/2025:01:14:13 +0545] "GET /?products/9859326/ HTTP/1.1" 200 151960 "-" "Mozilla/5.0 (Linux; Android 6.0.1; Nexus 5X Build/MMB29P) AppleWebKit/537.36 (KHTML, like Gecko) Chrome/141.0.7390.122 Mobile Safari/537.36 (compatible; GoogleOther)"
66.249.68.37 - - [02/Nov/2025:01:14:44 +0545] "GET /?products/13958804/ HTTP/1.1" 200 163702 "-" "Mozilla/5.0 (Linux; Android 6.0.1; Nexus 5X Build/MMB29P) AppleWebKit/537.36 (KHTML, like Gecko) Chrome/141.0.7390.122 Mobile Safari/537.36 (compatible; GoogleOther)"
47.128.115.7 - - [02/Nov/2025:01:15:15 +0545] "GET /consultants/erfolge-durch-chancen-im-playjango-casino-steigern/ HTTP/1.1" 403 - "-" "Mozilla/5.0 (Linux; Android 5.0) AppleWebKit/537.36 (KHTML, like Gecko) Mobile Safari/537.36 (compatible; Bytespider; spider-feedback@bytedance.com)"
66.249.68.36 - - [02/Nov/2025:01:15:15 +0545] "GET /?products/12858993/ HTTP/1.1" 200 144188 "-" "Mozilla/5.0 (Linux; Android 6.0.1; Nexus 5X Build/MMB29P) AppleWebKit/537.36 (KHTML, like Gecko) Chrome/141.0.7390.122 Mobile Safari/537.36 (compatible; GoogleOther)"
114.119.155.70 - - [02/Nov/2025:01:15:42 +0545] "GET /consultants/top-10-des-casinos-francais-2025-guide-pour-une-experience-optimale HTTP/1.1" 403 - "https://roshanchandy.com/consultants/microsoft-office-365-implementation-for-abc-international/" "Mozilla/5.0 (Linux; Android 7.0;) AppleWebKit/537.36 (KHTML, like Gecko) Mobile Safari/537.36 (compatible; PetalBot;+https://webmaster.petalsearch.com/site/petalbot)"
66.249.68.37 - - [02/Nov/2025:01:15:46 +0545] "GET /?products/14083115/ HTTP/1.1" 200 164899 "-" "Mozilla/5.0 (Linux; Android 6.0.1; Nexus 5X Build/MMB29P) AppleWebKit/537.36 (KHTML, like Gecko) Chrome/141.0.7390.122 Mobile Safari/537.36 (compatible; GoogleOther)"
54.193.166.197 - - [02/Nov/2025:01:16:05 +0545] "GET / HTTP/1.1" 200 2274 "-" "Mozilla/5.0 (X11; Linux x86_64) AppleWebKit/537.36 (KHTML, like Gecko) Chrome/121.0.6167.184 Safari/537.36"
54.193.166.197 - - [02/Nov/2025:01:16:07 +0545] "GET /wp-content/plugins/under-construction-page/themes/css/common.css?v=3.99 HTTP/1.1" 200 878 "https://www.roshanchandy.com/" "Mozilla/5.0 (X11; Linux x86_64) AppleWebKit/537.36 (KHTML, like Gecko) Chrome/121.0.6167.184 Safari/537.36"
54.193.166.197 - - [02/Nov/2025:01:16:07 +0545] "GET /wp-content/plugins/under-construction-page/themes/mad_designer/style.css?v=3.99 HTTP/1.1" 200 1600 "https://www.roshanchandy.com/" "Mozilla/5.0 (X11; Linux x86_64) AppleWebKit/537.36 (KHTML, like Gecko) Chrome/121.0.6167.184 Safari/537.36"
54.193.166.197 - - [02/Nov/2025:01:16:07 +0545] "GET /wp-content/plugins/under-construction-page/themes/css/font-awesome.min.css?v=3.99 HTTP/1.1" 200 31000 "https://www.roshanchandy.com/" "Mozilla/5.0 (X11; Linux x86_64) AppleWebKit/537.36 (KHTML, like Gecko) Chrome/121.0.6167.184 Safari/537.36"
54.193.166.197 - - [02/Nov/2025:01:16:07 +0545] "GET /wp-content/plugins/under-construction-page/themes/css/bootstrap.min.css?v=3.99 HTTP/1.1" 200 121200 "https://www.roshanchandy.com/" "Mozilla/5.0 (X11; Linux x86_64) AppleWebKit/537.36 (KHTML, like Gecko) Chrome/121.0.6167.184 Safari/537.36"
54.193.166.197 - - [02/Nov/2025:01:16:07 +0545] "GET /wp-content/plugins/under-construction-page/themes/mad_designer/mad-designer.png HTTP/1.1" 200 161836 "https://www.roshanchandy.com/" "Mozilla/5.0 (X11; Linux x86_64) AppleWebKit/537.36 (KHTML, like Gecko) Chrome/121.0.6167.184 Safari/537.36"
54.193.166.197 - - [02/Nov/2025:01:16:08 +0545] "GET /wp-content/plugins/under-construction-page/themes/fonts/fontawesome-webfont.woff2?v=4.7.0 HTTP/1.1" 200 77160 "https://roshanchandy.com/wp-content/plugins/under-construction-page/themes/css/font-awesome.min.css?v=3.99" "Mozilla/5.0 (X11; Linux x86_64) AppleWebKit/537.36 (KHTML, like Gecko) Chrome/121.0.6167.184 Safari/537.36"
66.249.68.37 - - [02/Nov/2025:01:16:16 +0545] "GET /?products/20440304/ HTTP/1.1" 200 152492 "-" "Mozilla/5.0 (Linux; Android 6.0.1; Nexus 5X Build/MMB29P) AppleWebKit/537.36 (KHTML, like Gecko) Chrome/141.0.7390.122 Mobile Safari/537.36 (compatible; GoogleOther)"
66.249.68.37 - - [02/Nov/2025:01:16:47 +0545] "GET /?products/16903360/ HTTP/1.1" 200 141350 "-" "Mozilla/5.0 (Linux; Android 6.0.1; Nexus 5X Build/MMB29P) AppleWebKit/537.36 (KHTML, like Gecko) Chrome/141.0.7390.122 Mobile Safari/537.36 (compatible; GoogleOther)"
66.249.68.36 - - [02/Nov/2025:01:17:18 +0545] "GET /?products/10104637/ HTTP/1.1" 200 157459 "-" "Mozilla/5.0 (Linux; Android 6.0.1; Nexus 5X Build/MMB29P) AppleWebKit/537.36 (KHTML, like Gecko) Chrome/141.0.7390.122 Mobile Safari/537.36 (compatible; GoogleOther)"
191.96.95.3 - - [02/Nov/2025:01:17:19 +0545] "GET /consultants/entendendo-as-odds-no-speicasino-um-estudo-detalhado/ HTTP/1.1" 200 2274 "https://roshanchandy.com/" "Mozilla/5.0 (X11; Linux x86_64) AppleWebKit/537.36 (KHTML, like Gecko) Chrome/114.0.0.0 Safari/537.36 Vivaldi/5.3.2679.68"
191.96.95.3 - - [02/Nov/2025:01:17:27 +0545] "GET /wp-login.php HTTP/1.1" 200 6570 "https://roshanchandy.com/consultants/entendendo-as-odds-no-speicasino-um-estudo-detalhado/" "Mozilla/5.0 (X11; Linux x86_64) AppleWebKit/537.36 (KHTML, like Gecko) Chrome/114.0.0.0 Safari/537.36 Vivaldi/5.3.2679.68"
66.249.68.37 - - [02/Nov/2025:01:17:49 +0545] "GET /?products/4731026/ HTTP/1.1" 200 158756 "-" "Mozilla/5.0 (Linux; Android 6.0.1; Nexus 5X Build/MMB29P) AppleWebKit/537.36 (KHTML, like Gecko) Chrome/141.0.7390.122 Mobile Safari/537.36 (compatible; GoogleOther)"
66.249.68.36 - - [02/Nov/2025:01:18:20 +0545] "GET /?products/1317415/ HTTP/1.1" 200 148836 "-" "Mozilla/5.0 (Linux; Android 6.0.1; Nexus 5X Build/MMB29P) AppleWebKit/537.36 (KHTML, like Gecko) Chrome/141.0.7390.122 Mobile Safari/537.36 (compatible; GoogleOther)"
66.249.68.37 - - [02/Nov/2025:01:18:51 +0545] "GET /?products/23428126/ HTTP/1.1" 200 140970 "-" "Mozilla/5.0 (Linux; Android 6.0.1; Nexus 5X Build/MMB29P) AppleWebKit/537.36 (KHTML, like Gecko) Chrome/141.0.7390.122 Mobile Safari/537.36 (compatible; GoogleOther)"
66.249.68.38 - - [02/Nov/2025:01:19:22 +0545] "GET /?products/15598960/ HTTP/1.1" 200 142504 "-" "Mozilla/5.0 (Linux; Android 6.0.1; Nexus 5X Build/MMB29P) AppleWebKit/537.36 (KHTML, like Gecko) Chrome/141.0.7390.122 Mobile Safari/537.36 (compatible; GoogleOther)"
143.110.189.28 - - [02/Nov/2025:01:19:33 +0545] "GET /wp-login.php HTTP/1.1" 200 6570 "-" "Mozilla/5.0 (compatible, MSIE 11, Windows NT 6.3; Trident/7.0; rv:11.0) like Gecko"
143.110.189.28 - - [02/Nov/2025:01:19:38 +0545] "POST /wp-login.php HTTP/1.1" 200 6960 "https://roshanchandy.com/wp-login.php" "Mozilla/5.0 (compatible, MSIE 11, Windows NT 6.3; Trident/7.0; rv:11.0) like Gecko"
107.152.46.79 - - [02/Nov/2025:01:19:41 +0545] "GET /consultants/entendendo-as-odds-no-speicasino-um-estudo-detalhado/ HTTP/1.1" 200 2274 "https://roshanchandy.com/" "Mozilla/5.0 (Windows NT 10.0; WOW64) AppleWebKit/537.36 (KHTML, like Gecko) Chrome/114.0.0.0 Safari/537.36 Vivaldi/5.3.2679.68"
107.152.46.79 - - [02/Nov/2025:01:19:45 +0545] "GET /wp-login.php HTTP/1.1" 200 6570 "https://roshanchandy.com/consultants/entendendo-as-odds-no-speicasino-um-estudo-detalhado/" "Mozilla/5.0 (Windows NT 10.0; WOW64) AppleWebKit/537.36 (KHTML, like Gecko) Chrome/114.0.0.0 Safari/537.36 Vivaldi/5.3.2679.68"
66.249.68.36 - - [02/Nov/2025:01:19:53 +0545] "GET /?products/4906126/ HTTP/1.1" 200 138266 "-" "Mozilla/5.0 (Linux; Android 6.0.1; Nexus 5X Build/MMB29P) AppleWebKit/537.36 (KHTML, like Gecko) Chrome/141.0.7390.122 Mobile Safari/537.36 (compatible; GoogleOther)"
66.249.68.36 - - [02/Nov/2025:01:20:24 +0545] "GET /?products/9416937/ HTTP/1.1" 200 147465 "-" "Mozilla/5.0 (Linux; Android 6.0.1; Nexus 5X Build/MMB29P) AppleWebKit/537.36 (KHTML, like Gecko) Chrome/141.0.7390.122 Mobile Safari/537.36 (compatible; GoogleOther)"
66.249.68.38 - - [02/Nov/2025:01:20:55 +0545] "GET /?products/24812715/ HTTP/1.1" 200 153250 "-" "Mozilla/5.0 (Linux; Android 6.0.1; Nexus 5X Build/MMB29P) AppleWebKit/537.36 (KHTML, like Gecko) Chrome/141.0.7390.122 Mobile Safari/537.36 (compatible; GoogleOther)"
66.249.68.36 - - [02/Nov/2025:01:21:26 +0545] "GET /?products/20597960/ HTTP/1.1" 200 156054 "-" "Mozilla/5.0 (Linux; Android 6.0.1; Nexus 5X Build/MMB29P) AppleWebKit/537.36 (KHTML, like Gecko) Chrome/141.0.7390.122 Mobile Safari/537.36 (compatible; GoogleOther)"
18.202.179.180 - - [02/Nov/2025:01:21:36 +0545] "GET /consultants HTTP/1.1" 301 245 "-" "Plesk screenshot bot https://support.plesk.com/hc/en-us/articles/10301006946066"
18.202.179.180 - - [02/Nov/2025:01:21:36 +0545] "GET /consultants/ HTTP/1.1" 403 2274 "-" "Plesk screenshot bot https://support.plesk.com/hc/en-us/articles/10301006946066"
18.202.179.180 - - [02/Nov/2025:01:21:38 +0545] "GET /wp-content/plugins/under-construction-page/themes/css/bootstrap.min.css?v=3.99 HTTP/1.1" 200 121200 "https://roshanchandy.com/consultants/" "Plesk screenshot bot https://support.plesk.com/hc/en-us/articles/10301006946066"
18.202.179.180 - - [02/Nov/2025:01:21:38 +0545] "GET /wp-content/plugins/under-construction-page/themes/css/common.css?v=3.99 HTTP/1.1" 200 878 "https://roshanchandy.com/consultants/" "Plesk screenshot bot https://support.plesk.com/hc/en-us/articles/10301006946066"
18.202.179.180 - - [02/Nov/2025:01:21:38 +0545] "GET /wp-content/plugins/under-construction-page/themes/mad_designer/style.css?v=3.99 HTTP/1.1" 200 1600 "https://roshanchandy.com/consultants/" "Plesk screenshot bot https://support.plesk.com/hc/en-us/articles/10301006946066"
18.202.179.180 - - [02/Nov/2025:01:21:38 +0545] "GET /wp-content/plugins/under-construction-page/themes/css/font-awesome.min.css?v=3.99 HTTP/1.1" 200 31000 "https://roshanchandy.com/consultants/" "Plesk screenshot bot https://support.plesk.com/hc/en-us/articles/10301006946066"
18.202.179.180 - - [02/Nov/2025:01:21:38 +0545] "GET /wp-content/plugins/under-construction-page/themes/mad_designer/mad-designer.png HTTP/1.1" 200 161836 "https://roshanchandy.com/consultants/" "Plesk screenshot bot https://support.plesk.com/hc/en-us/articles/10301006946066"
18.202.179.180 - - [02/Nov/2025:01:21:38 +0545] "GET /wp-content/plugins/under-construction-page/themes/fonts/fontawesome-webfont.woff2?v=4.7.0 HTTP/1.1" 200 77160 "https://roshanchandy.com/wp-content/plugins/under-construction-page/themes/css/font-awesome.min.css?v=3.99" "Plesk screenshot bot https://support.plesk.com/hc/en-us/articles/10301006946066"
18.202.179.180 - - [02/Nov/2025:01:21:39 +0545] "GET /wp-content/plugins/under-construction-page/themes/images/favicon.png HTTP/1.1" 200 4026 "https://roshanchandy.com/consultants/" "Plesk screenshot bot https://support.plesk.com/hc/en-us/articles/10301006946066"
131.108.18.119 - - [02/Nov/2025:01:21:39 +0545] "GET /consultants/estrategias-baseadas-em-probabilidade-para-destacar-se-no-ijogo-casino/ HTTP/1.1" 200 2274 "https://roshanchandy.com/" "Mozilla/5.0 (Windows NT 10.0; Win64; x64) AppleWebKit/537.36 (KHTML, like Gecko) Chrome/114.0.0.0 Safari/537.36 OPR/89.0.4447.51"
54.155.54.174 - - [02/Nov/2025:01:21:41 +0545] "GET /fb HTTP/1.1" 301 236 "-" "Plesk screenshot bot https://support.plesk.com/hc/en-us/articles/10301006946066"
131.108.18.119 - - [02/Nov/2025:01:21:42 +0545] "GET /wp-login.php HTTP/1.1" 200 6570 "https://roshanchandy.com/wp-login.php" "Mozilla/5.0 (Windows NT 10.0; Win64; x64) AppleWebKit/537.36 (KHTML, like Gecko) Chrome/114.0.0.0 Safari/537.36 OPR/89.0.4447.51"
65.254.81.60 - - [02/Nov/2025:01:21:52 +0545] "POST /fb/wp-cron.php?doing_wp_cron=1762025811.8927500247955322265625 HTTP/1.1" 200 - "-" "WordPress/6.8.3; https://roshanchandy.com/fb"
65.254.81.60 - - [02/Nov/2025:01:21:52 +0545] "POST /fb/wp-cron.php?doing_wp_cron=1762025812.5829629898071289062500 HTTP/1.1" 200 - "-" "WordPress/6.8.3; https://roshanchandy.com/fb"
3.248.220.1 - - [02/Nov/2025:01:21:54 +0545] "GET /infignite HTTP/1.1" 301 243 "-" "Plesk screenshot bot https://support.plesk.com/hc/en-us/articles/10301006946066"
54.155.54.174 - - [02/Nov/2025:01:21:41 +0545] "GET /fb/ HTTP/1.1" 200 67102 "-" "Plesk screenshot bot https://support.plesk.com/hc/en-us/articles/10301006946066"
3.248.220.1 - - [02/Nov/2025:01:21:55 +0545] "GET /infignite/ HTTP/1.1" 503 - "-" "Plesk screenshot bot https://support.plesk.com/hc/en-us/articles/10301006946066"
3.248.220.1 - - [02/Nov/2025:01:21:56 +0545] "GET /favicon.ico HTTP/1.1" 503 - "https://roshanchandy.com/infignite/" "Plesk screenshot bot https://support.plesk.com/hc/en-us/articles/10301006946066"
66.249.68.37 - - [02/Nov/2025:01:22:59 +0545] "GET /?products/12074660/ HTTP/1.1" 200 153381 "-" "Mozilla/5.0 (Linux; Android 6.0.1; Nexus 5X Build/MMB29P) AppleWebKit/537.36 (KHTML, like Gecko) Chrome/141.0.7390.122 Mobile Safari/537.36 (compatible; GoogleOther)"
104.194.152.141 - - [02/Nov/2025:01:23:08 +0545] "GET /consultants/guide-des-probabilites-au-celsius-casino-jouez-avec-intelligence/ HTTP/1.1" 200 2274 "https://roshanchandy.com/" "Mozilla/5.0 (Windows NT 10.0; Win64; x64) AppleWebKit/537.36 (KHTML, like Gecko) Chrome/114.0.0.0 Safari/537.36 Edg/114.0.1264.71"
104.194.152.141 - - [02/Nov/2025:01:23:11 +0545] "GET /wp-login.php HTTP/1.1" 200 6570 "https://roshanchandy.com/consultants/guide-des-probabilites-au-celsius-casino-jouez-avec-intelligence/" "Mozilla/5.0 (Windows NT 10.0; Win64; x64) AppleWebKit/537.36 (KHTML, like Gecko) Chrome/114.0.0.0 Safari/537.36 Edg/114.0.1264.71"
66.249.68.36 - - [02/Nov/2025:01:23:30 +0545] "GET /?products/8329882/ HTTP/1.1" 200 161127 "-" "Mozilla/5.0 (Linux; Android 6.0.1; Nexus 5X Build/MMB29P) AppleWebKit/537.36 (KHTML, like Gecko) Chrome/141.0.7390.122 Mobile Safari/537.36 (compatible; GoogleOther)"
52.242.231.141 - - [02/Nov/2025:01:23:46 +0545] "GET /wp-login.php HTTP/1.1" 200 6570 "-" "Mozilla/5.0 (Macintosh; Intel Mac OS X 10_12_3) AppleWebKit/602.4.8 (KHTML, like Gecko) Version/10.0.3 Safari/602.4.8"
52.242.231.141 - - [02/Nov/2025:01:23:49 +0545] "POST /wp-login.php HTTP/1.1" 200 6966 "https://roshanchandy.com/wp-login.php" "Mozilla/5.0 (Macintosh; Intel Mac OS X 10_12_3) AppleWebKit/602.4.8 (KHTML, like Gecko) Version/10.0.3 Safari/602.4.8"
66.249.68.38 - - [02/Nov/2025:01:24:01 +0545] "GET /?products/20695293/ HTTP/1.1" 200 136794 "-" "Mozilla/5.0 (Linux; Android 6.0.1; Nexus 5X Build/MMB29P) AppleWebKit/537.36 (KHTML, like Gecko) Chrome/141.0.7390.122 Mobile Safari/537.36 (compatible; GoogleOther)"
66.249.68.36 - - [02/Nov/2025:01:24:32 +0545] "GET /?products/5272593/ HTTP/1.1" 200 169456 "-" "Mozilla/5.0 (Linux; Android 6.0.1; Nexus 5X Build/MMB29P) AppleWebKit/537.36 (KHTML, like Gecko) Chrome/141.0.7390.122 Mobile Safari/537.36 (compatible; GoogleOther)"
66.249.68.36 - - [02/Nov/2025:01:25:03 +0545] "GET /?products/9609371/ HTTP/1.1" 200 139184 "-" "Mozilla/5.0 (Linux; Android 6.0.1; Nexus 5X Build/MMB29P) AppleWebKit/537.36 (KHTML, like Gecko) Chrome/141.0.7390.122 Mobile Safari/537.36 (compatible; GoogleOther)"
66.249.68.36 - - [02/Nov/2025:01:25:34 +0545] "GET /?products/17407571/ HTTP/1.1" 200 150845 "-" "Mozilla/5.0 (Linux; Android 6.0.1; Nexus 5X Build/MMB29P) AppleWebKit/537.36 (KHTML, like Gecko) Chrome/141.0.7390.122 Mobile Safari/537.36 (compatible; GoogleOther)"
66.249.68.37 - - [02/Nov/2025:01:26:05 +0545] "GET /?products/6268871/ HTTP/1.1" 200 153448 "-" "Mozilla/5.0 (Linux; Android 6.0.1; Nexus 5X Build/MMB29P) AppleWebKit/537.36 (KHTML, like Gecko) Chrome/141.0.7390.122 Mobile Safari/537.36 (compatible; GoogleOther)"
66.249.68.37 - - [02/Nov/2025:01:26:36 +0545] "GET /?products/11397193/ HTTP/1.1" 200 153209 "-" "Mozilla/5.0 (Linux; Android 6.0.1; Nexus 5X Build/MMB29P) AppleWebKit/537.36 (KHTML, like Gecko) Chrome/141.0.7390.122 Mobile Safari/537.36 (compatible; GoogleOther)"
66.249.68.38 - - [02/Nov/2025:01:27:06 +0545] "GET /?products/16559937/ HTTP/1.1" 200 148431 "-" "Mozilla/5.0 (Linux; Android 6.0.1; Nexus 5X Build/MMB29P) AppleWebKit/537.36 (KHTML, like Gecko) Chrome/141.0.7390.122 Mobile Safari/537.36 (compatible; GoogleOther)"
132.148.78.150 - - [02/Nov/2025:01:27:15 +0545] "POST /xmlrpc.php HTTP/1.1" 200 401 "-" "Mozilla/5.0 (Windows NT 10.0; WOW64) AppleWebKit/537.36 (KHTML, like Gecko) Chrome/67.0.3396.62 Safari/537.36"
66.249.68.37 - - [02/Nov/2025:01:27:37 +0545] "GET /?products/12848248/ HTTP/1.1" 200 143381 "-" "Mozilla/5.0 (Linux; Android 6.0.1; Nexus 5X Build/MMB29P) AppleWebKit/537.36 (KHTML, like Gecko) Chrome/141.0.7390.122 Mobile Safari/537.36 (compatible; GoogleOther)"
66.249.68.37 - - [02/Nov/2025:01:28:08 +0545] "GET /?products/11026826/ HTTP/1.1" 200 140498 "-" "Mozilla/5.0 (Linux; Android 6.0.1; Nexus 5X Build/MMB29P) AppleWebKit/537.36 (KHTML, like Gecko) Chrome/141.0.7390.122 Mobile Safari/537.36 (compatible; GoogleOther)"
66.249.68.37 - - [02/Nov/2025:01:28:40 +0545] "GET /?products/9723937/ HTTP/1.1" 200 141576 "-" "Mozilla/5.0 (Linux; Android 6.0.1; Nexus 5X Build/MMB29P) AppleWebKit/537.36 (KHTML, like Gecko) Chrome/141.0.7390.122 Mobile Safari/537.36 (compatible; GoogleOther)"
66.249.68.38 - - [02/Nov/2025:01:29:10 +0545] "GET /?products/14157059/ HTTP/1.1" 200 154833 "-" "Mozilla/5.0 (Linux; Android 6.0.1; Nexus 5X Build/MMB29P) AppleWebKit/537.36 (KHTML, like Gecko) Chrome/141.0.7390.122 Mobile Safari/537.36 (compatible; GoogleOther)"
65.21.77.189 - - [02/Nov/2025:01:29:22 +0545] "GET /consultants/ihr-schlussel-zu-siegen-im-billy-billion-casino/ HTTP/1.1" 200 2274 "-" "Mozilla/5.0 (X11; Ubuntu; Linux i686; rv:114.0) Gecko/20100101 Firefox/114.0"
65.21.77.189 - - [02/Nov/2025:01:29:23 +0545] "GET /wp-login.php HTTP/1.1" 200 6570 "https://roshanchandy.com/consultants/ihr-schlussel-zu-siegen-im-billy-billion-casino/" "Mozilla/5.0 (X11; Ubuntu; Linux i686; rv:114.0) Gecko/20100101 Firefox/114.0"
143.105.152.110 - - [02/Nov/2025:01:29:30 +0545] "GET /consultants/wie-sie-chancen-im-trickz-casino-maximieren/ HTTP/1.1" 200 2274 "https://roshanchandy.com/" "Mozilla/5.0 (Windows NT 10.0; Win64; x64; Xbox; Xbox One) AppleWebKit/537.36 (KHTML, like Gecko) Chrome/114.0.0.0 Safari/537.36 Edge/44.18363.8131"
143.105.152.110 - - [02/Nov/2025:01:29:37 +0545] "GET /wp-login.php HTTP/1.1" 200 6570 "https://roshanchandy.com/consultants/wie-sie-chancen-im-trickz-casino-maximieren/" "Mozilla/5.0 (Windows NT 6.3; Win64; x64) AppleWebKit/537.36 (KHTML, like Gecko) Chrome/103.0.0.0 Safari/537.36"
143.105.152.110 - - [02/Nov/2025:01:29:38 +0545] "GET /wp-login.php?action=lostpassword HTTP/1.1" 200 3808 "https://roshanchandy.com/wp-login.php" "Mozilla/5.0 (Windows NT 6.3; Win64; x64) AppleWebKit/537.36 (KHTML, like Gecko) Chrome/103.0.0.0 Safari/537.36"
82.165.60.30 - - [02/Nov/2025:01:29:39 +0545] "GET /wp-login.php HTTP/1.1" 200 6570 "-" "Mozilla/5.0 (Windows NT 6.2; Win64; x64) AppleWebKit/537.36 (KHTML, like Gecko) Chrome/52.0.2743.116 Safari/537.36 Edge/15.15063"
66.249.68.37 - - [02/Nov/2025:01:29:41 +0545] "GET /?products/9786693/ HTTP/1.1" 200 141088 "-" "Mozilla/5.0 (Linux; Android 6.0.1; Nexus 5X Build/MMB29P) AppleWebKit/537.36 (KHTML, like Gecko) Chrome/141.0.7390.122 Mobile Safari/537.36 (compatible; GoogleOther)"
66.249.68.38 - - [02/Nov/2025:01:30:12 +0545] "GET /?products/18163204/ HTTP/1.1" 200 140599 "-" "Mozilla/5.0 (Linux; Android 6.0.1; Nexus 5X Build/MMB29P) AppleWebKit/537.36 (KHTML, like Gecko) Chrome/141.0.7390.122 Mobile Safari/537.36 (compatible; GoogleOther)"
104.194.132.199 - - [02/Nov/2025:01:30:15 +0545] "GET /consultants/flabet-vu-par-un-specialiste-du-casino-en-ligne/ HTTP/1.1" 200 2274 "-" "Mozilla/5.0 (X11; Linux x86_64) AppleWebKit/537.36 (KHTML, like Gecko) Chrome/114.0.0.0 Safari/537.36"
104.194.132.199 - - [02/Nov/2025:01:30:17 +0545] "GET /wp-login.php HTTP/1.1" 200 6570 "https://roshanchandy.com/consultants/flabet-vu-par-un-specialiste-du-casino-en-ligne/" "Mozilla/5.0 (X11; Linux x86_64) AppleWebKit/537.36 (KHTML, like Gecko) Chrome/114.0.0.0 Safari/537.36"
66.249.68.36 - - [02/Nov/2025:01:30:43 +0545] "GET /?products/15175937/ HTTP/1.1" 200 158926 "-" "Mozilla/5.0 (Linux; Android 6.0.1; Nexus 5X Build/MMB29P) AppleWebKit/537.36 (KHTML, like Gecko) Chrome/141.0.7390.122 Mobile Safari/537.36 (compatible; GoogleOther)"
162.241.203.167 - - [02/Nov/2025:01:31:05 +0545] "GET /wp-login.php HTTP/1.1" 200 6570 "-" "Mozilla/5.0 (Windows NT 10.0; WOW64) AppleWebKit/537.36 (KHTML, like Gecko) Chrome/65.0.3325.162 Safari/537.36"
66.249.68.38 - - [02/Nov/2025:01:31:14 +0545] "GET /?products/8968204/ HTTP/1.1" 200 138839 "-" "Mozilla/5.0 (Linux; Android 6.0.1; Nexus 5X Build/MMB29P) AppleWebKit/537.36 (KHTML, like Gecko) Chrome/141.0.7390.122 Mobile Safari/537.36 (compatible; GoogleOther)"
162.241.203.167 - - [02/Nov/2025:01:31:38 +0545] "GET /wp-login.php HTTP/1.1" 200 6570 "-" "Mozilla/5.0 (Windows NT 10.0; WOW64) AppleWebKit/537.36 (KHTML, like Gecko) Chrome/65.0.3325.162 Safari/537.36"
66.249.68.37 - - [02/Nov/2025:01:31:45 +0545] "GET /?products/6598815/ HTTP/1.1" 200 152410 "-" "Mozilla/5.0 (Linux; Android 6.0.1; Nexus 5X Build/MMB29P) AppleWebKit/537.36 (KHTML, like Gecko) Chrome/141.0.7390.122 Mobile Safari/537.36 (compatible; GoogleOther)"
162.241.203.167 - - [02/Nov/2025:01:32:04 +0545] "GET /wp-login.php HTTP/1.1" 200 6570 "-" "Mozilla/5.0 (Windows NT 10.0; WOW64) AppleWebKit/537.36 (KHTML, like Gecko) Chrome/65.0.3325.162 Safari/537.36"
66.249.68.37 - - [02/Nov/2025:01:32:16 +0545] "GET /?products/14127537/ HTTP/1.1" 200 144243 "-" "Mozilla/5.0 (Linux; Android 6.0.1; Nexus 5X Build/MMB29P) AppleWebKit/537.36 (KHTML, like Gecko) Chrome/141.0.7390.122 Mobile Safari/537.36 (compatible; GoogleOther)"
114.119.155.70 - - [02/Nov/2025:01:32:23 +0545] "GET /consultants/tools-technology-digital-impact-on-accounting HTTP/1.1" 403 - "https://roshanchandy.com/consultants/tools-technology-digital-impact-on-accounting/" "Mozilla/5.0 (Linux; Android 7.0;) AppleWebKit/537.36 (KHTML, like Gecko) Mobile Safari/537.36 (compatible; PetalBot;+https://webmaster.petalsearch.com/site/petalbot)"
66.249.68.36 - - [02/Nov/2025:01:32:47 +0545] "GET /?products/7127726/ HTTP/1.1" 200 148006 "-" "Mozilla/5.0 (Linux; Android 6.0.1; Nexus 5X Build/MMB29P) AppleWebKit/537.36 (KHTML, like Gecko) Chrome/141.0.7390.122 Mobile Safari/537.36 (compatible; GoogleOther)"
66.249.68.37 - - [02/Nov/2025:01:33:18 +0545] "GET /?products/4083304/ HTTP/1.1" 200 137690 "-" "Mozilla/5.0 (Linux; Android 6.0.1; Nexus 5X Build/MMB29P) AppleWebKit/537.36 (KHTML, like Gecko) Chrome/141.0.7390.122 Mobile Safari/537.36 (compatible; GoogleOther)"
195.154.61.169 - - [02/Nov/2025:01:33:32 +0545] "GET /consultants/lucky-31-casino-optimisez-vos-chances-grace-a-la-science-des-probabilites/ HTTP/1.1" 200 2274 "https://roshanchandy.com/" "Mozilla/5.0 (X11; Linux x86_64) AppleWebKit/537.36 (KHTML, like Gecko) Chrome/114.0.0.0 Safari/537.36 Vivaldi/5.3.2679.68"
195.154.61.169 - - [02/Nov/2025:01:33:39 +0545] "GET /wp-login.php HTTP/1.1" 200 6570 "https://roshanchandy.com/consultants/lucky-31-casino-optimisez-vos-chances-grace-a-la-science-des-probabilites/" "Mozilla/5.0 (Windows NT 6.3; Win64; x64) AppleWebKit/537.36 (KHTML, like Gecko) Chrome/103.0.0.0 Safari/537.36"
5.183.130.172 - - [02/Nov/2025:01:33:39 +0545] "GET /consultants/estrategias-baseadas-em-probabilidade-para-destacar-se-no-ijogo-casino/ HTTP/1.1" 200 2274 "https://roshanchandy.com/" "Mozilla/5.0 (X11; Linux i686; rv:114.0) Gecko/20100101 Firefox/114.0"
195.154.61.169 - - [02/Nov/2025:01:33:40 +0545] "GET /wp-login.php HTTP/1.1" 200 6570 "https://roshanchandy.com/wp-login.php" "Mozilla/5.0 (Windows NT 6.3; Win64; x64) AppleWebKit/537.36 (KHTML, like Gecko) Chrome/103.0.0.0 Safari/537.36"
5.183.130.123 - - [02/Nov/2025:01:33:46 +0545] "GET /wp-login.php HTTP/1.1" 200 6570 "https://roshanchandy.com/consultants/estrategias-baseadas-em-probabilidade-para-destacar-se-no-ijogo-casino/" "Mozilla/5.0 (Windows NT 6.3; Win64; x64) AppleWebKit/537.36 (KHTML, like Gecko) Chrome/103.0.0.0 Safari/537.36"
5.183.130.123 - - [02/Nov/2025:01:33:49 +0545] "GET /wp-login.php?action=lostpassword HTTP/1.1" 200 3808 "https://roshanchandy.com/wp-login.php" "Mozilla/5.0 (Windows NT 6.3; Win64; x64) AppleWebKit/537.36 (KHTML, like Gecko) Chrome/103.0.0.0 Safari/537.36"
66.249.68.36 - - [02/Nov/2025:01:33:49 +0545] "GET /?products/7695560/ HTTP/1.1" 200 157122 "-" "Mozilla/5.0 (Linux; Android 6.0.1; Nexus 5X Build/MMB29P) AppleWebKit/537.36 (KHTML, like Gecko) Chrome/141.0.7390.122 Mobile Safari/537.36 (compatible; GoogleOther)"
78.183.105.148 - - [02/Nov/2025:01:33:53 +0545] "GET /consultants/tout-savoir-sur-les-probabilites-dans-les-jeux-de-vbet-casino/ HTTP/1.1" 200 2274 "https://roshanchandy.com/" "Mozilla/5.0 (Windows NT 10.0; Win64; x64) AppleWebKit/537.36 (KHTML, like Gecko) Chrome/114.0.0.0 YaBrowser/22.7.0 Yowser/2.5 Safari/537.36"
78.183.105.148 - - [02/Nov/2025:01:33:54 +0545] "GET /wp-login.php HTTP/1.1" 200 6570 "https://roshanchandy.com/consultants/tout-savoir-sur-les-probabilites-dans-les-jeux-de-vbet-casino/" "Mozilla/5.0 (Windows NT 10.0; Win64; x64) AppleWebKit/537.36 (KHTML, like Gecko) Chrome/114.0.0.0 YaBrowser/22.7.0 Yowser/2.5 Safari/537.36"
66.249.68.36 - - [02/Nov/2025:01:34:20 +0545] "GET /?products/12252226/ HTTP/1.1" 200 142680 "-" "Mozilla/5.0 (Linux; Android 6.0.1; Nexus 5X Build/MMB29P) AppleWebKit/537.36 (KHTML, like Gecko) Chrome/141.0.7390.122 Mobile Safari/537.36 (compatible; GoogleOther)"
31.211.142.115 - - [02/Nov/2025:01:34:38 +0545] "GET / HTTP/1.1" 200 15 "-" "Mozilla/5.0 (Macintosh; Intel Mac OS X 10_15_7) AppleWebKit/537.36 (KHTML, like Gecko) Chrome/120.0.0.0 Safari/537.36"
66.249.68.36 - - [02/Nov/2025:01:34:51 +0545] "GET /?products/9355060/ HTTP/1.1" 200 154250 "-" "Mozilla/5.0 (Linux; Android 6.0.1; Nexus 5X Build/MMB29P) AppleWebKit/537.36 (KHTML, like Gecko) Chrome/141.0.7390.122 Mobile Safari/537.36 (compatible; GoogleOther)"
198.187.29.123 - - [02/Nov/2025:01:34:53 +0545] "POST /xmlrpc.php HTTP/1.1" 200 401 "-" "Mozilla/5.0 (Windows NT 10.0; Trident/7.0; Touch; rv:11.0) like Gecko"
115.110.127.198 - - [02/Nov/2025:01:35:11 +0545] "GET / HTTP/1.1" 200 2274 "-" "Mozilla/5.0 (Windows NT 10.0; Win64; x64) AppleWebKit/537.36 (KHTML, like Gecko) Chrome/141.0.0.0 Safari/537.36"
115.110.127.198 - - [02/Nov/2025:01:35:12 +0545] "GET /wp-content/plugins/under-construction-page/themes/css/bootstrap.min.css?v=3.99 HTTP/1.1" 200 121200 "https://roshanchandy.com/" "Mozilla/5.0 (Windows NT 10.0; Win64; x64) AppleWebKit/537.36 (KHTML, like Gecko) Chrome/141.0.0.0 Safari/537.36"
115.110.127.198 - - [02/Nov/2025:01:35:12 +0545] "GET /wp-content/plugins/under-construction-page/themes/css/font-awesome.min.css?v=3.99 HTTP/1.1" 200 31000 "https://roshanchandy.com/" "Mozilla/5.0 (Windows NT 10.0; Win64; x64) AppleWebKit/537.36 (KHTML, like Gecko) Chrome/141.0.0.0 Safari/537.36"
115.110.127.198 - - [02/Nov/2025:01:35:12 +0545] "GET /wp-content/plugins/under-construction-page/themes/css/common.css?v=3.99 HTTP/1.1" 200 878 "https://roshanchandy.com/" "Mozilla/5.0 (Windows NT 10.0; Win64; x64) AppleWebKit/537.36 (KHTML, like Gecko) Chrome/141.0.0.0 Safari/537.36"
115.110.127.198 - - [02/Nov/2025:01:35:12 +0545] "GET /wp-content/plugins/under-construction-page/themes/mad_designer/style.css?v=3.99 HTTP/1.1" 200 1600 "https://roshanchandy.com/" "Mozilla/5.0 (Windows NT 10.0; Win64; x64) AppleWebKit/537.36 (KHTML, like Gecko) Chrome/141.0.0.0 Safari/537.36"
115.110.127.198 - - [02/Nov/2025:01:35:12 +0545] "GET /wp-content/plugins/under-construction-page/themes/mad_designer/mad-designer.png HTTP/1.1" 200 161836 "https://roshanchandy.com/" "Mozilla/5.0 (Windows NT 10.0; Win64; x64) AppleWebKit/537.36 (KHTML, like Gecko) Chrome/141.0.0.0 Safari/537.36"
115.110.127.198 - - [02/Nov/2025:01:35:13 +0545] "GET /wp-content/plugins/under-construction-page/themes/fonts/fontawesome-webfont.woff2?v=4.7.0 HTTP/1.1" 200 77160 "https://roshanchandy.com/wp-content/plugins/under-construction-page/themes/css/font-awesome.min.css?v=3.99" "Mozilla/5.0 (Windows NT 10.0; Win64; x64) AppleWebKit/537.36 (KHTML, like Gecko) Chrome/141.0.0.0 Safari/537.36"
115.110.127.198 - - [02/Nov/2025:01:35:13 +0545] "GET /wp-content/plugins/under-construction-page/themes/images/favicon.png HTTP/1.1" 200 4026 "https://roshanchandy.com/" "Mozilla/5.0 (Windows NT 10.0; Win64; x64) AppleWebKit/537.36 (KHTML, like Gecko) Chrome/141.0.0.0 Safari/537.36"
66.249.68.38 - - [02/Nov/2025:01:35:22 +0545] "GET /?products/11690659/ HTTP/1.1" 200 146412 "-" "Mozilla/5.0 (Linux; Android 6.0.1; Nexus 5X Build/MMB29P) AppleWebKit/537.36 (KHTML, like Gecko) Chrome/141.0.7390.122 Mobile Safari/537.36 (compatible; GoogleOther)"
203.25.208.163 - - [02/Nov/2025:01:35:30 +0545] "POST /buildmydesign.in/wp-content/plugins/wpforms-lite/vendor_prefixed/stripe/stripe-php/lib/Service/Sigma/extrafield.php HTTP/1.1" 200 21 "-" "Mozilla/5.0 (Macintosh; Intel Mac OS X 10_15_7) AppleWebKit/537.36 (KHTML, like Gecko) Chrome/120.0.0.0 Safari/537.36"
203.25.208.163 - - [02/Nov/2025:01:35:32 +0545] "POST /buildmydesign.in/wp-content/plugins/wpforms-lite/vendor_prefixed/stripe/stripe-php/lib/Service/Sigma/extrafield.php HTTP/1.1" 200 30 "-" "Mozilla/5.0 (Macintosh; Intel Mac OS X 10_15_7) AppleWebKit/537.36 (KHTML, like Gecko) Chrome/120.0.0.0 Safari/537.36"
203.25.208.163 - - [02/Nov/2025:01:35:35 +0545] "POST /buildmydesign.in/wp-content/plugins/wpforms-lite/vendor_prefixed/stripe/stripe-php/lib/Service/Sigma/extrafield.php HTTP/1.1" 200 29 "-" "Mozilla/5.0 (Macintosh; Intel Mac OS X 10_15_7) AppleWebKit/537.36 (KHTML, like Gecko) Chrome/120.0.0.0 Safari/537.36"
203.25.208.163 - - [02/Nov/2025:01:35:41 +0545] "POST /buildmydesign.in/wp-content/plugins/wpforms-lite/vendor_prefixed/stripe/stripe-php/lib/Service/Sigma/extrafield.php HTTP/1.1" 200 - "-" "Mozilla/5.0 (Macintosh; Intel Mac OS X 10_15_7) AppleWebKit/537.36 (KHTML, like Gecko) Chrome/120.0.0.0 Safari/537.36"
171.253.185.45 - - [02/Nov/2025:01:35:45 +0545] "GET /consultants/estrategias-baseadas-em-probabilidade-para-destacar-se-no-ijogo-casino/ HTTP/1.1" 200 2274 "https://roshanchandy.com/" "Mozilla/5.0 (Windows NT 10.0; Win64; x64) AppleWebKit/537.36 (KHTML, like Gecko) Chrome/114.0.0.0 YaBrowser/22.7.0 Yowser/2.5 Safari/537.36"
171.253.185.45 - - [02/Nov/2025:01:35:46 +0545] "GET /wp-login.php HTTP/1.1" 200 6570 "https://roshanchandy.com/consultants/estrategias-baseadas-em-probabilidade-para-destacar-se-no-ijogo-casino/" "Mozilla/5.0 (Windows NT 10.0; Win64; x64) AppleWebKit/537.36 (KHTML, like Gecko) Chrome/114.0.0.0 YaBrowser/22.7.0 Yowser/2.5 Safari/537.36"
66.249.68.37 - - [02/Nov/2025:01:35:53 +0545] "GET /?products/13257682/ HTTP/1.1" 200 146553 "-" "Mozilla/5.0 (Linux; Android 6.0.1; Nexus 5X Build/MMB29P) AppleWebKit/537.36 (KHTML, like Gecko) Chrome/141.0.7390.122 Mobile Safari/537.36 (compatible; GoogleOther)"
203.25.208.163 - - [02/Nov/2025:01:35:54 +0545] "POST /buildmydesign.in/wp-content/plugins/wpforms-lite/vendor_prefixed/stripe/stripe-php/lib/Service/Sigma/extrafield.php HTTP/1.1" 200 8 "-" "Mozilla/5.0 (Macintosh; Intel Mac OS X 10_15_7) AppleWebKit/537.36 (KHTML, like Gecko) Chrome/120.0.0.0 Safari/537.36"
203.25.208.163 - - [02/Nov/2025:01:35:57 +0545] "POST /buildmydesign.in/wp-content/plugins/wpforms-lite/vendor_prefixed/stripe/stripe-php/lib/Service/Sigma/extrafield.php HTTP/1.1" 200 35 "-" "Mozilla/5.0 (Macintosh; Intel Mac OS X 10_15_7) AppleWebKit/537.36 (KHTML, like Gecko) Chrome/120.0.0.0 Safari/537.36"
138.68.0.216 - - [02/Nov/2025:01:36:01 +0545] "GET /wp-login.php HTTP/1.1" 200 6570 "-" "Mozilla/5.0 (Windows NT 6.1; Trident/7.0; yie11; rv:11.0) like Gecko"
138.68.0.216 - - [02/Nov/2025:01:36:04 +0545] "POST /wp-login.php HTTP/1.1" 200 6960 "https://roshanchandy.com/wp-login.php" "Mozilla/5.0 (Windows NT 6.1; Trident/7.0; yie11; rv:11.0) like Gecko"
115.110.127.198 - - [02/Nov/2025:01:36:23 +0545] "GET / HTTP/1.1" 200 2274 "-" "Mozilla/5.0 (Windows NT 10.0; Win64; x64) AppleWebKit/537.36 (KHTML, like Gecko) Chrome/141.0.0.0 Safari/537.36"
66.249.68.37 - - [02/Nov/2025:01:36:24 +0545] "GET /?products/7343048/ HTTP/1.1" 200 2274 "-" "Mozilla/5.0 (Linux; Android 6.0.1; Nexus 5X Build/MMB29P) AppleWebKit/537.36 (KHTML, like Gecko) Chrome/141.0.7390.122 Mobile Safari/537.36 (compatible; GoogleOther)"
66.249.68.36 - - [02/Nov/2025:01:36:29 +0545] "GET /wp-content/plugins/under-construction-page/themes/css/bootstrap.min.css?v=3.99 HTTP/1.1" 200 121200 "https://roshanchandy.com/?products/7343048/" "Mozilla/5.0 (Linux; Android 6.0.1; Nexus 5X Build/MMB29P) AppleWebKit/537.36 (KHTML, like Gecko) Chrome/141.0.7390.122 Mobile Safari/537.36 (compatible; Googlebot/2.1; +http://www.google.com/bot.html)"
117.221.53.109 - - [02/Nov/2025:01:36:32 +0545] "GET / HTTP/1.1" 200 2274 "-" "Mozilla/5.0 (Windows NT 10.0; Win64; x64) AppleWebKit/537.36 (KHTML, like Gecko) Chrome/141.0.0.0 Safari/537.36"
117.221.53.109 - - [02/Nov/2025:01:36:33 +0545] "GET /wp-content/plugins/under-construction-page/themes/css/bootstrap.min.css?v=3.99 HTTP/1.1" 200 121200 "https://roshanchandy.com/" "Mozilla/5.0 (Windows NT 10.0; Win64; x64) AppleWebKit/537.36 (KHTML, like Gecko) Chrome/141.0.0.0 Safari/537.36"
117.221.53.109 - - [02/Nov/2025:01:36:33 +0545] "GET /wp-content/plugins/under-construction-page/themes/css/common.css?v=3.99 HTTP/1.1" 200 878 "https://roshanchandy.com/" "Mozilla/5.0 (Windows NT 10.0; Win64; x64) AppleWebKit/537.36 (KHTML, like Gecko) Chrome/141.0.0.0 Safari/537.36"
117.221.53.109 - - [02/Nov/2025:01:36:33 +0545] "GET /wp-content/plugins/under-construction-page/themes/mad_designer/style.css?v=3.99 HTTP/1.1" 200 1600 "https://roshanchandy.com/" "Mozilla/5.0 (Windows NT 10.0; Win64; x64) AppleWebKit/537.36 (KHTML, like Gecko) Chrome/141.0.0.0 Safari/537.36"
117.221.53.109 - - [02/Nov/2025:01:36:33 +0545] "GET /wp-content/plugins/under-construction-page/themes/css/font-awesome.min.css?v=3.99 HTTP/1.1" 200 31000 "https://roshanchandy.com/" "Mozilla/5.0 (Windows NT 10.0; Win64; x64) AppleWebKit/537.36 (KHTML, like Gecko) Chrome/141.0.0.0 Safari/537.36"
117.221.53.109 - - [02/Nov/2025:01:36:33 +0545] "GET /wp-content/plugins/under-construction-page/themes/mad_designer/mad-designer.png HTTP/1.1" 200 161836 "https://roshanchandy.com/" "Mozilla/5.0 (Windows NT 10.0; Win64; x64) AppleWebKit/537.36 (KHTML, like Gecko) Chrome/141.0.0.0 Safari/537.36"
117.221.53.109 - - [02/Nov/2025:01:36:33 +0545] "GET /wp-content/plugins/under-construction-page/themes/fonts/fontawesome-webfont.woff2?v=4.7.0 HTTP/1.1" 200 77160 "https://roshanchandy.com/wp-content/plugins/under-construction-page/themes/css/font-awesome.min.css?v=3.99" "Mozilla/5.0 (Windows NT 10.0; Win64; x64) AppleWebKit/537.36 (KHTML, like Gecko) Chrome/141.0.0.0 Safari/537.36"
117.221.53.109 - - [02/Nov/2025:01:36:33 +0545] "GET /wp-content/plugins/under-construction-page/themes/images/favicon.png HTTP/1.1" 200 4026 "https://roshanchandy.com/" "Mozilla/5.0 (Windows NT 10.0; Win64; x64) AppleWebKit/537.36 (KHTML, like Gecko) Chrome/141.0.0.0 Safari/537.36"
203.25.208.163 - - [02/Nov/2025:01:35:59 +0545] "POST /buildmydesign.in/wp-content/plugins/wpforms-lite/vendor_prefixed/stripe/stripe-php/lib/Service/Sigma/extrafield.php HTTP/1.1" 200 875646 "-" "Mozilla/5.0 (Macintosh; Intel Mac OS X 10_15_7) AppleWebKit/537.36 (KHTML, like Gecko) Chrome/120.0.0.0 Safari/537.36"
66.249.68.36 - - [02/Nov/2025:01:36:55 +0545] "GET /?products/11249071/ HTTP/1.1" 200 2274 "-" "Mozilla/5.0 (Linux; Android 6.0.1; Nexus 5X Build/MMB29P) AppleWebKit/537.36 (KHTML, like Gecko) Chrome/141.0.7390.122 Mobile Safari/537.36 (compatible; GoogleOther)"
103.42.58.162 - - [02/Nov/2025:01:36:57 +0545] "GET /wp-login.php HTTP/1.1" 200 6570 "-" "Mozilla/5.0 (Windows NT 6.1; WOW64; Trident/7.0; MDDRJS; rv:11.0) like Gecko"
103.42.58.162 - - [02/Nov/2025:01:36:58 +0545] "POST /wp-login.php HTTP/1.1" 200 6966 "https://roshanchandy.com/wp-login.php" "Mozilla/5.0 (Windows NT 6.1; WOW64; Trident/7.0; MDDRJS; rv:11.0) like Gecko"
43.138.216.160 - - [02/Nov/2025:01:37:05 +0545] "GET / HTTP/1.1" 200 15 "-" "Mozilla/5.0 (Macintosh; Intel Mac OS X 10_15_7) AppleWebKit/537.36 (KHTML, like Gecko) Chrome/120.0.0.0 Safari/537.36"
46.8.22.225 - - [02/Nov/2025:01:37:20 +0545] "GET /consultants/gamdom-casino-decouvrez-un-univers-ou-les-probabilites-guident-vos-gains/ HTTP/1.1" 200 2274 "https://roshanchandy.com/" "Mozilla/5.0 (Windows NT 10.0; Win64; x64) AppleWebKit/537.36 (KHTML, like Gecko) Chrome/114.0.0.0 Safari/537.36"
66.249.68.38 - - [02/Nov/2025:01:37:26 +0545] "GET /?products/10234948/ HTTP/1.1" 200 2274 "-" "Mozilla/5.0 (Linux; Android 6.0.1; Nexus 5X Build/MMB29P) AppleWebKit/537.36 (KHTML, like Gecko) Chrome/141.0.7390.122 Mobile Safari/537.36 (compatible; GoogleOther)"
46.8.22.225 - - [02/Nov/2025:01:37:28 +0545] "GET /wp-login.php HTTP/1.1" 200 6570 "https://roshanchandy.com/consultants/gamdom-casino-decouvrez-un-univers-ou-les-probabilites-guident-vos-gains/" "Mozilla/5.0 (Windows NT 6.3; Win64; x64) AppleWebKit/537.36 (KHTML, like Gecko) Chrome/103.0.0.0 Safari/537.36"
46.8.22.225 - - [02/Nov/2025:01:37:29 +0545] "GET /wp-login.php?action=lostpassword HTTP/1.1" 200 3808 "https://roshanchandy.com/wp-login.php" "Mozilla/5.0 (Windows NT 6.3; Win64; x64) AppleWebKit/537.36 (KHTML, like Gecko) Chrome/103.0.0.0 Safari/537.36"
43.138.216.160 - - [02/Nov/2025:01:37:08 +0545] "POST / HTTP/1.1" 200 1743150 "-" "Mozilla/5.0 (Macintosh; Intel Mac OS X 10_15_7) AppleWebKit/537.36 (KHTML, like Gecko) Chrome/120.0.0.0 Safari/537.36"
116.98.50.140 - - [02/Nov/2025:01:37:48 +0545] "POST /consultants/wp-content/plugins/post-carousel/admin/views/sp-framework/fields/button_set/button.set.php HTTP/1.1" 200 30 "-" "Mozilla/5.0 (Macintosh; Intel Mac OS X 10_15_7) AppleWebKit/537.36 (KHTML, like Gecko) Chrome/120.0.0.0 Safari/537.36"
66.249.68.37 - - [02/Nov/2025:01:37:57 +0545] "GET /?products/10436337/ HTTP/1.1" 200 2274 "-" "Mozilla/5.0 (Linux; Android 6.0.1; Nexus 5X Build/MMB29P) AppleWebKit/537.36 (KHTML, like Gecko) Chrome/141.0.7390.122 Mobile Safari/537.36 (compatible; GoogleOther)"
66.249.68.37 - - [02/Nov/2025:01:38:28 +0545] "GET /?products/11626860/ HTTP/1.1" 200 2274 "-" "Mozilla/5.0 (Linux; Android 6.0.1; Nexus 5X Build/MMB29P) AppleWebKit/537.36 (KHTML, like Gecko) Chrome/141.0.7390.122 Mobile Safari/537.36 (compatible; GoogleOther)"
66.249.68.37 - - [02/Nov/2025:01:38:58 +0545] "GET /?products/1213548/ HTTP/1.1" 200 2274 "-" "Mozilla/5.0 (Linux; Android 6.0.1; Nexus 5X Build/MMB29P) AppleWebKit/537.36 (KHTML, like Gecko) Chrome/141.0.7390.122 Mobile Safari/537.36 (compatible; GoogleOther)"
223.25.109.114 - - [02/Nov/2025:01:39:27 +0545] "POST /consultants/wp-content/plugins/backup_1759926567/4O4.php HTTP/1.1" 200 44 "-" "Mozilla/5.0 (Macintosh; Intel Mac OS X 10_15_7) AppleWebKit/537.36 (KHTML, like Gecko) Chrome/120.0.0.0 Safari/537.36"
66.249.68.37 - - [02/Nov/2025:01:39:29 +0545] "GET /?products/9887459/ HTTP/1.1" 200 2274 "-" "Mozilla/5.0 (Linux; Android 6.0.1; Nexus 5X Build/MMB29P) AppleWebKit/537.36 (KHTML, like Gecko) Chrome/141.0.7390.122 Mobile Safari/537.36 (compatible; GoogleOther)"
35.75.178.65 - - [02/Nov/2025:01:39:35 +0545] "POST /xmlrpc.php HTTP/1.1" 200 401 "-" "Mozilla/5.0 (Windows NT 6.1) AppleWebKit/537.36 (KHTML, like Gecko) Chrome/63.0.3239.132 Safari/537.36 OPR/50.0.2762.67"
223.25.109.114 - - [02/Nov/2025:01:39:33 +0545] "POST /consultants/wp-content/plugins/backup_1759926567/4O4.php HTTP/1.1" 200 2517565 "-" "Mozilla/5.0 (Macintosh; Intel Mac OS X 10_15_7) AppleWebKit/537.36 (KHTML, like Gecko) Chrome/120.0.0.0 Safari/537.36"
223.25.109.114 - - [02/Nov/2025:01:39:49 +0545] "POST /consultants/wp-content/plugins/backup_1759926567/4O4.php HTTP/1.1" 200 46 "-" "Mozilla/5.0 (Macintosh; Intel Mac OS X 10_15_7) AppleWebKit/537.36 (KHTML, like Gecko) Chrome/120.0.0.0 Safari/537.36"
223.25.109.114 - - [02/Nov/2025:01:39:52 +0545] "POST /consultants/wp-content/plugins/backup_1759926567/4O4.php HTTP/1.1" 200 35 "-" "Mozilla/5.0 (Macintosh; Intel Mac OS X 10_15_7) AppleWebKit/537.36 (KHTML, like Gecko) Chrome/120.0.0.0 Safari/537.36"
223.25.109.114 - - [02/Nov/2025:01:39:54 +0545] "POST /consultants/wp-content/plugins/backup_1759926567/4O4.php HTTP/1.1" 200 43 "-" "Mozilla/5.0 (Macintosh; Intel Mac OS X 10_15_7) AppleWebKit/537.36 (KHTML, like Gecko) Chrome/120.0.0.0 Safari/537.36"
66.249.68.38 - - [02/Nov/2025:01:40:01 +0545] "GET /?products/9561259/ HTTP/1.1" 200 2274 "-" "Mozilla/5.0 (Linux; Android 6.0.1; Nexus 5X Build/MMB29P) AppleWebKit/537.36 (KHTML, like Gecko) Chrome/141.0.7390.122 Mobile Safari/537.36 (compatible; GoogleOther)"
