54.216.154.138 - - [02/Nov/2025:02:22:54 +0545] "GET /landpress/wp-content/plugins/elementor/assets/css/conditionals/e-swiper.min.css?ver=3.31.0 HTTP/1.1" 200 5486 "https://roshanchandy.com/landpress/" "Plesk screenshot bot https://support.plesk.com/hc/en-us/articles/10301006946066"
54.216.154.138 - - [02/Nov/2025:02:22:54 +0545] "GET /landpress/wp-content/plugins/elementor/assets/lib/swiper/v8/css/swiper.min.css?ver=8.4.5 HTTP/1.1" 200 16471 "https://roshanchandy.com/landpress/" "Plesk screenshot bot https://support.plesk.com/hc/en-us/articles/10301006946066"
54.216.154.138 - - [02/Nov/2025:02:22:54 +0545] "GET /landpress/wp-content/plugins/elementor/assets/css/widget-image-carousel.min.css?ver=3.31.0 HTTP/1.1" 200 382 "https://roshanchandy.com/landpress/" "Plesk screenshot bot https://support.plesk.com/hc/en-us/articles/10301006946066"
54.216.154.138 - - [02/Nov/2025:02:22:54 +0545] "GET /landpress/wp-content/plugins/elementor/assets/css/widget-image.min.css?ver=3.31.0 HTTP/1.1" 200 254 "https://roshanchandy.com/landpress/" "Plesk screenshot bot https://support.plesk.com/hc/en-us/articles/10301006946066"
54.216.154.138 - - [02/Nov/2025:02:22:54 +0545] "GET /landpress/wp-content/plugins/elementor/assets/lib/animations/styles/fadeInUp.min.css?ver=3.31.0 HTTP/1.1" 200 130 "https://roshanchandy.com/landpress/" "Plesk screenshot bot https://support.plesk.com/hc/en-us/articles/10301006946066"
54.216.154.138 - - [02/Nov/2025:02:22:54 +0545] "GET /landpress/wp-content/plugins/elementor/assets/lib/animations/styles/fadeIn.min.css?ver=3.31.0 HTTP/1.1" 200 77 "https://roshanchandy.com/landpress/" "Plesk screenshot bot https://support.plesk.com/hc/en-us/articles/10301006946066"
54.216.154.138 - - [02/Nov/2025:02:22:54 +0545] "GET /landpress/wp-content/plugins/elementor/assets/css/widget-icon-box.min.css?ver=3.31.0 HTTP/1.1" 200 4935 "https://roshanchandy.com/landpress/" "Plesk screenshot bot https://support.plesk.com/hc/en-us/articles/10301006946066"
54.216.154.138 - - [02/Nov/2025:02:22:54 +0545] "GET /landpress/wp-content/plugins/elementor/assets/lib/animations/styles/e-animation-pulse.min.css?ver=3.31.0 HTTP/1.1" 200 318 "https://roshanchandy.com/landpress/" "Plesk screenshot bot https://support.plesk.com/hc/en-us/articles/10301006946066"
54.216.154.138 - - [02/Nov/2025:02:22:54 +0545] "GET /landpress/wp-content/plugins/woocommerce/assets/css/woocommerce-layout.css?ver=10.0.4 HTTP/1.1" 200 19727 "https://roshanchandy.com/landpress/" "Plesk screenshot bot https://support.plesk.com/hc/en-us/articles/10301006946066"
54.216.154.138 - - [02/Nov/2025:02:22:54 +0545] "GET /landpress/wp-content/plugins/woocommerce/assets/css/brands.css?ver=10.0.4 HTTP/1.1" 200 2279 "https://roshanchandy.com/landpress/" "Plesk screenshot bot https://support.plesk.com/hc/en-us/articles/10301006946066"
54.216.154.138 - - [02/Nov/2025:02:22:54 +0545] "GET /landpress/wp-content/themes/landpress/assets/css/variables.css?ver=1.5 HTTP/1.1" 200 2658 "https://roshanchandy.com/landpress/" "Plesk screenshot bot https://support.plesk.com/hc/en-us/articles/10301006946066"
54.216.154.138 - - [02/Nov/2025:02:22:54 +0545] "GET /landpress/wp-content/uploads/elementor/css/post-24211.css?ver=1754403065 HTTP/1.1" 200 99883 "https://roshanchandy.com/landpress/" "Plesk screenshot bot https://support.plesk.com/hc/en-us/articles/10301006946066"
54.216.154.138 - - [02/Nov/2025:02:22:54 +0545] "GET /landpress/wp-content/themes/landpress/assets/css/global.css?ver=1.5 HTTP/1.1" 200 72619 "https://roshanchandy.com/landpress/" "Plesk screenshot bot https://support.plesk.com/hc/en-us/articles/10301006946066"
54.216.154.138 - - [02/Nov/2025:02:22:54 +0545] "GET /landpress/wp-content/themes/landpress/assets/css/theme.css?ver=1.5 HTTP/1.1" 200 2840 "https://roshanchandy.com/landpress/" "Plesk screenshot bot https://support.plesk.com/hc/en-us/articles/10301006946066"
54.216.154.138 - - [02/Nov/2025:02:22:54 +0545] "GET /landpress/wp-content/plugins/woocommerce/assets/css/woocommerce.css?ver=10.0.4 HTTP/1.1" 200 85792 "https://roshanchandy.com/landpress/" "Plesk screenshot bot https://support.plesk.com/hc/en-us/articles/10301006946066"
54.216.154.138 - - [02/Nov/2025:02:22:54 +0545] "GET /landpress/wp-content/plugins/elementskit-lite/widgets/init/assets/css/responsive.css?ver=3.6.0 HTTP/1.1" 200 30347 "https://roshanchandy.com/landpress/" "Plesk screenshot bot https://support.plesk.com/hc/en-us/articles/10301006946066"
54.216.154.138 - - [02/Nov/2025:02:22:54 +0545] "GET /landpress/wp-content/plugins/elementskit/widgets/init/assets/css/widget-styles-pro.css?ver=3.9.1 HTTP/1.1" 200 428330 "https://roshanchandy.com/landpress/" "Plesk screenshot bot https://support.plesk.com/hc/en-us/articles/10301006946066"
54.216.154.138 - - [02/Nov/2025:02:22:55 +0545] "GET /landpress/wp-content/plugins/keydesign-framework/assets/css/keydesign-framework.css?ver=2.0 HTTP/1.1" 200 187061 "https://roshanchandy.com/landpress/" "Plesk screenshot bot https://support.plesk.com/hc/en-us/articles/10301006946066"
54.216.154.138 - - [02/Nov/2025:02:22:55 +0545] "GET /landpress/wp-content/plugins/keydesign-framework/assets/css/keydesign-woocommerce.css?ver=2.0 HTTP/1.1" 200 55212 "https://roshanchandy.com/landpress/" "Plesk screenshot bot https://support.plesk.com/hc/en-us/articles/10301006946066"
54.216.154.138 - - [02/Nov/2025:02:22:55 +0545] "GET /landpress/wp-content/uploads/elementor/google-fonts/css/figtree.css?ver=1754061468 HTTP/1.1" 200 13167 "https://roshanchandy.com/landpress/" "Plesk screenshot bot https://support.plesk.com/hc/en-us/articles/10301006946066"
54.216.154.138 - - [02/Nov/2025:02:22:55 +0545] "GET /landpress/wp-content/plugins/elementskit-lite/modules/elementskit-icon-pack/assets/css/ekiticons.css?ver=3.6.0 HTTP/1.1" 200 124992 "https://roshanchandy.com/landpress/" "Plesk screenshot bot https://support.plesk.com/hc/en-us/articles/10301006946066"
54.216.154.138 - - [02/Nov/2025:02:22:55 +0545] "GET /landpress/wp-content/plugins/elementor/assets/lib/font-awesome/css/fontawesome.min.css?ver=5.15.3 HTTP/1.1" 200 58071 "https://roshanchandy.com/landpress/" "Plesk screenshot bot https://support.plesk.com/hc/en-us/articles/10301006946066"
54.216.154.138 - - [02/Nov/2025:02:22:54 +0545] "GET /landpress/wp-content/plugins/elementskit-lite/widgets/init/assets/css/widget-styles.css?ver=3.6.0 HTTP/1.1" 200 461946 "https://roshanchandy.com/landpress/" "Plesk screenshot bot https://support.plesk.com/hc/en-us/articles/10301006946066"
54.216.154.138 - - [02/Nov/2025:02:22:55 +0545] "GET /landpress/wp-content/plugins/elementor/assets/lib/font-awesome/css/solid.min.css?ver=5.15.3 HTTP/1.1" 200 669 "https://roshanchandy.com/landpress/" "Plesk screenshot bot https://support.plesk.com/hc/en-us/articles/10301006946066"
54.216.154.138 - - [02/Nov/2025:02:22:55 +0545] "GET /landpress/wp-includes/js/jquery/jquery.min.js?ver=3.7.1 HTTP/1.1" 200 87553 "https://roshanchandy.com/landpress/" "Plesk screenshot bot https://support.plesk.com/hc/en-us/articles/10301006946066"
54.216.154.138 - - [02/Nov/2025:02:22:55 +0545] "GET /landpress/wp-includes/js/jquery/jquery-migrate.min.js?ver=3.4.1 HTTP/1.1" 200 13577 "https://roshanchandy.com/landpress/" "Plesk screenshot bot https://support.plesk.com/hc/en-us/articles/10301006946066"
54.216.154.138 - - [02/Nov/2025:02:22:55 +0545] "GET /landpress/wp-content/plugins/keydesign-framework/assets/js/back-to-top.js?ver=2.0 HTTP/1.1" 200 3612 "https://roshanchandy.com/landpress/" "Plesk screenshot bot https://support.plesk.com/hc/en-us/articles/10301006946066"
54.216.154.138 - - [02/Nov/2025:02:22:55 +0545] "GET /landpress/wp-content/uploads/2024/03/landpress-freelancer-4.jpg HTTP/1.1" 200 58958 "https://roshanchandy.com/landpress/" "Plesk screenshot bot https://support.plesk.com/hc/en-us/articles/10301006946066"
54.216.154.138 - - [02/Nov/2025:02:22:55 +0545] "GET /landpress/wp-content/uploads/2024/03/landpress-freelancer-3.jpg HTTP/1.1" 200 57518 "https://roshanchandy.com/landpress/" "Plesk screenshot bot https://support.plesk.com/hc/en-us/articles/10301006946066"
54.216.154.138 - - [02/Nov/2025:02:22:55 +0545] "GET /landpress/wp-content/uploads/2024/02/sierra-marketing-shape-2.svg HTTP/1.1" 200 534 "https://roshanchandy.com/landpress/" "Plesk screenshot bot https://support.plesk.com/hc/en-us/articles/10301006946066"
54.216.154.138 - - [02/Nov/2025:02:22:55 +0545] "GET /landpress/wp-content/uploads/elementor/css/post-24210.css?ver=1754403065 HTTP/1.1" 200 1310 "https://roshanchandy.com/landpress/" "Plesk screenshot bot https://support.plesk.com/hc/en-us/articles/10301006946066"
54.216.154.138 - - [02/Nov/2025:02:22:55 +0545] "GET /landpress/wp-content/plugins/elementor/assets/css/widget-icon-list.min.css?ver=3.31.0 HTTP/1.1" 200 10470 "https://roshanchandy.com/landpress/" "Plesk screenshot bot https://support.plesk.com/hc/en-us/articles/10301006946066"
54.216.154.138 - - [02/Nov/2025:02:22:55 +0545] "GET /landpress/wp-content/plugins/elementor/assets/css/widget-heading.min.css?ver=3.31.0 HTTP/1.1" 200 600 "https://roshanchandy.com/landpress/" "Plesk screenshot bot https://support.plesk.com/hc/en-us/articles/10301006946066"
54.216.154.138 - - [02/Nov/2025:02:22:55 +0545] "GET /landpress/wp-content/plugins/woocommerce/assets/client/blocks/wc-blocks.css?ver=wc-10.0.4 HTTP/1.1" 200 13882 "https://roshanchandy.com/landpress/" "Plesk screenshot bot https://support.plesk.com/hc/en-us/articles/10301006946066"
54.216.154.138 - - [02/Nov/2025:02:22:55 +0545] "GET /landpress/wp-content/uploads/elementor/google-fonts/fonts/figtree-xms-huzqdcfdgfmm4s9dq.woff2 HTTP/1.1" 200 20156 "https://roshanchandy.com/landpress/wp-content/uploads/elementor/google-fonts/css/figtree.css?ver=1754061468" "Plesk screenshot bot https://support.plesk.com/hc/en-us/articles/10301006946066"
54.216.154.138 - - [02/Nov/2025:02:22:55 +0545] "GET /landpress/wp-content/plugins/elementskit-lite/modules/elementskit-icon-pack/assets/fonts/elementskit.woff?y24e1e HTTP/1.1" 200 459560 "https://roshanchandy.com/landpress/wp-content/plugins/elementskit-lite/modules/elementskit-icon-pack/assets/css/ekiticons.css?ver=3.6.0" "Plesk screenshot bot https://support.plesk.com/hc/en-us/articles/10301006946066"
54.216.154.138 - - [02/Nov/2025:02:22:55 +0545] "GET /landpress/wp-content/uploads/2024/02/landpress-dark.svg HTTP/1.1" 200 9380 "https://roshanchandy.com/landpress/" "Plesk screenshot bot https://support.plesk.com/hc/en-us/articles/10301006946066"
54.216.154.138 - - [02/Nov/2025:02:22:55 +0545] "GET /landpress/wp-content/plugins/elementor/assets/css/widget-divider.min.css?ver=3.31.0 HTTP/1.1" 200 4298 "https://roshanchandy.com/landpress/" "Plesk screenshot bot https://support.plesk.com/hc/en-us/articles/10301006946066"
54.216.154.138 - - [02/Nov/2025:02:22:55 +0545] "GET /landpress/wp-content/plugins/elementor/assets/lib/font-awesome/webfonts/fa-solid-900.woff2 HTTP/1.1" 200 78196 "https://roshanchandy.com/landpress/wp-content/plugins/elementor/assets/lib/font-awesome/css/solid.min.css?ver=5.15.3" "Plesk screenshot bot https://support.plesk.com/hc/en-us/articles/10301006946066"
54.216.154.138 - - [02/Nov/2025:02:22:55 +0545] "GET /landpress/wp-includes/js/dist/hooks.min.js?ver=4d63a3d491d11ffd8ac6 HTTP/1.1" 200 4776 "https://roshanchandy.com/landpress/" "Plesk screenshot bot https://support.plesk.com/hc/en-us/articles/10301006946066"
54.216.154.138 - - [02/Nov/2025:02:22:55 +0545] "GET /landpress/wp-includes/js/dist/i18n.min.js?ver=5e580eb46a90c2b997e6 HTTP/1.1" 200 9141 "https://roshanchandy.com/landpress/" "Plesk screenshot bot https://support.plesk.com/hc/en-us/articles/10301006946066"
54.216.154.138 - - [02/Nov/2025:02:22:55 +0545] "GET /landpress/wp-content/plugins/contact-form-7/includes/swv/js/index.js?ver=6.1.1 HTTP/1.1" 200 12512 "https://roshanchandy.com/landpress/" "Plesk screenshot bot https://support.plesk.com/hc/en-us/articles/10301006946066"
54.216.154.138 - - [02/Nov/2025:02:22:55 +0545] "GET /landpress/wp-content/plugins/contact-form-7/includes/js/index.js?ver=6.1.1 HTTP/1.1" 200 13452 "https://roshanchandy.com/landpress/" "Plesk screenshot bot https://support.plesk.com/hc/en-us/articles/10301006946066"
54.216.154.138 - - [02/Nov/2025:02:22:55 +0545] "GET /landpress/wp-content/plugins/elementskit/modules/parallax/assets/js/anime.js?ver=3.9.1 HTTP/1.1" 200 17635 "https://roshanchandy.com/landpress/" "Plesk screenshot bot https://support.plesk.com/hc/en-us/articles/10301006946066"
54.216.154.138 - - [02/Nov/2025:02:22:55 +0545] "GET /landpress/wp-content/plugins/elementor/assets/lib/swiper/v8/swiper.min.js?ver=8.4.5 HTTP/1.1" 200 143709 "https://roshanchandy.com/landpress/" "Plesk screenshot bot https://support.plesk.com/hc/en-us/articles/10301006946066"
54.216.154.138 - - [02/Nov/2025:02:22:56 +0545] "GET /landpress/wp-content/plugins/elementskit/modules/parallax/assets/js/parallax-frontend.js?ver=3.9.1 HTTP/1.1" 200 83416 "https://roshanchandy.com/landpress/" "Plesk screenshot bot https://support.plesk.com/hc/en-us/articles/10301006946066"
54.216.154.138 - - [02/Nov/2025:02:22:56 +0545] "GET /landpress/wp-content/plugins/elementor/assets/js/webpack.runtime.min.js?ver=3.31.0 HTTP/1.1" 200 5707 "https://roshanchandy.com/landpress/" "Plesk screenshot bot https://support.plesk.com/hc/en-us/articles/10301006946066"
54.216.154.138 - - [02/Nov/2025:02:22:56 +0545] "GET /landpress/wp-content/plugins/elementor/assets/js/frontend-modules.min.js?ver=3.31.0 HTTP/1.1" 200 49432 "https://roshanchandy.com/landpress/" "Plesk screenshot bot https://support.plesk.com/hc/en-us/articles/10301006946066"
54.216.154.138 - - [02/Nov/2025:02:22:56 +0545] "GET /landpress/wp-includes/js/jquery/ui/core.min.js?ver=1.13.3 HTTP/1.1" 200 21464 "https://roshanchandy.com/landpress/" "Plesk screenshot bot https://support.plesk.com/hc/en-us/articles/10301006946066"
54.216.154.138 - - [02/Nov/2025:02:22:56 +0545] "GET /landpress/wp-content/plugins/elementor/assets/js/frontend.min.js?ver=3.31.0 HTTP/1.1" 200 32879 "https://roshanchandy.com/landpress/" "Plesk screenshot bot https://support.plesk.com/hc/en-us/articles/10301006946066"
54.216.154.138 - - [02/Nov/2025:02:22:56 +0545] "GET /landpress/wp-content/plugins/elementskit/modules/parallax/assets/js/parallax-admin.js?ver=3.9.1 HTTP/1.1" 200 8620 "https://roshanchandy.com/landpress/" "Plesk screenshot bot https://support.plesk.com/hc/en-us/articles/10301006946066"
54.216.154.138 - - [02/Nov/2025:02:22:56 +0545] "GET /landpress/wp-includes/js/imagesloaded.min.js?ver=5.0.0 HTTP/1.1" 200 5520 "https://roshanchandy.com/landpress/" "Plesk screenshot bot https://support.plesk.com/hc/en-us/articles/10301006946066"
54.216.154.138 - - [02/Nov/2025:02:22:56 +0545] "GET /landpress/wp-content/themes/landpress/assets/js/front-end.js?ver=1.5 HTTP/1.1" 200 23113 "https://roshanchandy.com/landpress/" "Plesk screenshot bot https://support.plesk.com/hc/en-us/articles/10301006946066"
54.216.154.138 - - [02/Nov/2025:02:22:56 +0545] "GET /landpress/wp-content/plugins/elementskit-lite/libs/framework/assets/js/frontend-script.js?ver=3.6.0 HTTP/1.1" 200 40 "https://roshanchandy.com/landpress/" "Plesk screenshot bot https://support.plesk.com/hc/en-us/articles/10301006946066"
54.216.154.138 - - [02/Nov/2025:02:22:56 +0545] "GET /landpress/wp-content/plugins/elementskit-lite/widgets/init/assets/js/widget-scripts.js?ver=3.6.0 HTTP/1.1" 200 137522 "https://roshanchandy.com/landpress/" "Plesk screenshot bot https://support.plesk.com/hc/en-us/articles/10301006946066"
54.216.154.138 - - [02/Nov/2025:02:22:56 +0545] "GET /landpress/wp-content/plugins/woocommerce/assets/js/sourcebuster/sourcebuster.min.js?ver=10.0.4 HTTP/1.1" 200 15315 "https://roshanchandy.com/landpress/" "Plesk screenshot bot https://support.plesk.com/hc/en-us/articles/10301006946066"
54.216.154.138 - - [02/Nov/2025:02:22:56 +0545] "GET /landpress/wp-content/plugins/elementskit-lite/widgets/init/assets/js/animate-circle.min.js?ver=3.6.0 HTTP/1.1" 200 681 "https://roshanchandy.com/landpress/" "Plesk screenshot bot https://support.plesk.com/hc/en-us/articles/10301006946066"
54.216.154.138 - - [02/Nov/2025:02:22:56 +0545] "GET /landpress/wp-content/plugins/keydesign-framework/assets/js/keydesign-framework.js?ver=2.0 HTTP/1.1" 200 4627 "https://roshanchandy.com/landpress/" "Plesk screenshot bot https://support.plesk.com/hc/en-us/articles/10301006946066"
54.216.154.138 - - [02/Nov/2025:02:22:56 +0545] "GET /landpress/wp-content/plugins/elementskit-lite/widgets/init/assets/js/elementor.js?ver=3.6.0 HTTP/1.1" 200 19254 "https://roshanchandy.com/landpress/" "Plesk screenshot bot https://support.plesk.com/hc/en-us/articles/10301006946066"
54.216.154.138 - - [02/Nov/2025:02:22:56 +0545] "GET /landpress/wp-content/plugins/woocommerce/assets/js/frontend/order-attribution.min.js?ver=10.0.4 HTTP/1.1" 200 2346 "https://roshanchandy.com/landpress/" "Plesk screenshot bot https://support.plesk.com/hc/en-us/articles/10301006946066"
54.216.154.138 - - [02/Nov/2025:02:22:56 +0545] "GET /landpress/wp-content/plugins/elementskit/widgets/init/assets/js/elementor.js?ver=3.9.1 HTTP/1.1" 200 44185 "https://roshanchandy.com/landpress/" "Plesk screenshot bot https://support.plesk.com/hc/en-us/articles/10301006946066"
54.216.154.138 - - [02/Nov/2025:02:22:56 +0545] "GET /landpress/wp-content/plugins/woocommerce/assets/js/js-cookie/js.cookie.min.js?ver=2.1.4-wc.10.0.4 HTTP/1.1" 200 1720 "https://roshanchandy.com/landpress/" "Plesk screenshot bot https://support.plesk.com/hc/en-us/articles/10301006946066"
54.216.154.138 - - [02/Nov/2025:02:22:56 +0545] "GET /landpress/wp-content/plugins/woocommerce/assets/js/frontend/add-to-cart.min.js?ver=10.0.4 HTTP/1.1" 200 4213 "https://roshanchandy.com/landpress/" "Plesk screenshot bot https://support.plesk.com/hc/en-us/articles/10301006946066"
54.216.154.138 - - [02/Nov/2025:02:22:56 +0545] "GET /landpress/wp-content/plugins/woocommerce/assets/js/frontend/woocommerce.min.js?ver=10.0.4 HTTP/1.1" 200 4131 "https://roshanchandy.com/landpress/" "Plesk screenshot bot https://support.plesk.com/hc/en-us/articles/10301006946066"
54.216.154.138 - - [02/Nov/2025:02:22:56 +0545] "GET /landpress/wp-content/plugins/woocommerce/assets/js/jquery-blockui/jquery.blockUI.min.js?ver=2.7.0-wc.10.0.4 HTTP/1.1" 200 9636 "https://roshanchandy.com/landpress/" "Plesk screenshot bot https://support.plesk.com/hc/en-us/articles/10301006946066"
54.216.154.138 - - [02/Nov/2025:02:22:56 +0545] "GET /landpress/wp-content/uploads/2024/03/landpress-icon-1.png HTTP/1.1" 200 544 "https://roshanchandy.com/landpress/" "Plesk screenshot bot https://support.plesk.com/hc/en-us/articles/10301006946066"
54.216.154.138 - - [02/Nov/2025:02:22:56 +0545] "GET /landpress/wp-content/uploads/2024/03/landpress-dark.svg HTTP/1.1" 200 9380 "https://roshanchandy.com/landpress/" "Plesk screenshot bot https://support.plesk.com/hc/en-us/articles/10301006946066"
54.216.154.138 - - [02/Nov/2025:02:22:56 +0545] "GET /landpress/wp-content/uploads/2024/03/landpress-icon-2.png HTTP/1.1" 200 504 "https://roshanchandy.com/landpress/" "Plesk screenshot bot https://support.plesk.com/hc/en-us/articles/10301006946066"
54.216.154.138 - - [02/Nov/2025:02:22:56 +0545] "GET /landpress/wp-content/plugins/keydesign-framework/assets/svg/arrow-breadcrumbs.svg HTTP/1.1" 200 141 "https://roshanchandy.com/landpress/wp-content/plugins/keydesign-framework/assets/css/keydesign-framework.css?ver=2.0" "Plesk screenshot bot https://support.plesk.com/hc/en-us/articles/10301006946066"
54.216.154.138 - - [02/Nov/2025:02:22:56 +0545] "GET /landpress/wp-content/uploads/2024/03/landpress-icon-5.png HTTP/1.1" 200 479 "https://roshanchandy.com/landpress/" "Plesk screenshot bot https://support.plesk.com/hc/en-us/articles/10301006946066"
54.216.154.138 - - [02/Nov/2025:02:22:56 +0545] "GET /landpress/wp-content/uploads/2024/03/landpress-icon-3.png HTTP/1.1" 200 626 "https://roshanchandy.com/landpress/" "Plesk screenshot bot https://support.plesk.com/hc/en-us/articles/10301006946066"
54.216.154.138 - - [02/Nov/2025:02:22:56 +0545] "GET /landpress/wp-content/uploads/2024/03/landpress-icon-6.png HTTP/1.1" 200 666 "https://roshanchandy.com/landpress/" "Plesk screenshot bot https://support.plesk.com/hc/en-us/articles/10301006946066"
54.216.154.138 - - [02/Nov/2025:02:22:56 +0545] "GET /landpress/wp-content/uploads/2024/03/landpress-icon-4.png HTTP/1.1" 200 617 "https://roshanchandy.com/landpress/" "Plesk screenshot bot https://support.plesk.com/hc/en-us/articles/10301006946066"
54.216.154.138 - - [02/Nov/2025:02:22:56 +0545] "GET /landpress/wp-includes/js/wp-emoji-release.min.js?ver=6.8.2 HTTP/1.1" 200 19251 "https://roshanchandy.com/landpress/" "Plesk screenshot bot https://support.plesk.com/hc/en-us/articles/10301006946066"
54.216.154.138 - - [02/Nov/2025:02:22:56 +0545] "GET /landpress/wp-content/uploads/2023/03/portfolio4.jpg HTTP/1.1" 200 58946 "https://roshanchandy.com/landpress/" "Plesk screenshot bot https://support.plesk.com/hc/en-us/articles/10301006946066"
54.216.154.138 - - [02/Nov/2025:02:22:56 +0545] "GET /landpress/wp-content/uploads/2023/03/portfolio6.jpg HTTP/1.1" 200 54437 "https://roshanchandy.com/landpress/" "Plesk screenshot bot https://support.plesk.com/hc/en-us/articles/10301006946066"
54.216.154.138 - - [02/Nov/2025:02:22:56 +0545] "GET /landpress/wp-content/uploads/2023/03/portfolio10.jpg HTTP/1.1" 200 27997 "https://roshanchandy.com/landpress/" "Plesk screenshot bot https://support.plesk.com/hc/en-us/articles/10301006946066"
54.216.154.138 - - [02/Nov/2025:02:22:57 +0545] "GET /landpress/wp-content/uploads/2023/03/portfolio11.jpg HTTP/1.1" 200 24677 "https://roshanchandy.com/landpress/" "Plesk screenshot bot https://support.plesk.com/hc/en-us/articles/10301006946066"
54.216.154.138 - - [02/Nov/2025:02:22:57 +0545] "GET /landpress/wp-content/uploads/2023/03/portfolio-7-1.png HTTP/1.1" 200 32716 "https://roshanchandy.com/landpress/" "Plesk screenshot bot https://support.plesk.com/hc/en-us/articles/10301006946066"
54.216.154.138 - - [02/Nov/2025:02:22:57 +0545] "GET /landpress/wp-content/uploads/2023/03/portfolio2.jpg HTTP/1.1" 200 30125 "https://roshanchandy.com/landpress/" "Plesk screenshot bot https://support.plesk.com/hc/en-us/articles/10301006946066"
54.216.154.138 - - [02/Nov/2025:02:22:57 +0545] "GET /landpress/wp-content/plugins/elementor/assets/js/shared-frontend-handlers.4c8abccc3e268b0767b2.bundle.min.js HTTP/1.1" 200 8525 "https://roshanchandy.com/landpress/" "Plesk screenshot bot https://support.plesk.com/hc/en-us/articles/10301006946066"
54.216.154.138 - - [02/Nov/2025:02:22:57 +0545] "GET /landpress/wp-content/plugins/elementor/assets/js/image-carousel.6167d20b95b33386757b.bundle.min.js HTTP/1.1" 200 448 "https://roshanchandy.com/landpress/" "Plesk screenshot bot https://support.plesk.com/hc/en-us/articles/10301006946066"
54.216.154.138 - - [02/Nov/2025:02:22:57 +0545] "GET /landpress/wp-content/plugins/elementor/assets/js/text-editor.abc8f59c62f2820dc25a.bundle.min.js HTTP/1.1" 200 1392 "https://roshanchandy.com/landpress/" "Plesk screenshot bot https://support.plesk.com/hc/en-us/articles/10301006946066"
54.216.154.138 - - [02/Nov/2025:02:22:57 +0545] "GET /landpress/wp-content/plugins/woocommerce/assets/css/woocommerce-smallscreen.css?ver=10.0.4 HTTP/1.1" 200 7527 "https://roshanchandy.com/landpress/" "Plesk screenshot bot https://support.plesk.com/hc/en-us/articles/10301006946066"
54.216.154.138 - - [02/Nov/2025:02:22:57 +0545] "GET /favicon.ico HTTP/1.1" 200 2274 "https://roshanchandy.com/landpress/" "Plesk screenshot bot https://support.plesk.com/hc/en-us/articles/10301006946066"
66.249.68.36 - - [02/Nov/2025:02:22:56 +0545] "GET /?products/7662148/ HTTP/1.1" 200 2274 "-" "Mozilla/5.0 (Linux; Android 6.0.1; Nexus 5X Build/MMB29P) AppleWebKit/537.36 (KHTML, like Gecko) Chrome/141.0.7390.122 Mobile Safari/537.36 (compatible; GoogleOther)"
54.216.154.138 - - [02/Nov/2025:02:22:56 +0545] "GET /landpress/wp-json/contact-form-7/v1/contact-forms/10448/feedback/schema HTTP/1.1" 200 615 "https://roshanchandy.com/landpress/" "Plesk screenshot bot https://support.plesk.com/hc/en-us/articles/10301006946066"
52.167.144.67 - - [02/Nov/2025:02:23:01 +0545] "GET /robots.txt HTTP/1.1" 200 71 "-" "Mozilla/5.0 AppleWebKit/537.36 (KHTML, like Gecko; compatible; bingbot/2.0; +http://www.bing.com/bingbot.htm) Chrome/116.0.1938.76 Safari/537.36"
65.254.81.60 - - [02/Nov/2025:02:23:02 +0545] "POST /landpress/wp-cron.php HTTP/1.1" 200 - "-" "WordPress/6.8.2; https://roshanchandy.com/landpress"
65.254.81.60 - - [02/Nov/2025:02:23:02 +0545] "GET /landpress/ HTTP/1.1" 200 150842 "-" "WordPress/6.8.2; https://roshanchandy.com/landpress"
52.167.144.213 - - [02/Nov/2025:02:23:10 +0545] "GET /contact-us/ HTTP/1.1" 200 2274 "-" "Mozilla/5.0 AppleWebKit/537.36 (KHTML, like Gecko; compatible; bingbot/2.0; +http://www.bing.com/bingbot.htm) Chrome/116.0.1938.76 Safari/537.36"
65.254.81.60 - - [02/Nov/2025:02:23:07 +0545] "GET /landpress/ HTTP/1.1" 200 16384 "-" "WordPress/6.8.2; https://roshanchandy.com/landpress"
66.249.68.38 - - [02/Nov/2025:02:23:13 +0545] "GET /?products/21643515/ HTTP/1.1" 200 2274 "-" "Mozilla/5.0 (Linux; Android 6.0.1; Nexus 5X Build/MMB29P) AppleWebKit/537.36 (KHTML, like Gecko) Chrome/141.0.7390.122 Mobile Safari/537.36 (compatible; GoogleOther)"
65.254.81.60 - - [02/Nov/2025:02:23:14 +0545] "POST /landpress/wp-admin/admin-ajax.php?action=wp_1_wc_privacy_cleanup&nonce=5e2cefb364 HTTP/1.1" 200 - "-" "WordPress/6.8.2; https://roshanchandy.com/landpress"
66.249.68.37 - - [02/Nov/2025:02:23:31 +0545] "GET /?products/6531882/ HTTP/1.1" 200 2274 "-" "Mozilla/5.0 (Linux; Android 6.0.1; Nexus 5X Build/MMB29P) AppleWebKit/537.36 (KHTML, like Gecko) Chrome/141.0.7390.122 Mobile Safari/537.36 (compatible; GoogleOther)"
66.249.68.36 - - [02/Nov/2025:02:23:49 +0545] "GET /?products/22894048/ HTTP/1.1" 200 2274 "-" "Mozilla/5.0 (Linux; Android 6.0.1; Nexus 5X Build/MMB29P) AppleWebKit/537.36 (KHTML, like Gecko) Chrome/141.0.7390.122 Mobile Safari/537.36 (compatible; GoogleOther)"
66.249.68.36 - - [02/Nov/2025:02:24:07 +0545] "GET /?products/14955393/ HTTP/1.1" 200 2274 "-" "Mozilla/5.0 (Linux; Android 6.0.1; Nexus 5X Build/MMB29P) AppleWebKit/537.36 (KHTML, like Gecko) Chrome/141.0.7390.122 Mobile Safari/537.36 (compatible; GoogleOther)"
66.249.68.37 - - [02/Nov/2025:02:24:25 +0545] "GET /?products/7223326/ HTTP/1.1" 200 2274 "-" "Mozilla/5.0 (Linux; Android 6.0.1; Nexus 5X Build/MMB29P) AppleWebKit/537.36 (KHTML, like Gecko) Chrome/141.0.7390.122 Mobile Safari/537.36 (compatible; GoogleOther)"
66.249.68.36 - - [02/Nov/2025:02:24:42 +0545] "GET /?products/6228782/ HTTP/1.1" 200 2274 "-" "Mozilla/5.0 (Linux; Android 6.0.1; Nexus 5X Build/MMB29P) AppleWebKit/537.36 (KHTML, like Gecko) Chrome/141.0.7390.122 Mobile Safari/537.36 (compatible; GoogleOther)"
171.253.185.45 - - [02/Nov/2025:02:24:52 +0545] "GET /consultants/estrategias-baseadas-em-probabilidade-para-destacar-se-no-ijogo-casino/ HTTP/1.1" 200 2274 "https://roshanchandy.com/" "Mozilla/5.0 (X11; Linux i686; rv:114.0) Gecko/20100101 Firefox/114.0"
171.253.185.45 - - [02/Nov/2025:02:24:53 +0545] "GET /wp-login.php HTTP/1.1" 200 6570 "https://roshanchandy.com/consultants/estrategias-baseadas-em-probabilidade-para-destacar-se-no-ijogo-casino/" "Mozilla/5.0 (X11; Linux i686; rv:114.0) Gecko/20100101 Firefox/114.0"
66.249.68.36 - - [02/Nov/2025:02:25:00 +0545] "GET /?products/12622059/ HTTP/1.1" 200 2274 "-" "Mozilla/5.0 (Linux; Android 6.0.1; Nexus 5X Build/MMB29P) AppleWebKit/537.36 (KHTML, like Gecko) Chrome/141.0.7390.122 Mobile Safari/537.36 (compatible; GoogleOther)"
8.219.147.213 - - [02/Nov/2025:02:25:15 +0545] "POST /xmlrpc.php HTTP/1.1" 200 401 "-" "Mozilla/5.0 (Windows NT 6.1; Win64; x64) AppleWebKit/537.36 (KHTML, like Gecko) Chrome/63.0.3239.132 Safari/537.36 OPR/50.0.2762.67"
66.249.68.36 - - [02/Nov/2025:02:25:18 +0545] "GET /?products/13589415/ HTTP/1.1" 200 2274 "-" "Mozilla/5.0 (Linux; Android 6.0.1; Nexus 5X Build/MMB29P) AppleWebKit/537.36 (KHTML, like Gecko) Chrome/141.0.7390.122 Mobile Safari/537.36 (compatible; GoogleOther)"
66.249.68.36 - - [02/Nov/2025:02:25:36 +0545] "GET /?products/3045915/ HTTP/1.1" 200 2274 "-" "Mozilla/5.0 (Linux; Android 6.0.1; Nexus 5X Build/MMB29P) AppleWebKit/537.36 (KHTML, like Gecko) Chrome/141.0.7390.122 Mobile Safari/537.36 (compatible; GoogleOther)"
66.249.68.36 - - [02/Nov/2025:02:25:53 +0545] "GET /?products/9457359/ HTTP/1.1" 200 2274 "-" "Mozilla/5.0 (Linux; Android 6.0.1; Nexus 5X Build/MMB29P) AppleWebKit/537.36 (KHTML, like Gecko) Chrome/141.0.7390.122 Mobile Safari/537.36 (compatible; GoogleOther)"
85.17.146.157 - - [02/Nov/2025:02:25:54 +0545] "GET /wp-login.php HTTP/1.1" 200 6570 "-" "Mozilla/5.0 (Macintosh; Intel Mac OS X 10_13_4) AppleWebKit/537.36 (KHTML, like Gecko) Chrome/67.0.3396.87 Safari/537.36"
85.17.146.157 - - [02/Nov/2025:02:25:59 +0545] "POST /wp-login.php HTTP/1.1" 200 6966 "https://roshanchandy.com/wp-login.php" "Mozilla/5.0 (Macintosh; Intel Mac OS X 10_13_4) AppleWebKit/537.36 (KHTML, like Gecko) Chrome/67.0.3396.87 Safari/537.36"
66.249.68.36 - - [02/Nov/2025:02:26:11 +0545] "GET /?products/8265060/ HTTP/1.1" 200 2274 "-" "Mozilla/5.0 (Linux; Android 6.0.1; Nexus 5X Build/MMB29P) AppleWebKit/537.36 (KHTML, like Gecko) Chrome/141.0.7390.122 Mobile Safari/537.36 (compatible; GoogleOther)"
66.249.68.36 - - [02/Nov/2025:02:26:29 +0545] "GET /?products/14776737/ HTTP/1.1" 200 2274 "-" "Mozilla/5.0 (Linux; Android 6.0.1; Nexus 5X Build/MMB29P) AppleWebKit/537.36 (KHTML, like Gecko) Chrome/141.0.7390.122 Mobile Safari/537.36 (compatible; GoogleOther)"
66.249.68.36 - - [02/Nov/2025:02:26:46 +0545] "GET /?products/10779893/ HTTP/1.1" 200 2274 "-" "Mozilla/5.0 (Linux; Android 6.0.1; Nexus 5X Build/MMB29P) AppleWebKit/537.36 (KHTML, like Gecko) Chrome/141.0.7390.122 Mobile Safari/537.36 (compatible; GoogleOther)"
66.249.68.37 - - [02/Nov/2025:02:27:04 +0545] "GET /?products/5743448/ HTTP/1.1" 200 2274 "-" "Mozilla/5.0 (Linux; Android 6.0.1; Nexus 5X Build/MMB29P) AppleWebKit/537.36 (KHTML, like Gecko) Chrome/141.0.7390.122 Mobile Safari/537.36 (compatible; GoogleOther)"
66.249.68.36 - - [02/Nov/2025:02:27:22 +0545] "GET /?products/14793915/ HTTP/1.1" 200 2274 "-" "Mozilla/5.0 (Linux; Android 6.0.1; Nexus 5X Build/MMB29P) AppleWebKit/537.36 (KHTML, like Gecko) Chrome/141.0.7390.122 Mobile Safari/537.36 (compatible; GoogleOther)"
66.249.68.36 - - [02/Nov/2025:02:27:40 +0545] "GET /?products/1269904/ HTTP/1.1" 200 2274 "-" "Mozilla/5.0 (Linux; Android 6.0.1; Nexus 5X Build/MMB29P) AppleWebKit/537.36 (KHTML, like Gecko) Chrome/141.0.7390.122 Mobile Safari/537.36 (compatible; GoogleOther)"
66.249.68.36 - - [02/Nov/2025:02:27:58 +0545] "GET /?products/7094582/ HTTP/1.1" 200 2274 "-" "Mozilla/5.0 (Linux; Android 6.0.1; Nexus 5X Build/MMB29P) AppleWebKit/537.36 (KHTML, like Gecko) Chrome/141.0.7390.122 Mobile Safari/537.36 (compatible; GoogleOther)"
66.249.68.36 - - [02/Nov/2025:02:28:15 +0545] "GET /?products/17151893/ HTTP/1.1" 200 2274 "-" "Mozilla/5.0 (Linux; Android 6.0.1; Nexus 5X Build/MMB29P) AppleWebKit/537.36 (KHTML, like Gecko) Chrome/141.0.7390.122 Mobile Safari/537.36 (compatible; GoogleOther)"
66.249.68.37 - - [02/Nov/2025:02:28:33 +0545] "GET /?products/8254282/ HTTP/1.1" 200 2274 "-" "Mozilla/5.0 (Linux; Android 6.0.1; Nexus 5X Build/MMB29P) AppleWebKit/537.36 (KHTML, like Gecko) Chrome/141.0.7390.122 Mobile Safari/537.36 (compatible; GoogleOther)"
66.249.68.37 - - [02/Nov/2025:02:29:12 +0545] "GET /?products/9341471/ HTTP/1.1" 200 2274 "-" "Mozilla/5.0 (Linux; Android 6.0.1; Nexus 5X Build/MMB29P) AppleWebKit/537.36 (KHTML, like Gecko) Chrome/141.0.7390.122 Mobile Safari/537.36 (compatible; GoogleOther)"
34.203.50.75 - - [02/Nov/2025:02:29:16 +0545] "GET / HTTP/1.1" 200 2274 "-" "Mozilla/5.0 (Macintosh; Intel Mac OS X 10_15_7) AppleWebKit/537.36 (KHTML, like Gecko) Chrome/124.0.0.0 Safari/537.36"
217.160.88.219 - - [02/Nov/2025:02:29:19 +0545] "POST /xmlrpc.php HTTP/1.1" 200 403 "-" "Mozilla/5.0 (Windows NT 10.0; Win64; x64; rv:82.0) Gecko/20100101 Firefox/82.0"
66.249.68.37 - - [02/Nov/2025:02:29:40 +0545] "GET /?products/9078648/ HTTP/1.1" 200 2274 "-" "Mozilla/5.0 (Linux; Android 6.0.1; Nexus 5X Build/MMB29P) AppleWebKit/537.36 (KHTML, like Gecko) Chrome/141.0.7390.122 Mobile Safari/537.36 (compatible; GoogleOther)"
66.249.68.37 - - [02/Nov/2025:02:30:04 +0545] "GET /?products/10775582/ HTTP/1.1" 200 2274 "-" "Mozilla/5.0 (Linux; Android 6.0.1; Nexus 5X Build/MMB29P) AppleWebKit/537.36 (KHTML, like Gecko) Chrome/141.0.7390.122 Mobile Safari/537.36 (compatible; GoogleOther)"
66.249.68.37 - - [02/Nov/2025:02:30:25 +0545] "GET /?products/17989671/ HTTP/1.1" 200 2274 "-" "Mozilla/5.0 (Linux; Android 6.0.1; Nexus 5X Build/MMB29P) AppleWebKit/537.36 (KHTML, like Gecko) Chrome/141.0.7390.122 Mobile Safari/537.36 (compatible; GoogleOther)"
200.10.47.91 - - [02/Nov/2025:02:30:32 +0545] "GET /consultants/entendendo-as-odds-no-speicasino-um-estudo-detalhado/ HTTP/1.1" 200 2274 "https://roshanchandy.com/" "Mozilla/5.0 (Macintosh; Intel Mac OS X 12_5) AppleWebKit/537.36 (KHTML, like Gecko) Chrome/114.0.0.0 Safari/537.36 OPR/89.0.4447.51"
85.17.146.157 - - [02/Nov/2025:02:30:33 +0545] "GET /wp-login.php HTTP/1.1" 200 6570 "-" "Mozilla/5.0 (Windows NT 6.1; WOW64; Trident/7.0; MAARJS; rv:11.0) like Gecko"
85.17.146.157 - - [02/Nov/2025:02:30:34 +0545] "POST /wp-login.php HTTP/1.1" 200 6960 "https://roshanchandy.com/wp-login.php" "Mozilla/5.0 (Windows NT 6.1; WOW64; Trident/7.0; MAARJS; rv:11.0) like Gecko"
200.10.47.91 - - [02/Nov/2025:02:30:36 +0545] "GET /wp-login.php HTTP/1.1" 200 6570 "https://roshanchandy.com/consultants/entendendo-as-odds-no-speicasino-um-estudo-detalhado/" "Mozilla/5.0 (Macintosh; Intel Mac OS X 12_5) AppleWebKit/537.36 (KHTML, like Gecko) Chrome/114.0.0.0 Safari/537.36 OPR/89.0.4447.51"
66.249.68.36 - - [02/Nov/2025:02:30:44 +0545] "GET /?products/11422659/ HTTP/1.1" 200 2274 "-" "Mozilla/5.0 (Linux; Android 6.0.1; Nexus 5X Build/MMB29P) AppleWebKit/537.36 (KHTML, like Gecko) Chrome/141.0.7390.122 Mobile Safari/537.36 (compatible; GoogleOther)"
66.249.68.37 - - [02/Nov/2025:02:31:01 +0545] "GET /?products/5082293/ HTTP/1.1" 200 2274 "-" "Mozilla/5.0 (Linux; Android 6.0.1; Nexus 5X Build/MMB29P) AppleWebKit/537.36 (KHTML, like Gecko) Chrome/141.0.7390.122 Mobile Safari/537.36 (compatible; GoogleOther)"
91.134.81.68 - - [02/Nov/2025:02:31:12 +0545] "POST /xmlrpc.php HTTP/1.1" 200 401 "-" "Mozilla/4.0 (compatible; MSIE 7.0; Windows NT 6.2; WOW64; Trident/7.0; .NET4.0C; .NET4.0E; .NET CLR 2.0.50727; .NET CLR 3.0.30729; .NET CLR 3.5.30729; LCTE)"
66.249.68.36 - - [02/Nov/2025:02:31:15 +0545] "GET /?products/3588659/ HTTP/1.1" 200 2274 "-" "Mozilla/5.0 (Linux; Android 6.0.1; Nexus 5X Build/MMB29P) AppleWebKit/537.36 (KHTML, like Gecko) Chrome/141.0.7390.122 Mobile Safari/537.36 (compatible; GoogleOther)"
66.249.68.36 - - [02/Nov/2025:02:31:28 +0545] "GET /?products/10912104/ HTTP/1.1" 200 2274 "-" "Mozilla/5.0 (Linux; Android 6.0.1; Nexus 5X Build/MMB29P) AppleWebKit/537.36 (KHTML, like Gecko) Chrome/141.0.7390.122 Mobile Safari/537.36 (compatible; GoogleOther)"
205.210.31.40 - - [02/Nov/2025:02:31:40 +0545] "GET / HTTP/1.1" 200 2274 "-" "-"
66.249.68.36 - - [02/Nov/2025:02:31:41 +0545] "GET /?products/10609382/ HTTP/1.1" 200 2274 "-" "Mozilla/5.0 (Linux; Android 6.0.1; Nexus 5X Build/MMB29P) AppleWebKit/537.36 (KHTML, like Gecko) Chrome/141.0.7390.122 Mobile Safari/537.36 (compatible; GoogleOther)"
66.249.68.36 - - [02/Nov/2025:02:31:53 +0545] "GET /?products/7092182/ HTTP/1.1" 200 2274 "-" "Mozilla/5.0 (Linux; Android 6.0.1; Nexus 5X Build/MMB29P) AppleWebKit/537.36 (KHTML, like Gecko) Chrome/141.0.7390.122 Mobile Safari/537.36 (compatible; GoogleOther)"
66.249.68.36 - - [02/Nov/2025:02:32:06 +0545] "GET /?products/9017026/ HTTP/1.1" 200 2274 "-" "Mozilla/5.0 (Linux; Android 6.0.1; Nexus 5X Build/MMB29P) AppleWebKit/537.36 (KHTML, like Gecko) Chrome/141.0.7390.122 Mobile Safari/537.36 (compatible; GoogleOther)"
66.249.68.37 - - [02/Nov/2025:02:32:19 +0545] "GET /?products/8174382/ HTTP/1.1" 200 2274 "-" "Mozilla/5.0 (Linux; Android 6.0.1; Nexus 5X Build/MMB29P) AppleWebKit/537.36 (KHTML, like Gecko) Chrome/141.0.7390.122 Mobile Safari/537.36 (compatible; GoogleOther)"
66.249.68.36 - - [02/Nov/2025:02:32:30 +0545] "GET /?products/20814626/ HTTP/1.1" 200 2274 "-" "Mozilla/5.0 (Linux; Android 6.0.1; Nexus 5X Build/MMB29P) AppleWebKit/537.36 (KHTML, like Gecko) Chrome/141.0.7390.122 Mobile Safari/537.36 (compatible; GoogleOther)"
66.249.68.36 - - [02/Nov/2025:02:32:42 +0545] "GET /?products/11540682/ HTTP/1.1" 200 2274 "-" "Mozilla/5.0 (Linux; Android 6.0.1; Nexus 5X Build/MMB29P) AppleWebKit/537.36 (KHTML, like Gecko) Chrome/141.0.7390.122 Mobile Safari/537.36 (compatible; GoogleOther)"
66.249.68.36 - - [02/Nov/2025:02:32:59 +0545] "GET /?products/11040660/ HTTP/1.1" 200 2274 "-" "Mozilla/5.0 (Linux; Android 6.0.1; Nexus 5X Build/MMB29P) AppleWebKit/537.36 (KHTML, like Gecko) Chrome/141.0.7390.122 Mobile Safari/537.36 (compatible; GoogleOther)"
66.249.68.36 - - [02/Nov/2025:02:33:17 +0545] "GET /?products/6256093/ HTTP/1.1" 200 2274 "-" "Mozilla/5.0 (Linux; Android 6.0.1; Nexus 5X Build/MMB29P) AppleWebKit/537.36 (KHTML, like Gecko) Chrome/141.0.7390.122 Mobile Safari/537.36 (compatible; GoogleOther)"
185.223.77.133 - - [02/Nov/2025:02:33:28 +0545] "GET /consultants/dominando-as-odds-para-vencer-no-brazino777-casino/ HTTP/1.1" 200 2274 "https://roshanchandy.com/" "Mozilla/5.0 (X11; Linux i686) AppleWebKit/537.36 (KHTML, like Gecko) Chrome/114.0.0.0 Safari/537.36 Vivaldi/5.3.2679.68"
66.249.68.36 - - [02/Nov/2025:02:33:35 +0545] "GET /?products/11048437/ HTTP/1.1" 200 2274 "-" "Mozilla/5.0 (Linux; Android 6.0.1; Nexus 5X Build/MMB29P) AppleWebKit/537.36 (KHTML, like Gecko) Chrome/141.0.7390.122 Mobile Safari/537.36 (compatible; GoogleOther)"
185.223.77.133 - - [02/Nov/2025:02:33:35 +0545] "GET /wp-login.php HTTP/1.1" 200 6570 "https://roshanchandy.com/consultants/dominando-as-odds-para-vencer-no-brazino777-casino/" "Mozilla/5.0 (Windows NT 6.3; Win64; x64) AppleWebKit/537.36 (KHTML, like Gecko) Chrome/103.0.0.0 Safari/537.36"
185.223.77.133 - - [02/Nov/2025:02:33:38 +0545] "GET /wp-login.php HTTP/1.1" 200 6570 "https://roshanchandy.com/wp-login.php" "Mozilla/5.0 (Windows NT 6.3; Win64; x64) AppleWebKit/537.36 (KHTML, like Gecko) Chrome/103.0.0.0 Safari/537.36"
66.249.68.36 - - [02/Nov/2025:02:33:53 +0545] "GET /?products/20716159/ HTTP/1.1" 200 2274 "-" "Mozilla/5.0 (Linux; Android 6.0.1; Nexus 5X Build/MMB29P) AppleWebKit/537.36 (KHTML, like Gecko) Chrome/141.0.7390.122 Mobile Safari/537.36 (compatible; GoogleOther)"
66.249.68.37 - - [02/Nov/2025:02:34:10 +0545] "GET /?products/1449293/ HTTP/1.1" 200 2274 "-" "Mozilla/5.0 (Linux; Android 6.0.1; Nexus 5X Build/MMB29P) AppleWebKit/537.36 (KHTML, like Gecko) Chrome/141.0.7390.122 Mobile Safari/537.36 (compatible; GoogleOther)"
66.249.68.37 - - [02/Nov/2025:02:34:28 +0545] "GET /?products/18370993/ HTTP/1.1" 200 2274 "-" "Mozilla/5.0 (Linux; Android 6.0.1; Nexus 5X Build/MMB29P) AppleWebKit/537.36 (KHTML, like Gecko) Chrome/141.0.7390.122 Mobile Safari/537.36 (compatible; GoogleOther)"
66.249.68.36 - - [02/Nov/2025:02:34:46 +0545] "GET /?products/10043660/ HTTP/1.1" 200 2274 "-" "Mozilla/5.0 (Linux; Android 6.0.1; Nexus 5X Build/MMB29P) AppleWebKit/537.36 (KHTML, like Gecko) Chrome/141.0.7390.122 Mobile Safari/537.36 (compatible; GoogleOther)"
192.241.95.99 - - [02/Nov/2025:02:34:47 +0545] "GET /consultants/a-fascinante-ciencia-das-odds-no-dicebet/ HTTP/1.1" 200 2274 "https://roshanchandy.com/" "Mozilla/5.0 (Windows NT 10.0; Win64; x64) AppleWebKit/537.36 (KHTML, like Gecko) Chrome/114.0.0.0 Safari/537.36"
192.241.95.99 - - [02/Nov/2025:02:34:51 +0545] "GET /wp-login.php HTTP/1.1" 200 6570 "https://roshanchandy.com/consultants/a-fascinante-ciencia-das-odds-no-dicebet/" "Mozilla/5.0 (Windows NT 10.0; Win64; x64) AppleWebKit/537.36 (KHTML, like Gecko) Chrome/114.0.0.0 Safari/537.36"
66.249.68.37 - - [02/Nov/2025:02:35:04 +0545] "GET /?products/14887771/ HTTP/1.1" 200 2274 "-" "Mozilla/5.0 (Linux; Android 6.0.1; Nexus 5X Build/MMB29P) AppleWebKit/537.36 (KHTML, like Gecko) Chrome/141.0.7390.122 Mobile Safari/537.36 (compatible; GoogleOther)"
31.206.38.111 - - [02/Nov/2025:02:35:13 +0545] "GET /wp-login.php HTTP/1.1" 200 6570 "-" "Mozilla/5.0 (Windows NT 6.3; Win64; x64) AppleWebKit/537.36 (KHTML, like Gecko) Chrome/67.0.3396.87 Safari/537.36"
31.206.38.111 - - [02/Nov/2025:02:35:17 +0545] "POST /wp-login.php HTTP/1.1" 200 6960 "https://roshanchandy.com/wp-login.php" "Mozilla/5.0 (Windows NT 6.3; Win64; x64) AppleWebKit/537.36 (KHTML, like Gecko) Chrome/67.0.3396.87 Safari/537.36"
66.249.68.36 - - [02/Nov/2025:02:35:21 +0545] "GET /?products/11889548/ HTTP/1.1" 200 2274 "-" "Mozilla/5.0 (Linux; Android 6.0.1; Nexus 5X Build/MMB29P) AppleWebKit/537.36 (KHTML, like Gecko) Chrome/141.0.7390.122 Mobile Safari/537.36 (compatible; GoogleOther)"
93.157.21.26 - - [02/Nov/2025:02:35:37 +0545] "GET /wp-content/plugins/king-addons/freemius/assets/css/customizer.css HTTP/1.1" 200 2274 "-" "Mozilla/5.0 (Macintosh; Intel Mac OS X 10_15_7) AppleWebKit/537.36 (KHTML, like Gecko) Chrome/131.0.0.0 Safari/537.36"
66.249.68.36 - - [02/Nov/2025:02:35:39 +0545] "GET /?products/16697759/ HTTP/1.1" 200 2274 "-" "Mozilla/5.0 (Linux; Android 6.0.1; Nexus 5X Build/MMB29P) AppleWebKit/537.36 (KHTML, like Gecko) Chrome/141.0.7390.122 Mobile Safari/537.36 (compatible; GoogleOther)"
107.152.46.252 - - [02/Nov/2025:02:35:46 +0545] "GET /consultants/aposte-com-estilo-no-888-casino-emocao-em-cada-jogada/ HTTP/1.1" 200 2274 "https://roshanchandy.com/" "Mozilla/5.0 (Windows NT 10.0; Win64; x64) AppleWebKit/537.36 (KHTML, like Gecko) Chrome/114.0.0.0 Safari/537.36 OPR/89.0.4447.51"
66.249.68.36 - - [02/Nov/2025:02:35:57 +0545] "GET /?products/13030660/ HTTP/1.1" 200 2274 "-" "Mozilla/5.0 (Linux; Android 6.0.1; Nexus 5X Build/MMB29P) AppleWebKit/537.36 (KHTML, like Gecko) Chrome/141.0.7390.122 Mobile Safari/537.36 (compatible; GoogleOther)"
95.46.197.57 - - [02/Nov/2025:02:36:00 +0545] "GET /wp-content/plugins/king-addons/freemius/assets/css/customizer.css HTTP/1.1" 200 2274 "-" "Mozilla/5.0 (Windows NT 10.0; Win64; x64) AppleWebKit/537.36 (KHTML, like Gecko) Chrome/133.0.0.0 Safari/537.36"
66.249.68.38 - - [02/Nov/2025:02:36:15 +0545] "GET /?products/4189782/ HTTP/1.1" 200 2274 "-" "Mozilla/5.0 (Linux; Android 6.0.1; Nexus 5X Build/MMB29P) AppleWebKit/537.36 (KHTML, like Gecko) Chrome/141.0.7390.122 Mobile Safari/537.36 (compatible; GoogleOther)"
66.249.68.37 - - [02/Nov/2025:02:36:32 +0545] "GET /?products/11150237/ HTTP/1.1" 200 2274 "-" "Mozilla/5.0 (Linux; Android 6.0.1; Nexus 5X Build/MMB29P) AppleWebKit/537.36 (KHTML, like Gecko) Chrome/141.0.7390.122 Mobile Safari/537.36 (compatible; GoogleOther)"
66.249.68.36 - - [02/Nov/2025:02:36:50 +0545] "GET /?products/10340659/ HTTP/1.1" 200 2274 "-" "Mozilla/5.0 (Linux; Android 6.0.1; Nexus 5X Build/MMB29P) AppleWebKit/537.36 (KHTML, like Gecko) Chrome/141.0.7390.122 Mobile Safari/537.36 (compatible; GoogleOther)"
94.41.19.18 - - [02/Nov/2025:02:36:51 +0545] "GET /wp-content/plugins/king-addons/freemius/assets/css/customizer.css HTTP/1.1" 200 2274 "-" "Mozilla/5.0 (Macintosh; Intel Mac OS X 10_15_7) AppleWebKit/605.1.15 (KHTML, like Gecko) Version/18.4 Safari/605.1.15"
66.249.68.37 - - [02/Nov/2025:02:37:08 +0545] "GET /?products/10480737/ HTTP/1.1" 200 2274 "-" "Mozilla/5.0 (Linux; Android 6.0.1; Nexus 5X Build/MMB29P) AppleWebKit/537.36 (KHTML, like Gecko) Chrome/141.0.7390.122 Mobile Safari/537.36 (compatible; GoogleOther)"
66.249.68.36 - - [02/Nov/2025:02:37:26 +0545] "GET /?products/23094760/ HTTP/1.1" 200 2274 "-" "Mozilla/5.0 (Linux; Android 6.0.1; Nexus 5X Build/MMB29P) AppleWebKit/537.36 (KHTML, like Gecko) Chrome/141.0.7390.122 Mobile Safari/537.36 (compatible; GoogleOther)"
66.249.68.36 - - [02/Nov/2025:02:37:43 +0545] "GET /?products/10938904/ HTTP/1.1" 200 2274 "-" "Mozilla/5.0 (Linux; Android 6.0.1; Nexus 5X Build/MMB29P) AppleWebKit/537.36 (KHTML, like Gecko) Chrome/141.0.7390.122 Mobile Safari/537.36 (compatible; GoogleOther)"
66.249.68.37 - - [02/Nov/2025:02:38:01 +0545] "GET /?products/13251960/ HTTP/1.1" 200 2274 "-" "Mozilla/5.0 (Linux; Android 6.0.1; Nexus 5X Build/MMB29P) AppleWebKit/537.36 (KHTML, like Gecko) Chrome/141.0.7390.122 Mobile Safari/537.36 (compatible; GoogleOther)"
64.23.233.138 - - [02/Nov/2025:02:38:05 +0545] "POST /xmlrpc.php HTTP/1.1" 200 401 "-" "Mozilla/5.0 (Windows NT 6.1; WOW64; Trident/7.0; MAARJS; rv:11.0) like Gecko"
66.249.68.37 - - [02/Nov/2025:02:38:19 +0545] "GET /?products/11561837/ HTTP/1.1" 200 2274 "-" "Mozilla/5.0 (Linux; Android 6.0.1; Nexus 5X Build/MMB29P) AppleWebKit/537.36 (KHTML, like Gecko) Chrome/141.0.7390.122 Mobile Safari/537.36 (compatible; GoogleOther)"
66.249.68.36 - - [02/Nov/2025:02:38:37 +0545] "GET /?products/14052071/ HTTP/1.1" 200 2274 "-" "Mozilla/5.0 (Linux; Android 6.0.1; Nexus 5X Build/MMB29P) AppleWebKit/537.36 (KHTML, like Gecko) Chrome/141.0.7390.122 Mobile Safari/537.36 (compatible; GoogleOther)"
109.248.142.184 - - [02/Nov/2025:02:38:48 +0545] "GET /consultants/guide-des-probabilites-pour-exceller-au-spinsy-casino/ HTTP/1.1" 200 2274 "https://roshanchandy.com/" "Mozilla/5.0 (Windows NT 10.0; Win64; x64; Xbox; Xbox One) AppleWebKit/537.36 (KHTML, like Gecko) Chrome/114.0.0.0 Safari/537.36 Edge/44.18363.8131"
109.248.142.184 - - [02/Nov/2025:02:38:52 +0545] "GET /wp-login.php HTTP/1.1" 200 6570 "https://roshanchandy.com/consultants/guide-des-probabilites-pour-exceller-au-spinsy-casino/" "Mozilla/5.0 (Windows NT 6.3; Win64; x64) AppleWebKit/537.36 (KHTML, like Gecko) Chrome/103.0.0.0 Safari/537.36"
109.248.142.184 - - [02/Nov/2025:02:38:54 +0545] "GET /wp-login.php?action=lostpassword HTTP/1.1" 200 3808 "https://roshanchandy.com/wp-login.php" "Mozilla/5.0 (Windows NT 6.3; Win64; x64) AppleWebKit/537.36 (KHTML, like Gecko) Chrome/103.0.0.0 Safari/537.36"
66.249.68.36 - - [02/Nov/2025:02:38:54 +0545] "GET /?products/875015/ HTTP/1.1" 200 2274 "-" "Mozilla/5.0 (Linux; Android 6.0.1; Nexus 5X Build/MMB29P) AppleWebKit/537.36 (KHTML, like Gecko) Chrome/141.0.7390.122 Mobile Safari/537.36 (compatible; GoogleOther)"
114.119.155.70 - - [02/Nov/2025:02:38:59 +0545] "GET /consultants/the-radical-rooting-engagement-approach HTTP/1.1" 200 2274 "https://roshanchandy.com/consultants/maitriser-les-chances-au-golden-vegas-casino-grace-a-la-theorie-des-probabilites/" "Mozilla/5.0 (Linux; Android 7.0;) AppleWebKit/537.36 (KHTML, like Gecko) Mobile Safari/537.36 (compatible; PetalBot;+https://webmaster.petalsearch.com/site/petalbot)"
66.249.68.37 - - [02/Nov/2025:02:39:12 +0545] "GET /?products/9146893/ HTTP/1.1" 200 2274 "-" "Mozilla/5.0 (Linux; Android 6.0.1; Nexus 5X Build/MMB29P) AppleWebKit/537.36 (KHTML, like Gecko) Chrome/141.0.7390.122 Mobile Safari/537.36 (compatible; GoogleOther)"
77.220.194.184 - - [02/Nov/2025:02:40:35 +0545] "GET /consultants/wp-login.php HTTP/1.1" 200 6656 "-" "Mozilla/5.0 (Windows NT 10.0; Win64; x64; rv:127.0) Gecko/20100101 Firefox/127.0"
77.220.194.184 - - [02/Nov/2025:02:40:40 +0545] "POST /consultants/xmlrpc.php HTTP/1.1" 200 180 "-" "Mozilla/5.0 (Macintosh; Intel Mac OS X 13_5) AppleWebKit/605.1.15 (KHTML, like Gecko) Version/17.5 Safari/605.1.15"
77.220.194.184 - - [02/Nov/2025:02:40:43 +0545] "POST /consultants/xmlrpc.php HTTP/1.1" 200 19869 "-" "Mozilla/5.0 (Windows NT 10.0; Win64; x64; rv:127.0) Gecko/20100101 Firefox/127.0"
213.232.121.80 - - [02/Nov/2025:02:40:59 +0545] "GET /consultants/wp-login.php HTTP/1.1" 200 6656 "-" "Mozilla/5.0 (Windows NT 10.0; Win64; x64) AppleWebKit/537.36 (KHTML, like Gecko) Chrome/124.0.6367.207 Safari/537.36"
213.232.121.80 - - [02/Nov/2025:02:41:02 +0545] "POST /consultants/xmlrpc.php HTTP/1.1" 200 180 "-" "Mozilla/5.0 (Macintosh; Intel Mac OS X 13_5) AppleWebKit/605.1.15 (KHTML, like Gecko) Version/17.5 Safari/605.1.15"
213.232.121.80 - - [02/Nov/2025:02:41:03 +0545] "POST /consultants/xmlrpc.php HTTP/1.1" 200 20774 "-" "Mozilla/5.0 (Windows NT 10.0; Win64; x64; rv:127.0) Gecko/20100101 Firefox/127.0"
146.19.78.168 - - [02/Nov/2025:02:41:20 +0545] "GET /consultants/wp-login.php HTTP/1.1" 200 6656 "-" "Mozilla/5.0 (Windows NT 10.0; Win64; x64; rv:127.0) Gecko/20100101 Firefox/127.0"
146.19.78.168 - - [02/Nov/2025:02:41:23 +0545] "POST /consultants/xmlrpc.php HTTP/1.1" 200 180 "-" "Mozilla/5.0 (Windows NT 10.0; Win64; x64) AppleWebKit/537.36 (KHTML, like Gecko) Chrome/124.0.6367.207 Safari/537.36"
146.19.78.168 - - [02/Nov/2025:02:41:27 +0545] "POST /consultants/xmlrpc.php HTTP/1.1" 200 18241 "-" "Mozilla/5.0 (Windows NT 10.0; Win64; x64) AppleWebKit/537.36 (KHTML, like Gecko) Chrome/124.0.6367.207 Safari/537.36"
193.202.82.174 - - [02/Nov/2025:02:41:33 +0545] "GET /consultants/wp-login.php HTTP/1.1" 200 6656 "-" "Mozilla/5.0 (Macintosh; Intel Mac OS X 13_5) AppleWebKit/605.1.15 (KHTML, like Gecko) Version/17.5 Safari/605.1.15"
193.202.82.174 - - [02/Nov/2025:02:41:36 +0545] "POST /consultants/xmlrpc.php HTTP/1.1" 200 180 "-" "Mozilla/5.0 (Macintosh; Intel Mac OS X 13_5) AppleWebKit/605.1.15 (KHTML, like Gecko) Version/17.5 Safari/605.1.15"
193.202.82.174 - - [02/Nov/2025:02:41:40 +0545] "POST /consultants/xmlrpc.php HTTP/1.1" 200 19027 "-" "Mozilla/5.0 (Macintosh; Intel Mac OS X 13_5) AppleWebKit/605.1.15 (KHTML, like Gecko) Version/17.5 Safari/605.1.15"
193.233.88.134 - - [02/Nov/2025:02:41:43 +0545] "GET /consultants/wp-login.php HTTP/1.1" 200 6656 "-" "Mozilla/5.0 (Windows NT 10.0; Win64; x64) AppleWebKit/537.36 (KHTML, like Gecko) Chrome/124.0.6367.207 Safari/537.36"
193.233.88.134 - - [02/Nov/2025:02:41:47 +0545] "POST /consultants/xmlrpc.php HTTP/1.1" 200 180 "-" "Mozilla/5.0 (Windows NT 10.0; Win64; x64) AppleWebKit/537.36 (KHTML, like Gecko) Chrome/124.0.6367.207 Safari/537.36"
193.187.94.177 - - [02/Nov/2025:02:41:46 +0545] "GET /consultants/wp-login.php HTTP/1.1" 200 6656 "-" "Mozilla/5.0 (Macintosh; Intel Mac OS X 13_5) AppleWebKit/605.1.15 (KHTML, like Gecko) Version/17.5 Safari/605.1.15"
