52.169.206.229 - - [31/Oct/2025:09:37:22 +0545] "GET /403.php HTTP/1.1" 404 - "-" "-"
52.169.206.229 - - [31/Oct/2025:09:37:22 +0545] "GET /link.php HTTP/1.1" 404 - "-" "-"
52.169.206.229 - - [31/Oct/2025:09:37:22 +0545] "GET /byp.php HTTP/1.1" 404 - "-" "-"
52.169.206.229 - - [31/Oct/2025:09:37:22 +0545] "GET /bak.php HTTP/1.1" 404 - "-" "-"
52.169.206.229 - - [31/Oct/2025:09:37:22 +0545] "GET /ini.php HTTP/1.1" 404 - "-" "-"
52.169.206.229 - - [31/Oct/2025:09:37:23 +0545] "GET /ws.php HTTP/1.1" 404 - "-" "-"
52.169.206.229 - - [31/Oct/2025:09:37:23 +0545] "GET /wp-trackback.php HTTP/1.1" 404 135 "-" "-"
52.169.206.229 - - [31/Oct/2025:09:37:29 +0545] "GET /.well-known/index.php HTTP/1.1" 404 - "-" "-"
52.169.206.229 - - [31/Oct/2025:09:37:29 +0545] "GET /wp-includes/certificates/plugins.php HTTP/1.1" 404 121411 "-" "-"
52.169.206.229 - - [31/Oct/2025:09:37:38 +0545] "GET /wp-content/themes/seotheme/mar.php HTTP/1.1" 404 - "-" "-"
52.169.206.229 - - [31/Oct/2025:09:37:38 +0545] "GET /wp-admin/network/plugins.php HTTP/1.1" 302 - "-" "-"
52.169.206.229 - - [31/Oct/2025:09:37:53 +0545] "GET /wp-admin/about.php HTTP/1.1" 302 - "-" "-"
57.141.14.47 - - [31/Oct/2025:09:37:57 +0545] "GET /?u=6571899541611& HTTP/1.1" 301 - "-" "meta-externalagent/1.1 (+https://developers.facebook.com/docs/sharing/webmasters/crawler)"
52.169.206.229 - - [31/Oct/2025:09:38:08 +0545] "GET /gmo.php HTTP/1.1" 404 - "-" "-"
52.169.206.229 - - [31/Oct/2025:09:38:08 +0545] "GET /wp-includes/ID3/about.php HTTP/1.1" 404 121411 "-" "-"
52.169.206.229 - - [31/Oct/2025:09:38:18 +0545] "GET /css/index.php HTTP/1.1" 404 - "-" "-"
52.169.206.229 - - [31/Oct/2025:09:38:18 +0545] "GET /wp-admin/includes/xmrlpc.php?p= HTTP/1.1" 301 - "-" "-"
52.169.206.229 - - [31/Oct/2025:09:38:22 +0545] "GET /wp-admin/includes/xmrlpc.php HTTP/1.1" 404 121411 "-" "-"
52.169.206.229 - - [31/Oct/2025:09:38:30 +0545] "GET /wp-includes/SimplePie/wp-login.php HTTP/1.1" 404 121411 "-" "-"
52.169.206.229 - - [31/Oct/2025:09:38:39 +0545] "GET /wp-content/themes/about.php HTTP/1.1" 404 - "-" "-"
52.169.206.229 - - [31/Oct/2025:09:38:39 +0545] "GET /filemanager/dialog.php HTTP/1.1" 404 - "-" "-"
52.169.206.229 - - [31/Oct/2025:09:38:39 +0545] "GET /wp-admin/maint/index.php HTTP/1.1" 200 - "-" "-"
52.169.206.229 - - [31/Oct/2025:09:38:40 +0545] "GET /wp-includes/Requests/Text/admin.php HTTP/1.1" 404 121411 "-" "-"
52.169.206.229 - - [31/Oct/2025:09:38:47 +0545] "GET /wp-includes/customize/about.php HTTP/1.1" 404 121411 "-" "-"
52.169.206.229 - - [31/Oct/2025:09:38:54 +0545] "GET /index/function.php HTTP/1.1" 404 - "-" "-"
52.169.206.229 - - [31/Oct/2025:09:38:54 +0545] "GET /uploads/autoload_classmap.php HTTP/1.1" 404 - "-" "-"
52.169.206.229 - - [31/Oct/2025:09:38:54 +0545] "GET /wp-includes/css/dist/preferences/wp-login.php HTTP/1.1" 404 121411 "-" "-"
52.169.206.229 - - [31/Oct/2025:09:39:01 +0545] "GET /wp-includes/style-engine/about.php HTTP/1.1" 404 121411 "-" "-"
52.169.206.229 - - [31/Oct/2025:09:39:08 +0545] "GET /.well-known/acme-challenge/mariju.php HTTP/1.1" 404 - "-" "-"
52.169.206.229 - - [31/Oct/2025:09:39:08 +0545] "GET /about/function.php HTTP/1.1" 404 - "-" "-"
52.169.206.229 - - [31/Oct/2025:09:39:09 +0545] "GET /wp-includes/theme-compat/chosen.php HTTP/1.1" 404 121411 "-" "-"
52.169.206.229 - - [31/Oct/2025:09:39:16 +0545] "GET /admin/function.php HTTP/1.1" 404 - "-" "-"
52.169.206.229 - - [31/Oct/2025:09:39:16 +0545] "GET /.well-known/acme-challenge/index.php HTTP/1.1" 404 - "-" "-"
52.169.206.229 - - [31/Oct/2025:09:39:16 +0545] "GET /css/colors/blue/index.php HTTP/1.1" 404 - "-" "-"
52.169.206.229 - - [31/Oct/2025:09:39:17 +0545] "GET /wp-content/plugins/pwnd/as.php HTTP/1.1" 404 - "-" "-"
52.169.206.229 - - [31/Oct/2025:09:39:17 +0545] "GET /wp-admin/setup-config.php HTTP/1.1" 409 2761 "-" "-"
57.141.14.42 - - [31/Oct/2025:09:39:15 +0545] "GET /?u=7728754458001& HTTP/1.1" 301 - "-" "meta-externalagent/1.1 (+https://developers.facebook.com/docs/sharing/webmasters/crawler)"
52.169.206.229 - - [31/Oct/2025:09:39:18 +0545] "GET /wp-admin/user/about.php HTTP/1.1" 302 - "-" "-"
52.169.206.229 - - [31/Oct/2025:09:39:33 +0545] "GET /wp-includes/fonts/index.php?p= HTTP/1.1" 301 - "-" "-"
52.169.206.229 - - [31/Oct/2025:09:39:39 +0545] "GET /wp-includes/fonts/ HTTP/1.1" 404 121408 "-" "-"
52.169.206.229 - - [31/Oct/2025:09:39:46 +0545] "GET /.well-known/gecko-litespeed.php HTTP/1.1" 404 - "-" "-"
52.169.206.229 - - [31/Oct/2025:09:39:46 +0545] "GET /.well-known/admin.php HTTP/1.1" 404 - "-" "-"
52.169.206.229 - - [31/Oct/2025:09:39:47 +0545] "GET /wp-content/admin.php HTTP/1.1" 404 - "-" "-"
52.169.206.229 - - [31/Oct/2025:09:39:47 +0545] "GET /wp-content/plugins/admin.php HTTP/1.1" 404 - "-" "-"
52.169.206.229 - - [31/Oct/2025:09:39:47 +0545] "GET /wp-content/themes/twentytwentytwo/index.php?p= HTTP/1.1" 200 - "-" "-"
52.169.206.229 - - [31/Oct/2025:09:39:47 +0545] "GET /.well-known/log.php HTTP/1.1" 404 - "-" "-"
52.169.206.229 - - [31/Oct/2025:09:39:47 +0545] "GET /class.php HTTP/1.1" 404 - "-" "-"
52.169.206.229 - - [31/Oct/2025:09:39:48 +0545] "GET /bless.php HTTP/1.1" 404 - "-" "-"
52.169.206.229 - - [31/Oct/2025:09:39:48 +0545] "GET /wp-includes/js/codemirror/index.php HTTP/1.1" 301 - "-" "-"
57.141.14.72 - - [31/Oct/2025:09:39:49 +0545] "GET /?u=08739148993503& HTTP/1.1" 301 - "-" "meta-externalagent/1.1 (+https://developers.facebook.com/docs/sharing/webmasters/crawler)"
52.169.206.229 - - [31/Oct/2025:09:39:54 +0545] "GET /wp-includes/js/codemirror/ HTTP/1.1" 404 121411 "-" "-"
52.169.206.229 - - [31/Oct/2025:09:40:03 +0545] "GET /wp-includes/block-patterns/index.php HTTP/1.1" 301 - "-" "-"
52.169.206.229 - - [31/Oct/2025:09:40:08 +0545] "GET /wp-includes/block-patterns/ HTTP/1.1" 404 121408 "-" "-"
52.169.206.229 - - [31/Oct/2025:09:40:16 +0545] "GET /lock360.php HTTP/1.1" 404 - "-" "-"
52.169.206.229 - - [31/Oct/2025:09:40:16 +0545] "GET /bge.php HTTP/1.1" 404 - "-" "-"
52.169.206.229 - - [31/Oct/2025:09:40:16 +0545] "GET /ifm.php HTTP/1.1" 404 - "-" "-"
52.169.206.229 - - [31/Oct/2025:09:40:16 +0545] "GET /thxt.php HTTP/1.1" 404 - "-" "-"
52.169.206.229 - - [31/Oct/2025:09:40:17 +0545] "GET /kairolin.php HTTP/1.1" 404 - "-" "-"
52.169.206.229 - - [31/Oct/2025:09:40:17 +0545] "GET /siln.php HTTP/1.1" 404 - "-" "-"
57.141.14.34 - - [31/Oct/2025:09:44:50 +0545] "GET /?u=75952156648001& HTTP/1.1" 301 - "-" "meta-externalagent/1.1 (+https://developers.facebook.com/docs/sharing/webmasters/crawler)"
47.82.11.54 - - [31/Oct/2025:09:47:22 +0545] "GET /?shopdetail/12194526/ HTTP/1.1" 301 - "http://www.buildmydesign.in/" "Mozilla/5.0 (Windows NT 10.0; Win64; x64) AppleWebKit/537.36 (KHTML, like Gecko) Chrome/135.0.0.0 Safari/537.36"
57.141.14.47 - - [31/Oct/2025:09:48:39 +0545] "GET /?u=0997220571001& HTTP/1.1" 301 - "-" "meta-externalagent/1.1 (+https://developers.facebook.com/docs/sharing/webmasters/crawler)"
57.141.14.63 - - [31/Oct/2025:10:11:03 +0545] "GET /?u=7921044924701& HTTP/1.1" 301 - "-" "meta-externalagent/1.1 (+https://developers.facebook.com/docs/sharing/webmasters/crawler)"
216.244.66.226 - - [31/Oct/2025:10:16:47 +0545] "GET /robots.txt HTTP/1.1" 200 309 "-" "Mozilla/5.0 (compatible; DotBot/1.2; +https://opensiteexplorer.org/dotbot; help@moz.com)"
66.249.79.232 - - [31/Oct/2025:10:20:26 +0545] "GET /?zhHant/product/surugaya/61834460?campaign_uid=f64d716db5e979ed2f947dbaf4296895b951ae7f HTTP/1.1" 301 - "-" "Mozilla/5.0 (Linux; Android 6.0.1; Nexus 5X Build/MMB29P) AppleWebKit/537.36 (KHTML, like Gecko) Chrome/141.0.7390.122 Mobile Safari/537.36 (compatible; Googlebot/2.1; +http://www.google.com/bot.html)"
57.141.14.25 - - [31/Oct/2025:10:26:45 +0545] "GET /?u=21901156109300& HTTP/1.1" 301 - "-" "meta-externalagent/1.1 (+https://developers.facebook.com/docs/sharing/webmasters/crawler)"
66.249.79.232 - - [31/Oct/2025:10:28:15 +0545] "GET /?shopdetail/28134804/ HTTP/1.1" 301 - "-" "Mozilla/5.0 (Linux; Android 6.0.1; Nexus 5X Build/MMB29P) AppleWebKit/537.36 (KHTML, like Gecko) Chrome/141.0.7390.122 Mobile Safari/537.36 (compatible; Googlebot/2.1; +http://www.google.com/bot.html)"
57.141.14.80 - - [31/Oct/2025:10:30:56 +0545] "GET /?u=1082942149200& HTTP/1.1" 301 - "-" "meta-externalagent/1.1 (+https://developers.facebook.com/docs/sharing/webmasters/crawler)"
57.141.14.62 - - [31/Oct/2025:10:30:52 +0545] "GET /?u=02704178667502& HTTP/1.1" 301 - "-" "meta-externalagent/1.1 (+https://developers.facebook.com/docs/sharing/webmasters/crawler)"
57.141.14.26 - - [31/Oct/2025:10:38:14 +0545] "GET /?u=30831178157101& HTTP/1.1" 301 - "-" "meta-externalagent/1.1 (+https://developers.facebook.com/docs/sharing/webmasters/crawler)"
57.141.14.20 - - [31/Oct/2025:10:39:36 +0545] "GET /?u=7189094795605& HTTP/1.1" 301 - "-" "meta-externalagent/1.1 (+https://developers.facebook.com/docs/sharing/webmasters/crawler)"
43.173.182.85 - - [31/Oct/2025:10:40:04 +0545] "GET / HTTP/1.1" 301 - "-" "Mozilla/5.0 (Windows NT 6.1; Win64; x64) AppleWebKit/537.36 (KHTML, like Gecko) Chrome/126.0.6478.114 Safari/537.36"
47.82.11.50 - - [31/Oct/2025:10:45:56 +0545] "GET /?shopdetail/17954615/ HTTP/1.1" 301 - "http://www.buildmydesign.in/" "Mozilla/5.0 (X11; CrOS x86_64 14541.0.0) AppleWebKit/537.36 (KHTML, like Gecko) Chrome/132.0.0.0 Safari/537.36"
190.99.71.149 - - [31/Oct/2025:10:53:16 +0545] "GET http://buildmydesign.in/ HTTP/1.1" 301 - "-" "Mozilla/5.0 (Windows NT 6.1; Win64; x64) AppleWebKit/537.36 (KHTML, like Gecko) Chrome/126.0.6478.114 Safari/537.36"
57.141.14.50 - - [31/Oct/2025:10:53:25 +0545] "GET /?u=89271195135005& HTTP/1.1" 301 - "-" "meta-externalagent/1.1 (+https://developers.facebook.com/docs/sharing/webmasters/crawler)"
57.141.14.25 - - [31/Oct/2025:10:59:48 +0545] "GET /?u=0930579586900& HTTP/1.1" 301 - "-" "meta-externalagent/1.1 (+https://developers.facebook.com/docs/sharing/webmasters/crawler)"
57.141.14.75 - - [31/Oct/2025:11:01:35 +0545] "GET /?u=80773113732501& HTTP/1.1" 301 - "-" "meta-externalagent/1.1 (+https://developers.facebook.com/docs/sharing/webmasters/crawler)"
216.244.66.226 - - [31/Oct/2025:11:04:15 +0545] "GET /robots.txt HTTP/1.1" 200 309 "-" "Mozilla/5.0 (compatible; DotBot/1.2; +https://opensiteexplorer.org/dotbot; help@moz.com)"
57.141.14.87 - - [31/Oct/2025:11:15:57 +0545] "GET /?u=68508168468900& HTTP/1.1" 301 - "-" "meta-externalagent/1.1 (+https://developers.facebook.com/docs/sharing/webmasters/crawler)"
57.141.14.60 - - [31/Oct/2025:11:36:54 +0545] "GET /?u=71387141747808& HTTP/1.1" 301 - "-" "meta-externalagent/1.1 (+https://developers.facebook.com/docs/sharing/webmasters/crawler)"
57.141.14.48 - - [31/Oct/2025:11:51:10 +0545] "GET /?u=4427540686903& HTTP/1.1" 301 - "-" "meta-externalagent/1.1 (+https://developers.facebook.com/docs/sharing/webmasters/crawler)"
57.141.14.37 - - [31/Oct/2025:11:52:10 +0545] "GET /?u=5806725563400& HTTP/1.1" 301 - "-" "meta-externalagent/1.1 (+https://developers.facebook.com/docs/sharing/webmasters/crawler)"
57.141.14.23 - - [31/Oct/2025:11:55:38 +0545] "GET /?u=8049073113707& HTTP/1.1" 301 - "-" "meta-externalagent/1.1 (+https://developers.facebook.com/docs/sharing/webmasters/crawler)"
57.141.14.60 - - [31/Oct/2025:11:56:43 +0545] "GET /?u=9411616264503& HTTP/1.1" 301 - "-" "meta-externalagent/1.1 (+https://developers.facebook.com/docs/sharing/webmasters/crawler)"
57.141.14.43 - - [31/Oct/2025:12:02:27 +0545] "GET /?u=72211129728200& HTTP/1.1" 301 - "-" "meta-externalagent/1.1 (+https://developers.facebook.com/docs/sharing/webmasters/crawler)"
57.141.14.97 - - [31/Oct/2025:12:02:31 +0545] "GET /?u=6879886066400& HTTP/1.1" 301 - "-" "meta-externalagent/1.1 (+https://developers.facebook.com/docs/sharing/webmasters/crawler)"
57.141.14.74 - - [31/Oct/2025:12:06:35 +0545] "GET /?u=69595139995600& HTTP/1.1" 301 - "-" "meta-externalagent/1.1 (+https://developers.facebook.com/docs/sharing/webmasters/crawler)"
57.141.14.3 - - [31/Oct/2025:12:09:30 +0545] "GET /?u=1897160874300& HTTP/1.1" 301 - "-" "meta-externalagent/1.1 (+https://developers.facebook.com/docs/sharing/webmasters/crawler)"
216.244.66.226 - - [31/Oct/2025:12:15:54 +0545] "GET /robots.txt HTTP/1.1" 200 309 "-" "Mozilla/5.0 (compatible; DotBot/1.2; +https://opensiteexplorer.org/dotbot; help@moz.com)"
57.141.14.87 - - [31/Oct/2025:12:20:03 +0545] "GET /?u=81287178581101& HTTP/1.1" 301 - "-" "meta-externalagent/1.1 (+https://developers.facebook.com/docs/sharing/webmasters/crawler)"
57.141.14.38 - - [31/Oct/2025:12:23:31 +0545] "GET /?u=7430055572000& HTTP/1.1" 301 - "-" "meta-externalagent/1.1 (+https://developers.facebook.com/docs/sharing/webmasters/crawler)"
57.141.14.88 - - [31/Oct/2025:12:25:43 +0545] "GET /?u=9230844008704& HTTP/1.1" 301 - "-" "meta-externalagent/1.1 (+https://developers.facebook.com/docs/sharing/webmasters/crawler)"
57.141.14.20 - - [31/Oct/2025:12:25:52 +0545] "GET /?u=67166121374901& HTTP/1.1" 301 - "-" "meta-externalagent/1.1 (+https://developers.facebook.com/docs/sharing/webmasters/crawler)"
57.141.14.17 - - [31/Oct/2025:12:33:12 +0545] "GET /?u=83435131441900& HTTP/1.1" 301 - "-" "meta-externalagent/1.1 (+https://developers.facebook.com/docs/sharing/webmasters/crawler)"
57.141.14.39 - - [31/Oct/2025:12:42:41 +0545] "GET /?u=20612167137700& HTTP/1.1" 301 - "-" "meta-externalagent/1.1 (+https://developers.facebook.com/docs/sharing/webmasters/crawler)"
57.141.14.98 - - [31/Oct/2025:12:46:06 +0545] "GET /?u=1758294255510& HTTP/1.1" 301 - "-" "meta-externalagent/1.1 (+https://developers.facebook.com/docs/sharing/webmasters/crawler)"
57.141.14.99 - - [31/Oct/2025:12:51:16 +0545] "GET /?u=41008116957003& HTTP/1.1" 301 - "-" "meta-externalagent/1.1 (+https://developers.facebook.com/docs/sharing/webmasters/crawler)"
57.141.14.75 - - [31/Oct/2025:13:01:55 +0545] "GET /?u=60511145828200& HTTP/1.1" 301 - "-" "meta-externalagent/1.1 (+https://developers.facebook.com/docs/sharing/webmasters/crawler)"
216.244.66.226 - - [31/Oct/2025:13:04:15 +0545] "GET /robots.txt HTTP/1.1" 200 309 "-" "Mozilla/5.0 (compatible; DotBot/1.2; +https://opensiteexplorer.org/dotbot; help@moz.com)"
57.141.14.1 - - [31/Oct/2025:13:14:24 +0545] "GET /?u=27112116586500& HTTP/1.1" 301 - "-" "meta-externalagent/1.1 (+https://developers.facebook.com/docs/sharing/webmasters/crawler)"
57.141.14.96 - - [31/Oct/2025:13:16:18 +0545] "GET /?u=7159514604300& HTTP/1.1" 301 - "-" "meta-externalagent/1.1 (+https://developers.facebook.com/docs/sharing/webmasters/crawler)"
57.141.14.32 - - [31/Oct/2025:13:21:29 +0545] "GET /?u=1087275120114& HTTP/1.1" 301 - "-" "meta-externalagent/1.1 (+https://developers.facebook.com/docs/sharing/webmasters/crawler)"
57.141.14.51 - - [31/Oct/2025:13:21:59 +0545] "GET /?u=78481114041700& HTTP/1.1" 500 2942 "-" "meta-externalagent/1.1 (+https://developers.facebook.com/docs/sharing/webmasters/crawler)"
57.141.14.50 - - [31/Oct/2025:13:38:41 +0545] "GET /?u=36218198771700& HTTP/1.1" 301 - "-" "meta-externalagent/1.1 (+https://developers.facebook.com/docs/sharing/webmasters/crawler)"
57.141.14.8 - - [31/Oct/2025:13:39:53 +0545] "GET /?u=09548170049400& HTTP/1.1" 301 - "-" "meta-externalagent/1.1 (+https://developers.facebook.com/docs/sharing/webmasters/crawler)"
216.244.66.226 - - [31/Oct/2025:13:51:54 +0545] "GET /robots.txt HTTP/1.1" 200 309 "-" "Mozilla/5.0 (compatible; DotBot/1.2; +https://opensiteexplorer.org/dotbot; help@moz.com)"
47.82.11.20 - - [31/Oct/2025:13:55:30 +0545] "GET /?shopdetail/13093315/ HTTP/1.1" 301 - "http://www.buildmydesign.in/" "Mozilla/5.0 (X11; Linux x86_64) AppleWebKit/537.36 (KHTML, like Gecko) Chrome/129.0.0.0 Safari/537.36"
57.141.14.78 - - [31/Oct/2025:14:08:36 +0545] "GET /?u=79258170324405& HTTP/1.1" 301 - "-" "meta-externalagent/1.1 (+https://developers.facebook.com/docs/sharing/webmasters/crawler)"
57.141.14.99 - - [31/Oct/2025:14:20:13 +0545] "GET /?u=0069431182602& HTTP/1.1" 301 - "-" "meta-externalagent/1.1 (+https://developers.facebook.com/docs/sharing/webmasters/crawler)"
57.141.14.75 - - [31/Oct/2025:14:22:54 +0545] "GET /?u=6171087191900& HTTP/1.1" 301 - "-" "meta-externalagent/1.1 (+https://developers.facebook.com/docs/sharing/webmasters/crawler)"
57.141.14.68 - - [31/Oct/2025:14:26:59 +0545] "GET /?u=1923512418901& HTTP/1.1" 301 - "-" "meta-externalagent/1.1 (+https://developers.facebook.com/docs/sharing/webmasters/crawler)"
57.141.14.55 - - [31/Oct/2025:14:35:26 +0545] "GET /?u=09171107478400& HTTP/1.1" 301 - "-" "meta-externalagent/1.1 (+https://developers.facebook.com/docs/sharing/webmasters/crawler)"
57.141.14.70 - - [31/Oct/2025:14:37:37 +0545] "GET /?u=31189116012001& HTTP/1.1" 301 - "-" "meta-externalagent/1.1 (+https://developers.facebook.com/docs/sharing/webmasters/crawler)"
57.141.14.54 - - [31/Oct/2025:14:39:17 +0545] "GET /?u=08751131214301& HTTP/1.1" 301 - "-" "meta-externalagent/1.1 (+https://developers.facebook.com/docs/sharing/webmasters/crawler)"
216.244.66.226 - - [31/Oct/2025:14:39:37 +0545] "GET /robots.txt HTTP/1.1" 200 309 "-" "Mozilla/5.0 (compatible; DotBot/1.2; +https://opensiteexplorer.org/dotbot; help@moz.com)"
57.141.14.62 - - [31/Oct/2025:15:01:57 +0545] "GET /?u=9256187290300& HTTP/1.1" 301 - "-" "meta-externalagent/1.1 (+https://developers.facebook.com/docs/sharing/webmasters/crawler)"
57.141.14.52 - - [31/Oct/2025:15:04:37 +0545] "GET /?u=23602114310505& HTTP/1.1" 301 - "-" "meta-externalagent/1.1 (+https://developers.facebook.com/docs/sharing/webmasters/crawler)"
57.141.14.32 - - [31/Oct/2025:15:20:05 +0545] "GET /?u=01915119701702& HTTP/1.1" 301 - "-" "meta-externalagent/1.1 (+https://developers.facebook.com/docs/sharing/webmasters/crawler)"
57.141.14.24 - - [31/Oct/2025:15:24:14 +0545] "GET /?u=97827186708600& HTTP/1.1" 301 - "-" "meta-externalagent/1.1 (+https://developers.facebook.com/docs/sharing/webmasters/crawler)"
216.244.66.226 - - [31/Oct/2025:15:26:40 +0545] "GET /robots.txt HTTP/1.1" 200 309 "-" "Mozilla/5.0 (compatible; DotBot/1.2; +https://opensiteexplorer.org/dotbot; help@moz.com)"
57.141.14.51 - - [31/Oct/2025:15:28:29 +0545] "GET /?u=2287928699400& HTTP/1.1" 301 - "-" "meta-externalagent/1.1 (+https://developers.facebook.com/docs/sharing/webmasters/crawler)"
57.141.14.70 - - [31/Oct/2025:15:32:46 +0545] "GET /?u=93789147126401& HTTP/1.1" 301 - "-" "meta-externalagent/1.1 (+https://developers.facebook.com/docs/sharing/webmasters/crawler)"
57.141.14.77 - - [31/Oct/2025:15:35:11 +0545] "GET /?u=42185166536200& HTTP/1.1" 301 - "-" "meta-externalagent/1.1 (+https://developers.facebook.com/docs/sharing/webmasters/crawler)"
57.141.14.25 - - [31/Oct/2025:15:40:28 +0545] "GET /?u=9508087938402& HTTP/1.1" 301 - "-" "meta-externalagent/1.1 (+https://developers.facebook.com/docs/sharing/webmasters/crawler)"
57.141.14.42 - - [31/Oct/2025:15:41:30 +0545] "GET /?u=64731177985102& HTTP/1.1" 301 - "-" "meta-externalagent/1.1 (+https://developers.facebook.com/docs/sharing/webmasters/crawler)"
57.141.14.63 - - [31/Oct/2025:15:44:57 +0545] "GET /?u=0831291237903& HTTP/1.1" 301 - "-" "meta-externalagent/1.1 (+https://developers.facebook.com/docs/sharing/webmasters/crawler)"
57.141.14.78 - - [31/Oct/2025:15:50:37 +0545] "GET /?u=07850188869405& HTTP/1.1" 301 - "-" "meta-externalagent/1.1 (+https://developers.facebook.com/docs/sharing/webmasters/crawler)"
57.141.14.90 - - [31/Oct/2025:15:50:52 +0545] "GET /?u=1349388899009& HTTP/1.1" 301 - "-" "meta-externalagent/1.1 (+https://developers.facebook.com/docs/sharing/webmasters/crawler)"
57.141.14.24 - - [31/Oct/2025:15:51:58 +0545] "GET /?u=30245137919103& HTTP/1.1" 301 - "-" "meta-externalagent/1.1 (+https://developers.facebook.com/docs/sharing/webmasters/crawler)"
57.141.14.24 - - [31/Oct/2025:15:58:32 +0545] "GET /?u=22997129573300& HTTP/1.1" 301 - "-" "meta-externalagent/1.1 (+https://developers.facebook.com/docs/sharing/webmasters/crawler)"
57.141.14.24 - - [31/Oct/2025:15:58:55 +0545] "GET /?u=47238171441300& HTTP/1.1" 301 - "-" "meta-externalagent/1.1 (+https://developers.facebook.com/docs/sharing/webmasters/crawler)"
57.141.14.49 - - [31/Oct/2025:16:06:06 +0545] "GET /?u=58092105997902& HTTP/1.1" 301 - "-" "meta-externalagent/1.1 (+https://developers.facebook.com/docs/sharing/webmasters/crawler)"
57.141.14.93 - - [31/Oct/2025:16:10:18 +0545] "GET /?u=775976239401& HTTP/1.1" 301 - "-" "meta-externalagent/1.1 (+https://developers.facebook.com/docs/sharing/webmasters/crawler)"
216.244.66.226 - - [31/Oct/2025:16:14:27 +0545] "GET /robots.txt HTTP/1.1" 200 309 "-" "Mozilla/5.0 (compatible; DotBot/1.2; +https://opensiteexplorer.org/dotbot; help@moz.com)"
57.141.14.18 - - [31/Oct/2025:16:14:33 +0545] "GET /?u=0918248691008& HTTP/1.1" 301 - "-" "meta-externalagent/1.1 (+https://developers.facebook.com/docs/sharing/webmasters/crawler)"
57.141.14.45 - - [31/Oct/2025:16:21:34 +0545] "GET /?u=2621836747800& HTTP/1.1" 301 - "-" "meta-externalagent/1.1 (+https://developers.facebook.com/docs/sharing/webmasters/crawler)"
57.141.14.59 - - [31/Oct/2025:16:24:44 +0545] "GET /?u=87780183191100& HTTP/1.1" 301 - "-" "meta-externalagent/1.1 (+https://developers.facebook.com/docs/sharing/webmasters/crawler)"
198.235.24.122 - - [31/Oct/2025:16:26:26 +0545] "GET / HTTP/1.1" 301 - "-" "Hello from Palo Alto Networks, find out more about our scans in https://docs-cortex.paloaltonetworks.com/r/1/Cortex-Xpanse/Scanning-activity"
57.141.14.50 - - [31/Oct/2025:16:26:39 +0545] "GET /?u=9848940491001& HTTP/1.1" 301 - "-" "meta-externalagent/1.1 (+https://developers.facebook.com/docs/sharing/webmasters/crawler)"
57.141.14.87 - - [31/Oct/2025:16:31:04 +0545] "GET /?u=7297353228702& HTTP/1.1" 301 - "-" "meta-externalagent/1.1 (+https://developers.facebook.com/docs/sharing/webmasters/crawler)"
57.141.14.38 - - [31/Oct/2025:16:31:24 +0545] "GET /?u=27910147586702& HTTP/1.1" 301 - "-" "meta-externalagent/1.1 (+https://developers.facebook.com/docs/sharing/webmasters/crawler)"
57.141.14.55 - - [31/Oct/2025:16:44:34 +0545] "GET /?u=01358174362003& HTTP/1.1" 301 - "-" "meta-externalagent/1.1 (+https://developers.facebook.com/docs/sharing/webmasters/crawler)"
57.141.14.72 - - [31/Oct/2025:16:44:50 +0545] "GET /?u=965939031800& HTTP/1.1" 301 - "-" "meta-externalagent/1.1 (+https://developers.facebook.com/docs/sharing/webmasters/crawler)"
216.244.66.226 - - [31/Oct/2025:17:01:44 +0545] "GET /robots.txt HTTP/1.1" 200 309 "-" "Mozilla/5.0 (compatible; DotBot/1.2; +https://opensiteexplorer.org/dotbot; help@moz.com)"
57.141.14.79 - - [31/Oct/2025:17:01:42 +0545] "GET /?u=2881512676302& HTTP/1.1" 301 - "-" "meta-externalagent/1.1 (+https://developers.facebook.com/docs/sharing/webmasters/crawler)"
81.71.155.180 - - [31/Oct/2025:17:01:56 +0545] "GET / HTTP/1.1" 301 - "-" "Mozilla/5.0 (Windows NT 6.1; Win64; x64) AppleWebKit/537.36 (KHTML, like Gecko) Chrome/126.0.6478.114 Safari/537.36"
57.141.14.76 - - [31/Oct/2025:17:05:59 +0545] "GET /?u=87381184425000& HTTP/1.1" 301 - "-" "meta-externalagent/1.1 (+https://developers.facebook.com/docs/sharing/webmasters/crawler)"
123.234.2.48 - - [31/Oct/2025:17:09:18 +0545] "GET / HTTP/1.1" 301 - "-" "Mozilla/5.0 (Windows NT 10.0; Win64; x64) AppleWebKit/537.36 (KHTML, like Gecko) Chrome/134.0.0.0 Safari/537.36"
118.24.79.245 - - [31/Oct/2025:17:09:06 +0545] "GET / HTTP/1.1" 301 - "-" "Mozilla/5.0 (Windows NT 6.1; Win64; x64) AppleWebKit/537.36 (KHTML, like Gecko) Chrome/126.0.6478.114 Safari/537.36"
115.56.90.144 - - [31/Oct/2025:17:09:50 +0545] "GET / HTTP/1.1" 301 - "-" "Mozilla/5.0 (Windows NT 10.0; Win64; x64) AppleWebKit/537.36 (KHTML, like Gecko) Chrome/134.0.0.0 Safari/537.36"
57.141.14.34 - - [31/Oct/2025:17:18:51 +0545] "GET /?u=7172953405904& HTTP/1.1" 301 - "-" "meta-externalagent/1.1 (+https://developers.facebook.com/docs/sharing/webmasters/crawler)"
57.141.14.55 - - [31/Oct/2025:17:19:32 +0545] "GET /?u=5190778794800& HTTP/1.1" 301 - "-" "meta-externalagent/1.1 (+https://developers.facebook.com/docs/sharing/webmasters/crawler)"
132.232.206.156 - - [31/Oct/2025:17:22:38 +0545] "GET / HTTP/1.1" 301 - "-" "Mozilla/5.0 (Windows NT 6.1; Win64; x64) AppleWebKit/537.36 (KHTML, like Gecko) Chrome/126.0.6478.114 Safari/537.36"
36.131.200.122 - - [31/Oct/2025:17:22:50 +0545] "GET / HTTP/1.1" 301 - "-" "Mozilla/5.0 (Windows NT 10.0; Win64; x64) AppleWebKit/537.36 (KHTML, like Gecko) Chrome/134.0.0.0 Safari/537.36"
120.209.212.145 - - [31/Oct/2025:17:23:30 +0545] "GET / HTTP/1.1" 301 - "-" "Mozilla/5.0 (Windows NT 10.0; Win64; x64) AppleWebKit/537.36 (KHTML, like Gecko) Chrome/134.0.0.0 Safari/537.36"
112.28.168.175 - - [31/Oct/2025:17:29:44 +0545] "GET / HTTP/1.1" 301 - "-" "Mozilla/5.0 (Windows NT 10.0; Win64; x64) AppleWebKit/537.36 (KHTML, like Gecko) Chrome/134.0.0.0 Safari/537.36"
123.6.74.179 - - [31/Oct/2025:17:30:24 +0545] "GET / HTTP/1.1" 301 - "-" "Mozilla/5.0 (Windows NT 10.0; Win64; x64) AppleWebKit/537.36 (KHTML, like Gecko) Chrome/134.0.0.0 Safari/537.36"
221.204.217.15 - - [31/Oct/2025:17:31:04 +0545] "GET / HTTP/1.1" 301 - "-" "Mozilla/5.0 (Windows NT 10.0; Win64; x64) AppleWebKit/537.36 (KHTML, like Gecko) Chrome/134.0.0.0 Safari/537.36"
183.93.116.34 - - [31/Oct/2025:17:31:44 +0545] "GET / HTTP/1.1" 301 - "-" "Mozilla/5.0 (Windows NT 10.0; Win64; x64) AppleWebKit/537.36 (KHTML, like Gecko) Chrome/134.0.0.0 Safari/537.36"
183.192.188.115 - - [31/Oct/2025:17:32:24 +0545] "GET / HTTP/1.1" 301 - "-" "Mozilla/5.0 (Windows NT 10.0; Win64; x64) AppleWebKit/537.36 (KHTML, like Gecko) Chrome/134.0.0.0 Safari/537.36"
61.170.88.117 - - [31/Oct/2025:17:33:04 +0545] "GET / HTTP/1.1" 301 - "-" "Mozilla/5.0 (Windows NT 10.0; Win64; x64) AppleWebKit/537.36 (KHTML, like Gecko) Chrome/134.0.0.0 Safari/537.36"
66.249.79.233 - - [31/Oct/2025:17:48:41 +0545] "GET /?shopdetail/23443937/ HTTP/1.1" 301 - "-" "Mozilla/5.0 (Linux; Android 6.0.1; Nexus 5X Build/MMB29P) AppleWebKit/537.36 (KHTML, like Gecko) Chrome/141.0.7390.122 Mobile Safari/537.36 (compatible; Googlebot/2.1; +http://www.google.com/bot.html)"
216.244.66.226 - - [31/Oct/2025:17:49:22 +0545] "GET /robots.txt HTTP/1.1" 200 309 "-" "Mozilla/5.0 (compatible; DotBot/1.2; +https://opensiteexplorer.org/dotbot; help@moz.com)"
57.141.14.30 - - [31/Oct/2025:18:02:08 +0545] "GET /?u=28774133586400& HTTP/1.1" 301 - "-" "meta-externalagent/1.1 (+https://developers.facebook.com/docs/sharing/webmasters/crawler)"
185.17.135.79 - - [31/Oct/2025:18:03:46 +0545] "GET /wp-content/plugins/king-addons/freemius/assets/css/customizer.css HTTP/1.1" 404 119773 "-" "Mozilla/5.0 (X11; Linux x86_64) AppleWebKit/537.36 (KHTML, like Gecko) Chrome/140.0.0.0 Safari/537.36"
47.82.11.72 - - [31/Oct/2025:18:36:35 +0545] "GET /?shopdetail/4179459/ HTTP/1.1" 301 - "http://www.buildmydesign.in/" "Mozilla/5.0 (Windows NT 10.0; Win64; x64) AppleWebKit/537.36 (KHTML, like Gecko) Chrome/135.0.0.0 Safari/537.36"
57.141.14.21 - - [31/Oct/2025:18:36:53 +0545] "GET /?u=77246106366104& HTTP/1.1" 301 - "-" "meta-externalagent/1.1 (+https://developers.facebook.com/docs/sharing/webmasters/crawler)"
216.244.66.226 - - [31/Oct/2025:18:38:35 +0545] "GET /robots.txt HTTP/1.1" 200 309 "-" "Mozilla/5.0 (compatible; DotBot/1.2; +https://opensiteexplorer.org/dotbot; help@moz.com)"
57.141.14.49 - - [31/Oct/2025:18:58:54 +0545] "GET /?u=85907179920409& HTTP/1.1" 301 - "-" "meta-externalagent/1.1 (+https://developers.facebook.com/docs/sharing/webmasters/crawler)"
57.141.14.89 - - [31/Oct/2025:19:10:30 +0545] "GET /?u=97999115608805& HTTP/1.1" 301 - "-" "meta-externalagent/1.1 (+https://developers.facebook.com/docs/sharing/webmasters/crawler)"
93.157.169.14 - - [31/Oct/2025:19:14:55 +0545] "GET /wp-content/plugins/king-addons/freemius/assets/css/customizer.css HTTP/1.1" 404 119773 "-" "Mozilla/5.0 (Windows NT 10.0; Win64; x64) AppleWebKit/537.36 (KHTML, like Gecko) Chrome/138.0.7204.97 Safari/537.36"
57.141.14.49 - - [31/Oct/2025:19:20:21 +0545] "GET /?u=80084104380205& HTTP/1.1" 301 - "-" "meta-externalagent/1.1 (+https://developers.facebook.com/docs/sharing/webmasters/crawler)"
57.141.14.12 - - [31/Oct/2025:19:23:05 +0545] "GET /?u=95519155776300& HTTP/1.1" 301 - "-" "meta-externalagent/1.1 (+https://developers.facebook.com/docs/sharing/webmasters/crawler)"
57.141.14.33 - - [31/Oct/2025:19:25:33 +0545] "GET /?u=9162596575001& HTTP/1.1" 301 - "-" "meta-externalagent/1.1 (+https://developers.facebook.com/docs/sharing/webmasters/crawler)"
57.141.14.90 - - [31/Oct/2025:19:25:51 +0545] "GET /?u=79737195076200& HTTP/1.1" 301 - "-" "meta-externalagent/1.1 (+https://developers.facebook.com/docs/sharing/webmasters/crawler)"
216.244.66.226 - - [31/Oct/2025:19:28:20 +0545] "GET /robots.txt HTTP/1.1" 200 309 "-" "Mozilla/5.0 (compatible; DotBot/1.2; +https://opensiteexplorer.org/dotbot; help@moz.com)"
57.141.14.29 - - [31/Oct/2025:19:32:27 +0545] "GET /?u=8874189081806& HTTP/1.1" 301 - "-" "meta-externalagent/1.1 (+https://developers.facebook.com/docs/sharing/webmasters/crawler)"
57.141.14.13 - - [31/Oct/2025:19:37:46 +0545] "GET /?u=940108787607& HTTP/1.1" 301 - "-" "meta-externalagent/1.1 (+https://developers.facebook.com/docs/sharing/webmasters/crawler)"
57.141.14.58 - - [31/Oct/2025:19:38:31 +0545] "GET /?u=2827495875500& HTTP/1.1" 301 - "-" "meta-externalagent/1.1 (+https://developers.facebook.com/docs/sharing/webmasters/crawler)"
57.141.14.95 - - [31/Oct/2025:19:43:17 +0545] "GET /?u=98990164856300& HTTP/1.1" 301 - "-" "meta-externalagent/1.1 (+https://developers.facebook.com/docs/sharing/webmasters/crawler)"
66.249.79.1 - - [31/Oct/2025:19:51:13 +0545] "GET /sitemap.xml HTTP/1.1" 302 - "-" "Mozilla/5.0 (compatible; Googlebot/2.1; +http://www.google.com/bot.html)"
57.141.14.19 - - [31/Oct/2025:20:05:32 +0545] "GET /?u=9188112347500& HTTP/1.1" 301 - "-" "meta-externalagent/1.1 (+https://developers.facebook.com/docs/sharing/webmasters/crawler)"
57.141.14.21 - - [31/Oct/2025:20:17:02 +0545] "GET /?u=3702017272004& HTTP/1.1" 301 - "-" "meta-externalagent/1.1 (+https://developers.facebook.com/docs/sharing/webmasters/crawler)"
216.244.66.226 - - [31/Oct/2025:20:18:06 +0545] "GET /robots.txt HTTP/1.1" 200 309 "-" "Mozilla/5.0 (compatible; DotBot/1.2; +https://opensiteexplorer.org/dotbot; help@moz.com)"
57.141.14.40 - - [31/Oct/2025:20:25:28 +0545] "GET /?u=4274552937700& HTTP/1.1" 301 - "-" "meta-externalagent/1.1 (+https://developers.facebook.com/docs/sharing/webmasters/crawler)"
57.141.14.73 - - [31/Oct/2025:20:30:37 +0545] "GET /?u=87730121298207& HTTP/1.1" 301 - "-" "meta-externalagent/1.1 (+https://developers.facebook.com/docs/sharing/webmasters/crawler)"
57.141.14.65 - - [31/Oct/2025:20:31:32 +0545] "GET /?u=21917183302300& HTTP/1.1" 301 - "-" "meta-externalagent/1.1 (+https://developers.facebook.com/docs/sharing/webmasters/crawler)"
57.141.14.61 - - [31/Oct/2025:20:46:27 +0545] "GET /?u=9087795892609& HTTP/1.1" 301 - "-" "meta-externalagent/1.1 (+https://developers.facebook.com/docs/sharing/webmasters/crawler)"
57.141.14.74 - - [31/Oct/2025:21:02:36 +0545] "GET /?u=54127115534200& HTTP/1.1" 301 - "-" "meta-externalagent/1.1 (+https://developers.facebook.com/docs/sharing/webmasters/crawler)"
57.141.14.43 - - [31/Oct/2025:21:04:48 +0545] "GET /?u=4908490082700& HTTP/1.1" 301 - "-" "meta-externalagent/1.1 (+https://developers.facebook.com/docs/sharing/webmasters/crawler)"
57.141.14.34 - - [31/Oct/2025:21:06:06 +0545] "GET /?u=70921141231800& HTTP/1.1" 301 - "-" "meta-externalagent/1.1 (+https://developers.facebook.com/docs/sharing/webmasters/crawler)"
57.141.14.62 - - [31/Oct/2025:21:06:22 +0545] "GET /?u=3221299398400& HTTP/1.1" 301 - "-" "meta-externalagent/1.1 (+https://developers.facebook.com/docs/sharing/webmasters/crawler)"
66.249.79.231 - - [31/Oct/2025:21:06:47 +0545] "GET /?shopdetail/23443937/ HTTP/1.1" 301 - "-" "Mozilla/5.0 (Linux; Android 6.0.1; Nexus 5X Build/MMB29P) AppleWebKit/537.36 (KHTML, like Gecko) Chrome/141.0.7390.122 Mobile Safari/537.36 (compatible; Googlebot/2.1; +http://www.google.com/bot.html)"
57.141.14.46 - - [31/Oct/2025:21:15:50 +0545] "GET /?u=2895032157001& HTTP/1.1" 301 - "-" "meta-externalagent/1.1 (+https://developers.facebook.com/docs/sharing/webmasters/crawler)"
57.141.14.44 - - [31/Oct/2025:21:16:37 +0545] "GET /?u=18099129686401& HTTP/1.1" 301 - "-" "meta-externalagent/1.1 (+https://developers.facebook.com/docs/sharing/webmasters/crawler)"
57.141.14.17 - - [31/Oct/2025:21:20:50 +0545] "GET /?u=7537523305104& HTTP/1.1" 301 - "-" "meta-externalagent/1.1 (+https://developers.facebook.com/docs/sharing/webmasters/crawler)"
216.244.66.226 - - [31/Oct/2025:21:29:23 +0545] "GET /robots.txt HTTP/1.1" 200 309 "-" "Mozilla/5.0 (compatible; DotBot/1.2; +https://opensiteexplorer.org/dotbot; help@moz.com)"
57.141.14.100 - - [31/Oct/2025:21:43:03 +0545] "GET /?u=33972118844301& HTTP/1.1" 301 - "-" "meta-externalagent/1.1 (+https://developers.facebook.com/docs/sharing/webmasters/crawler)"
57.141.14.11 - - [31/Oct/2025:21:47:01 +0545] "GET /?u=50797187886402& HTTP/1.1" 301 - "-" "meta-externalagent/1.1 (+https://developers.facebook.com/docs/sharing/webmasters/crawler)"
57.141.14.40 - - [31/Oct/2025:21:56:07 +0545] "GET /?u=3963262000501& HTTP/1.1" 301 - "-" "meta-externalagent/1.1 (+https://developers.facebook.com/docs/sharing/webmasters/crawler)"
57.141.14.33 - - [31/Oct/2025:22:02:06 +0545] "GET /?u=2722450969801& HTTP/1.1" 301 - "-" "meta-externalagent/1.1 (+https://developers.facebook.com/docs/sharing/webmasters/crawler)"
43.173.178.78 - - [31/Oct/2025:22:07:52 +0545] "GET / HTTP/1.1" 301 - "-" "Mozilla/5.0 (Windows NT 10.0; Win64; x64) AppleWebKit/537.36 (KHTML, like Gecko) Chrome/106.0.5249.119 Safari/537.36"
216.244.66.226 - - [31/Oct/2025:22:18:01 +0545] "GET /robots.txt HTTP/1.1" 200 309 "-" "Mozilla/5.0 (compatible; DotBot/1.2; +https://opensiteexplorer.org/dotbot; help@moz.com)"
57.141.14.10 - - [31/Oct/2025:22:28:19 +0545] "GET /?u=9762824826201& HTTP/1.1" 301 - "-" "meta-externalagent/1.1 (+https://developers.facebook.com/docs/sharing/webmasters/crawler)"
57.141.14.39 - - [31/Oct/2025:22:48:38 +0545] "GET /?u=87622187439300& HTTP/1.1" 301 - "-" "meta-externalagent/1.1 (+https://developers.facebook.com/docs/sharing/webmasters/crawler)"
20.191.45.212 - - [31/Oct/2025:23:01:24 +0545] "GET / HTTP/1.1" 301 - "http://buildmydesign.in/" "DuckDuckBot/1.1; (+http://duckduckgo.com/duckduckbot.html)"
20.191.45.212 - - [31/Oct/2025:23:01:40 +0545] "GET /favicon.ico HTTP/1.1" 302 - "http://buildmydesign.in/favicon.ico" "DuckDuckBot/1.1; (+http://duckduckgo.com/duckduckbot.html)"
57.141.14.19 - - [31/Oct/2025:23:03:07 +0545] "GET /?u=23523169700100& HTTP/1.1" 301 - "-" "meta-externalagent/1.1 (+https://developers.facebook.com/docs/sharing/webmasters/crawler)"
216.244.66.226 - - [31/Oct/2025:23:06:02 +0545] "GET /robots.txt HTTP/1.1" 200 309 "-" "Mozilla/5.0 (compatible; DotBot/1.2; +https://opensiteexplorer.org/dotbot; help@moz.com)"
178.205.124.6 - - [31/Oct/2025:23:14:51 +0545] "GET /wp-content/plugins/king-addons/freemius/assets/css/customizer.css HTTP/1.1" 404 119773 "-" "Mozilla/5.0 (X11; Linux x86_64) AppleWebKit/537.36 (KHTML, like Gecko) Chrome/131.0.0.0 Safari/537.36"
57.141.14.68 - - [31/Oct/2025:23:18:55 +0545] "GET /?u=23730167557307& HTTP/1.1" 301 - "-" "meta-externalagent/1.1 (+https://developers.facebook.com/docs/sharing/webmasters/crawler)"
57.141.14.3 - - [31/Oct/2025:23:24:49 +0545] "GET /?u=7192826842202& HTTP/1.1" 301 - "-" "meta-externalagent/1.1 (+https://developers.facebook.com/docs/sharing/webmasters/crawler)"
57.141.14.76 - - [31/Oct/2025:23:27:05 +0545] "GET /?u=4378084356205& HTTP/1.1" 301 - "-" "meta-externalagent/1.1 (+https://developers.facebook.com/docs/sharing/webmasters/crawler)"
57.141.14.91 - - [31/Oct/2025:23:32:46 +0545] "GET /?u=5265532055204& HTTP/1.1" 301 - "-" "meta-externalagent/1.1 (+https://developers.facebook.com/docs/sharing/webmasters/crawler)"
57.141.14.93 - - [31/Oct/2025:23:38:54 +0545] "GET /?u=063796626800& HTTP/1.1" 301 - "-" "meta-externalagent/1.1 (+https://developers.facebook.com/docs/sharing/webmasters/crawler)"
57.141.14.30 - - [31/Oct/2025:23:41:10 +0545] "GET /?u=20930133314500& HTTP/1.1" 301 - "-" "meta-externalagent/1.1 (+https://developers.facebook.com/docs/sharing/webmasters/crawler)"
66.249.79.1 - - [31/Oct/2025:23:44:29 +0545] "GET / HTTP/1.1" 301 - "-" "Mozilla/5.0 (compatible; Googlebot/2.1; +http://www.google.com/bot.html)"
57.141.14.67 - - [31/Oct/2025:23:53:05 +0545] "GET /?u=9680218069800& HTTP/1.1" 301 - "-" "meta-externalagent/1.1 (+https://developers.facebook.com/docs/sharing/webmasters/crawler)"
216.244.66.226 - - [31/Oct/2025:23:54:00 +0545] "GET /robots.txt HTTP/1.1" 200 309 "-" "Mozilla/5.0 (compatible; DotBot/1.2; +https://opensiteexplorer.org/dotbot; help@moz.com)"
57.141.14.100 - - [01/Nov/2025:00:16:41 +0545] "GET /?u=85187145028706& HTTP/1.1" 301 - "-" "meta-externalagent/1.1 (+https://developers.facebook.com/docs/sharing/webmasters/crawler)"
74.7.230.47 - - [01/Nov/2025:00:38:34 +0545] "GET /robots.txt HTTP/1.1" 200 309 "-" "Mozilla/5.0 (Macintosh; Intel Mac OS X 10_15_7) AppleWebKit/537.36 (KHTML, like Gecko) Chrome/131.0.0.0 Safari/537.36; compatible; OAI-SearchBot/1.0; robots.txt; +https://openai.com/searchbot"
216.244.66.226 - - [01/Nov/2025:00:42:09 +0545] "GET /robots.txt HTTP/1.1" 200 309 "-" "Mozilla/5.0 (compatible; DotBot/1.2; +https://opensiteexplorer.org/dotbot; help@moz.com)"
57.141.14.85 - - [01/Nov/2025:01:11:49 +0545] "GET /?u=77889155677500& HTTP/1.1" 301 - "-" "meta-externalagent/1.1 (+https://developers.facebook.com/docs/sharing/webmasters/crawler)"
172.192.9.236 - - [01/Nov/2025:01:16:50 +0545] "GET /wp-content/plugins/hellopress/wp_filemanager.php HTTP/1.1" 404 121411 "-" "-"
172.192.9.236 - - [01/Nov/2025:01:17:00 +0545] "GET /shoha.php HTTP/1.1" 404 121408 "-" "-"
172.192.9.236 - - [01/Nov/2025:01:17:09 +0545] "GET /atomlib.php HTTP/1.1" 404 121408 "-" "-"
172.192.9.236 - - [01/Nov/2025:01:17:21 +0545] "GET /cong.php HTTP/1.1" 404 121408 "-" "-"
172.192.9.236 - - [01/Nov/2025:01:17:36 +0545] "GET /g.php HTTP/1.1" 404 121408 "-" "-"
172.192.9.236 - - [01/Nov/2025:01:17:51 +0545] "GET /log.php HTTP/1.1" 404 121408 "-" "-"
172.192.9.236 - - [01/Nov/2025:01:18:06 +0545] "GET /1index.php HTTP/1.1" 404 111773 "-" "-"
172.192.9.236 - - [01/Nov/2025:01:18:21 +0545] "GET /fmk.php HTTP/1.1" 404 111773 "-" "-"
172.192.9.236 - - [01/Nov/2025:01:19:21 +0545] "GET /chosen.php HTTP/1.1" 500 2527 "-" "-"
172.192.9.236 - - [01/Nov/2025:01:19:53 +0545] "GET /.well-known/pki-validation/dropdown.php HTTP/1.1" 404 - "-" "-"
172.192.9.236 - - [01/Nov/2025:01:19:53 +0545] "GET /update/f35.php HTTP/1.1" 500 2527 "-" "-"
172.192.9.236 - - [01/Nov/2025:01:19:53 +0545] "GET /wp-content/packed.php HTTP/1.1" 500 2527 "-" "-"
172.192.9.236 - - [01/Nov/2025:01:19:06 +0545] "GET /AxAo.php HTTP/1.1" 500 2604 "-" "-"
172.192.9.236 - - [01/Nov/2025:01:18:36 +0545] "GET /xl2023.php HTTP/1.1" 404 111773 "-" "-"
172.192.9.236 - - [01/Nov/2025:01:18:51 +0545] "GET /new.php HTTP/1.1" 500 2604 "-" "-"
172.192.9.236 - - [01/Nov/2025:01:23:43 +0545] "GET /menu.php HTTP/1.1" 500 2527 "-" "-"
172.192.9.236 - - [01/Nov/2025:01:22:42 +0545] "GET /wp-head.php HTTP/1.1" 500 2527 "-" "-"
172.192.9.236 - - [01/Nov/2025:01:24:19 +0545] "GET /filesss.php HTTP/1.1" 500 2527 "-" "-"
172.192.9.236 - - [01/Nov/2025:01:22:34 +0545] "GET /file2.php HTTP/1.1" 500 2527 "-" "-"
172.192.9.236 - - [01/Nov/2025:01:23:19 +0545] "GET /uploadx.php HTTP/1.1" 500 2527 "-" "-"
172.192.9.236 - - [01/Nov/2025:01:24:37 +0545] "GET /af4.php HTTP/1.1" 500 2527 "-" "-"
172.192.9.236 - - [01/Nov/2025:01:22:34 +0545] "GET /xmlrpc.php HTTP/1.1" 200 - "-" "-"
172.192.9.236 - - [01/Nov/2025:01:20:57 +0545] "GET /.well-known/log.php HTTP/1.1" 500 2527 "-" "-"
172.192.9.236 - - [01/Nov/2025:01:21:55 +0545] "GET /er8.php HTTP/1.1" 500 2527 "-" "-"
172.192.9.236 - - [01/Nov/2025:01:21:15 +0545] "GET /zhidagen.php HTTP/1.1" 500 2527 "-" "-"
172.192.9.236 - - [01/Nov/2025:01:20:41 +0545] "GET /wp-2019.php HTTP/1.1" 500 2527 "-" "-"
172.192.9.236 - - [01/Nov/2025:01:24:41 +0545] "GET /about.php HTTP/1.1" 500 2527 "-" "-"
172.192.9.236 - - [01/Nov/2025:01:21:42 +0545] "GET /nc.php HTTP/1.1" 500 2527 "-" "-"
172.192.9.236 - - [01/Nov/2025:01:23:19 +0545] "GET /nl.php HTTP/1.1" 500 2527 "-" "-"
172.192.9.236 - - [01/Nov/2025:01:23:37 +0545] "GET /bless2.php HTTP/1.1" 500 2527 "-" "-"
172.192.9.236 - - [01/Nov/2025:01:19:56 +0545] "GET /v3.php HTTP/1.1" 500 2527 "-" "-"
172.192.9.236 - - [01/Nov/2025:01:24:58 +0545] "GET /wp-admin/js/about.php HTTP/1.1" 500 2527 "-" "-"
172.192.9.236 - - [01/Nov/2025:01:24:16 +0545] "GET /okxoby.php HTTP/1.1" 500 2527 "-" "-"
172.192.9.236 - - [01/Nov/2025:01:25:13 +0545] "GET /.bod/.ll/ss.php HTTP/1.1" 500 2527 "-" "-"
172.192.9.236 - - [01/Nov/2025:01:20:11 +0545] "GET /sto.php HTTP/1.1" 500 2527 "-" "-"
172.192.9.236 - - [01/Nov/2025:01:25:23 +0545] "GET /555.php HTTP/1.1" 500 2527 "-" "-"
172.192.9.236 - - [01/Nov/2025:01:25:24 +0545] "GET /gdn.php HTTP/1.1" 500 2527 "-" "-"
172.192.9.236 - - [01/Nov/2025:01:25:29 +0545] "GET /class17.php HTTP/1.1" 500 2527 "-" "-"
172.192.9.236 - - [01/Nov/2025:01:25:30 +0545] "GET /class.php HTTP/1.1" 500 2527 "-" "-"
172.192.9.236 - - [01/Nov/2025:01:20:26 +0545] "GET /bless.php HTTP/1.1" 500 2604 "-" "-"
172.192.9.236 - - [01/Nov/2025:01:26:31 +0545] "GET /manager.php HTTP/1.1" 500 2604 "-" "-"
172.192.9.236 - - [01/Nov/2025:01:27:07 +0545] "GET /wp-includes/IXR/about.php HTTP/1.1" 500 2527 "-" "-"
172.192.9.236 - - [01/Nov/2025:01:27:16 +0545] "GET /mar.php HTTP/1.1" 500 2527 "-" "-"
172.192.9.236 - - [01/Nov/2025:01:26:00 +0545] "GET /makeasmtp.php HTTP/1.1" 500 2604 "-" "-"
172.192.9.236 - - [01/Nov/2025:01:27:21 +0545] "GET /lv.php HTTP/1.1" 500 2527 "-" "-"
172.192.9.236 - - [01/Nov/2025:01:25:46 +0545] "GET /wp.php HTTP/1.1" 500 2604 "-" "-"
172.192.9.236 - - [01/Nov/2025:01:26:16 +0545] "GET /radio.php HTTP/1.1" 500 2604 "-" "-"
172.192.9.236 - - [01/Nov/2025:01:25:30 +0545] "GET /222.php HTTP/1.1" 500 2604 "-" "-"
172.192.9.236 - - [01/Nov/2025:01:27:24 +0545] "GET /mail.php HTTP/1.1" 500 2527 "-" "-"
172.192.9.236 - - [01/Nov/2025:01:28:10 +0545] "GET /m.php HTTP/1.1" 500 2527 "-" "-"
172.192.9.236 - - [01/Nov/2025:01:28:27 +0545] "GET /up.php HTTP/1.1" 500 2527 "-" "-"
172.192.9.236 - - [01/Nov/2025:01:28:34 +0545] "GET /dfre.php HTTP/1.1" 500 2527 "-" "-"
172.192.9.236 - - [01/Nov/2025:01:27:40 +0545] "GET /aipoyp.php HTTP/1.1" 500 2604 "-" "-"
172.192.9.236 - - [01/Nov/2025:01:28:36 +0545] "GET /men.php HTTP/1.1" 500 2527 "-" "-"
172.192.9.236 - - [01/Nov/2025:01:27:55 +0545] "GET /db.php HTTP/1.1" 500 2604 "-" "-"
172.192.9.236 - - [01/Nov/2025:01:28:39 +0545] "GET /media.php HTTP/1.1" 404 121408 "-" "-"
172.192.9.236 - - [01/Nov/2025:01:28:54 +0545] "GET /wp-content/cong.php HTTP/1.1" 404 121408 "-" "-"
172.192.9.236 - - [01/Nov/2025:01:28:57 +0545] "GET /uplozyu.php HTTP/1.1" 404 121408 "-" "-"
172.192.9.236 - - [01/Nov/2025:01:29:00 +0545] "GET /wp-includes/Text/wp-conflg.php HTTP/1.1" 404 121411 "-" "-"
172.192.9.236 - - [01/Nov/2025:01:29:05 +0545] "GET /shell.php HTTP/1.1" 404 121408 "-" "-"
216.244.66.226 - - [01/Nov/2025:01:29:11 +0545] "GET /robots.txt HTTP/1.1" 200 309 "-" "Mozilla/5.0 (compatible; DotBot/1.2; +https://opensiteexplorer.org/dotbot; help@moz.com)"
172.192.9.236 - - [01/Nov/2025:01:29:09 +0545] "GET /system.php HTTP/1.1" 404 121408 "-" "-"
172.192.9.236 - - [01/Nov/2025:01:29:12 +0545] "GET /num.php HTTP/1.1" 404 121408 "-" "-"
172.192.9.236 - - [01/Nov/2025:01:29:15 +0545] "GET /zc-749.php HTTP/1.1" 404 121408 "-" "-"
172.192.9.236 - - [01/Nov/2025:01:29:22 +0545] "GET /bala.php HTTP/1.1" 404 121408 "-" "-"
172.192.9.236 - - [01/Nov/2025:01:30:32 +0545] "GET /asd67.php HTTP/1.1" 500 2527 "-" "-"
172.192.9.236 - - [01/Nov/2025:01:30:28 +0545] "GET /jf1d22.php HTTP/1.1" 500 2527 "-" "-"
172.192.9.236 - - [01/Nov/2025:01:30:02 +0545] "GET /file22.php HTTP/1.1" 500 2527 "-" "-"
172.192.9.236 - - [01/Nov/2025:01:29:47 +0545] "GET /000.php HTTP/1.1" 500 2527 "-" "-"
172.192.9.236 - - [01/Nov/2025:01:29:32 +0545] "GET /item.php HTTP/1.1" 500 2604 "-" "-"
172.192.9.236 - - [01/Nov/2025:01:30:41 +0545] "GET /Okxob.php HTTP/1.1" 404 111773 "-" "-"
172.192.9.236 - - [01/Nov/2025:01:30:56 +0545] "GET /mah.php HTTP/1.1" 404 121408 "-" "-"
172.192.9.236 - - [01/Nov/2025:01:31:11 +0545] "GET /goat1.php HTTP/1.1" 404 111773 "-" "-"
172.192.9.236 - - [01/Nov/2025:01:31:26 +0545] "GET /naxc.php HTTP/1.1" 404 121408 "-" "-"
172.192.9.236 - - [01/Nov/2025:01:31:36 +0545] "GET /lock360.php HTTP/1.1" 404 121408 "-" "-"
172.192.9.236 - - [01/Nov/2025:01:31:42 +0545] "GET /ini.php HTTP/1.1" 404 121408 "-" "-"
172.192.9.236 - - [01/Nov/2025:01:31:45 +0545] "GET /uploat.php HTTP/1.1" 404 121408 "-" "-"
172.192.9.236 - - [01/Nov/2025:01:31:48 +0545] "GET /wp-includes/style-engine/index.php HTTP/1.1" 301 - "-" "-"
172.192.9.236 - - [01/Nov/2025:01:31:49 +0545] "GET /wp-includes/style-engine/ HTTP/1.1" 404 121408 "-" "-"
172.192.9.236 - - [01/Nov/2025:01:31:51 +0545] "GET /wp-configs.php HTTP/1.1" 404 121408 "-" "-"
172.192.9.236 - - [01/Nov/2025:01:31:55 +0545] "GET /zc-903.php HTTP/1.1" 404 121408 "-" "-"
172.192.9.236 - - [01/Nov/2025:01:31:59 +0545] "GET /about/function.php HTTP/1.1" 404 121408 "-" "-"
172.192.9.236 - - [01/Nov/2025:01:32:02 +0545] "GET /wp-admin/log.php HTTP/1.1" 404 121408 "-" "-"
172.192.9.236 - - [01/Nov/2025:01:32:05 +0545] "GET /oxvrws.php HTTP/1.1" 404 121408 "-" "-"
172.192.9.236 - - [01/Nov/2025:01:32:08 +0545] "GET /we.php HTTP/1.1" 404 121408 "-" "-"
172.192.9.236 - - [01/Nov/2025:01:32:10 +0545] "GET /02.php HTTP/1.1" 404 121408 "-" "-"
172.192.9.236 - - [01/Nov/2025:01:32:13 +0545] "GET /system_log.php HTTP/1.1" 404 121408 "-" "-"
172.192.9.236 - - [01/Nov/2025:01:32:16 +0545] "GET /CLA.php HTTP/1.1" 404 121408 "-" "-"
172.192.9.236 - - [01/Nov/2025:01:32:19 +0545] "GET /sk25_1.php HTTP/1.1" 404 121408 "-" "-"
172.192.9.236 - - [01/Nov/2025:01:32:22 +0545] "GET /autoload_classmap.php HTTP/1.1" 404 121408 "-" "-"
172.192.9.236 - - [01/Nov/2025:01:32:30 +0545] "GET /css/xp.php HTTP/1.1" 404 121408 "-" "-"
172.192.9.236 - - [01/Nov/2025:01:32:34 +0545] "GET /file21.php HTTP/1.1" 404 121408 "-" "-"
172.192.9.236 - - [01/Nov/2025:01:32:38 +0545] "GET /himu.php HTTP/1.1" 404 121408 "-" "-"
172.192.9.236 - - [01/Nov/2025:01:32:43 +0545] "GET /hn.php HTTP/1.1" 404 121408 "-" "-"
172.192.9.236 - - [01/Nov/2025:01:32:49 +0545] "GET /as/function.php HTTP/1.1" 404 121408 "-" "-"
172.192.9.236 - - [01/Nov/2025:01:33:01 +0545] "GET /flower.php HTTP/1.1" 404 121408 "-" "-"
172.192.9.236 - - [01/Nov/2025:01:33:13 +0545] "GET /f35.php HTTP/1.1" 404 121408 "-" "-"
172.192.9.236 - - [01/Nov/2025:01:33:17 +0545] "GET /doc.php HTTP/1.1" 404 121408 "-" "-"
172.192.9.236 - - [01/Nov/2025:01:33:21 +0545] "GET /tentang_rmol.php HTTP/1.1" 404 121408 "-" "-"
172.192.9.236 - - [01/Nov/2025:01:33:24 +0545] "GET /pass.php HTTP/1.1" 404 121408 "-" "-"
172.192.9.236 - - [01/Nov/2025:01:33:27 +0545] "GET /classwithtostring.php HTTP/1.1" 404 121408 "-" "-"
172.192.9.236 - - [01/Nov/2025:01:33:30 +0545] "GET /jp.php HTTP/1.1" 404 121408 "-" "-"
172.192.9.236 - - [01/Nov/2025:01:33:33 +0545] "GET /cc.php HTTP/1.1" 404 121408 "-" "-"
57.141.14.7 - - [01/Nov/2025:01:52:55 +0545] "GET /?u=9259754290200& HTTP/1.1" 301 - "-" "meta-externalagent/1.1 (+https://developers.facebook.com/docs/sharing/webmasters/crawler)"
57.141.14.50 - - [01/Nov/2025:01:55:30 +0545] "GET /?u=31978128455900& HTTP/1.1" 301 - "-" "meta-externalagent/1.1 (+https://developers.facebook.com/docs/sharing/webmasters/crawler)"
57.141.14.81 - - [01/Nov/2025:01:56:36 +0545] "GET /?u=02623112690000& HTTP/1.1" 301 - "-" "meta-externalagent/1.1 (+https://developers.facebook.com/docs/sharing/webmasters/crawler)"
57.141.14.2 - - [01/Nov/2025:01:56:51 +0545] "GET /?u=94187162301515& HTTP/1.1" 301 - "-" "meta-externalagent/1.1 (+https://developers.facebook.com/docs/sharing/webmasters/crawler)"
216.244.66.226 - - [01/Nov/2025:02:16:10 +0545] "GET /robots.txt HTTP/1.1" 200 309 "-" "Mozilla/5.0 (compatible; DotBot/1.2; +https://opensiteexplorer.org/dotbot; help@moz.com)"
66.249.79.233 - - [01/Nov/2025:02:22:39 +0545] "GET /robots.txt HTTP/1.1" 200 309 "-" "Mozilla/5.0 (compatible; Googlebot/2.1; +http://www.google.com/bot.html)"
66.249.79.232 - - [01/Nov/2025:02:22:39 +0545] "GET /?shopdetail/2192982/ HTTP/1.1" 301 - "-" "Mozilla/5.0 (Linux; Android 6.0.1; Nexus 5X Build/MMB29P) AppleWebKit/537.36 (KHTML, like Gecko) Chrome/141.0.7390.122 Mobile Safari/537.36 (compatible; Googlebot/2.1; +http://www.google.com/bot.html)"
57.141.14.87 - - [01/Nov/2025:02:24:41 +0545] "GET /?u=20486179826603& HTTP/1.1" 301 - "-" "meta-externalagent/1.1 (+https://developers.facebook.com/docs/sharing/webmasters/crawler)"
173.252.87.9 - - [01/Nov/2025:02:36:43 +0545] "GET /robots.txt HTTP/1.1" 206 309 "-" "facebookexternalhit/1.1 (+http://www.facebook.com/externalhit_uatext.php)"
57.141.14.87 - - [01/Nov/2025:02:54:50 +0545] "GET /?u=9277880057205& HTTP/1.1" 301 - "-" "meta-externalagent/1.1 (+https://developers.facebook.com/docs/sharing/webmasters/crawler)"
216.244.66.226 - - [01/Nov/2025:03:03:22 +0545] "GET /robots.txt HTTP/1.1" 200 309 "-" "Mozilla/5.0 (compatible; DotBot/1.2; +https://opensiteexplorer.org/dotbot; help@moz.com)"
57.141.14.1 - - [01/Nov/2025:03:07:34 +0545] "GET /?u=91019177566307& HTTP/1.1" 301 - "-" "meta-externalagent/1.1 (+https://developers.facebook.com/docs/sharing/webmasters/crawler)"
57.141.14.66 - - [01/Nov/2025:03:47:21 +0545] "GET /?u=22877187629602& HTTP/1.1" 301 - "-" "meta-externalagent/1.1 (+https://developers.facebook.com/docs/sharing/webmasters/crawler)"
34.122.147.229 - - [01/Nov/2025:03:49:31 +0545] "GET / HTTP/1.1" 301 - "-" "Mozilla/5.0 (X11; Linux x86_64) AppleWebKit/537.36 (KHTML, like Gecko) HeadlessChrome/125.0.6422.60 Safari/537.36"
205.169.39.4 - - [01/Nov/2025:03:49:54 +0545] "GET / HTTP/1.1" 301 - "-" "Mozilla/5.0 (Windows NT 10.0) AppleWebKit/537.36 (KHTML, like Gecko) Chrome/106.0.0.0 Safari/537.36"
34.72.176.129 - - [01/Nov/2025:03:50:20 +0545] "GET / HTTP/1.1" 301 - "-" "Mozilla/5.0 (X11; Linux x86_64) AppleWebKit/537.36 (KHTML, like Gecko) HeadlessChrome/125.0.6422.60 Safari/537.36"
