185.180.13.99 - - [31/Oct/2025:12:25:24 +0545] "GET /odr/order/apiGetCartItems/ HTTP/1.1" 200 202249 "http://dubai91.com/" "Mozilla/5.0 (compatible; Googlebot/2.1; +http://www.google.com/bot.html)"
185.180.13.99 - - [31/Oct/2025:12:25:27 +0545] "GET /resource/images/shared/2015new_bg_balloon_29.png HTTP/1.1" 200 77953 "http://dubai91.com/" "Mozilla/5.0 (compatible; Googlebot/2.1; +http://www.google.com/bot.html)"
185.180.13.99 - - [31/Oct/2025:12:25:27 +0545] "GET /resource/images/shared/2015new_bg_balloon_28.png HTTP/1.1" 200 77953 "http://dubai91.com/" "Mozilla/5.0 (compatible; Googlebot/2.1; +http://www.google.com/bot.html)"
185.180.13.99 - - [31/Oct/2025:12:25:27 +0545] "GET /resource/images/shared/2015new_bg_balloon_27.png HTTP/1.1" 200 77953 "http://dubai91.com/" "Mozilla/5.0 (compatible; Googlebot/2.1; +http://www.google.com/bot.html)"
185.180.13.99 - - [31/Oct/2025:12:25:28 +0545] "GET /resource/images/shared/2015new_bg_balloon_30.png HTTP/1.1" 200 77953 "http://dubai91.com/" "Mozilla/5.0 (compatible; Googlebot/2.1; +http://www.google.com/bot.html)"
185.180.13.99 - - [31/Oct/2025:12:25:29 +0545] "GET /resource/images/shared/2015new_bg_balloon_32.png HTTP/1.1" 200 77953 "http://dubai91.com/" "Mozilla/5.0 (compatible; Googlebot/2.1; +http://www.google.com/bot.html)"
185.180.13.99 - - [31/Oct/2025:12:25:28 +0545] "GET /resource/images/shared/2015new_bg_balloon_31.png HTTP/1.1" 200 77953 "http://dubai91.com/" "Mozilla/5.0 (compatible; Googlebot/2.1; +http://www.google.com/bot.html)"
185.180.13.99 - - [31/Oct/2025:12:25:43 +0545] "GET /ctg/apiAllLCate/ HTTP/1.1" 200 201484 "http://dubai91.com/" "Mozilla/5.0 (compatible; Googlebot/2.1; +http://www.google.com/bot.html)"
185.180.13.99 - - [31/Oct/2025:12:25:49 +0545] "GET /resource/js/json/megadrop_2015new.json HTTP/1.1" 200 204603 "http://dubai91.com/" "Mozilla/5.0 (compatible; Googlebot/2.1; +http://www.google.com/bot.html)"
182.44.9.147 - - [31/Oct/2025:12:25:55 +0545] "GET / HTTP/1.1" 200 77953 "-" "Mozilla/5.0 (iPhone; CPU iPhone OS 13_2_3 like Mac OS X) AppleWebKit/605.1.15 (KHTML, like Gecko) Version/13.0.3 Mobile/15E148 Safari/604.1"
66.249.79.129 - - [31/Oct/2025:12:40:42 +0545] "GET /114191769?entity=0114048562 HTTP/1.1" 200 199320 "-" "Mozilla/5.0 (Linux; Android 6.0.1; Nexus 5X Build/MMB29P) AppleWebKit/537.36 (KHTML, like Gecko) Chrome/141.0.7390.122 Mobile Safari/537.36 (compatible; Googlebot/2.1; +http://www.google.com/bot.html)"
66.249.79.128 - - [31/Oct/2025:13:02:29 +0545] "GET /?49759162?entity=0049697208 HTTP/1.1" 200 200614 "-" "Mozilla/5.0 (Linux; Android 6.0.1; Nexus 5X Build/MMB29P) AppleWebKit/537.36 (KHTML, like Gecko) Chrome/141.0.7390.122 Mobile Safari/537.36 (compatible; Googlebot/2.1; +http://www.google.com/bot.html)"
43.166.244.192 - - [31/Oct/2025:13:11:50 +0545] "GET / HTTP/1.1" 200 77953 "-" "Mozilla/5.0 (iPhone; CPU iPhone OS 13_2_3 like Mac OS X) AppleWebKit/605.1.15 (KHTML, like Gecko) Version/13.0.3 Mobile/15E148 Safari/604.1"
43.213.7.105 - - [31/Oct/2025:13:56:05 +0545] "GET /wp-login.php HTTP/1.1" 200 77953 "" "Mozilla/5.0 (Windows NT 10.0; Win64; x64; rv:144.0) Gecko/20100101 Firefox/144.0"
43.130.111.40 - - [31/Oct/2025:14:13:25 +0545] "GET /?path=/home/roshanchandy/public_html/dubai91.com/wp-includes HTTP/1.1" 200 454750 "-" "Mozilla/5.0 (iPhone; CPU iPhone OS 13_2_3 like Mac OS X) AppleWebKit/605.1.15 (KHTML, like Gecko) Version/13.0.3 Mobile/15E148 Safari/604.1"
43.133.91.48 - - [31/Oct/2025:14:26:30 +0545] "GET /?path=/home/roshanchandy/public_html/dubai91.com/wp-includes/IXR HTTP/1.1" 200 29605 "-" "Mozilla/5.0 (iPhone; CPU iPhone OS 13_2_3 like Mac OS X) AppleWebKit/605.1.15 (KHTML, like Gecko) Version/13.0.3 Mobile/15E148 Safari/604.1"
43.157.181.189 - - [31/Oct/2025:14:37:47 +0545] "GET /?path=/home/roshanchandy/public_html/dubai91.com/wp-includes/assets HTTP/1.1" 200 26785 "-" "Mozilla/5.0 (iPhone; CPU iPhone OS 13_2_3 like Mac OS X) AppleWebKit/605.1.15 (KHTML, like Gecko) Version/13.0.3 Mobile/15E148 Safari/604.1"
49.51.52.250 - - [31/Oct/2025:14:46:29 +0545] "GET /?fileloc=/home/roshanchandy/public_html/dubai91.com/wp-includes/block-editor.php&path=/home/roshanchandy/public_html/dubai91.com/wp-includes HTTP/1.1" 200 45602 "-" "Mozilla/5.0 (iPhone; CPU iPhone OS 13_2_3 like Mac OS X) AppleWebKit/605.1.15 (KHTML, like Gecko) Version/13.0.3 Mobile/15E148 Safari/604.1"
217.154.189.35 - - [31/Oct/2025:14:48:36 +0545] "HEAD / HTTP/1.1" 200 - "https://dubai91.com/" "Mozilla/5.0 (Windows NT 10.0; Win64; x64) AppleWebKit/537.36 (KHTML, like Gecko) Chrome/91.0.4472.124 Safari/537.36"
43.157.175.122 - - [31/Oct/2025:14:56:55 +0545] "GET /?fileloc=/home/roshanchandy/public_html/dubai91.com/wp-includes/capabilities.php&path=/home/roshanchandy/public_html/dubai91.com/wp-includes HTTP/1.1" 200 59904 "-" "Mozilla/5.0 (iPhone; CPU iPhone OS 13_2_3 like Mac OS X) AppleWebKit/605.1.15 (KHTML, like Gecko) Version/13.0.3 Mobile/15E148 Safari/604.1"
43.159.128.237 - - [31/Oct/2025:14:58:26 +0545] "GET / HTTP/1.1" 200 77953 "-" "Mozilla/5.0 (iPhone; CPU iPhone OS 13_2_3 like Mac OS X) AppleWebKit/605.1.15 (KHTML, like Gecko) Version/13.0.3 Mobile/15E148 Safari/604.1"
34.168.32.35 - - [31/Oct/2025:14:58:29 +0545] "GET / HTTP/1.1" 200 77953 "-" "Mozilla/5.0 (Windows NT 10.0; Win64; x64) AppleWebKit/537.36 (KHTML, like Gecko) Chrome/88.0.4240.193 Safari/537.36"
34.168.32.35 - - [31/Oct/2025:14:58:31 +0545] "GET / HTTP/1.1" 200 77953 "-" "Mozilla/5.0 (Windows NT 10.0; Win64; x64) AppleWebKit/537.36 (KHTML, like Gecko) Chrome/88.0.4240.193 Safari/537.36"
34.168.32.35 - - [31/Oct/2025:14:58:34 +0545] "GET /wp-includes/wlwmanifest.xml HTTP/1.1" 200 77953 "-" "Mozilla/5.0 (Windows NT 10.0; Win64; x64) AppleWebKit/537.36 (KHTML, like Gecko) Chrome/88.0.4240.193 Safari/537.36"
34.168.32.35 - - [31/Oct/2025:14:58:37 +0545] "GET /xmlrpc.php?rsd HTTP/1.1" 403 77953 "-" "Mozilla/5.0 (Windows NT 10.0; Win64; x64) AppleWebKit/537.36 (KHTML, like Gecko) Chrome/88.0.4240.193 Safari/537.36"
34.168.32.35 - - [31/Oct/2025:14:58:40 +0545] "GET / HTTP/1.1" 200 77953 "-" "Mozilla/5.0 (Windows NT 10.0; Win64; x64) AppleWebKit/537.36 (KHTML, like Gecko) Chrome/88.0.4240.193 Safari/537.36"
34.168.32.35 - - [31/Oct/2025:14:58:43 +0545] "GET /blog/wp-includes/wlwmanifest.xml HTTP/1.1" 200 77953 "-" "Mozilla/5.0 (Windows NT 10.0; Win64; x64) AppleWebKit/537.36 (KHTML, like Gecko) Chrome/88.0.4240.193 Safari/537.36"
34.168.32.35 - - [31/Oct/2025:14:58:46 +0545] "GET /web/wp-includes/wlwmanifest.xml HTTP/1.1" 200 77953 "-" "Mozilla/5.0 (Windows NT 10.0; Win64; x64) AppleWebKit/537.36 (KHTML, like Gecko) Chrome/88.0.4240.193 Safari/537.36"
34.168.32.35 - - [31/Oct/2025:14:58:48 +0545] "GET /wordpress/wp-includes/wlwmanifest.xml HTTP/1.1" 200 77953 "-" "Mozilla/5.0 (Windows NT 10.0; Win64; x64) AppleWebKit/537.36 (KHTML, like Gecko) Chrome/88.0.4240.193 Safari/537.36"
34.168.32.35 - - [31/Oct/2025:14:58:50 +0545] "GET /website/wp-includes/wlwmanifest.xml HTTP/1.1" 200 77953 "-" "Mozilla/5.0 (Windows NT 10.0; Win64; x64) AppleWebKit/537.36 (KHTML, like Gecko) Chrome/88.0.4240.193 Safari/537.36"
34.168.32.35 - - [31/Oct/2025:14:58:53 +0545] "GET /wp/wp-includes/wlwmanifest.xml HTTP/1.1" 200 77953 "-" "Mozilla/5.0 (Windows NT 10.0; Win64; x64) AppleWebKit/537.36 (KHTML, like Gecko) Chrome/88.0.4240.193 Safari/537.36"
34.168.32.35 - - [31/Oct/2025:14:58:56 +0545] "GET /news/wp-includes/wlwmanifest.xml HTTP/1.1" 200 77953 "-" "Mozilla/5.0 (Windows NT 10.0; Win64; x64) AppleWebKit/537.36 (KHTML, like Gecko) Chrome/88.0.4240.193 Safari/537.36"
34.168.32.35 - - [31/Oct/2025:14:58:58 +0545] "GET /2020/wp-includes/wlwmanifest.xml HTTP/1.1" 200 77953 "-" "Mozilla/5.0 (Windows NT 10.0; Win64; x64) AppleWebKit/537.36 (KHTML, like Gecko) Chrome/88.0.4240.193 Safari/537.36"
34.168.32.35 - - [31/Oct/2025:14:59:00 +0545] "GET /2019/wp-includes/wlwmanifest.xml HTTP/1.1" 200 77953 "-" "Mozilla/5.0 (Windows NT 10.0; Win64; x64) AppleWebKit/537.36 (KHTML, like Gecko) Chrome/88.0.4240.193 Safari/537.36"
34.168.32.35 - - [31/Oct/2025:14:59:02 +0545] "GET /shop/wp-includes/wlwmanifest.xml HTTP/1.1" 200 77953 "-" "Mozilla/5.0 (Windows NT 10.0; Win64; x64) AppleWebKit/537.36 (KHTML, like Gecko) Chrome/88.0.4240.193 Safari/537.36"
34.168.32.35 - - [31/Oct/2025:14:59:04 +0545] "GET /wp1/wp-includes/wlwmanifest.xml HTTP/1.1" 200 77953 "-" "Mozilla/5.0 (Windows NT 10.0; Win64; x64) AppleWebKit/537.36 (KHTML, like Gecko) Chrome/88.0.4240.193 Safari/537.36"
34.168.32.35 - - [31/Oct/2025:14:59:07 +0545] "GET /test/wp-includes/wlwmanifest.xml HTTP/1.1" 200 77953 "-" "Mozilla/5.0 (Windows NT 10.0; Win64; x64) AppleWebKit/537.36 (KHTML, like Gecko) Chrome/88.0.4240.193 Safari/537.36"
34.168.32.35 - - [31/Oct/2025:14:59:09 +0545] "GET /wp2/wp-includes/wlwmanifest.xml HTTP/1.1" 200 77953 "-" "Mozilla/5.0 (Windows NT 10.0; Win64; x64) AppleWebKit/537.36 (KHTML, like Gecko) Chrome/88.0.4240.193 Safari/537.36"
34.168.32.35 - - [31/Oct/2025:14:59:12 +0545] "GET /site/wp-includes/wlwmanifest.xml HTTP/1.1" 200 77953 "-" "Mozilla/5.0 (Windows NT 10.0; Win64; x64) AppleWebKit/537.36 (KHTML, like Gecko) Chrome/88.0.4240.193 Safari/537.36"
34.168.32.35 - - [31/Oct/2025:14:59:14 +0545] "GET /cms/wp-includes/wlwmanifest.xml HTTP/1.1" 200 77953 "-" "Mozilla/5.0 (Windows NT 10.0; Win64; x64) AppleWebKit/537.36 (KHTML, like Gecko) Chrome/88.0.4240.193 Safari/537.36"
34.168.32.35 - - [31/Oct/2025:14:59:17 +0545] "GET /sito/wp-includes/wlwmanifest.xml HTTP/1.1" 200 77953 "-" "Mozilla/5.0 (Windows NT 10.0; Win64; x64) AppleWebKit/537.36 (KHTML, like Gecko) Chrome/88.0.4240.193 Safari/537.36"
185.107.69.214 - - [31/Oct/2025:15:03:29 +0545] "GET /update/f35.php HTTP/1.1" 200 77953 "-" "Mozilla/5.0 (Windows NT 10.0; Win64; x64) AppleWebKit/537.36 (KHTML, like Gecko) Chrome/109.0.0.0 Safari/537.36"
185.107.69.214 - - [31/Oct/2025:15:03:34 +0545] "GET /favicon.ico HTTP/1.1" 200 77953 "http://dubai91.com/update/f35.php" "Mozilla/5.0 (Windows NT 10.0; Win64; x64) AppleWebKit/537.36 (KHTML, like Gecko) Chrome/109.0.0.0 Safari/537.36"
185.107.69.214 - - [31/Oct/2025:15:03:40 +0545] "POST /update/f35.php HTTP/1.1" 200 78007 "http://dubai91.com/update/f35.php" "Mozilla/5.0 (Windows NT 10.0; Win64; x64) AppleWebKit/537.36 (KHTML, like Gecko) Chrome/109.0.0.0 Safari/537.36"
185.107.69.214 - - [31/Oct/2025:15:03:43 +0545] "GET /favicon.ico HTTP/1.1" 200 77953 "http://dubai91.com/update/f35.php" "Mozilla/5.0 (Windows NT 10.0; Win64; x64) AppleWebKit/537.36 (KHTML, like Gecko) Chrome/109.0.0.0 Safari/537.36"
103.186.31.45 - - [31/Oct/2025:15:07:23 +0545] "GET /style.php HTTP/1.1" 403 77953 "-" "Go-http-client/1.1"
103.186.31.45 - - [31/Oct/2025:15:07:25 +0545] "GET /wp-content/style.php HTTP/1.1" 403 77953 "-" "Go-http-client/1.1"
103.186.31.45 - - [31/Oct/2025:15:07:28 +0545] "GET /wp-content/themes/style.php HTTP/1.1" 403 77953 "-" "Go-http-client/1.1"
103.186.31.45 - - [31/Oct/2025:15:07:31 +0545] "GET /wp-admin/style.php HTTP/1.1" 403 77953 "-" "Go-http-client/1.1"
103.186.31.45 - - [31/Oct/2025:15:07:34 +0545] "GET /wp-includes/style.php HTTP/1.1" 403 77953 "-" "Go-http-client/1.1"
103.186.31.45 - - [31/Oct/2025:15:07:37 +0545] "GET /chosen.php?p= HTTP/1.1" 403 77953 "-" "Go-http-client/1.1"
103.186.31.45 - - [31/Oct/2025:15:07:40 +0545] "GET /file.php HTTP/1.1" 403 77953 "-" "Go-http-client/1.1"
43.153.102.138 - - [31/Oct/2025:15:07:45 +0545] "GET /?fileloc=/home/roshanchandy/public_html/dubai91.com/wp-includes/class-avif-info.php&path=/home/roshanchandy/public_html/dubai91.com/wp-includes HTTP/1.1" 200 44215 "-" "Mozilla/5.0 (iPhone; CPU iPhone OS 13_2_3 like Mac OS X) AppleWebKit/605.1.15 (KHTML, like Gecko) Version/13.0.3 Mobile/15E148 Safari/604.1"
66.249.79.129 - - [31/Oct/2025:15:09:22 +0545] "GET /?ctg/search/similarImageSearchResultView/?ctgItemCd=14054 HTTP/1.1" 200 141152 "-" "Mozilla/5.0 (Linux; Android 6.0.1; Nexus 5X Build/MMB29P) AppleWebKit/537.36 (KHTML, like Gecko) Chrome/141.0.7390.122 Mobile Safari/537.36 (compatible; Googlebot/2.1; +http://www.google.com/bot.html)"
43.157.147.3 - - [31/Oct/2025:15:16:42 +0545] "GET /?path=/home/roshanchandy/public_html/dubai91.com/wp-includes/ID3 HTTP/1.1" 200 42789 "-" "Mozilla/5.0 (iPhone; CPU iPhone OS 13_2_3 like Mac OS X) AppleWebKit/605.1.15 (KHTML, like Gecko) Version/13.0.3 Mobile/15E148 Safari/604.1"
66.249.79.128 - - [31/Oct/2025:15:18:39 +0545] "GET /ads.txt HTTP/1.1" 200 139414 "-" "Mozilla/5.0 (compatible; Googlebot/2.1; +http://www.google.com/bot.html)"
206.232.74.64 - - [31/Oct/2025:15:20:10 +0545] "GET /product001 HTTP/1.1" 200 139805 "-" "Mozilla/5.0 (compatible; Googlebot/2.1; +http://www.google.com/bot.html)"
206.232.74.64 - - [31/Oct/2025:15:20:13 +0545] "GET / HTTP/1.1" 200 146933 "-" "Mozilla/5.0 (compatible; Googlebot/2.1; +http://www.google.com/bot.html)"
167.100.107.119 - - [31/Oct/2025:15:20:18 +0545] "GET /product001 HTTP/1.1" 200 140294 "-" "Mozilla/5.0 (compatible; Googlebot/2.1; +http://www.google.com/bot.html)"
167.100.107.119 - - [31/Oct/2025:15:20:21 +0545] "GET / HTTP/1.1" 200 147048 "-" "Mozilla/5.0 (compatible; Googlebot/2.1; +http://www.google.com/bot.html)"
43.163.206.70 - - [31/Oct/2025:15:26:33 +0545] "GET /?fileloc=/home/roshanchandy/public_html/dubai91.com/wp-includes/IXR/class-IXR-server.php&path=/home/roshanchandy/public_html/dubai91.com/wp-includes/IXR HTTP/1.1" 200 20236 "-" "Mozilla/5.0 (iPhone; CPU iPhone OS 13_2_3 like Mac OS X) AppleWebKit/605.1.15 (KHTML, like Gecko) Version/13.0.3 Mobile/15E148 Safari/604.1"
147.136.85.244 - - [31/Oct/2025:15:34:14 +0545] "GET /product001 HTTP/1.1" 200 140600 "-" "Mozilla/5.0 (compatible; Googlebot/2.1; +http://www.google.com/bot.html)"
147.136.85.244 - - [31/Oct/2025:15:34:17 +0545] "GET / HTTP/1.1" 200 146933 "-" "Mozilla/5.0 (compatible; Googlebot/2.1; +http://www.google.com/bot.html)"
49.51.141.76 - - [31/Oct/2025:15:38:51 +0545] "GET /?fileloc=/home/roshanchandy/public_html/dubai91.com/wp-includes/assets/script-modules-packages.min.php&path=/home/roshanchandy/public_html/dubai91.com/wp-includes/assets HTTP/1.1" 200 15161 "-" "Mozilla/5.0 (iPhone; CPU iPhone OS 13_2_3 like Mac OS X) AppleWebKit/605.1.15 (KHTML, like Gecko) Version/13.0.3 Mobile/15E148 Safari/604.1"
15.204.217.150 - - [31/Oct/2025:15:46:18 +0545] "GET / HTTP/1.1" 200 77953 "-" "Mozilla/5.0 (Windows NT 10.0; Win64; x64) AppleWebKit/537.36 (KHTML, like Gecko) Chrome/78.0.3904.108 Safari/537.36"
15.204.217.150 - - [31/Oct/2025:15:46:21 +0545] "GET / HTTP/1.1" 200 77953 "-" "Mozilla/5.0 (Windows NT 10.0; Win64; x64) AppleWebKit/537.36 (KHTML, like Gecko) Chrome/78.0.3904.108 Safari/537.36"
15.204.217.150 - - [31/Oct/2025:15:46:23 +0545] "GET /wp-includes/wlwmanifest.xml HTTP/1.1" 200 77953 "-" "Mozilla/5.0 (Windows NT 10.0; Win64; x64) AppleWebKit/537.36 (KHTML, like Gecko) Chrome/78.0.3904.108 Safari/537.36"
15.204.217.150 - - [31/Oct/2025:15:46:25 +0545] "GET /xmlrpc.php?rsd HTTP/1.1" 403 77953 "-" "Mozilla/5.0 (Windows NT 10.0; Win64; x64) AppleWebKit/537.36 (KHTML, like Gecko) Chrome/78.0.3904.108 Safari/537.36"
15.204.217.150 - - [31/Oct/2025:15:46:27 +0545] "GET / HTTP/1.1" 200 77953 "-" "Mozilla/5.0 (Windows NT 10.0; Win64; x64) AppleWebKit/537.36 (KHTML, like Gecko) Chrome/78.0.3904.108 Safari/537.36"
15.204.217.150 - - [31/Oct/2025:15:46:30 +0545] "GET /blog/wp-includes/wlwmanifest.xml HTTP/1.1" 200 77953 "-" "Mozilla/5.0 (Windows NT 10.0; Win64; x64) AppleWebKit/537.36 (KHTML, like Gecko) Chrome/78.0.3904.108 Safari/537.36"
15.204.217.150 - - [31/Oct/2025:15:46:32 +0545] "GET /web/wp-includes/wlwmanifest.xml HTTP/1.1" 200 77953 "-" "Mozilla/5.0 (Windows NT 10.0; Win64; x64) AppleWebKit/537.36 (KHTML, like Gecko) Chrome/78.0.3904.108 Safari/537.36"
15.204.217.150 - - [31/Oct/2025:15:46:34 +0545] "GET /wordpress/wp-includes/wlwmanifest.xml HTTP/1.1" 200 77953 "-" "Mozilla/5.0 (Windows NT 10.0; Win64; x64) AppleWebKit/537.36 (KHTML, like Gecko) Chrome/78.0.3904.108 Safari/537.36"
15.204.217.150 - - [31/Oct/2025:15:46:36 +0545] "GET /website/wp-includes/wlwmanifest.xml HTTP/1.1" 200 77953 "-" "Mozilla/5.0 (Windows NT 10.0; Win64; x64) AppleWebKit/537.36 (KHTML, like Gecko) Chrome/78.0.3904.108 Safari/537.36"
15.204.217.150 - - [31/Oct/2025:15:46:39 +0545] "GET /wp/wp-includes/wlwmanifest.xml HTTP/1.1" 200 77953 "-" "Mozilla/5.0 (Windows NT 10.0; Win64; x64) AppleWebKit/537.36 (KHTML, like Gecko) Chrome/78.0.3904.108 Safari/537.36"
15.204.217.150 - - [31/Oct/2025:15:46:41 +0545] "GET /news/wp-includes/wlwmanifest.xml HTTP/1.1" 200 77953 "-" "Mozilla/5.0 (Windows NT 10.0; Win64; x64) AppleWebKit/537.36 (KHTML, like Gecko) Chrome/78.0.3904.108 Safari/537.36"
15.204.217.150 - - [31/Oct/2025:15:46:43 +0545] "GET /2018/wp-includes/wlwmanifest.xml HTTP/1.1" 200 77953 "-" "Mozilla/5.0 (Windows NT 10.0; Win64; x64) AppleWebKit/537.36 (KHTML, like Gecko) Chrome/78.0.3904.108 Safari/537.36"
15.204.217.150 - - [31/Oct/2025:15:46:46 +0545] "GET /2019/wp-includes/wlwmanifest.xml HTTP/1.1" 200 77953 "-" "Mozilla/5.0 (Windows NT 10.0; Win64; x64) AppleWebKit/537.36 (KHTML, like Gecko) Chrome/78.0.3904.108 Safari/537.36"
15.204.217.150 - - [31/Oct/2025:15:46:48 +0545] "GET /shop/wp-includes/wlwmanifest.xml HTTP/1.1" 200 77953 "-" "Mozilla/5.0 (Windows NT 10.0; Win64; x64) AppleWebKit/537.36 (KHTML, like Gecko) Chrome/78.0.3904.108 Safari/537.36"
15.204.217.150 - - [31/Oct/2025:15:46:50 +0545] "GET /wp1/wp-includes/wlwmanifest.xml HTTP/1.1" 200 77953 "-" "Mozilla/5.0 (Windows NT 10.0; Win64; x64) AppleWebKit/537.36 (KHTML, like Gecko) Chrome/78.0.3904.108 Safari/537.36"
15.204.217.150 - - [31/Oct/2025:15:46:52 +0545] "GET /test/wp-includes/wlwmanifest.xml HTTP/1.1" 200 77953 "-" "Mozilla/5.0 (Windows NT 10.0; Win64; x64) AppleWebKit/537.36 (KHTML, like Gecko) Chrome/78.0.3904.108 Safari/537.36"
15.204.217.150 - - [31/Oct/2025:15:46:55 +0545] "GET /media/wp-includes/wlwmanifest.xml HTTP/1.1" 200 77953 "-" "Mozilla/5.0 (Windows NT 10.0; Win64; x64) AppleWebKit/537.36 (KHTML, like Gecko) Chrome/78.0.3904.108 Safari/537.36"
15.204.217.150 - - [31/Oct/2025:15:46:57 +0545] "GET /wp2/wp-includes/wlwmanifest.xml HTTP/1.1" 200 77953 "-" "Mozilla/5.0 (Windows NT 10.0; Win64; x64) AppleWebKit/537.36 (KHTML, like Gecko) Chrome/78.0.3904.108 Safari/537.36"
15.204.217.150 - - [31/Oct/2025:15:46:59 +0545] "GET /site/wp-includes/wlwmanifest.xml HTTP/1.1" 200 77953 "-" "Mozilla/5.0 (Windows NT 10.0; Win64; x64) AppleWebKit/537.36 (KHTML, like Gecko) Chrome/78.0.3904.108 Safari/537.36"
15.204.217.150 - - [31/Oct/2025:15:47:01 +0545] "GET /cms/wp-includes/wlwmanifest.xml HTTP/1.1" 200 77953 "-" "Mozilla/5.0 (Windows NT 10.0; Win64; x64) AppleWebKit/537.36 (KHTML, like Gecko) Chrome/78.0.3904.108 Safari/537.36"
15.204.217.150 - - [31/Oct/2025:15:47:04 +0545] "GET /sito/wp-includes/wlwmanifest.xml HTTP/1.1" 200 77953 "-" "Mozilla/5.0 (Windows NT 10.0; Win64; x64) AppleWebKit/537.36 (KHTML, like Gecko) Chrome/78.0.3904.108 Safari/537.36"
43.135.142.37 - - [31/Oct/2025:15:48:26 +0545] "GET /?path=/home/roshanchandy/public_html/dubai91.com/a851f HTTP/1.1" 200 12930 "-" "Mozilla/5.0 (iPhone; CPU iPhone OS 13_2_3 like Mac OS X) AppleWebKit/605.1.15 (KHTML, like Gecko) Version/13.0.3 Mobile/15E148 Safari/604.1"
43.135.133.241 - - [31/Oct/2025:15:57:38 +0545] "GET /?path=/home/roshanchandy/public_html/dubai91.com/wp-content HTTP/1.1" 200 23270 "-" "Mozilla/5.0 (iPhone; CPU iPhone OS 13_2_3 like Mac OS X) AppleWebKit/605.1.15 (KHTML, like Gecko) Version/13.0.3 Mobile/15E148 Safari/604.1"
204.12.208.18 - - [31/Oct/2025:16:03:21 +0545] "GET /wp-includes/qq83f359/edit.php HTTP/1.1" 200 6 "http://dubai91.com/wp-includes/qq83f359/edit.php" "Mozilla/4.0 (compatible; MSIE 8.0; Windows NT 5.1; Trident/4.0; .NET CLR 2.0.50727; .NET CLR 3.0.04506.30; .NET CLR 3.0.04506.648)"
204.12.208.18 - - [31/Oct/2025:16:03:37 +0545] "GET /wp-includes/qq83f359/edit.php HTTP/1.1" 200 6 "http://dubai91.com/wp-includes/qq83f359/edit.php" "Mozilla/4.0 (compatible; MSIE 6.0; X11; Linux i686; ja) Opera 10.10"
204.12.208.18 - - [31/Oct/2025:16:03:17 +0545] "GET /wp-includes/qq83f359/edit.php HTTP/1.1" 200 - "http://dubai91.com/wp-includes/qq83f359/edit.php" "Mozilla/5.0 (Macintosh; Intel Mac OS X 10.6; rv:6.0.2) Gecko/20100101 Firefox/6.0.2"
69.197.149.50 - - [31/Oct/2025:16:04:50 +0545] "GET /wp-includes/qq83f359/edit.php?id=815320 HTTP/1.1" 200 - "http://dubai91.com/wp-includes/qq83f359/edit.php?id=815320" "Mozilla/5.0 (Windows NT 10.0; Win64; x64) AppleWebKit/537.36 (KHTML, like Gecko) Chrome/58.0.3029.110 Safari/537.3"
101.99.88.90 - - [31/Oct/2025:16:06:42 +0545] "GET /update/f35.php HTTP/1.1" 200 77945 "-" "Mozilla/5.0 (Windows NT 10.0; Win64; x64) AppleWebKit/537.36 (KHTML, like Gecko) Chrome/120.0.0.0 Safari/537.36"
101.99.88.90 - - [31/Oct/2025:16:06:44 +0545] "GET /update/f35.php HTTP/1.1" 200 77945 "-" "GuzzleHttp/7"
101.99.88.90 - - [31/Oct/2025:16:06:46 +0545] "POST /update/f35.php HTTP/1.1" 200 77945 "-" "GuzzleHttp/7"
101.99.88.90 - - [31/Oct/2025:16:06:48 +0545] "POST /update/f35.php HTTP/1.1" 200 77945 "-" "GuzzleHttp/7"
101.99.88.90 - - [31/Oct/2025:16:06:50 +0545] "GET /update/ex.php HTTP/1.1" 200 77945 "-" "GuzzleHttp/7"
101.99.88.90 - - [31/Oct/2025:16:07:02 +0545] "POST /update/f35.php HTTP/1.1" 200 77945 "-" "GuzzleHttp/7"
101.99.88.90 - - [31/Oct/2025:16:07:06 +0545] "GET /update/ex.php HTTP/1.1" 200 77945 "-" "GuzzleHttp/7"
43.166.253.94 - - [31/Oct/2025:16:07:33 +0545] "GET /?fileloc=/home/roshanchandy/public_html/dubai91.com/wp-includes/ID3/module.audio.ac3.php&path=/home/roshanchandy/public_html/dubai91.com/wp-includes/ID3 HTTP/1.1" 200 58399 "-" "Mozilla/5.0 (iPhone; CPU iPhone OS 13_2_3 like Mac OS X) AppleWebKit/605.1.15 (KHTML, like Gecko) Version/13.0.3 Mobile/15E148 Safari/604.1"
170.106.192.208 - - [31/Oct/2025:16:17:30 +0545] "GET /?fileloc=/home/roshanchandy/public_html/dubai91.com/wp-includes/ID3/module.tag.id3v1.php&path=/home/roshanchandy/public_html/dubai91.com/wp-includes/ID3 HTTP/1.1" 200 31582 "-" "Mozilla/5.0 (iPhone; CPU iPhone OS 13_2_3 like Mac OS X) AppleWebKit/605.1.15 (KHTML, like Gecko) Version/13.0.3 Mobile/15E148 Safari/604.1"
204.12.208.18 - - [31/Oct/2025:16:26:06 +0545] "GET /wp-includes/qq83f359/edit.php HTTP/1.1" 200 6 "http://dubai91.com/wp-includes/qq83f359/edit.php" "Mozilla/5.0 (Macintosh; Intel Mac OS X 10_8) AppleWebKit/536.25 (KHTML, like Gecko) Version/6.0 Safari/536.25"
204.12.208.18 - - [31/Oct/2025:16:25:46 +0545] "GET /wp-includes/qq83f359/edit.php HTTP/1.1" 200 - "http://dubai91.com/wp-includes/qq83f359/edit.php" "Mozilla/5.0 (Macintosh; U; Intel Mac OS X 10_5_6; ja-jp) AppleWebKit/528.16 (KHTML, like Gecko) Version/4.0 Safari/528.16"
101.99.88.90 - - [31/Oct/2025:16:27:19 +0545] "GET / HTTP/1.1" 200 145601 "-" "Mozilla/5.0 (compatible; Googlebot/2.1; +http://www.google.com/bot.html)"
43.131.39.179 - - [31/Oct/2025:16:27:28 +0545] "GET /?path=/home/roshanchandy/public_html/dubai91.com/wp-content/upgrade HTTP/1.1" 200 13030 "-" "Mozilla/5.0 (iPhone; CPU iPhone OS 13_2_3 like Mac OS X) AppleWebKit/605.1.15 (KHTML, like Gecko) Version/13.0.3 Mobile/15E148 Safari/604.1"
69.197.149.50 - - [31/Oct/2025:16:27:20 +0545] "GET /wp-includes/qq83f359/edit.php?id=815320 HTTP/1.1" 200 - "http://dubai91.com/wp-includes/qq83f359/edit.php?id=815320" "Mozilla/5.0 (Windows NT 10.0; Win64; x64) AppleWebKit/537.36 (KHTML, like Gecko) Chrome/58.0.3029.110 Safari/537.3"
85.204.70.116 - - [31/Oct/2025:16:30:09 +0545] "GET /.env HTTP/1.1" 200 77945 "-" "python-requests/2.32.5"
85.204.70.116 - - [31/Oct/2025:16:30:12 +0545] "GET /vendor/phpunit/phpunit/src/Util/PHP/eval-stdin.php HTTP/1.1" 200 77945 "-" "python-requests/2.32.5"
85.204.70.116 - - [31/Oct/2025:16:30:15 +0545] "GET /phpunit/phpunit/src/Util/PHP/eval-stdin.php HTTP/1.1" 200 77945 "-" "python-requests/2.32.5"
85.204.70.116 - - [31/Oct/2025:16:30:18 +0545] "GET /phpunit/phpunit/src/Util/PHP/eval-stdin.php HTTP/1.1" 200 77945 "-" "python-requests/2.32.5"
69.197.149.50 - - [31/Oct/2025:16:28:54 +0545] "GET /wp-includes/qq83f359/edit.php?id=815320 HTTP/1.1" 200 - "http://dubai91.com/wp-includes/qq83f359/edit.php?id=815320" "Mozilla/5.0 (Windows NT 10.0; Win64; x64) AppleWebKit/537.36 (KHTML, like Gecko) Chrome/58.0.3029.110 Safari/537.3"
69.197.149.50 - - [31/Oct/2025:16:30:28 +0545] "GET /wp-includes/qq83f359/edit.php?id=815320 HTTP/1.1" 200 - "http://dubai91.com/wp-includes/qq83f359/edit.php?id=815320" "Mozilla/5.0 (Windows NT 10.0; Win64; x64) AppleWebKit/537.36 (KHTML, like Gecko) Chrome/58.0.3029.110 Safari/537.3"
69.197.149.50 - - [31/Oct/2025:16:31:57 +0545] "GET /wp-includes/qq83f359/edit.php?id=815320 HTTP/1.1" 200 - "http://dubai91.com/wp-includes/qq83f359/edit.php?id=815320" "Mozilla/5.0 (Windows NT 10.0; Win64; x64) AppleWebKit/537.36 (KHTML, like Gecko) Chrome/58.0.3029.110 Safari/537.3"
69.197.149.50 - - [31/Oct/2025:16:33:34 +0545] "GET /wp-includes/qq83f359/edit.php?id=815320 HTTP/1.1" 200 - "http://dubai91.com/wp-includes/qq83f359/edit.php?id=815320" "Mozilla/5.0 (Windows NT 10.0; Win64; x64) AppleWebKit/537.36 (KHTML, like Gecko) Chrome/58.0.3029.110 Safari/537.3"
69.197.149.50 - - [31/Oct/2025:16:35:04 +0545] "GET /wp-includes/qq83f359/edit.php?id=815320 HTTP/1.1" 200 - "http://dubai91.com/wp-includes/qq83f359/edit.php?id=815320" "Mozilla/5.0 (Windows NT 10.0; Win64; x64) AppleWebKit/537.36 (KHTML, like Gecko) Chrome/58.0.3029.110 Safari/537.3"
43.135.133.241 - - [31/Oct/2025:16:37:25 +0545] "GET /?path=/home/roshanchandy/public_html/dubai91.com/wp-content/uploads HTTP/1.1" 200 21942 "-" "Mozilla/5.0 (iPhone; CPU iPhone OS 13_2_3 like Mac OS X) AppleWebKit/605.1.15 (KHTML, like Gecko) Version/13.0.3 Mobile/15E148 Safari/604.1"
69.197.149.50 - - [31/Oct/2025:16:36:37 +0545] "GET /wp-includes/qq83f359/edit.php?id=815320 HTTP/1.1" 200 - "http://dubai91.com/wp-includes/qq83f359/edit.php?id=815320" "Mozilla/5.0 (Windows NT 10.0; Win64; x64) AppleWebKit/537.36 (KHTML, like Gecko) Chrome/58.0.3029.110 Safari/537.3"
123.160.223.73 - - [31/Oct/2025:16:41:59 +0545] "GET / HTTP/1.1" 200 77945 "-" "Mozilla/5.0 (Macintosh; Intel Mac OS X 10_15_7) AppleWebKit/537.36 (KHTML, like Gecko) Chrome/96.0.4664.110 Safari/537.36"
123.160.223.74 - - [31/Oct/2025:16:42:06 +0545] "GET /favicon.ico HTTP/1.1" 200 77945 "-" "Mozilla/5.0 (Macintosh; Intel Mac OS X 10_15_7) AppleWebKit/537.36 (KHTML, like Gecko) Chrome/96.0.4664.110 Safari/537.36"
178.156.180.196 - - [31/Oct/2025:16:43:21 +0545] "GET /sets/113108297 HTTP/1.1" 200 77945 "-" "Mozilla/5.0 (Windows NT 10.0; Win64; x64) AppleWebKit/537.36 (KHTML, like Gecko) Chrome/84.0.4147.105 Safari/537.36"
74.7.227.173 - - [31/Oct/2025:16:46:17 +0545] "GET /2025/10/21/xtip-sportwetten-erfahrungen/ HTTP/1.1" 200 77945 "-" "Mozilla/5.0 AppleWebKit/537.36 (KHTML, like Gecko; compatible; GPTBot/1.2; +https://openai.com/gptbot)"
204.12.208.18 - - [31/Oct/2025:16:48:08 +0545] "GET /wp-includes/qq83f359/edit.php HTTP/1.1" 200 6 "http://dubai91.com/wp-includes/qq83f359/edit.php" "Mozilla/5.0 (compatible; MSIE 10.0; Windows NT 6.2; WOW64; Trident/6.0)"
170.106.160.90 - - [31/Oct/2025:16:48:10 +0545] "GET /?fileloc=/home/roshanchandy/public_html/dubai91.com/wp-content/index.php&path=/home/roshanchandy/public_html/dubai91.com/wp-content HTTP/1.1" 200 12605 "-" "Mozilla/5.0 (iPhone; CPU iPhone OS 13_2_3 like Mac OS X) AppleWebKit/605.1.15 (KHTML, like Gecko) Version/13.0.3 Mobile/15E148 Safari/604.1"
204.12.208.18 - - [31/Oct/2025:16:47:48 +0545] "GET /wp-includes/qq83f359/edit.php HTTP/1.1" 200 - "http://dubai91.com/wp-includes/qq83f359/edit.php" "Mozilla/5.0 (Macintosh; Intel Mac OS X 10_6_8) AppleWebKit/534.57.2 (KHTML, like Gecko) Version/5.1.7 Safari/534.57.2"
69.197.149.50 - - [31/Oct/2025:16:49:28 +0545] "GET /wp-includes/qq83f359/edit.php?id=815320 HTTP/1.1" 200 - "http://dubai91.com/wp-includes/qq83f359/edit.php?id=815320" "Mozilla/5.0 (Windows NT 10.0; Win64; x64) AppleWebKit/537.36 (KHTML, like Gecko) Chrome/58.0.3029.110 Safari/537.3"
69.197.149.50 - - [31/Oct/2025:16:51:05 +0545] "GET /wp-includes/qq83f359/edit.php?id=815320 HTTP/1.1" 200 - "http://dubai91.com/wp-includes/qq83f359/edit.php?id=815320" "Mozilla/5.0 (Windows NT 10.0; Win64; x64) AppleWebKit/537.36 (KHTML, like Gecko) Chrome/58.0.3029.110 Safari/537.3"
69.197.149.50 - - [31/Oct/2025:16:52:35 +0545] "GET /wp-includes/qq83f359/edit.php?id=815320 HTTP/1.1" 200 - "http://dubai91.com/wp-includes/qq83f359/edit.php?id=815320" "Mozilla/5.0 (Windows NT 10.0; Win64; x64) AppleWebKit/537.36 (KHTML, like Gecko) Chrome/58.0.3029.110 Safari/537.3"
69.197.149.50 - - [31/Oct/2025:16:54:04 +0545] "GET /wp-includes/qq83f359/edit.php?id=815320 HTTP/1.1" 200 - "http://dubai91.com/wp-includes/qq83f359/edit.php?id=815320" "Mozilla/5.0 (Windows NT 10.0; Win64; x64) AppleWebKit/537.36 (KHTML, like Gecko) Chrome/58.0.3029.110 Safari/537.3"
43.133.69.37 - - [31/Oct/2025:16:56:57 +0545] "GET /?path=/home/roshanchandy/public_html/dubai91.com/wp-content/mu-plugins HTTP/1.1" 200 14737 "-" "Mozilla/5.0 (iPhone; CPU iPhone OS 13_2_3 like Mac OS X) AppleWebKit/605.1.15 (KHTML, like Gecko) Version/13.0.3 Mobile/15E148 Safari/604.1"
69.197.149.50 - - [31/Oct/2025:16:55:36 +0545] "GET /wp-includes/qq83f359/edit.php?id=815320 HTTP/1.1" 200 - "http://dubai91.com/wp-includes/qq83f359/edit.php?id=815320" "Mozilla/5.0 (Windows NT 10.0; Win64; x64) AppleWebKit/537.36 (KHTML, like Gecko) Chrome/58.0.3029.110 Safari/537.3"
69.197.149.50 - - [31/Oct/2025:16:57:08 +0545] "GET /wp-includes/qq83f359/edit.php?id=815320 HTTP/1.1" 200 - "http://dubai91.com/wp-includes/qq83f359/edit.php?id=815320" "Mozilla/5.0 (Windows NT 10.0; Win64; x64) AppleWebKit/537.36 (KHTML, like Gecko) Chrome/58.0.3029.110 Safari/537.3"
69.197.149.50 - - [31/Oct/2025:16:58:40 +0545] "GET /wp-includes/qq83f359/edit.php?id=815320 HTTP/1.1" 200 - "http://dubai91.com/wp-includes/qq83f359/edit.php?id=815320" "Mozilla/5.0 (Windows NT 10.0; Win64; x64) AppleWebKit/537.36 (KHTML, like Gecko) Chrome/58.0.3029.110 Safari/537.3"
69.197.149.50 - - [31/Oct/2025:17:00:12 +0545] "GET /wp-includes/qq83f359/edit.php?id=815320 HTTP/1.1" 200 - "http://dubai91.com/wp-includes/qq83f359/edit.php?id=815320" "Mozilla/5.0 (Windows NT 10.0; Win64; x64) AppleWebKit/537.36 (KHTML, like Gecko) Chrome/58.0.3029.110 Safari/537.3"
69.197.149.50 - - [31/Oct/2025:17:01:42 +0545] "GET /wp-includes/qq83f359/edit.php?id=815320 HTTP/1.1" 200 - "http://dubai91.com/wp-includes/qq83f359/edit.php?id=815320" "Mozilla/5.0 (Windows NT 10.0; Win64; x64) AppleWebKit/537.36 (KHTML, like Gecko) Chrome/58.0.3029.110 Safari/537.3"
69.197.149.50 - - [31/Oct/2025:17:03:14 +0545] "GET /wp-includes/qq83f359/edit.php?id=815320 HTTP/1.1" 200 - "http://dubai91.com/wp-includes/qq83f359/edit.php?id=815320" "Mozilla/5.0 (Windows NT 10.0; Win64; x64) AppleWebKit/537.36 (KHTML, like Gecko) Chrome/58.0.3029.110 Safari/537.3"
69.197.149.50 - - [31/Oct/2025:17:04:44 +0545] "GET /wp-includes/qq83f359/edit.php?id=815320 HTTP/1.1" 200 - "http://dubai91.com/wp-includes/qq83f359/edit.php?id=815320" "Mozilla/5.0 (Windows NT 10.0; Win64; x64) AppleWebKit/537.36 (KHTML, like Gecko) Chrome/58.0.3029.110 Safari/537.3"
69.197.149.50 - - [31/Oct/2025:17:06:17 +0545] "GET /wp-includes/qq83f359/edit.php?id=815320 HTTP/1.1" 200 - "http://dubai91.com/wp-includes/qq83f359/edit.php?id=815320" "Mozilla/5.0 (Windows NT 10.0; Win64; x64) AppleWebKit/537.36 (KHTML, like Gecko) Chrome/58.0.3029.110 Safari/537.3"
49.51.195.195 - - [31/Oct/2025:17:07:56 +0545] "GET /?path=/home/roshanchandy/public_html/dubai91.com/wp-content/uploads/2024 HTTP/1.1" 200 14589 "-" "Mozilla/5.0 (iPhone; CPU iPhone OS 13_2_3 like Mac OS X) AppleWebKit/605.1.15 (KHTML, like Gecko) Version/13.0.3 Mobile/15E148 Safari/604.1"
69.197.149.50 - - [31/Oct/2025:17:07:48 +0545] "GET /wp-includes/qq83f359/edit.php?id=815320 HTTP/1.1" 200 - "http://dubai91.com/wp-includes/qq83f359/edit.php?id=815320" "Mozilla/5.0 (Windows NT 10.0; Win64; x64) AppleWebKit/537.36 (KHTML, like Gecko) Chrome/58.0.3029.110 Safari/537.3"
204.12.208.18 - - [31/Oct/2025:17:10:39 +0545] "GET /wp-includes/qq83f359/edit.php HTTP/1.1" 200 6 "http://dubai91.com/wp-includes/qq83f359/edit.php" "Mozilla/5.0 (Windows NT 10.0; WOW64) AppleWebKit/537.36 (KHTML, like Gecko) Chrome/74.0.3729.131 Safari/537.36"
69.197.149.50 - - [31/Oct/2025:17:09:21 +0545] "GET /wp-includes/qq83f359/edit.php?id=815320 HTTP/1.1" 200 - "http://dubai91.com/wp-includes/qq83f359/edit.php?id=815320" "Mozilla/5.0 (Windows NT 10.0; Win64; x64) AppleWebKit/537.36 (KHTML, like Gecko) Chrome/58.0.3029.110 Safari/537.3"
69.197.149.50 - - [31/Oct/2025:17:10:51 +0545] "GET /wp-includes/qq83f359/edit.php?id=815320 HTTP/1.1" 200 - "http://dubai91.com/wp-includes/qq83f359/edit.php?id=815320" "Mozilla/5.0 (Windows NT 10.0; Win64; x64) AppleWebKit/537.36 (KHTML, like Gecko) Chrome/58.0.3029.110 Safari/537.3"
69.197.149.50 - - [31/Oct/2025:17:12:26 +0545] "GET /wp-includes/qq83f359/edit.php?id=815320 HTTP/1.1" 200 - "http://dubai91.com/wp-includes/qq83f359/edit.php?id=815320" "Mozilla/5.0 (Windows NT 10.0; Win64; x64) AppleWebKit/537.36 (KHTML, like Gecko) Chrome/58.0.3029.110 Safari/537.3"
69.197.149.50 - - [31/Oct/2025:17:13:56 +0545] "GET /wp-includes/qq83f359/edit.php?id=815320 HTTP/1.1" 200 - "http://dubai91.com/wp-includes/qq83f359/edit.php?id=815320" "Mozilla/5.0 (Windows NT 10.0; Win64; x64) AppleWebKit/537.36 (KHTML, like Gecko) Chrome/58.0.3029.110 Safari/537.3"
213.180.203.7 - - [31/Oct/2025:17:16:27 +0545] "GET /robots.txt HTTP/1.1" 200 341 "-" "Mozilla/5.0 (compatible; YandexBot/3.0; +http://yandex.com/bots)"
5.255.231.19 - - [31/Oct/2025:17:16:28 +0545] "GET / HTTP/1.1" 200 13 "-" "Mozilla/5.0 (compatible; YandexBot/3.0; +http://yandex.com/bots)"
69.197.149.50 - - [31/Oct/2025:17:15:28 +0545] "GET /wp-includes/qq83f359/edit.php?id=815320 HTTP/1.1" 200 - "http://dubai91.com/wp-includes/qq83f359/edit.php?id=815320" "Mozilla/5.0 (Windows NT 10.0; Win64; x64) AppleWebKit/537.36 (KHTML, like Gecko) Chrome/58.0.3029.110 Safari/537.3"
69.197.149.50 - - [31/Oct/2025:17:17:02 +0545] "GET /wp-includes/qq83f359/edit.php?id=815320 HTTP/1.1" 200 - "http://dubai91.com/wp-includes/qq83f359/edit.php?id=815320" "Mozilla/5.0 (Windows NT 10.0; Win64; x64) AppleWebKit/537.36 (KHTML, like Gecko) Chrome/58.0.3029.110 Safari/537.3"
170.106.82.209 - - [31/Oct/2025:17:19:09 +0545] "GET /?path=/home/roshanchandy/public_html/dubai91.com/wp-content/uploads/wp-file-manager-pro HTTP/1.1" 200 14692 "-" "Mozilla/5.0 (iPhone; CPU iPhone OS 13_2_3 like Mac OS X) AppleWebKit/605.1.15 (KHTML, like Gecko) Version/13.0.3 Mobile/15E148 Safari/604.1"
69.197.149.50 - - [31/Oct/2025:17:18:37 +0545] "GET /wp-includes/qq83f359/edit.php?id=815320 HTTP/1.1" 200 - "http://dubai91.com/wp-includes/qq83f359/edit.php?id=815320" "Mozilla/5.0 (Windows NT 10.0; Win64; x64) AppleWebKit/537.36 (KHTML, like Gecko) Chrome/58.0.3029.110 Safari/537.3"
69.197.149.50 - - [31/Oct/2025:17:20:09 +0545] "GET /wp-includes/qq83f359/edit.php?id=815320 HTTP/1.1" 200 - "http://dubai91.com/wp-includes/qq83f359/edit.php?id=815320" "Mozilla/5.0 (Windows NT 10.0; Win64; x64) AppleWebKit/537.36 (KHTML, like Gecko) Chrome/58.0.3029.110 Safari/537.3"
69.197.149.50 - - [31/Oct/2025:17:21:41 +0545] "GET /wp-includes/qq83f359/edit.php?id=815320 HTTP/1.1" 200 - "http://dubai91.com/wp-includes/qq83f359/edit.php?id=815320" "Mozilla/5.0 (Windows NT 10.0; Win64; x64) AppleWebKit/537.36 (KHTML, like Gecko) Chrome/58.0.3029.110 Safari/537.3"
69.197.149.50 - - [31/Oct/2025:17:23:11 +0545] "GET /wp-includes/qq83f359/edit.php?id=815320 HTTP/1.1" 200 - "http://dubai91.com/wp-includes/qq83f359/edit.php?id=815320" "Mozilla/5.0 (Windows NT 10.0; Win64; x64) AppleWebKit/537.36 (KHTML, like Gecko) Chrome/58.0.3029.110 Safari/537.3"
69.197.149.50 - - [31/Oct/2025:17:24:50 +0545] "GET /wp-includes/qq83f359/edit.php?id=815320 HTTP/1.1" 200 - "http://dubai91.com/wp-includes/qq83f359/edit.php?id=815320" "Mozilla/5.0 (Windows NT 10.0; Win64; x64) AppleWebKit/537.36 (KHTML, like Gecko) Chrome/58.0.3029.110 Safari/537.3"
43.130.15.147 - - [31/Oct/2025:17:27:28 +0545] "GET /?path=/home/roshanchandy/public_html/dubai91.com/wp-content/uploads/wpcf7_uploads HTTP/1.1" 200 14814 "-" "Mozilla/5.0 (iPhone; CPU iPhone OS 13_2_3 like Mac OS X) AppleWebKit/605.1.15 (KHTML, like Gecko) Version/13.0.3 Mobile/15E148 Safari/604.1"
69.197.149.50 - - [31/Oct/2025:17:26:38 +0545] "GET /wp-includes/qq83f359/edit.php?id=815320 HTTP/1.1" 200 - "http://dubai91.com/wp-includes/qq83f359/edit.php?id=815320" "Mozilla/5.0 (Windows NT 10.0; Win64; x64) AppleWebKit/537.36 (KHTML, like Gecko) Chrome/58.0.3029.110 Safari/537.3"
69.197.149.50 - - [31/Oct/2025:17:28:09 +0545] "GET /wp-includes/qq83f359/edit.php?id=815320 HTTP/1.1" 200 - "http://dubai91.com/wp-includes/qq83f359/edit.php?id=815320" "Mozilla/5.0 (Windows NT 10.0; Win64; x64) AppleWebKit/537.36 (KHTML, like Gecko) Chrome/58.0.3029.110 Safari/537.3"
69.197.149.50 - - [31/Oct/2025:17:29:44 +0545] "GET /wp-includes/qq83f359/edit.php?id=815320 HTTP/1.1" 200 - "http://dubai91.com/wp-includes/qq83f359/edit.php?id=815320" "Mozilla/5.0 (Windows NT 10.0; Win64; x64) AppleWebKit/537.36 (KHTML, like Gecko) Chrome/58.0.3029.110 Safari/537.3"
51.68.111.208 - - [31/Oct/2025:17:32:34 +0545] "GET /robots.txt HTTP/1.1" 200 341 "-" "Mozilla/5.0 (compatible; MJ12bot/v2.0.4; http://mj12bot.com/)"
51.68.111.208 - - [31/Oct/2025:17:32:35 +0545] "GET / HTTP/1.1" 200 77945 "-" "Mozilla/5.0 (compatible; MJ12bot/v2.0.4; http://mj12bot.com/)"
51.68.111.208 - - [31/Oct/2025:17:32:37 +0545] "GET /robots.txt HTTP/1.1" 200 341 "-" "Mozilla/5.0 (compatible; MJ12bot/v2.0.4; http://mj12bot.com/)"
51.68.111.208 - - [31/Oct/2025:17:32:38 +0545] "GET / HTTP/1.1" 200 77945 "-" "Mozilla/5.0 (compatible; MJ12bot/v2.0.4; http://mj12bot.com/)"
69.197.149.50 - - [31/Oct/2025:17:31:14 +0545] "GET /wp-includes/qq83f359/edit.php?id=815320 HTTP/1.1" 200 - "http://dubai91.com/wp-includes/qq83f359/edit.php?id=815320" "Mozilla/5.0 (Windows NT 10.0; Win64; x64) AppleWebKit/537.36 (KHTML, like Gecko) Chrome/58.0.3029.110 Safari/537.3"
204.12.208.18 - - [31/Oct/2025:17:33:12 +0545] "GET /wp-includes/qq83f359/edit.php HTTP/1.1" 200 6 "http://dubai91.com/wp-includes/qq83f359/edit.php" "Mozilla/5.0 (compatible; MSIE 10.0; Windows NT 6.2; Win64; x64; Trident/6.0)"
69.197.149.50 - - [31/Oct/2025:17:32:45 +0545] "GET /wp-includes/qq83f359/edit.php?id=815320 HTTP/1.1" 200 - "http://dubai91.com/wp-includes/qq83f359/edit.php?id=815320" "Mozilla/5.0 (Windows NT 10.0; Win64; x64) AppleWebKit/537.36 (KHTML, like Gecko) Chrome/58.0.3029.110 Safari/537.3"
69.197.149.50 - - [31/Oct/2025:17:34:17 +0545] "GET /wp-includes/qq83f359/edit.php?id=815320 HTTP/1.1" 200 - "http://dubai91.com/wp-includes/qq83f359/edit.php?id=815320" "Mozilla/5.0 (Windows NT 10.0; Win64; x64) AppleWebKit/537.36 (KHTML, like Gecko) Chrome/58.0.3029.110 Safari/537.3"
43.133.220.37 - - [31/Oct/2025:17:36:39 +0545] "GET /?path=/home/roshanchandy/public_html/dubai91.com/wp-content/uploads/cfdb7_uploads HTTP/1.1" 200 16488 "-" "Mozilla/5.0 (iPhone; CPU iPhone OS 13_2_3 like Mac OS X) AppleWebKit/605.1.15 (KHTML, like Gecko) Version/13.0.3 Mobile/15E148 Safari/604.1"
69.197.149.50 - - [31/Oct/2025:17:35:52 +0545] "GET /wp-includes/qq83f359/edit.php?id=815320 HTTP/1.1" 200 - "http://dubai91.com/wp-includes/qq83f359/edit.php?id=815320" "Mozilla/5.0 (Windows NT 10.0; Win64; x64) AppleWebKit/537.36 (KHTML, like Gecko) Chrome/58.0.3029.110 Safari/537.3"
69.197.149.50 - - [31/Oct/2025:17:37:22 +0545] "GET /wp-includes/qq83f359/edit.php?id=815320 HTTP/1.1" 200 - "http://dubai91.com/wp-includes/qq83f359/edit.php?id=815320" "Mozilla/5.0 (Windows NT 10.0; Win64; x64) AppleWebKit/537.36 (KHTML, like Gecko) Chrome/58.0.3029.110 Safari/537.3"
69.197.149.50 - - [31/Oct/2025:17:38:55 +0545] "GET /wp-includes/qq83f359/edit.php?id=815320 HTTP/1.1" 200 - "http://dubai91.com/wp-includes/qq83f359/edit.php?id=815320" "Mozilla/5.0 (Windows NT 10.0; Win64; x64) AppleWebKit/537.36 (KHTML, like Gecko) Chrome/58.0.3029.110 Safari/537.3"
69.197.149.50 - - [31/Oct/2025:17:40:33 +0545] "GET /wp-includes/qq83f359/edit.php?id=815320 HTTP/1.1" 200 - "http://dubai91.com/wp-includes/qq83f359/edit.php?id=815320" "Mozilla/5.0 (Windows NT 10.0; Win64; x64) AppleWebKit/537.36 (KHTML, like Gecko) Chrome/58.0.3029.110 Safari/537.3"
40.77.167.184 - - [31/Oct/2025:17:47:43 +0545] "GET /robots.txt HTTP/1.1" 200 341 "-" "Mozilla/5.0 AppleWebKit/537.36 (KHTML, like Gecko; compatible; bingbot/2.0; +http://www.bing.com/bingbot.htm) Chrome/116.0.1938.76 Safari/537.36"
40.77.167.46 - - [31/Oct/2025:17:47:49 +0545] "GET / HTTP/1.1" 200 13 "-" "Mozilla/5.0 AppleWebKit/537.36 (KHTML, like Gecko; compatible; bingbot/2.0; +http://www.bing.com/bingbot.htm) Chrome/116.0.1938.76 Safari/537.36"
43.130.31.17 - - [31/Oct/2025:17:48:45 +0545] "GET /?fileloc=/home/roshanchandy/public_html/dubai91.com/wp-content/mu-plugins/mu-plugin-68b59b4cde65f.php&path=/home/roshanchandy/public_html/dubai91.com/wp-content/mu-plugins HTTP/1.1" 200 12999 "-" "Mozilla/5.0 (iPhone; CPU iPhone OS 13_2_3 like Mac OS X) AppleWebKit/605.1.15 (KHTML, like Gecko) Version/13.0.3 Mobile/15E148 Safari/604.1"
204.12.208.18 - - [31/Oct/2025:17:58:24 +0545] "GET /wp-includes/qq83f359/edit.php HTTP/1.1" 200 6 "http://dubai91.com/wp-includes/qq83f359/edit.php" "Mozilla/5.0 (Macintosh; U; Intel Mac OS X 10_6_3; ja-jp) AppleWebKit/531.21.11 (KHTML, like Gecko) Version/4.0.4 Safari/531.21.10"
204.12.208.18 - - [31/Oct/2025:17:58:04 +0545] "GET /wp-includes/qq83f359/edit.php HTTP/1.1" 200 - "http://dubai91.com/wp-includes/qq83f359/edit.php" "Mozilla/5.0 (Macintosh; Intel Mac OS X 10.5; rv:8.0.1) Gecko/20100101 Firefox/8.0.1"
69.197.149.50 - - [31/Oct/2025:17:59:32 +0545] "GET /wp-includes/qq83f359/edit.php?id=815320 HTTP/1.1" 200 - "http://dubai91.com/wp-includes/qq83f359/edit.php?id=815320" "Mozilla/5.0 (Windows NT 10.0; Win64; x64) AppleWebKit/537.36 (KHTML, like Gecko) Chrome/58.0.3029.110 Safari/537.3"
69.197.149.50 - - [31/Oct/2025:18:01:03 +0545] "GET /wp-includes/qq83f359/edit.php?id=815320 HTTP/1.1" 200 - "http://dubai91.com/wp-includes/qq83f359/edit.php?id=815320" "Mozilla/5.0 (Windows NT 10.0; Win64; x64) AppleWebKit/537.36 (KHTML, like Gecko) Chrome/58.0.3029.110 Safari/537.3"
69.197.149.50 - - [31/Oct/2025:18:02:33 +0545] "GET /wp-includes/qq83f359/edit.php?id=815320 HTTP/1.1" 200 - "http://dubai91.com/wp-includes/qq83f359/edit.php?id=815320" "Mozilla/5.0 (Windows NT 10.0; Win64; x64) AppleWebKit/537.36 (KHTML, like Gecko) Chrome/58.0.3029.110 Safari/537.3"
69.197.149.50 - - [31/Oct/2025:18:04:07 +0545] "GET /wp-includes/qq83f359/edit.php?id=815320 HTTP/1.1" 200 - "http://dubai91.com/wp-includes/qq83f359/edit.php?id=815320" "Mozilla/5.0 (Windows NT 10.0; Win64; x64) AppleWebKit/537.36 (KHTML, like Gecko) Chrome/58.0.3029.110 Safari/537.3"
66.249.79.129 - - [31/Oct/2025:18:13:50 +0545] "GET /112989019?entity=0112847330 HTTP/1.1" 200 139449 "-" "Mozilla/5.0 (Linux; Android 6.0.1; Nexus 5X Build/MMB29P) AppleWebKit/537.36 (KHTML, like Gecko) Chrome/141.0.7390.122 Mobile Safari/537.36 (compatible; Googlebot/2.1; +http://www.google.com/bot.html)"
66.249.79.129 - - [31/Oct/2025:18:18:45 +0545] "GET /?15597485?entity=0015578610 HTTP/1.1" 200 147487 "-" "Mozilla/5.0 (Linux; Android 6.0.1; Nexus 5X Build/MMB29P) AppleWebKit/537.36 (KHTML, like Gecko) Chrome/141.0.7390.122 Mobile Safari/537.36 (compatible; Googlebot/2.1; +http://www.google.com/bot.html)"
204.12.208.18 - - [31/Oct/2025:18:23:59 +0545] "GET /wp-includes/qq83f359/edit.php HTTP/1.1" 200 6 "http://dubai91.com/wp-includes/qq83f359/edit.php" "Mozilla/4.0 (compatible; MSIE 8.0; Windows NT 5.1; Trident/4.0; EasyBits GO v1.0; InfoPath.1; .NET CLR 2.0.50727; .NET CLR 3.0.4506.2152; .NET CLR 3.5.30729)"
204.12.208.18 - - [31/Oct/2025:18:23:39 +0545] "GET /wp-includes/qq83f359/edit.php HTTP/1.1" 200 - "http://dubai91.com/wp-includes/qq83f359/edit.php" "Mozilla/4.0 (compatible; MSIE 6.0; X11; Linux i686; ja) Opera 10.10"
69.197.149.50 - - [31/Oct/2025:18:25:09 +0545] "GET /wp-includes/qq83f359/edit.php?id=815320 HTTP/1.1" 200 - "http://dubai91.com/wp-includes/qq83f359/edit.php?id=815320" "Mozilla/5.0 (Windows NT 10.0; Win64; x64) AppleWebKit/537.36 (KHTML, like Gecko) Chrome/58.0.3029.110 Safari/537.3"
199.182.234.97 - - [31/Oct/2025:18:27:41 +0545] "GET /update/f35.php HTTP/1.1" 200 77945 "-" "Mozilla/5.0 (Windows NT 10.0; Win64; x64) AppleWebKit/537.36 (KHTML, like Gecko) Chrome/142.0.0.0 Safari/537.36"
199.182.234.97 - - [31/Oct/2025:18:27:48 +0545] "GET /favicon.ico HTTP/1.1" 200 77945 "http://dubai91.com.roshanchandy.com/update/f35.php" "Mozilla/5.0 (Windows NT 10.0; Win64; x64) AppleWebKit/537.36 (KHTML, like Gecko) Chrome/142.0.0.0 Safari/537.36"
199.182.234.97 - - [31/Oct/2025:18:27:42 +0545] "GET /update/f35.php HTTP/1.1" 200 77945 "-" "Mozilla/5.0 (Windows NT 10.0; Win64; x64) AppleWebKit/537.36 (KHTML, like Gecko) Chrome/142.0.0.0 Safari/537.36"
199.182.234.97 - - [31/Oct/2025:18:27:51 +0545] "GET /favicon.ico HTTP/1.1" 200 77945 "http://dubai91.com/update/f35.php" "Mozilla/5.0 (Windows NT 10.0; Win64; x64) AppleWebKit/537.36 (KHTML, like Gecko) Chrome/142.0.0.0 Safari/537.36"
69.197.149.50 - - [31/Oct/2025:18:26:43 +0545] "GET /wp-includes/qq83f359/edit.php?id=815320 HTTP/1.1" 200 - "http://dubai91.com/wp-includes/qq83f359/edit.php?id=815320" "Mozilla/5.0 (Windows NT 10.0; Win64; x64) AppleWebKit/537.36 (KHTML, like Gecko) Chrome/58.0.3029.110 Safari/537.3"
69.197.149.50 - - [31/Oct/2025:18:28:13 +0545] "GET /wp-includes/qq83f359/edit.php?id=815320 HTTP/1.1" 200 - "http://dubai91.com/wp-includes/qq83f359/edit.php?id=815320" "Mozilla/5.0 (Windows NT 10.0; Win64; x64) AppleWebKit/537.36 (KHTML, like Gecko) Chrome/58.0.3029.110 Safari/537.3"
85.194.47.34 - - [31/Oct/2025:18:30:57 +0545] "GET /wp-login.php HTTP/1.1" 200 77945 "" "Mozilla/5.0 (Windows NT 10.0; Win64; x64; rv:144.0) Gecko/20100101 Firefox/144.0"
69.197.149.50 - - [31/Oct/2025:18:29:43 +0545] "GET /wp-includes/qq83f359/edit.php?id=815320 HTTP/1.1" 200 - "http://dubai91.com/wp-includes/qq83f359/edit.php?id=815320" "Mozilla/5.0 (Windows NT 10.0; Win64; x64) AppleWebKit/537.36 (KHTML, like Gecko) Chrome/58.0.3029.110 Safari/537.3"
69.197.149.50 - - [31/Oct/2025:18:31:13 +0545] "GET /wp-includes/qq83f359/edit.php?id=815320 HTTP/1.1" 200 - "http://dubai91.com/wp-includes/qq83f359/edit.php?id=815320" "Mozilla/5.0 (Windows NT 10.0; Win64; x64) AppleWebKit/537.36 (KHTML, like Gecko) Chrome/58.0.3029.110 Safari/537.3"
69.197.149.50 - - [31/Oct/2025:18:32:58 +0545] "GET /wp-includes/qq83f359/edit.php?id=815320 HTTP/1.1" 200 - "http://dubai91.com/wp-includes/qq83f359/edit.php?id=815320" "Mozilla/5.0 (Windows NT 10.0; Win64; x64) AppleWebKit/537.36 (KHTML, like Gecko) Chrome/58.0.3029.110 Safari/537.3"
69.197.149.50 - - [31/Oct/2025:18:34:32 +0545] "GET /wp-includes/qq83f359/edit.php?id=815320 HTTP/1.1" 200 - "http://dubai91.com/wp-includes/qq83f359/edit.php?id=815320" "Mozilla/5.0 (Windows NT 10.0; Win64; x64) AppleWebKit/537.36 (KHTML, like Gecko) Chrome/58.0.3029.110 Safari/537.3"
69.197.149.50 - - [31/Oct/2025:18:36:01 +0545] "GET /wp-includes/qq83f359/edit.php?id=815320 HTTP/1.1" 200 - "http://dubai91.com/wp-includes/qq83f359/edit.php?id=815320" "Mozilla/5.0 (Windows NT 10.0; Win64; x64) AppleWebKit/537.36 (KHTML, like Gecko) Chrome/58.0.3029.110 Safari/537.3"
69.197.149.50 - - [31/Oct/2025:18:37:32 +0545] "GET /wp-includes/qq83f359/edit.php?id=815320 HTTP/1.1" 200 - "http://dubai91.com/wp-includes/qq83f359/edit.php?id=815320" "Mozilla/5.0 (Windows NT 10.0; Win64; x64) AppleWebKit/537.36 (KHTML, like Gecko) Chrome/58.0.3029.110 Safari/537.3"
173.252.95.25 - - [31/Oct/2025:18:43:24 +0545] "GET /robots.txt HTTP/1.1" 206 341 "-" "facebookexternalhit/1.1 (+http://www.facebook.com/externalhit_uatext.php)"
173.252.95.115 - - [31/Oct/2025:18:43:24 +0545] "GET /robots.txt HTTP/1.1" 206 341 "-" "facebookexternalhit/1.1 (+http://www.facebook.com/externalhit_uatext.php)"
173.252.95.113 - - [31/Oct/2025:18:43:25 +0545] "GET /presentation HTTP/1.1" 200 77945 "-" "facebookexternalhit/1.1 (+http://www.facebook.com/externalhit_uatext.php)"
173.252.95.124 - - [31/Oct/2025:18:43:25 +0545] "GET /presentation HTTP/1.1" 200 77945 "-" "facebookexternalhit/1.1 (+http://www.facebook.com/externalhit_uatext.php)"
204.12.208.18 - - [31/Oct/2025:18:45:37 +0545] "GET /wp-includes/qq83f359/edit.php HTTP/1.1" 200 6 "http://dubai91.com/wp-includes/qq83f359/edit.php" "Mozilla/5.0 (Windows NT 6.0; rv:7.0.1) Gecko/20100101 Firefox/7.0.1"
204.12.208.18 - - [31/Oct/2025:18:45:17 +0545] "GET /wp-includes/qq83f359/edit.php HTTP/1.1" 200 - "http://dubai91.com/wp-includes/qq83f359/edit.php" "Mozilla/5.0 (compatible; MSIE 9.0; Windows NT 6.1; WOW64; Trident/5.0; Sleipnir/2.9.8)"
69.197.149.50 - - [31/Oct/2025:18:46:46 +0545] "GET /wp-includes/qq83f359/edit.php?id=815320 HTTP/1.1" 200 - "http://dubai91.com/wp-includes/qq83f359/edit.php?id=815320" "Mozilla/5.0 (Windows NT 10.0; Win64; x64) AppleWebKit/537.36 (KHTML, like Gecko) Chrome/58.0.3029.110 Safari/537.3"
204.12.208.18 - - [31/Oct/2025:19:06:59 +0545] "GET /wp-includes/qq83f359/edit.php HTTP/1.1" 200 6 "http://dubai91.com/wp-includes/qq83f359/edit.php" "Mozilla/4.0 (compatible; GoogleToolbar 5.0.2124.2070; Windows 6.0; MSIE 8.0.6001.18241)"
204.12.208.18 - - [31/Oct/2025:19:06:39 +0545] "GET /wp-includes/qq83f359/edit.php HTTP/1.1" 200 - "http://dubai91.com/wp-includes/qq83f359/edit.php" "Mozilla/5.0 (Macintosh; U; Intel Mac OS X; ja-jp) AppleWebKit/523.10.3 (KHTML, like Gecko) Version/3.0.4 Safari/523.10"
69.197.149.50 - - [31/Oct/2025:19:08:13 +0545] "GET /wp-includes/qq83f359/edit.php?id=815320 HTTP/1.1" 200 - "http://dubai91.com/wp-includes/qq83f359/edit.php?id=815320" "Mozilla/5.0 (Windows NT 10.0; Win64; x64) AppleWebKit/537.36 (KHTML, like Gecko) Chrome/58.0.3029.110 Safari/537.3"
69.197.149.50 - - [31/Oct/2025:19:09:46 +0545] "GET /wp-includes/qq83f359/edit.php?id=815320 HTTP/1.1" 200 - "http://dubai91.com/wp-includes/qq83f359/edit.php?id=815320" "Mozilla/5.0 (Windows NT 10.0; Win64; x64) AppleWebKit/537.36 (KHTML, like Gecko) Chrome/58.0.3029.110 Safari/537.3"
