69.197.149.50 - - [31/Oct/2025:19:11:24 +0545] "GET /wp-includes/qq83f359/edit.php?id=815320 HTTP/1.1" 200 - "http://dubai91.com/wp-includes/qq83f359/edit.php?id=815320" "Mozilla/5.0 (Windows NT 10.0; Win64; x64) AppleWebKit/537.36 (KHTML, like Gecko) Chrome/58.0.3029.110 Safari/537.3"
69.197.149.50 - - [31/Oct/2025:19:12:54 +0545] "GET /wp-includes/qq83f359/edit.php?id=815320 HTTP/1.1" 200 - "http://dubai91.com/wp-includes/qq83f359/edit.php?id=815320" "Mozilla/5.0 (Windows NT 10.0; Win64; x64) AppleWebKit/537.36 (KHTML, like Gecko) Chrome/58.0.3029.110 Safari/537.3"
69.197.149.50 - - [31/Oct/2025:19:14:25 +0545] "GET /wp-includes/qq83f359/edit.php?id=815320 HTTP/1.1" 200 - "http://dubai91.com/wp-includes/qq83f359/edit.php?id=815320" "Mozilla/5.0 (Windows NT 10.0; Win64; x64) AppleWebKit/537.36 (KHTML, like Gecko) Chrome/58.0.3029.110 Safari/537.3"
69.197.149.50 - - [31/Oct/2025:19:15:55 +0545] "GET /wp-includes/qq83f359/edit.php?id=815320 HTTP/1.1" 200 - "http://dubai91.com/wp-includes/qq83f359/edit.php?id=815320" "Mozilla/5.0 (Windows NT 10.0; Win64; x64) AppleWebKit/537.36 (KHTML, like Gecko) Chrome/58.0.3029.110 Safari/537.3"
69.197.149.50 - - [31/Oct/2025:19:17:25 +0545] "GET /wp-includes/qq83f359/edit.php?id=815320 HTTP/1.1" 200 - "http://dubai91.com/wp-includes/qq83f359/edit.php?id=815320" "Mozilla/5.0 (Windows NT 10.0; Win64; x64) AppleWebKit/537.36 (KHTML, like Gecko) Chrome/58.0.3029.110 Safari/537.3"
43.213.7.105 - - [31/Oct/2025:19:20:13 +0545] "GET /wp-login.php HTTP/1.1" 200 77945 "" "Mozilla/5.0 (Windows NT 10.0; Win64; x64; rv:144.0) Gecko/20100101 Firefox/144.0"
69.197.149.50 - - [31/Oct/2025:19:18:55 +0545] "GET /wp-includes/qq83f359/edit.php?id=815320 HTTP/1.1" 200 - "http://dubai91.com/wp-includes/qq83f359/edit.php?id=815320" "Mozilla/5.0 (Windows NT 10.0; Win64; x64) AppleWebKit/537.36 (KHTML, like Gecko) Chrome/58.0.3029.110 Safari/537.3"
69.197.149.50 - - [31/Oct/2025:19:20:27 +0545] "GET /wp-includes/qq83f359/edit.php?id=815320 HTTP/1.1" 200 - "http://dubai91.com/wp-includes/qq83f359/edit.php?id=815320" "Mozilla/5.0 (Windows NT 10.0; Win64; x64) AppleWebKit/537.36 (KHTML, like Gecko) Chrome/58.0.3029.110 Safari/537.3"
69.197.149.50 - - [31/Oct/2025:19:21:57 +0545] "GET /wp-includes/qq83f359/edit.php?id=815320 HTTP/1.1" 200 - "http://dubai91.com/wp-includes/qq83f359/edit.php?id=815320" "Mozilla/5.0 (Windows NT 10.0; Win64; x64) AppleWebKit/537.36 (KHTML, like Gecko) Chrome/58.0.3029.110 Safari/537.3"
69.197.149.50 - - [31/Oct/2025:19:23:27 +0545] "GET /wp-includes/qq83f359/edit.php?id=815320 HTTP/1.1" 200 - "http://dubai91.com/wp-includes/qq83f359/edit.php?id=815320" "Mozilla/5.0 (Windows NT 10.0; Win64; x64) AppleWebKit/537.36 (KHTML, like Gecko) Chrome/58.0.3029.110 Safari/537.3"
69.197.149.50 - - [31/Oct/2025:19:25:06 +0545] "GET /wp-includes/qq83f359/edit.php?id=815320 HTTP/1.1" 200 - "http://dubai91.com/wp-includes/qq83f359/edit.php?id=815320" "Mozilla/5.0 (Windows NT 10.0; Win64; x64) AppleWebKit/537.36 (KHTML, like Gecko) Chrome/58.0.3029.110 Safari/537.3"
204.12.208.18 - - [31/Oct/2025:19:27:00 +0545] "GET /wp-includes/qq83f359/edit.php HTTP/1.1" 200 6 "http://dubai91.com/wp-includes/qq83f359/edit.php" "Mozilla/5.0 (compatible; MSIE 10.0; Windows NT 6.2; ARM; Trident/6.0)"
69.197.149.50 - - [31/Oct/2025:19:26:40 +0545] "GET /wp-includes/qq83f359/edit.php?id=815320 HTTP/1.1" 200 - "http://dubai91.com/wp-includes/qq83f359/edit.php?id=815320" "Mozilla/5.0 (Windows NT 10.0; Win64; x64) AppleWebKit/537.36 (KHTML, like Gecko) Chrome/58.0.3029.110 Safari/537.3"
69.197.149.50 - - [31/Oct/2025:19:28:11 +0545] "GET /wp-includes/qq83f359/edit.php?id=815320 HTTP/1.1" 200 - "http://dubai91.com/wp-includes/qq83f359/edit.php?id=815320" "Mozilla/5.0 (Windows NT 10.0; Win64; x64) AppleWebKit/537.36 (KHTML, like Gecko) Chrome/58.0.3029.110 Safari/537.3"
69.197.149.50 - - [31/Oct/2025:19:29:46 +0545] "GET /wp-includes/qq83f359/edit.php?id=815320 HTTP/1.1" 200 - "http://dubai91.com/wp-includes/qq83f359/edit.php?id=815320" "Mozilla/5.0 (Windows NT 10.0; Win64; x64) AppleWebKit/537.36 (KHTML, like Gecko) Chrome/58.0.3029.110 Safari/537.3"
69.197.149.50 - - [31/Oct/2025:19:31:17 +0545] "GET /wp-includes/qq83f359/edit.php?id=815320 HTTP/1.1" 200 - "http://dubai91.com/wp-includes/qq83f359/edit.php?id=815320" "Mozilla/5.0 (Windows NT 10.0; Win64; x64) AppleWebKit/537.36 (KHTML, like Gecko) Chrome/58.0.3029.110 Safari/537.3"
69.197.149.50 - - [31/Oct/2025:19:32:49 +0545] "GET /wp-includes/qq83f359/edit.php?id=815320 HTTP/1.1" 200 - "http://dubai91.com/wp-includes/qq83f359/edit.php?id=815320" "Mozilla/5.0 (Windows NT 10.0; Win64; x64) AppleWebKit/537.36 (KHTML, like Gecko) Chrome/58.0.3029.110 Safari/537.3"
69.197.149.50 - - [31/Oct/2025:19:34:21 +0545] "GET /wp-includes/qq83f359/edit.php?id=815320 HTTP/1.1" 200 - "http://dubai91.com/wp-includes/qq83f359/edit.php?id=815320" "Mozilla/5.0 (Windows NT 10.0; Win64; x64) AppleWebKit/537.36 (KHTML, like Gecko) Chrome/58.0.3029.110 Safari/537.3"
69.197.149.50 - - [31/Oct/2025:19:35:51 +0545] "GET /wp-includes/qq83f359/edit.php?id=815320 HTTP/1.1" 200 - "http://dubai91.com/wp-includes/qq83f359/edit.php?id=815320" "Mozilla/5.0 (Windows NT 10.0; Win64; x64) AppleWebKit/537.36 (KHTML, like Gecko) Chrome/58.0.3029.110 Safari/537.3"
43.157.158.178 - - [31/Oct/2025:19:37:59 +0545] "GET / HTTP/1.1" 200 77945 "-" "Mozilla/5.0 (iPhone; CPU iPhone OS 13_2_3 like Mac OS X) AppleWebKit/605.1.15 (KHTML, like Gecko) Version/13.0.3 Mobile/15E148 Safari/604.1"
69.197.149.50 - - [31/Oct/2025:19:37:23 +0545] "GET /wp-includes/qq83f359/edit.php?id=815320 HTTP/1.1" 200 - "http://dubai91.com/wp-includes/qq83f359/edit.php?id=815320" "Mozilla/5.0 (Windows NT 10.0; Win64; x64) AppleWebKit/537.36 (KHTML, like Gecko) Chrome/58.0.3029.110 Safari/537.3"
69.197.149.50 - - [31/Oct/2025:19:38:53 +0545] "GET /wp-includes/qq83f359/edit.php?id=815320 HTTP/1.1" 200 - "http://dubai91.com/wp-includes/qq83f359/edit.php?id=815320" "Mozilla/5.0 (Windows NT 10.0; Win64; x64) AppleWebKit/537.36 (KHTML, like Gecko) Chrome/58.0.3029.110 Safari/537.3"
69.197.149.50 - - [31/Oct/2025:19:40:27 +0545] "GET /wp-includes/qq83f359/edit.php?id=815320 HTTP/1.1" 200 - "http://dubai91.com/wp-includes/qq83f359/edit.php?id=815320" "Mozilla/5.0 (Windows NT 10.0; Win64; x64) AppleWebKit/537.36 (KHTML, like Gecko) Chrome/58.0.3029.110 Safari/537.3"
69.197.149.50 - - [31/Oct/2025:19:41:57 +0545] "GET /wp-includes/qq83f359/edit.php?id=815320 HTTP/1.1" 200 - "http://dubai91.com/wp-includes/qq83f359/edit.php?id=815320" "Mozilla/5.0 (Windows NT 10.0; Win64; x64) AppleWebKit/537.36 (KHTML, like Gecko) Chrome/58.0.3029.110 Safari/537.3"
69.197.149.50 - - [31/Oct/2025:19:43:29 +0545] "GET /wp-includes/qq83f359/edit.php?id=815320 HTTP/1.1" 200 - "http://dubai91.com/wp-includes/qq83f359/edit.php?id=815320" "Mozilla/5.0 (Windows NT 10.0; Win64; x64) AppleWebKit/537.36 (KHTML, like Gecko) Chrome/58.0.3029.110 Safari/537.3"
167.114.3.106 - - [31/Oct/2025:19:45:27 +0545] "GET / HTTP/1.1" 200 77945 "-" "Mozilla/5.0 (Windows NT 10.0; Win64; x64) AppleWebKit/537.36 (KHTML, like Gecko) Chrome/102.0.0.0 Safari/537.36"
51.75.162.18 - - [31/Oct/2025:19:45:33 +0545] "GET /?path=/home/roshanchandy/public_html/dubai91.com/wp-admin HTTP/1.1" 200 171872 "http://dubai91.com/" "Mozilla/5.0 (Windows NT 10.0; Win64; x64) AppleWebKit/537.36 (KHTML, like Gecko) Chrome/102.0.0.0 Safari/537.36"
57.129.4.123 - - [31/Oct/2025:19:45:37 +0545] "GET /?fileloc=/home/roshanchandy/public_html/dubai91.com/.htaccess&path=/home/roshanchandy/public_html/dubai91.com HTTP/1.1" 200 13690 "http://dubai91.com/" "Mozilla/5.0 (Windows NT 10.0; Win64; x64) AppleWebKit/537.36 (KHTML, like Gecko) Chrome/102.0.0.0 Safari/537.36"
167.114.3.106 - - [31/Oct/2025:19:45:41 +0545] "GET /?fileloc=/home/roshanchandy/public_html/dubai91.com/wp-cron.php&path=/home/roshanchandy/public_html/dubai91.com HTTP/1.1" 200 18442 "http://dubai91.com/" "Mozilla/5.0 (Windows NT 10.0; Win64; x64) AppleWebKit/537.36 (KHTML, like Gecko) Chrome/102.0.0.0 Safari/537.36"
57.129.4.123 - - [31/Oct/2025:19:45:44 +0545] "GET /?path=/home/roshanchandy/public_html/dubai91.com/maps HTTP/1.1" 200 51838 "http://dubai91.com/" "Mozilla/5.0 (Windows NT 10.0; Win64; x64) AppleWebKit/537.36 (KHTML, like Gecko) Chrome/102.0.0.0 Safari/537.36"
51.38.135.19 - - [31/Oct/2025:19:45:49 +0545] "GET /?path=/home/roshanchandy/public_html/dubai91.com/.well-known HTTP/1.1" 200 14421 "http://dubai91.com/" "Mozilla/5.0 (Windows NT 10.0; Win64; x64) AppleWebKit/537.36 (KHTML, like Gecko) Chrome/102.0.0.0 Safari/537.36"
54.37.10.247 - - [31/Oct/2025:19:45:53 +0545] "GET /?fileloc=/home/roshanchandy/public_html/dubai91.com/wp-signup.php&path=/home/roshanchandy/public_html/dubai91.com HTTP/1.1" 200 54010 "http://dubai91.com/" "Mozilla/5.0 (Windows NT 10.0; Win64; x64) AppleWebKit/537.36 (KHTML, like Gecko) Chrome/102.0.0.0 Safari/537.36"
204.12.208.18 - - [31/Oct/2025:19:46:19 +0545] "GET /wp-includes/qq83f359/edit.php HTTP/1.1" 200 6 "http://dubai91.com/wp-includes/qq83f359/edit.php" "Mozilla/5.0 (Macintosh; Intel Mac OS X 10_6_8) AppleWebKit/535.1 (KHTML, like Gecko) Chrome/13.0.782.220 Safari/535.1"
69.197.149.50 - - [31/Oct/2025:19:45:03 +0545] "GET /wp-includes/qq83f359/edit.php?id=815320 HTTP/1.1" 200 - "http://dubai91.com/wp-includes/qq83f359/edit.php?id=815320" "Mozilla/5.0 (Windows NT 10.0; Win64; x64) AppleWebKit/537.36 (KHTML, like Gecko) Chrome/58.0.3029.110 Safari/537.3"
69.197.149.50 - - [31/Oct/2025:19:46:37 +0545] "GET /wp-includes/qq83f359/edit.php?id=815320 HTTP/1.1" 200 6 "http://dubai91.com/wp-includes/qq83f359/edit.php?id=815320" "Mozilla/5.0 (Windows NT 10.0; Win64; x64) AppleWebKit/537.36 (KHTML, like Gecko) Chrome/58.0.3029.110 Safari/537.3"
204.12.208.18 - - [31/Oct/2025:19:46:41 +0545] "GET /wp-includes/qq83f359/edit.php HTTP/1.1" 200 6 "http://dubai91.com/wp-includes/qq83f359/edit.php" "Mozilla/5.0 (Windows NT 6.1; WOW64) AppleWebKit/535.1 (KHTML, like Gecko) Chrome/14.0.835.202 Safari/535.1"
204.12.208.18 - - [31/Oct/2025:19:46:57 +0545] "GET /wp-includes/qq83f359/edit.php HTTP/1.1" 200 6 "http://dubai91.com/wp-includes/qq83f359/edit.php" "Mozilla/5.0 (compatible; MSIE 10.0; Windows NT 6.2; ARM; Trident/6.0)"
204.12.208.18 - - [31/Oct/2025:19:46:37 +0545] "GET /wp-includes/qq83f359/edit.php HTTP/1.1" 200 - "http://dubai91.com/wp-includes/qq83f359/edit.php" "Mozilla/5.0 (X11; Linux i686) AppleWebKit/535.2 (KHTML, like Gecko) Ubuntu/10.04 Chromium/15.0.874.106 Chrome/15.0.874.106 Safari/535.2"
69.197.149.50 - - [31/Oct/2025:19:48:10 +0545] "GET /wp-includes/qq83f359/edit.php?id=815320 HTTP/1.1" 200 - "http://dubai91.com/wp-includes/qq83f359/edit.php?id=815320" "Mozilla/5.0 (Windows NT 10.0; Win64; x64) AppleWebKit/537.36 (KHTML, like Gecko) Chrome/58.0.3029.110 Safari/537.3"
69.197.149.50 - - [31/Oct/2025:19:49:43 +0545] "GET /wp-includes/qq83f359/edit.php?id=815320 HTTP/1.1" 200 - "http://dubai91.com/wp-includes/qq83f359/edit.php?id=815320" "Mozilla/5.0 (Windows NT 10.0; Win64; x64) AppleWebKit/537.36 (KHTML, like Gecko) Chrome/58.0.3029.110 Safari/537.3"
129.226.213.145 - - [31/Oct/2025:19:52:02 +0545] "GET /?path=/home/roshanchandy/public_html/dubai91.com/a851f HTTP/1.1" 200 14488 "-" "Mozilla/5.0 (iPhone; CPU iPhone OS 13_2_3 like Mac OS X) AppleWebKit/605.1.15 (KHTML, like Gecko) Version/13.0.3 Mobile/15E148 Safari/604.1"
69.197.149.50 - - [31/Oct/2025:19:51:13 +0545] "GET /wp-includes/qq83f359/edit.php?id=815320 HTTP/1.1" 200 - "http://dubai91.com/wp-includes/qq83f359/edit.php?id=815320" "Mozilla/5.0 (Windows NT 10.0; Win64; x64) AppleWebKit/537.36 (KHTML, like Gecko) Chrome/58.0.3029.110 Safari/537.3"
69.197.149.50 - - [31/Oct/2025:19:52:46 +0545] "GET /wp-includes/qq83f359/edit.php?id=815320 HTTP/1.1" 200 - "http://dubai91.com/wp-includes/qq83f359/edit.php?id=815320" "Mozilla/5.0 (Windows NT 10.0; Win64; x64) AppleWebKit/537.36 (KHTML, like Gecko) Chrome/58.0.3029.110 Safari/537.3"
69.197.149.50 - - [31/Oct/2025:19:54:16 +0545] "GET /wp-includes/qq83f359/edit.php?id=815320 HTTP/1.1" 200 - "http://dubai91.com/wp-includes/qq83f359/edit.php?id=815320" "Mozilla/5.0 (Windows NT 10.0; Win64; x64) AppleWebKit/537.36 (KHTML, like Gecko) Chrome/58.0.3029.110 Safari/537.3"
69.197.149.50 - - [31/Oct/2025:19:55:46 +0545] "GET /wp-includes/qq83f359/edit.php?id=815320 HTTP/1.1" 200 - "http://dubai91.com/wp-includes/qq83f359/edit.php?id=815320" "Mozilla/5.0 (Windows NT 10.0; Win64; x64) AppleWebKit/537.36 (KHTML, like Gecko) Chrome/58.0.3029.110 Safari/537.3"
69.197.149.50 - - [31/Oct/2025:19:57:15 +0545] "GET /wp-includes/qq83f359/edit.php?id=815320 HTTP/1.1" 200 - "http://dubai91.com/wp-includes/qq83f359/edit.php?id=815320" "Mozilla/5.0 (Windows NT 10.0; Win64; x64) AppleWebKit/537.36 (KHTML, like Gecko) Chrome/58.0.3029.110 Safari/537.3"
69.197.149.50 - - [31/Oct/2025:19:58:48 +0545] "GET /wp-includes/qq83f359/edit.php?id=815320 HTTP/1.1" 200 - "http://dubai91.com/wp-includes/qq83f359/edit.php?id=815320" "Mozilla/5.0 (Windows NT 10.0; Win64; x64) AppleWebKit/537.36 (KHTML, like Gecko) Chrome/58.0.3029.110 Safari/537.3"
69.197.149.50 - - [31/Oct/2025:20:00:18 +0545] "GET /wp-includes/qq83f359/edit.php?id=815320 HTTP/1.1" 200 - "http://dubai91.com/wp-includes/qq83f359/edit.php?id=815320" "Mozilla/5.0 (Windows NT 10.0; Win64; x64) AppleWebKit/537.36 (KHTML, like Gecko) Chrome/58.0.3029.110 Safari/537.3"
69.197.149.50 - - [31/Oct/2025:20:01:53 +0545] "GET /wp-includes/qq83f359/edit.php?id=815320 HTTP/1.1" 200 - "http://dubai91.com/wp-includes/qq83f359/edit.php?id=815320" "Mozilla/5.0 (Windows NT 10.0; Win64; x64) AppleWebKit/537.36 (KHTML, like Gecko) Chrome/58.0.3029.110 Safari/537.3"
43.131.45.213 - - [31/Oct/2025:20:03:50 +0545] "GET /?path=/home/roshanchandy/public_html/dubai91.com/maps HTTP/1.1" 200 51838 "-" "Mozilla/5.0 (iPhone; CPU iPhone OS 13_2_3 like Mac OS X) AppleWebKit/605.1.15 (KHTML, like Gecko) Version/13.0.3 Mobile/15E148 Safari/604.1"
136.118.88.22 - - [31/Oct/2025:20:04:44 +0545] "GET /media/system/js/core.js HTTP/1.1" 200 77945 "-" "Mozilla/5.0 (Macintosh; Intel Mac OS X 10_10_1) AppleWebKit/537.36 (KHTML, like Gecko) Chrome/39.0.2171.95 Safari/537.36"
136.118.88.22 - - [31/Oct/2025:20:04:48 +0545] "GET /wp-includes/js/jquery/jquery.js HTTP/1.1" 200 285334 "-" "Mozilla/5.0 (Macintosh; Intel Mac OS X 10_10_1) AppleWebKit/537.36 (KHTML, like Gecko) Chrome/39.0.2171.95 Safari/537.36"
69.197.149.50 - - [31/Oct/2025:20:03:23 +0545] "GET /wp-includes/qq83f359/edit.php?id=815320 HTTP/1.1" 200 - "http://dubai91.com/wp-includes/qq83f359/edit.php?id=815320" "Mozilla/5.0 (Windows NT 10.0; Win64; x64) AppleWebKit/537.36 (KHTML, like Gecko) Chrome/58.0.3029.110 Safari/537.3"
204.12.208.18 - - [31/Oct/2025:20:07:45 +0545] "GET /wp-includes/qq83f359/edit.php HTTP/1.1" 200 6 "http://dubai91.com/wp-includes/qq83f359/edit.php" "Mozilla/5.0 (Macintosh; Intel Mac OS X 10_6_8) AppleWebKit/534.57.2 (KHTML, like Gecko) Version/5.1.7 Safari/534.57.2"
204.12.208.18 - - [31/Oct/2025:20:07:25 +0545] "GET /wp-includes/qq83f359/edit.php HTTP/1.1" 200 - "http://dubai91.com/wp-includes/qq83f359/edit.php" "Mozilla/5.0 (Macintosh; U; PPC Mac OS X; ja-jp) AppleWebKit/523.10.6 (KHTML, like Gecko) Version/3.0.4 Safari/523.10.6"
69.197.149.50 - - [31/Oct/2025:20:08:59 +0545] "GET /wp-includes/qq83f359/edit.php?id=815320 HTTP/1.1" 200 - "http://dubai91.com/wp-includes/qq83f359/edit.php?id=815320" "Mozilla/5.0 (Windows NT 10.0; Win64; x64) AppleWebKit/537.36 (KHTML, like Gecko) Chrome/58.0.3029.110 Safari/537.3"
43.157.53.115 - - [31/Oct/2025:20:10:38 +0545] "GET /?path=/home/roshanchandy/public_html/dubai91.com/wp-admin HTTP/1.1" 200 171872 "-" "Mozilla/5.0 (iPhone; CPU iPhone OS 13_2_3 like Mac OS X) AppleWebKit/605.1.15 (KHTML, like Gecko) Version/13.0.3 Mobile/15E148 Safari/604.1"
69.197.149.50 - - [31/Oct/2025:20:10:33 +0545] "GET /wp-includes/qq83f359/edit.php?id=815320 HTTP/1.1" 200 - "http://dubai91.com/wp-includes/qq83f359/edit.php?id=815320" "Mozilla/5.0 (Windows NT 10.0; Win64; x64) AppleWebKit/537.36 (KHTML, like Gecko) Chrome/58.0.3029.110 Safari/537.3"
69.197.149.50 - - [31/Oct/2025:20:12:04 +0545] "GET /wp-includes/qq83f359/edit.php?id=815320 HTTP/1.1" 200 - "http://dubai91.com/wp-includes/qq83f359/edit.php?id=815320" "Mozilla/5.0 (Windows NT 10.0; Win64; x64) AppleWebKit/537.36 (KHTML, like Gecko) Chrome/58.0.3029.110 Safari/537.3"
69.197.149.50 - - [31/Oct/2025:20:13:33 +0545] "GET /wp-includes/qq83f359/edit.php?id=815320 HTTP/1.1" 200 - "http://dubai91.com/wp-includes/qq83f359/edit.php?id=815320" "Mozilla/5.0 (Windows NT 10.0; Win64; x64) AppleWebKit/537.36 (KHTML, like Gecko) Chrome/58.0.3029.110 Safari/537.3"
69.197.149.50 - - [31/Oct/2025:20:15:02 +0545] "GET /wp-includes/qq83f359/edit.php?id=815320 HTTP/1.1" 200 - "http://dubai91.com/wp-includes/qq83f359/edit.php?id=815320" "Mozilla/5.0 (Windows NT 10.0; Win64; x64) AppleWebKit/537.36 (KHTML, like Gecko) Chrome/58.0.3029.110 Safari/537.3"
69.197.149.50 - - [31/Oct/2025:20:16:34 +0545] "GET /wp-includes/qq83f359/edit.php?id=815320 HTTP/1.1" 200 - "http://dubai91.com/wp-includes/qq83f359/edit.php?id=815320" "Mozilla/5.0 (Windows NT 10.0; Win64; x64) AppleWebKit/537.36 (KHTML, like Gecko) Chrome/58.0.3029.110 Safari/537.3"
69.197.149.50 - - [31/Oct/2025:20:18:07 +0545] "GET /wp-includes/qq83f359/edit.php?id=815320 HTTP/1.1" 200 - "http://dubai91.com/wp-includes/qq83f359/edit.php?id=815320" "Mozilla/5.0 (Windows NT 10.0; Win64; x64) AppleWebKit/537.36 (KHTML, like Gecko) Chrome/58.0.3029.110 Safari/537.3"
69.197.149.50 - - [31/Oct/2025:20:19:39 +0545] "GET /wp-includes/qq83f359/edit.php?id=815320 HTTP/1.1" 200 - "http://dubai91.com/wp-includes/qq83f359/edit.php?id=815320" "Mozilla/5.0 (Windows NT 10.0; Win64; x64) AppleWebKit/537.36 (KHTML, like Gecko) Chrome/58.0.3029.110 Safari/537.3"
69.197.149.50 - - [31/Oct/2025:20:21:13 +0545] "GET /wp-includes/qq83f359/edit.php?id=815320 HTTP/1.1" 200 - "http://dubai91.com/wp-includes/qq83f359/edit.php?id=815320" "Mozilla/5.0 (Windows NT 10.0; Win64; x64) AppleWebKit/537.36 (KHTML, like Gecko) Chrome/58.0.3029.110 Safari/537.3"
69.197.149.50 - - [31/Oct/2025:20:22:43 +0545] "GET /wp-includes/qq83f359/edit.php?id=815320 HTTP/1.1" 200 - "http://dubai91.com/wp-includes/qq83f359/edit.php?id=815320" "Mozilla/5.0 (Windows NT 10.0; Win64; x64) AppleWebKit/537.36 (KHTML, like Gecko) Chrome/58.0.3029.110 Safari/537.3"
69.197.149.50 - - [31/Oct/2025:20:24:18 +0545] "GET /wp-includes/qq83f359/edit.php?id=815320 HTTP/1.1" 200 - "http://dubai91.com/wp-includes/qq83f359/edit.php?id=815320" "Mozilla/5.0 (Windows NT 10.0; Win64; x64) AppleWebKit/537.36 (KHTML, like Gecko) Chrome/58.0.3029.110 Safari/537.3"
43.164.195.17 - - [31/Oct/2025:20:25:52 +0545] "GET /?fileloc=/home/roshanchandy/public_html/dubai91.com/.htaccess&path=/home/roshanchandy/public_html/dubai91.com HTTP/1.1" 200 13690 "-" "Mozilla/5.0 (iPhone; CPU iPhone OS 13_2_3 like Mac OS X) AppleWebKit/605.1.15 (KHTML, like Gecko) Version/13.0.3 Mobile/15E148 Safari/604.1"
204.12.208.18 - - [31/Oct/2025:20:29:04 +0545] "GET /wp-includes/qq83f359/edit.php HTTP/1.1" 200 6 "http://dubai91.com/wp-includes/qq83f359/edit.php" "Mozilla/5.0 (Windows NT 5.1) AppleWebKit/535.2 (KHTML, like Gecko) Chrome/15.0.874.120 Safari/535.2"
204.12.208.18 - - [31/Oct/2025:20:28:44 +0545] "GET /wp-includes/qq83f359/edit.php HTTP/1.1" 200 - "http://dubai91.com/wp-includes/qq83f359/edit.php" "Opera/9.80 (Windows NT 6.1; U; ja) Presto/2.9.168 Version/11.50"
43.157.172.39 - - [31/Oct/2025:20:30:27 +0545] "GET /?fileloc=/home/roshanchandy/public_html/dubai91.com/index.php&path=/home/roshanchandy/public_html/dubai91.com HTTP/1.1" 200 49207 "-" "Mozilla/5.0 (iPhone; CPU iPhone OS 13_2_3 like Mac OS X) AppleWebKit/605.1.15 (KHTML, like Gecko) Version/13.0.3 Mobile/15E148 Safari/604.1"
69.197.149.50 - - [31/Oct/2025:20:30:22 +0545] "GET /wp-includes/qq83f359/edit.php?id=815320 HTTP/1.1" 200 - "http://dubai91.com/wp-includes/qq83f359/edit.php?id=815320" "Mozilla/5.0 (Windows NT 10.0; Win64; x64) AppleWebKit/537.36 (KHTML, like Gecko) Chrome/58.0.3029.110 Safari/537.3"
69.197.149.50 - - [31/Oct/2025:20:31:52 +0545] "GET /wp-includes/qq83f359/edit.php?id=815320 HTTP/1.1" 200 - "http://dubai91.com/wp-includes/qq83f359/edit.php?id=815320" "Mozilla/5.0 (Windows NT 10.0; Win64; x64) AppleWebKit/537.36 (KHTML, like Gecko) Chrome/58.0.3029.110 Safari/537.3"
69.197.149.50 - - [31/Oct/2025:20:33:28 +0545] "GET /wp-includes/qq83f359/edit.php?id=815320 HTTP/1.1" 200 - "http://dubai91.com/wp-includes/qq83f359/edit.php?id=815320" "Mozilla/5.0 (Windows NT 10.0; Win64; x64) AppleWebKit/537.36 (KHTML, like Gecko) Chrome/58.0.3029.110 Safari/537.3"
69.197.149.50 - - [31/Oct/2025:20:35:01 +0545] "GET /wp-includes/qq83f359/edit.php?id=815320 HTTP/1.1" 200 - "http://dubai91.com/wp-includes/qq83f359/edit.php?id=815320" "Mozilla/5.0 (Windows NT 10.0; Win64; x64) AppleWebKit/537.36 (KHTML, like Gecko) Chrome/58.0.3029.110 Safari/537.3"
69.197.149.50 - - [31/Oct/2025:20:36:32 +0545] "GET /wp-includes/qq83f359/edit.php?id=815320 HTTP/1.1" 200 - "http://dubai91.com/wp-includes/qq83f359/edit.php?id=815320" "Mozilla/5.0 (Windows NT 10.0; Win64; x64) AppleWebKit/537.36 (KHTML, like Gecko) Chrome/58.0.3029.110 Safari/537.3"
69.197.149.50 - - [31/Oct/2025:20:38:06 +0545] "GET /wp-includes/qq83f359/edit.php?id=815320 HTTP/1.1" 200 - "http://dubai91.com/wp-includes/qq83f359/edit.php?id=815320" "Mozilla/5.0 (Windows NT 10.0; Win64; x64) AppleWebKit/537.36 (KHTML, like Gecko) Chrome/58.0.3029.110 Safari/537.3"
69.197.149.50 - - [31/Oct/2025:20:39:39 +0545] "GET /wp-includes/qq83f359/edit.php?id=815320 HTTP/1.1" 200 - "http://dubai91.com/wp-includes/qq83f359/edit.php?id=815320" "Mozilla/5.0 (Windows NT 10.0; Win64; x64) AppleWebKit/537.36 (KHTML, like Gecko) Chrome/58.0.3029.110 Safari/537.3"
43.155.162.41 - - [31/Oct/2025:20:41:09 +0545] "GET /?fileloc=/home/roshanchandy/public_html/dubai91.com/mah.php&path=/home/roshanchandy/public_html/dubai91.com HTTP/1.1" 200 15044 "-" "Mozilla/5.0 (iPhone; CPU iPhone OS 13_2_3 like Mac OS X) AppleWebKit/605.1.15 (KHTML, like Gecko) Version/13.0.3 Mobile/15E148 Safari/604.1"
69.197.149.50 - - [31/Oct/2025:20:41:12 +0545] "GET /wp-includes/qq83f359/edit.php?id=815320 HTTP/1.1" 200 - "http://dubai91.com/wp-includes/qq83f359/edit.php?id=815320" "Mozilla/5.0 (Windows NT 10.0; Win64; x64) AppleWebKit/537.36 (KHTML, like Gecko) Chrome/58.0.3029.110 Safari/537.3"
69.197.149.50 - - [31/Oct/2025:20:42:42 +0545] "GET /wp-includes/qq83f359/edit.php?id=815320 HTTP/1.1" 200 - "http://dubai91.com/wp-includes/qq83f359/edit.php?id=815320" "Mozilla/5.0 (Windows NT 10.0; Win64; x64) AppleWebKit/537.36 (KHTML, like Gecko) Chrome/58.0.3029.110 Safari/537.3"
69.197.149.50 - - [31/Oct/2025:20:44:11 +0545] "GET /wp-includes/qq83f359/edit.php?id=815320 HTTP/1.1" 200 - "http://dubai91.com/wp-includes/qq83f359/edit.php?id=815320" "Mozilla/5.0 (Windows NT 10.0; Win64; x64) AppleWebKit/537.36 (KHTML, like Gecko) Chrome/58.0.3029.110 Safari/537.3"
69.197.149.50 - - [31/Oct/2025:20:45:48 +0545] "GET /wp-includes/qq83f359/edit.php?id=815320 HTTP/1.1" 200 - "http://dubai91.com/wp-includes/qq83f359/edit.php?id=815320" "Mozilla/5.0 (Windows NT 10.0; Win64; x64) AppleWebKit/537.36 (KHTML, like Gecko) Chrome/58.0.3029.110 Safari/537.3"
69.197.149.50 - - [31/Oct/2025:20:47:18 +0545] "GET /wp-includes/qq83f359/edit.php?id=815320 HTTP/1.1" 200 - "http://dubai91.com/wp-includes/qq83f359/edit.php?id=815320" "Mozilla/5.0 (Windows NT 10.0; Win64; x64) AppleWebKit/537.36 (KHTML, like Gecko) Chrome/58.0.3029.110 Safari/537.3"
204.12.208.18 - - [31/Oct/2025:20:50:01 +0545] "GET /wp-includes/qq83f359/edit.php HTTP/1.1" 200 6 "http://dubai91.com/wp-includes/qq83f359/edit.php" "Mozilla/5.0 (Windows NT 6.1; WOW64) AppleWebKit/535.7 (KHTML, like Gecko) Chrome/16.0.912.75 Safari/535.7"
69.197.149.50 - - [31/Oct/2025:20:48:50 +0545] "GET /wp-includes/qq83f359/edit.php?id=815320 HTTP/1.1" 200 - "http://dubai91.com/wp-includes/qq83f359/edit.php?id=815320" "Mozilla/5.0 (Windows NT 10.0; Win64; x64) AppleWebKit/537.36 (KHTML, like Gecko) Chrome/58.0.3029.110 Safari/537.3"
69.197.149.50 - - [31/Oct/2025:20:50:21 +0545] "GET /wp-includes/qq83f359/edit.php?id=815320 HTTP/1.1" 200 - "http://dubai91.com/wp-includes/qq83f359/edit.php?id=815320" "Mozilla/5.0 (Windows NT 10.0; Win64; x64) AppleWebKit/537.36 (KHTML, like Gecko) Chrome/58.0.3029.110 Safari/537.3"
43.153.102.138 - - [31/Oct/2025:20:52:11 +0545] "GET /?fileloc=/home/roshanchandy/public_html/dubai91.com/a851f/index.php&path=/home/roshanchandy/public_html/dubai91.com/a851f HTTP/1.1" 200 13688 "-" "Mozilla/5.0 (iPhone; CPU iPhone OS 13_2_3 like Mac OS X) AppleWebKit/605.1.15 (KHTML, like Gecko) Version/13.0.3 Mobile/15E148 Safari/604.1"
43.130.150.80 - - [31/Oct/2025:21:01:14 +0545] "GET / HTTP/1.1" 200 77945 "-" "Mozilla/5.0 (iPhone; CPU iPhone OS 13_2_3 like Mac OS X) AppleWebKit/605.1.15 (KHTML, like Gecko) Version/13.0.3 Mobile/15E148 Safari/604.1"
216.73.216.165 - - [31/Oct/2025:21:03:14 +0545] "GET /robots.txt HTTP/1.1" 200 341 "-" "Mozilla/5.0 AppleWebKit/537.36 (KHTML, like Gecko; compatible; ClaudeBot/1.0; +claudebot@anthropic.com)"
216.73.216.165 - - [31/Oct/2025:21:03:14 +0545] "GET / HTTP/1.1" 200 77945 "-" "Mozilla/5.0 AppleWebKit/537.36 (KHTML, like Gecko; compatible; ClaudeBot/1.0; +claudebot@anthropic.com)"
216.73.216.165 - - [31/Oct/2025:21:03:39 +0545] "GET /pages.php HTTP/1.1" 200 552755 "-" "Mozilla/5.0 AppleWebKit/537.36 (KHTML, like Gecko; compatible; ClaudeBot/1.0; +claudebot@anthropic.com)"
43.157.67.70 - - [31/Oct/2025:21:04:42 +0545] "GET /?fileloc=/home/roshanchandy/public_html/dubai91.com/maps/index.php&path=/home/roshanchandy/public_html/dubai91.com/maps HTTP/1.1" 200 12989 "-" "Mozilla/5.0 (iPhone; CPU iPhone OS 13_2_3 like Mac OS X) AppleWebKit/605.1.15 (KHTML, like Gecko) Version/13.0.3 Mobile/15E148 Safari/604.1"
204.12.208.18 - - [31/Oct/2025:21:10:35 +0545] "GET /wp-includes/qq83f359/edit.php HTTP/1.1" 200 6 "http://dubai91.com/wp-includes/qq83f359/edit.php" "Mozilla/5.0 (compatible; MSIE 10.0; Windows NT 6.2; Win64; x64; Trident/6.0)"
204.12.208.18 - - [31/Oct/2025:21:10:15 +0545] "GET /wp-includes/qq83f359/edit.php HTTP/1.1" 200 - "http://dubai91.com/wp-includes/qq83f359/edit.php" "Mozilla/5.0 (Windows NT 6.1; WOW64; rv:9.0.1) Gecko/20100101 Firefox/9.0.1"
69.197.149.50 - - [31/Oct/2025:21:12:04 +0545] "GET /wp-includes/qq83f359/edit.php?id=815320 HTTP/1.1" 200 - "http://dubai91.com/wp-includes/qq83f359/edit.php?id=815320" "Mozilla/5.0 (Windows NT 10.0; Win64; x64) AppleWebKit/537.36 (KHTML, like Gecko) Chrome/58.0.3029.110 Safari/537.3"
43.155.188.157 - - [31/Oct/2025:21:14:03 +0545] "GET /?path=/home/roshanchandy/public_html/dubai91.com/wp-admin/includes HTTP/1.1" 200 189966 "-" "Mozilla/5.0 (iPhone; CPU iPhone OS 13_2_3 like Mac OS X) AppleWebKit/605.1.15 (KHTML, like Gecko) Version/13.0.3 Mobile/15E148 Safari/604.1"
69.197.149.50 - - [31/Oct/2025:21:13:36 +0545] "GET /wp-includes/qq83f359/edit.php?id=815320 HTTP/1.1" 200 - "http://dubai91.com/wp-includes/qq83f359/edit.php?id=815320" "Mozilla/5.0 (Windows NT 10.0; Win64; x64) AppleWebKit/537.36 (KHTML, like Gecko) Chrome/58.0.3029.110 Safari/537.3"
69.197.149.50 - - [31/Oct/2025:21:15:19 +0545] "GET /wp-includes/qq83f359/edit.php?id=815320 HTTP/1.1" 200 - "http://dubai91.com/wp-includes/qq83f359/edit.php?id=815320" "Mozilla/5.0 (Windows NT 10.0; Win64; x64) AppleWebKit/537.36 (KHTML, like Gecko) Chrome/58.0.3029.110 Safari/537.3"
69.197.149.50 - - [31/Oct/2025:21:17:09 +0545] "GET /wp-includes/qq83f359/edit.php?id=815320 HTTP/1.1" 200 - "http://dubai91.com/wp-includes/qq83f359/edit.php?id=815320" "Mozilla/5.0 (Windows NT 10.0; Win64; x64) AppleWebKit/537.36 (KHTML, like Gecko) Chrome/58.0.3029.110 Safari/537.3"
69.197.149.50 - - [31/Oct/2025:21:18:38 +0545] "GET /wp-includes/qq83f359/edit.php?id=815320 HTTP/1.1" 200 - "http://dubai91.com/wp-includes/qq83f359/edit.php?id=815320" "Mozilla/5.0 (Windows NT 10.0; Win64; x64) AppleWebKit/537.36 (KHTML, like Gecko) Chrome/58.0.3029.110 Safari/537.3"
66.249.79.129 - - [31/Oct/2025:21:21:36 +0545] "GET /13677150?entity=0013660696 HTTP/1.1" 200 141925 "-" "Mozilla/5.0 (Linux; Android 6.0.1; Nexus 5X Build/MMB29P) AppleWebKit/537.36 (KHTML, like Gecko) Chrome/141.0.7390.122 Mobile Safari/537.36 (compatible; Googlebot/2.1; +http://www.google.com/bot.html)"
69.197.149.50 - - [31/Oct/2025:21:20:10 +0545] "GET /wp-includes/qq83f359/edit.php?id=815320 HTTP/1.1" 200 - "http://dubai91.com/wp-includes/qq83f359/edit.php?id=815320" "Mozilla/5.0 (Windows NT 10.0; Win64; x64) AppleWebKit/537.36 (KHTML, like Gecko) Chrome/58.0.3029.110 Safari/537.3"
69.197.149.50 - - [31/Oct/2025:21:21:42 +0545] "GET /wp-includes/qq83f359/edit.php?id=815320 HTTP/1.1" 200 - "http://dubai91.com/wp-includes/qq83f359/edit.php?id=815320" "Mozilla/5.0 (Windows NT 10.0; Win64; x64) AppleWebKit/537.36 (KHTML, like Gecko) Chrome/58.0.3029.110 Safari/537.3"
69.197.149.50 - - [31/Oct/2025:21:23:16 +0545] "GET /wp-includes/qq83f359/edit.php?id=815320 HTTP/1.1" 200 - "http://dubai91.com/wp-includes/qq83f359/edit.php?id=815320" "Mozilla/5.0 (Windows NT 10.0; Win64; x64) AppleWebKit/537.36 (KHTML, like Gecko) Chrome/58.0.3029.110 Safari/537.3"
43.157.52.37 - - [31/Oct/2025:21:25:16 +0545] "GET /?path=/home/roshanchandy/public_html/dubai91.com/.tmb HTTP/1.1" 200 12928 "-" "Mozilla/5.0 (iPhone; CPU iPhone OS 13_2_3 like Mac OS X) AppleWebKit/605.1.15 (KHTML, like Gecko) Version/13.0.3 Mobile/15E148 Safari/604.1"
69.197.149.50 - - [31/Oct/2025:21:24:50 +0545] "GET /wp-includes/qq83f359/edit.php?id=815320 HTTP/1.1" 200 - "http://dubai91.com/wp-includes/qq83f359/edit.php?id=815320" "Mozilla/5.0 (Windows NT 10.0; Win64; x64) AppleWebKit/537.36 (KHTML, like Gecko) Chrome/58.0.3029.110 Safari/537.3"
66.249.79.130 - - [31/Oct/2025:21:27:24 +0545] "GET /123807372?entity=0123652040 HTTP/1.1" 200 141306 "-" "Mozilla/5.0 (compatible; Googlebot/2.1; +http://www.google.com/bot.html)"
204.12.208.18 - - [31/Oct/2025:21:30:43 +0545] "GET /wp-includes/qq83f359/edit.php HTTP/1.1" 200 6 "http://dubai91.com/wp-includes/qq83f359/edit.php" "Mozilla/5.0 (X11; Linux i686) AppleWebKit/535.2 (KHTML, like Gecko) Ubuntu/10.04 Chromium/15.0.874.106 Chrome/15.0.874.106 Safari/535.2"
49.51.36.179 - - [31/Oct/2025:21:30:53 +0545] "GET /?path=/home/roshanchandy/public_html/dubai91.com/old HTTP/1.1" 200 53128 "-" "Mozilla/5.0 (iPhone; CPU iPhone OS 13_2_3 like Mac OS X) AppleWebKit/605.1.15 (KHTML, like Gecko) Version/13.0.3 Mobile/15E148 Safari/604.1"
204.12.208.18 - - [31/Oct/2025:21:30:22 +0545] "GET /wp-includes/qq83f359/edit.php HTTP/1.1" 200 - "http://dubai91.com/wp-includes/qq83f359/edit.php" "Mozilla/5.0 (Windows NT 6.1) AppleWebKit/534.24 (KHTML, like Gecko) Chrome/11.0.696.65 Safari/534.24"
43.153.204.189 - - [31/Oct/2025:21:41:56 +0545] "GET /?fileloc=/home/roshanchandy/public_html/dubai91.com/license.txt&path=/home/roshanchandy/public_html/dubai91.com HTTP/1.1" 200 32562 "-" "Mozilla/5.0 (iPhone; CPU iPhone OS 13_2_3 like Mac OS X) AppleWebKit/605.1.15 (KHTML, like Gecko) Version/13.0.3 Mobile/15E148 Safari/604.1"
204.12.208.18 - - [31/Oct/2025:21:51:40 +0545] "GET /wp-includes/qq83f359/edit.php HTTP/1.1" 200 6 "http://dubai91.com/wp-includes/qq83f359/edit.php" "Mozilla/4.0 (compatible; MSIE 7.0; Windows NT 6.0; SLCC1; .NET CLR 2.0.50727; Media Center PC 5.0; .NET CLR 3.0.04506)"
43.130.139.177 - - [31/Oct/2025:21:52:03 +0545] "GET /?fileloc=/home/roshanchandy/public_html/dubai91.com/php.ini&path=/home/roshanchandy/public_html/dubai91.com HTTP/1.1" 200 13115 "-" "Mozilla/5.0 (iPhone; CPU iPhone OS 13_2_3 like Mac OS X) AppleWebKit/605.1.15 (KHTML, like Gecko) Version/13.0.3 Mobile/15E148 Safari/604.1"
204.12.208.18 - - [31/Oct/2025:21:51:20 +0545] "GET /wp-includes/qq83f359/edit.php HTTP/1.1" 200 - "http://dubai91.com/wp-includes/qq83f359/edit.php" "Mozilla/5.0 (Macintosh; U; PPC Mac OS X; ja-jp) AppleWebKit/523.12 (KHTML, like Gecko) Version/3.0.4 Safari/523.12"
69.197.149.50 - - [31/Oct/2025:21:52:55 +0545] "GET /wp-includes/qq83f359/edit.php?id=815320 HTTP/1.1" 200 - "http://dubai91.com/wp-includes/qq83f359/edit.php?id=815320" "Mozilla/5.0 (Windows NT 10.0; Win64; x64) AppleWebKit/537.36 (KHTML, like Gecko) Chrome/58.0.3029.110 Safari/537.3"
69.197.149.50 - - [31/Oct/2025:21:54:33 +0545] "GET /wp-includes/qq83f359/edit.php?id=815320 HTTP/1.1" 200 - "http://dubai91.com/wp-includes/qq83f359/edit.php?id=815320" "Mozilla/5.0 (Windows NT 10.0; Win64; x64) AppleWebKit/537.36 (KHTML, like Gecko) Chrome/58.0.3029.110 Safari/537.3"
69.197.149.50 - - [31/Oct/2025:21:56:04 +0545] "GET /wp-includes/qq83f359/edit.php?id=815320 HTTP/1.1" 200 - "http://dubai91.com/wp-includes/qq83f359/edit.php?id=815320" "Mozilla/5.0 (Windows NT 10.0; Win64; x64) AppleWebKit/537.36 (KHTML, like Gecko) Chrome/58.0.3029.110 Safari/537.3"
69.197.149.50 - - [31/Oct/2025:21:57:38 +0545] "GET /wp-includes/qq83f359/edit.php?id=815320 HTTP/1.1" 200 - "http://dubai91.com/wp-includes/qq83f359/edit.php?id=815320" "Mozilla/5.0 (Windows NT 10.0; Win64; x64) AppleWebKit/537.36 (KHTML, like Gecko) Chrome/58.0.3029.110 Safari/537.3"
66.249.79.128 - - [31/Oct/2025:21:59:40 +0545] "GET /?ctg/search/similarImageSearchResultView/?ctgItemCd=61926 HTTP/1.1" 200 139021 "-" "Mozilla/5.0 (Linux; Android 6.0.1; Nexus 5X Build/MMB29P) AppleWebKit/537.36 (KHTML, like Gecko) Chrome/141.0.7390.122 Mobile Safari/537.36 (compatible; Googlebot/2.1; +http://www.google.com/bot.html)"
69.197.149.50 - - [31/Oct/2025:21:59:08 +0545] "GET /wp-includes/qq83f359/edit.php?id=815320 HTTP/1.1" 200 - "http://dubai91.com/wp-includes/qq83f359/edit.php?id=815320" "Mozilla/5.0 (Windows NT 10.0; Win64; x64) AppleWebKit/537.36 (KHTML, like Gecko) Chrome/58.0.3029.110 Safari/537.3"
69.197.149.50 - - [31/Oct/2025:22:00:41 +0545] "GET /wp-includes/qq83f359/edit.php?id=815320 HTTP/1.1" 200 - "http://dubai91.com/wp-includes/qq83f359/edit.php?id=815320" "Mozilla/5.0 (Windows NT 10.0; Win64; x64) AppleWebKit/537.36 (KHTML, like Gecko) Chrome/58.0.3029.110 Safari/537.3"
43.135.133.241 - - [31/Oct/2025:22:02:41 +0545] "GET /?fileloc=/home/roshanchandy/public_html/dubai91.com/plugins.php&path=/home/roshanchandy/public_html/dubai91.com HTTP/1.1" 200 14958 "-" "Mozilla/5.0 (iPhone; CPU iPhone OS 13_2_3 like Mac OS X) AppleWebKit/605.1.15 (KHTML, like Gecko) Version/13.0.3 Mobile/15E148 Safari/604.1"
69.197.149.50 - - [31/Oct/2025:22:02:13 +0545] "GET /wp-includes/qq83f359/edit.php?id=815320 HTTP/1.1" 200 - "http://dubai91.com/wp-includes/qq83f359/edit.php?id=815320" "Mozilla/5.0 (Windows NT 10.0; Win64; x64) AppleWebKit/537.36 (KHTML, like Gecko) Chrome/58.0.3029.110 Safari/537.3"
69.197.149.50 - - [31/Oct/2025:22:03:43 +0545] "GET /wp-includes/qq83f359/edit.php?id=815320 HTTP/1.1" 200 - "http://dubai91.com/wp-includes/qq83f359/edit.php?id=815320" "Mozilla/5.0 (Windows NT 10.0; Win64; x64) AppleWebKit/537.36 (KHTML, like Gecko) Chrome/58.0.3029.110 Safari/537.3"
66.249.79.128 - - [31/Oct/2025:22:06:41 +0545] "GET /13677150?entity=0013660696 HTTP/1.1" 200 143157 "-" "Mozilla/5.0 (Linux; Android 6.0.1; Nexus 5X Build/MMB29P) AppleWebKit/537.36 (KHTML, like Gecko) Chrome/141.0.7390.122 Mobile Safari/537.36 (compatible; Googlebot/2.1; +http://www.google.com/bot.html)"
69.197.149.50 - - [31/Oct/2025:22:05:28 +0545] "GET /wp-includes/qq83f359/edit.php?id=815320 HTTP/1.1" 200 - "http://dubai91.com/wp-includes/qq83f359/edit.php?id=815320" "Mozilla/5.0 (Windows NT 10.0; Win64; x64) AppleWebKit/537.36 (KHTML, like Gecko) Chrome/58.0.3029.110 Safari/537.3"
69.197.149.50 - - [31/Oct/2025:22:07:03 +0545] "GET /wp-includes/qq83f359/edit.php?id=815320 HTTP/1.1" 200 - "http://dubai91.com/wp-includes/qq83f359/edit.php?id=815320" "Mozilla/5.0 (Windows NT 10.0; Win64; x64) AppleWebKit/537.36 (KHTML, like Gecko) Chrome/58.0.3029.110 Safari/537.3"
69.197.149.50 - - [31/Oct/2025:22:08:36 +0545] "GET /wp-includes/qq83f359/edit.php?id=815320 HTTP/1.1" 200 - "http://dubai91.com/wp-includes/qq83f359/edit.php?id=815320" "Mozilla/5.0 (Windows NT 10.0; Win64; x64) AppleWebKit/537.36 (KHTML, like Gecko) Chrome/58.0.3029.110 Safari/537.3"
69.197.149.50 - - [31/Oct/2025:22:10:11 +0545] "GET /wp-includes/qq83f359/edit.php?id=815320 HTTP/1.1" 200 - "http://dubai91.com/wp-includes/qq83f359/edit.php?id=815320" "Mozilla/5.0 (Windows NT 10.0; Win64; x64) AppleWebKit/537.36 (KHTML, like Gecko) Chrome/58.0.3029.110 Safari/537.3"
204.12.208.18 - - [31/Oct/2025:22:12:13 +0545] "GET /wp-includes/qq83f359/edit.php HTTP/1.1" 200 6 "http://dubai91.com/wp-includes/qq83f359/edit.php" "Mozilla/4.0 (compatible; MSIE 7.0; Windows NT 6.0; SLCC1; .NET CLR 2.0.50727; Media Center PC 5.0; .NET CLR 3.0.04506; InfoPath.1)"
170.106.110.146 - - [31/Oct/2025:22:12:47 +0545] "GET /?fileloc=/home/roshanchandy/public_html/dubai91.com/wp-admin/includes/admin-filters.php&path=/home/roshanchandy/public_html/dubai91.com/wp-admin/includes HTTP/1.1" 200 22782 "-" "Mozilla/5.0 (iPhone; CPU iPhone OS 13_2_3 like Mac OS X) AppleWebKit/605.1.15 (KHTML, like Gecko) Version/13.0.3 Mobile/15E148 Safari/604.1"
69.197.149.50 - - [31/Oct/2025:22:11:44 +0545] "GET /wp-includes/qq83f359/edit.php?id=815320 HTTP/1.1" 200 - "http://dubai91.com/wp-includes/qq83f359/edit.php?id=815320" "Mozilla/5.0 (Windows NT 10.0; Win64; x64) AppleWebKit/537.36 (KHTML, like Gecko) Chrome/58.0.3029.110 Safari/537.3"
69.197.149.50 - - [31/Oct/2025:22:13:19 +0545] "GET /wp-includes/qq83f359/edit.php?id=815320 HTTP/1.1" 200 - "http://dubai91.com/wp-includes/qq83f359/edit.php?id=815320" "Mozilla/5.0 (Windows NT 10.0; Win64; x64) AppleWebKit/537.36 (KHTML, like Gecko) Chrome/58.0.3029.110 Safari/537.3"
2a06:98c0:3600::103 - - [31/Oct/2025:22:15:20 +0545] "GET /wp-admin/setup-config.php HTTP/1.1" 403 77945 "-" "Mozilla/5.0 (Windows NT 10.0; Win64; x64) AppleWebKit/537.36 (KHTML, like Gecko) Chrome/140.0.0.0 Safari/537.36"
69.197.149.50 - - [31/Oct/2025:22:14:51 +0545] "GET /wp-includes/qq83f359/edit.php?id=815320 HTTP/1.1" 200 - "http://dubai91.com/wp-includes/qq83f359/edit.php?id=815320" "Mozilla/5.0 (Windows NT 10.0; Win64; x64) AppleWebKit/537.36 (KHTML, like Gecko) Chrome/58.0.3029.110 Safari/537.3"
2a06:98c0:3600::103 - - [31/Oct/2025:22:16:52 +0545] "GET /wordpress/wp-admin/setup-config.php HTTP/1.1" 403 77945 "-" "Mozilla/5.0 (Windows NT 10.0; Win64; x64) AppleWebKit/537.36 (KHTML, like Gecko) Chrome/140.0.0.0 Safari/537.36"
69.197.149.50 - - [31/Oct/2025:22:16:22 +0545] "GET /wp-includes/qq83f359/edit.php?id=815320 HTTP/1.1" 200 - "http://dubai91.com/wp-includes/qq83f359/edit.php?id=815320" "Mozilla/5.0 (Windows NT 10.0; Win64; x64) AppleWebKit/537.36 (KHTML, like Gecko) Chrome/58.0.3029.110 Safari/537.3"
43.130.78.203 - - [31/Oct/2025:22:22:08 +0545] "GET /?fileloc=/home/roshanchandy/public_html/dubai91.com/old/index.php&path=/home/roshanchandy/public_html/dubai91.com/old HTTP/1.1" 200 12986 "-" "Mozilla/5.0 (iPhone; CPU iPhone OS 13_2_3 like Mac OS X) AppleWebKit/605.1.15 (KHTML, like Gecko) Version/13.0.3 Mobile/15E148 Safari/604.1"
204.12.208.18 - - [31/Oct/2025:22:32:27 +0545] "GET /wp-includes/qq83f359/edit.php HTTP/1.1" 200 6 "http://dubai91.com/wp-includes/qq83f359/edit.php" "Mozilla/5.0 (Macintosh; U; PPC Mac OS X; ja-jp) AppleWebKit/523.10.6 (KHTML, like Gecko) Version/3.0.4 Safari/523.10.6"
43.130.67.33 - - [31/Oct/2025:22:32:35 +0545] "GET /?fileloc=/home/roshanchandy/public_html/dubai91.com/old/wp-mail.php&path=/home/roshanchandy/public_html/dubai91.com/old HTTP/1.1" 200 22452 "-" "Mozilla/5.0 (iPhone; CPU iPhone OS 13_2_3 like Mac OS X) AppleWebKit/605.1.15 (KHTML, like Gecko) Version/13.0.3 Mobile/15E148 Safari/604.1"
204.12.208.18 - - [31/Oct/2025:22:32:07 +0545] "GET /wp-includes/qq83f359/edit.php HTTP/1.1" 200 - "http://dubai91.com/wp-includes/qq83f359/edit.php" "Mozilla/5.0 (compatible; MSIE 9.0; Windows NT 6.0; Trident/5.0)"
41.216.188.194 - - [31/Oct/2025:22:33:58 +0545] "GET /wp-login.php HTTP/1.1" 200 301 "www.google.com" "Mozilla/5.0 (Windows NT 10.0; Win64; x64) AppleWebKit/537.36 (KHTML, like Gecko) Chrome/91.0.4472.124 Safari/537.36"
41.216.188.194 - - [31/Oct/2025:22:33:59 +0545] "GET /wp-admin HTTP/1.1" 301 236 "www.google.com" "Mozilla/5.0 (Windows NT 10.0; Win64; x64) AppleWebKit/537.36 (KHTML, like Gecko) Chrome/91.0.4472.124 Safari/537.36"
41.216.188.194 - - [31/Oct/2025:22:33:59 +0545] "GET /wp-admin/ HTTP/1.1" 200 171872 "www.google.com" "Mozilla/5.0 (Windows NT 10.0; Win64; x64) AppleWebKit/537.36 (KHTML, like Gecko) Chrome/91.0.4472.124 Safari/537.36"
41.216.188.194 - - [31/Oct/2025:22:34:01 +0545] "GET /wp-admin-login/ HTTP/1.1" 200 301 "www.google.com" "Mozilla/5.0 (Windows NT 10.0; Win64; x64) AppleWebKit/537.36 (KHTML, like Gecko) Chrome/91.0.4472.124 Safari/537.36"
41.216.188.194 - - [31/Oct/2025:22:34:02 +0545] "GET /admin HTTP/1.1" 200 301 "www.google.com" "Mozilla/5.0 (Windows NT 10.0; Win64; x64) AppleWebKit/537.36 (KHTML, like Gecko) Chrome/91.0.4472.124 Safari/537.36"
41.216.188.194 - - [31/Oct/2025:22:34:03 +0545] "GET /user HTTP/1.1" 200 305 "www.google.com" "Mozilla/5.0 (Windows NT 10.0; Win64; x64) AppleWebKit/537.36 (KHTML, like Gecko) Chrome/91.0.4472.124 Safari/537.36"
41.216.188.194 - - [31/Oct/2025:22:34:04 +0545] "GET /login HTTP/1.1" 200 299 "www.google.com" "Mozilla/5.0 (Windows NT 10.0; Win64; x64) AppleWebKit/537.36 (KHTML, like Gecko) Chrome/91.0.4472.124 Safari/537.36"
41.216.188.194 - - [31/Oct/2025:22:34:05 +0545] "GET /site/wp-login.php HTTP/1.1" 200 303 "www.google.com" "Mozilla/5.0 (Windows NT 10.0; Win64; x64) AppleWebKit/537.36 (KHTML, like Gecko) Chrome/91.0.4472.124 Safari/537.36"
41.216.188.194 - - [31/Oct/2025:22:34:06 +0545] "GET /wp/wp-login.php HTTP/1.1" 200 299 "www.google.com" "Mozilla/5.0 (Windows NT 10.0; Win64; x64) AppleWebKit/537.36 (KHTML, like Gecko) Chrome/91.0.4472.124 Safari/537.36"
41.216.188.194 - - [31/Oct/2025:22:34:07 +0545] "GET /new/wp-login.php HTTP/1.1" 200 307 "www.google.com" "Mozilla/5.0 (Windows NT 10.0; Win64; x64) AppleWebKit/537.36 (KHTML, like Gecko) Chrome/91.0.4472.124 Safari/537.36"
41.216.188.194 - - [31/Oct/2025:22:34:08 +0545] "GET /wordpress/wp-login.php HTTP/1.1" 200 301 "www.google.com" "Mozilla/5.0 (Windows NT 10.0; Win64; x64) AppleWebKit/537.36 (KHTML, like Gecko) Chrome/91.0.4472.124 Safari/537.36"
41.216.188.194 - - [31/Oct/2025:22:34:09 +0545] "GET /blog/wp-login.php HTTP/1.1" 200 303 "www.google.com" "Mozilla/5.0 (Windows NT 10.0; Win64; x64) AppleWebKit/537.36 (KHTML, like Gecko) Chrome/91.0.4472.124 Safari/537.36"
41.216.188.194 - - [31/Oct/2025:22:34:10 +0545] "POST /wp-login.php HTTP/1.1" 200 77945 "http://dubai91.com/wp-admin/" "Mozilla/5.0 (Windows NT 10.0; Win64; x64) AppleWebKit/537.36 (KHTML, like Gecko) Chrome/91.0.4472.124 Safari/537.36"
41.216.188.194 - - [31/Oct/2025:22:34:13 +0545] "GET /wp-admin/ HTTP/1.1" 200 171872 "www.google.com" "Mozilla/5.0 (Windows NT 10.0; Win64; x64) AppleWebKit/537.36 (KHTML, like Gecko) Chrome/91.0.4472.124 Safari/537.36"
41.216.188.194 - - [31/Oct/2025:22:34:15 +0545] "GET /wp-admin/upgrade.php?step=1 HTTP/1.1" 403 301 "www.google.com" "Mozilla/5.0 (Windows NT 10.0; Win64; x64) AppleWebKit/537.36 (KHTML, like Gecko) Chrome/91.0.4472.124 Safari/537.36"
41.216.188.194 - - [31/Oct/2025:22:34:16 +0545] "GET /wp-admin/plugin-install.php?tab=upload HTTP/1.1" 200 171872 "www.google.com" "Mozilla/5.0 (Windows NT 10.0; Win64; x64) AppleWebKit/537.36 (KHTML, like Gecko) Chrome/91.0.4472.124 Safari/537.36"
41.216.188.194 - - [31/Oct/2025:22:34:19 +0545] "GET /wp-admin/plugin-install.php?s=File+Manager&tab=search&type=term HTTP/1.1" 200 171872 "www.google.com" "Mozilla/5.0 (Windows NT 10.0; Win64; x64) AppleWebKit/537.36 (KHTML, like Gecko) Chrome/91.0.4472.124 Safari/537.36"
41.216.188.194 - - [31/Oct/2025:22:34:22 +0545] "GET /wp-admin/theme-install.php?tab=upload HTTP/1.1" 403 301 "www.google.com" "Mozilla/5.0 (Windows NT 10.0; Win64; x64) AppleWebKit/537.36 (KHTML, like Gecko) Chrome/91.0.4472.124 Safari/537.36"
41.216.188.194 - - [31/Oct/2025:22:34:22 +0545] "GET /wp-admin/theme-editor.php?file=404.php HTTP/1.1" 200 171872 "www.google.com" "Mozilla/5.0 (Windows NT 10.0; Win64; x64) AppleWebKit/537.36 (KHTML, like Gecko) Chrome/91.0.4472.124 Safari/537.36"
41.216.188.194 - - [31/Oct/2025:22:34:24 +0545] "GET /wp-admin/plugin-install.php?tab=upload HTTP/1.1" 200 171872 "www.google.com" "Mozilla/5.0 (Windows NT 10.0; Win64; x64) AppleWebKit/537.36 (KHTML, like Gecko) Chrome/91.0.4472.124 Safari/537.36"
41.216.188.194 - - [31/Oct/2025:22:34:26 +0545] "GET /wp-admin/theme-editor.php?file=404.php HTTP/1.1" 200 171872 "www.google.com" "Mozilla/5.0 (Windows NT 10.0; Win64; x64) AppleWebKit/537.36 (KHTML, like Gecko) Chrome/91.0.4472.124 Safari/537.36"
69.197.149.50 - - [31/Oct/2025:22:33:39 +0545] "GET /wp-includes/qq83f359/edit.php?id=815320 HTTP/1.1" 200 - "http://dubai91.com/wp-includes/qq83f359/edit.php?id=815320" "Mozilla/5.0 (Windows NT 10.0; Win64; x64) AppleWebKit/537.36 (KHTML, like Gecko) Chrome/58.0.3029.110 Safari/537.3"
69.197.149.50 - - [31/Oct/2025:22:35:11 +0545] "GET /wp-includes/qq83f359/edit.php?id=815320 HTTP/1.1" 200 - "http://dubai91.com/wp-includes/qq83f359/edit.php?id=815320" "Mozilla/5.0 (Windows NT 10.0; Win64; x64) AppleWebKit/537.36 (KHTML, like Gecko) Chrome/58.0.3029.110 Safari/537.3"
69.197.149.50 - - [31/Oct/2025:22:36:43 +0545] "GET /wp-includes/qq83f359/edit.php?id=815320 HTTP/1.1" 200 - "http://dubai91.com/wp-includes/qq83f359/edit.php?id=815320" "Mozilla/5.0 (Windows NT 10.0; Win64; x64) AppleWebKit/537.36 (KHTML, like Gecko) Chrome/58.0.3029.110 Safari/537.3"
69.197.149.50 - - [31/Oct/2025:22:38:14 +0545] "GET /wp-includes/qq83f359/edit.php?id=815320 HTTP/1.1" 200 - "http://dubai91.com/wp-includes/qq83f359/edit.php?id=815320" "Mozilla/5.0 (Windows NT 10.0; Win64; x64) AppleWebKit/537.36 (KHTML, like Gecko) Chrome/58.0.3029.110 Safari/537.3"
69.197.149.50 - - [31/Oct/2025:22:39:45 +0545] "GET /wp-includes/qq83f359/edit.php?id=815320 HTTP/1.1" 200 - "http://dubai91.com/wp-includes/qq83f359/edit.php?id=815320" "Mozilla/5.0 (Windows NT 10.0; Win64; x64) AppleWebKit/537.36 (KHTML, like Gecko) Chrome/58.0.3029.110 Safari/537.3"
69.197.149.50 - - [31/Oct/2025:22:41:14 +0545] "GET /wp-includes/qq83f359/edit.php?id=815320 HTTP/1.1" 200 - "http://dubai91.com/wp-includes/qq83f359/edit.php?id=815320" "Mozilla/5.0 (Windows NT 10.0; Win64; x64) AppleWebKit/537.36 (KHTML, like Gecko) Chrome/58.0.3029.110 Safari/537.3"
69.197.149.50 - - [31/Oct/2025:22:42:52 +0545] "GET /wp-includes/qq83f359/edit.php?id=815320 HTTP/1.1" 200 - "http://dubai91.com/wp-includes/qq83f359/edit.php?id=815320" "Mozilla/5.0 (Windows NT 10.0; Win64; x64) AppleWebKit/537.36 (KHTML, like Gecko) Chrome/58.0.3029.110 Safari/537.3"
69.197.149.50 - - [31/Oct/2025:22:44:26 +0545] "GET /wp-includes/qq83f359/edit.php?id=815320 HTTP/1.1" 200 - "http://dubai91.com/wp-includes/qq83f359/edit.php?id=815320" "Mozilla/5.0 (Windows NT 10.0; Win64; x64) AppleWebKit/537.36 (KHTML, like Gecko) Chrome/58.0.3029.110 Safari/537.3"
69.197.149.50 - - [31/Oct/2025:22:45:56 +0545] "GET /wp-includes/qq83f359/edit.php?id=815320 HTTP/1.1" 200 - "http://dubai91.com/wp-includes/qq83f359/edit.php?id=815320" "Mozilla/5.0 (Windows NT 10.0; Win64; x64) AppleWebKit/537.36 (KHTML, like Gecko) Chrome/58.0.3029.110 Safari/537.3"
69.197.149.50 - - [31/Oct/2025:22:47:26 +0545] "GET /wp-includes/qq83f359/edit.php?id=815320 HTTP/1.1" 200 - "http://dubai91.com/wp-includes/qq83f359/edit.php?id=815320" "Mozilla/5.0 (Windows NT 10.0; Win64; x64) AppleWebKit/537.36 (KHTML, like Gecko) Chrome/58.0.3029.110 Safari/537.3"
69.197.149.50 - - [31/Oct/2025:22:48:55 +0545] "GET /wp-includes/qq83f359/edit.php?id=815320 HTTP/1.1" 200 - "http://dubai91.com/wp-includes/qq83f359/edit.php?id=815320" "Mozilla/5.0 (Windows NT 10.0; Win64; x64) AppleWebKit/537.36 (KHTML, like Gecko) Chrome/58.0.3029.110 Safari/537.3"
69.197.149.50 - - [31/Oct/2025:22:50:23 +0545] "GET /wp-includes/qq83f359/edit.php?id=815320 HTTP/1.1" 200 - "http://dubai91.com/wp-includes/qq83f359/edit.php?id=815320" "Mozilla/5.0 (Windows NT 10.0; Win64; x64) AppleWebKit/537.36 (KHTML, like Gecko) Chrome/58.0.3029.110 Safari/537.3"
204.12.208.18 - - [31/Oct/2025:22:52:56 +0545] "GET /wp-includes/qq83f359/edit.php HTTP/1.1" 200 6 "http://dubai91.com/wp-includes/qq83f359/edit.php" "Mozilla/5.0 (Macintosh; U; Intel Mac OS X; ja-jp) AppleWebKit/523.10.3 (KHTML, like Gecko) Version/3.0.4 Safari/523.10"
69.197.149.50 - - [31/Oct/2025:22:51:56 +0545] "GET /wp-includes/qq83f359/edit.php?id=815320 HTTP/1.1" 200 - "http://dubai91.com/wp-includes/qq83f359/edit.php?id=815320" "Mozilla/5.0 (Windows NT 10.0; Win64; x64) AppleWebKit/537.36 (KHTML, like Gecko) Chrome/58.0.3029.110 Safari/537.3"
69.197.149.50 - - [31/Oct/2025:22:53:27 +0545] "GET /wp-includes/qq83f359/edit.php?id=815320 HTTP/1.1" 200 - "http://dubai91.com/wp-includes/qq83f359/edit.php?id=815320" "Mozilla/5.0 (Windows NT 10.0; Win64; x64) AppleWebKit/537.36 (KHTML, like Gecko) Chrome/58.0.3029.110 Safari/537.3"
69.197.149.50 - - [31/Oct/2025:22:55:01 +0545] "GET /wp-includes/qq83f359/edit.php?id=815320 HTTP/1.1" 200 - "http://dubai91.com/wp-includes/qq83f359/edit.php?id=815320" "Mozilla/5.0 (Windows NT 10.0; Win64; x64) AppleWebKit/537.36 (KHTML, like Gecko) Chrome/58.0.3029.110 Safari/537.3"
69.197.149.50 - - [31/Oct/2025:22:56:31 +0545] "GET /wp-includes/qq83f359/edit.php?id=815320 HTTP/1.1" 200 - "http://dubai91.com/wp-includes/qq83f359/edit.php?id=815320" "Mozilla/5.0 (Windows NT 10.0; Win64; x64) AppleWebKit/537.36 (KHTML, like Gecko) Chrome/58.0.3029.110 Safari/537.3"
204.12.208.18 - - [31/Oct/2025:23:14:20 +0545] "GET /wp-includes/qq83f359/edit.php HTTP/1.1" 200 6 "http://dubai91.com/wp-includes/qq83f359/edit.php" "Mozilla/5.0 (Macintosh; U; PPC Mac OS X; ja-jp) AppleWebKit/523.12 (KHTML, like Gecko) Version/3.0.4 Safari/523.12"
204.12.208.18 - - [31/Oct/2025:23:14:00 +0545] "GET /wp-includes/qq83f359/edit.php HTTP/1.1" 200 - "http://dubai91.com/wp-includes/qq83f359/edit.php" "Mozilla/5.0 (compatible; MSIE 9.0; Windows NT 6.0; Trident/5.0)"
