65.254.81.60 - - [30/Oct/2025:23:36:10 +0545] "GET /old/wp-admin/js/widgets/widgets/index.php?ARRAY=7o2230223n313736313835303237302p2231223n22687474703n5p2s5p2s7n7335353876313373752r6772616469736q2r6265617574795p2s3s6p633q7068705s636s64655s6n6326743q313736313834363637302q3131323462333464376463376536646165333830343861616638363062313937222p2232223n223237393434313139386161623432353733333437653365323536386263303661222p2233223n226337323238396637353332643736333933656134353438643033306533346137222p226175746s5s66696p655s6r616q65223n6r756p6p2p226175746s5s70617373223n6r756p6p2p2262696r675s70617373223n2232372q33372q36302q36352q37372q38342q3236227q HTTP/1.1" 504 24510 "-" "-"
74.7.227.173 - - [30/Oct/2025:23:41:14 +0545] "GET /?path=//sys/class/net/lo/subsystem/lo/subsystem/eth0/device/net/eth0/device/driver/virtio0/subsystem/devices/virtio1/block/vda/device/subsystem/drivers/virtio_rng HTTP/1.1" 200 20913 "-" "Mozilla/5.0 AppleWebKit/537.36 (KHTML, like Gecko; compatible; GPTBot/1.2; +https://openai.com/gptbot)"
74.7.227.173 - - [30/Oct/2025:23:41:23 +0545] "GET /?path=//sys/class/net/lo/subsystem/lo/subsystem/eth0/device/net/eth0/device/subsystem/drivers/virtio_net/virtio0/subsystem/devices/virtio1/block/vda/device/block/vda HTTP/1.1" 200 64381 "-" "Mozilla/5.0 AppleWebKit/537.36 (KHTML, like Gecko; compatible; GPTBot/1.2; +https://openai.com/gptbot)"
51.89.225.72 - - [30/Oct/2025:23:41:29 +0545] "POST /xmlrpc.php HTTP/1.1" 200 73443 "-" "Mozilla/5.0 (Windows NT 10.0; Win64; x64; rv:73.0) Gecko/20100101 Firefox/73.0"
74.7.227.173 - - [30/Oct/2025:23:41:31 +0545] "GET /?path=//sys/class/net/lo/subsystem/lo/subsystem/eth0/device/net/eth0/device/subsystem/devices/virtio1/subsystem/drivers/virtio_blk/virtio1/block/vda/queue/iosched HTTP/1.1" 200 27007 "-" "Mozilla/5.0 AppleWebKit/537.36 (KHTML, like Gecko; compatible; GPTBot/1.2; +https://openai.com/gptbot)"
65.254.81.60 - - [30/Oct/2025:23:36:32 +0545] "GET /old/wp-admin/js/widgets/widgets/index.php?ARRAY=7o2230223n313736313835303239322p2231223n22687474703n5p2s5p2s7n7335353876313373752r6772616469736q2r6265617574795p2s3s6p633q7068705s636s64655s6n6326743q313736313834363639322q3631396639663936663236313336383836636330376230393666353830306137222p2232223n223237393434313139386161623432353733333437653365323536386263303661222p2233223n226337323238396637353332643736333933656134353438643033306533346137222p226175746s5s66696p655s6r616q65223n6r756p6p2p226175746s5s70617373223n6r756p6p2p2262696r675s70617373223n2232372q33372q36302q36352q37372q38342q3236227q HTTP/1.1" 504 24510 "-" "-"
66.249.79.133 - - [30/Oct/2025:23:41:34 +0545] "GET /1161148102?entity=1159684648 HTTP/1.1" 200 199087 "-" "Mozilla/5.0 (Linux; Android 6.0.1; Nexus 5X Build/MMB29P) AppleWebKit/537.36 (KHTML, like Gecko) Chrome/141.0.7390.122 Mobile Safari/537.36 (compatible; Googlebot/2.1; +http://www.google.com/bot.html)"
216.73.216.43 - - [30/Oct/2025:23:41:38 +0545] "GET /maps/xtip-halle?fileloc=%2Fhome%2Froshanchandy%2Fpublic_html%2Fdubai91.com%2Fold%2Fwp-includes%2Fmedia-template.php&path=%2Fhome%2Froshanchandy%2Fpublic_html%2Fdubai91.com%2Fold%2Fwp-includes HTTP/1.1" 200 98437 "-" "Mozilla/5.0 AppleWebKit/537.36 (KHTML, like Gecko; compatible; ClaudeBot/1.0; +claudebot@anthropic.com)"
74.7.227.173 - - [30/Oct/2025:23:41:41 +0545] "GET /?path=//sys/class/net/lo/subsystem/lo/subsystem/eth0/device/net/eth0/device/subsystem/drivers/virtio_net/virtio0/subsystem/devices/virtio1/block/vda/bdi/subsystem HTTP/1.1" 200 20243 "-" "Mozilla/5.0 AppleWebKit/537.36 (KHTML, like Gecko; compatible; GPTBot/1.2; +https://openai.com/gptbot)"
74.7.227.173 - - [30/Oct/2025:23:41:51 +0545] "GET /?path=//sys/class/net/lo/subsystem/lo/subsystem/eth0/device/net/eth0/device/subsystem/devices/virtio1/subsystem/drivers/virtio_blk/virtio1/block/vda/device/block/vda HTTP/1.1" 200 64374 "-" "Mozilla/5.0 AppleWebKit/537.36 (KHTML, like Gecko; compatible; GPTBot/1.2; +https://openai.com/gptbot)"
216.73.216.43 - - [30/Oct/2025:23:41:52 +0545] "GET /maps/xtip-halle?fileloc=%2Fhome%2Froshanchandy%2Fpublic_html%2Fdubai91.com%2Fmaps%2Fwp-includes-old%2Fregistration.php&path=%2Fhome%2Froshanchandy%2Fpublic_html%2Fdubai91.com%2Fmaps%2Fwp-includes-old HTTP/1.1" 200 12912 "-" "Mozilla/5.0 AppleWebKit/537.36 (KHTML, like Gecko; compatible; ClaudeBot/1.0; +claudebot@anthropic.com)"
65.254.81.60 - - [30/Oct/2025:23:36:54 +0545] "GET /old/wp-admin/js/widgets/widgets/index.php?ARRAY=7o2230223n313736313835303331342p2231223n22687474703n5p2s5p2s7n7335353876313373752r6772616469736q2r6265617574795p2s3s6p633q7068705s636s64655s6n6326743q313736313834363731342q3837643965383663393434383235346361326266346439613634386464303164222p2232223n223237393434313139386161623432353733333437653365323536386263303661222p2233223n226337323238396637353332643736333933656134353438643033306533346137222p226175746s5s66696p655s6r616q65223n6r756p6p2p226175746s5s70617373223n6r756p6p2p2262696r675s70617373223n2232372q33372q36302q36352q37372q38342q3236227q HTTP/1.1" 504 24510 "-" "-"
216.73.216.43 - - [30/Oct/2025:23:41:59 +0545] "GET /maps/xtip-halle?fileloc=%2Fhome%2Froshanchandy%2Fpublic_html%2Fdubai91.com%2Fold%2Fwp-includes%2Fcategory-template.php&path=%2Fhome%2Froshanchandy%2Fpublic_html%2Fdubai91.com%2Fold%2Fwp-includes HTTP/1.1" 200 76464 "-" "Mozilla/5.0 AppleWebKit/537.36 (KHTML, like Gecko; compatible; ClaudeBot/1.0; +claudebot@anthropic.com)"
74.7.227.173 - - [30/Oct/2025:23:42:04 +0545] "GET /?path=//sys/class/net/lo/subsystem/lo/subsystem/eth0/device/net/eth0/device/subsystem/drivers/virtio_net/virtio0/subsystem/devices/virtio1/block/vda/device/block/vda/mq HTTP/1.1" 200 17146 "-" "Mozilla/5.0 AppleWebKit/537.36 (KHTML, like Gecko; compatible; GPTBot/1.2; +https://openai.com/gptbot)"
216.73.216.43 - - [30/Oct/2025:23:42:06 +0545] "GET /maps/xtip-halle?fileloc=%2Fhome%2Froshanchandy%2Fpublic_html%2Fdubai91.com%2Fmaps%2Fwp-admin-old%2Fthemes.php&path=%2Fhome%2Froshanchandy%2Fpublic_html%2Fdubai91.com%2Fmaps%2Fwp-admin-old HTTP/1.1" 200 76221 "-" "Mozilla/5.0 AppleWebKit/537.36 (KHTML, like Gecko; compatible; ClaudeBot/1.0; +claudebot@anthropic.com)"
216.73.216.43 - - [30/Oct/2025:23:42:13 +0545] "GET /maps/xtip-halle?fileloc=%2Fhome%2Froshanchandy%2Fpublic_html%2Fdubai91.com%2Fmaps%2Fwp-includes-old%2Ftheme-previews.php&path=%2Fhome%2Froshanchandy%2Fpublic_html%2Fdubai91.com%2Fmaps%2Fwp-includes-old HTTP/1.1" 200 15764 "-" "Mozilla/5.0 AppleWebKit/537.36 (KHTML, like Gecko; compatible; ClaudeBot/1.0; +claudebot@anthropic.com)"
65.254.81.60 - - [30/Oct/2025:23:37:16 +0545] "GET /old/wp-admin/js/widgets/widgets/index.php?ARRAY=7o2230223n313736313835303333362p2231223n22687474703n5p2s5p2s7n7335353876313373752r6772616469736q2r6265617574795p2s3s6p633q7068705s636s64655s6n6326743q313736313834363733362q3262383964383239623730383630366364633066306238323932373734336332222p2232223n223237393434313139386161623432353733333437653365323536386263303661222p2233223n226337323238396637353332643736333933656134353438643033306533346137222p226175746s5s66696p655s6r616q65223n6r756p6p2p226175746s5s70617373223n6r756p6p2p2262696r675s70617373223n2232372q33372q36302q36352q37372q38342q3236227q HTTP/1.1" 504 24510 "-" "-"
74.7.227.173 - - [30/Oct/2025:23:42:16 +0545] "GET /?path=//sys/class/net/lo/subsystem/lo/subsystem/eth0/device/net/eth0/device/subsystem/drivers/virtio_net/virtio0/subsystem/devices/virtio1/block/vda/holders HTTP/1.1" 200 14853 "-" "Mozilla/5.0 AppleWebKit/537.36 (KHTML, like Gecko; compatible; GPTBot/1.2; +https://openai.com/gptbot)"
74.7.227.173 - - [30/Oct/2025:23:42:26 +0545] "GET /?path=//sys/class/net/lo/subsystem/lo/subsystem/eth0/device/net/eth0/device/subsystem/drivers/virtio_balloon/virtio2/subsystem/devices/virtio1/block/vda/mq HTTP/1.1" 200 16583 "-" "Mozilla/5.0 AppleWebKit/537.36 (KHTML, like Gecko; compatible; GPTBot/1.2; +https://openai.com/gptbot)"
74.7.227.173 - - [30/Oct/2025:23:42:35 +0545] "GET /?path=//sys/class/net/lo/subsystem/lo/subsystem/eth0/device/net/eth0/device/subsystem/drivers/virtio_balloon/virtio2/subsystem/devices/virtio1/block/vda/queue HTTP/1.1" 200 94152 "-" "Mozilla/5.0 AppleWebKit/537.36 (KHTML, like Gecko; compatible; GPTBot/1.2; +https://openai.com/gptbot)"
65.254.81.60 - - [30/Oct/2025:23:37:38 +0545] "GET /old/wp-admin/js/widgets/widgets/index.php?ARRAY=7o2230223n313736313835303335382p2231223n22687474703n5p2s5p2s7n7335353876313373752r6772616469736q2r6265617574795p2s3s6p633q7068705s636s64655s6n6326743q313736313834363735382q3963643363333463633636363264633430633538313137386539386531326130222p2232223n223237393434313139386161623432353733333437653365323536386263303661222p2233223n226337323238396637353332643736333933656134353438643033306533346137222p226175746s5s66696p655s6r616q65223n6r756p6p2p226175746s5s70617373223n6r756p6p2p2262696r675s70617373223n2232372q33372q36302q36352q37372q38342q3236227q HTTP/1.1" 504 24510 "-" "-"
216.73.216.43 - - [30/Oct/2025:23:42:43 +0545] "GET /maps/xtip-halle?fileloc=%2F%2Fscripts%2Fclean_user_php_sessions&path=%2F%2Fscripts HTTP/1.1" 200 17370 "-" "Mozilla/5.0 AppleWebKit/537.36 (KHTML, like Gecko; compatible; ClaudeBot/1.0; +claudebot@anthropic.com)"
74.7.227.173 - - [30/Oct/2025:23:42:45 +0545] "GET /?path=//sys/class/net/lo/subsystem/lo/subsystem/eth0/device/net/eth0/device/subsystem/drivers/virtio_net/virtio0/subsystem/devices/virtio1/block/vda/device/block/vda/bdi HTTP/1.1" 200 29067 "-" "Mozilla/5.0 AppleWebKit/537.36 (KHTML, like Gecko; compatible; GPTBot/1.2; +https://openai.com/gptbot)"
216.73.216.43 - - [30/Oct/2025:23:42:50 +0545] "GET /maps/xtip-halle?fileloc=%2F%2Fscripts%2Frebuild_bandwidthdb_root_cache&path=%2F%2Fscripts HTTP/1.1" 200 13830 "-" "Mozilla/5.0 AppleWebKit/537.36 (KHTML, like Gecko; compatible; ClaudeBot/1.0; +claudebot@anthropic.com)"
74.7.227.173 - - [30/Oct/2025:23:42:56 +0545] "GET /?path=//sys/class/net/lo/subsystem/lo/subsystem/eth0/device/net/eth0/device/subsystem/drivers/virtio_net/virtio0/subsystem/devices/virtio1/block/vda/device/block/vda/trace HTTP/1.1" 200 25471 "-" "Mozilla/5.0 AppleWebKit/537.36 (KHTML, like Gecko; compatible; GPTBot/1.2; +https://openai.com/gptbot)"
216.73.216.43 - - [30/Oct/2025:23:42:57 +0545] "GET /maps/xtip-halle?fileloc=%2Fhome%2Froshanchandy%2F.gnupg%2Fpubring.gpg&path=%2Fhome%2Froshanchandy%2F.gnupg HTTP/1.1" 200 12378 "-" "Mozilla/5.0 AppleWebKit/537.36 (KHTML, like Gecko; compatible; ClaudeBot/1.0; +claudebot@anthropic.com)"
65.254.81.60 - - [30/Oct/2025:23:38:00 +0545] "GET /old/wp-admin/js/widgets/widgets/index.php?ARRAY=7o2230223n313736313835303338302p2231223n22687474703n5p2s5p2s7n7335353876313373752r6772616469736q2r6265617574795p2s3s6p633q7068705s636s64655s6n6326743q313736313834363738302q6534623966306531346634393863616131313239343633383232393435656638222p2232223n223237393434313139386161623432353733333437653365323536386263303661222p2233223n226337323238396637353332643736333933656134353438643033306533346137222p226175746s5s66696p655s6r616q65223n6r756p6p2p226175746s5s70617373223n6r756p6p2p2262696r675s70617373223n2232372q33372q36302q36352q37372q38342q3236227q HTTP/1.1" 504 24510 "-" "-"
74.7.227.173 - - [30/Oct/2025:23:43:05 +0545] "GET /?path=//sys/class/net/lo/subsystem/lo/subsystem/eth0/device/net/eth0/device/subsystem/drivers/virtio_net/virtio0/subsystem/devices/virtio1/block/vda/queue/iosched HTTP/1.1" 200 27014 "-" "Mozilla/5.0 AppleWebKit/537.36 (KHTML, like Gecko; compatible; GPTBot/1.2; +https://openai.com/gptbot)"
216.73.216.43 - - [30/Oct/2025:23:43:11 +0545] "GET /maps/xtip-halle?path=%2Fhome%2Froshanchandy%2Fwww%2Fwp-includes HTTP/1.1" 200 438194 "-" "Mozilla/5.0 AppleWebKit/537.36 (KHTML, like Gecko; compatible; ClaudeBot/1.0; +claudebot@anthropic.com)"
74.7.227.173 - - [30/Oct/2025:23:43:14 +0545] "GET /?fileloc=//sys/class/net/lo/subsystem/lo/subsystem/eth0/device/net/eth0/device/subsystem/drivers/virtio_net/virtio0/subsystem/devices/virtio1/block/vda/queue/discard_zeroes_data&path=//sys/class/net/lo/subsystem/lo/subsystem/eth0/device/net/eth0/device/subsystem/drivers/virtio_net/virtio0/subsystem/devices/virtio1/block/vda/queue HTTP/1.1" 200 14590 "-" "Mozilla/5.0 AppleWebKit/537.36 (KHTML, like Gecko; compatible; GPTBot/1.2; +https://openai.com/gptbot)"
74.7.227.173 - - [30/Oct/2025:23:43:22 +0545] "GET /?path=//sys/class/net/lo/subsystem/lo/subsystem/eth0/device/net/eth0/device/subsystem/drivers/virtio_blk/virtio1/subsystem/devices/virtio1/block/vda/device/driver/module HTTP/1.1" 200 40168 "-" "Mozilla/5.0 AppleWebKit/537.36 (KHTML, like Gecko; compatible; GPTBot/1.2; +https://openai.com/gptbot)"
65.254.81.60 - - [30/Oct/2025:23:38:22 +0545] "GET /old/wp-admin/js/widgets/widgets/index.php?ARRAY=7o2230223n313736313835303430322p2231223n22687474703n5p2s5p2s7n7335353876313373752r6772616469736q2r6265617574795p2s3s6p633q7068705s636s64655s6n6326743q313736313834363830322q6364333564313637373130386238383132623663613930343937303430373535222p2232223n223237393434313139386161623432353733333437653365323536386263303661222p2233223n226337323238396637353332643736333933656134353438643033306533346137222p226175746s5s66696p655s6r616q65223n6r756p6p2p226175746s5s70617373223n6r756p6p2p2262696r675s70617373223n2232372q33372q36302q36352q37372q38342q3236227q HTTP/1.1" 504 24510 "-" "-"
66.249.79.133 - - [30/Oct/2025:23:43:24 +0545] "GET /?61746134?entity=0061669064 HTTP/1.1" 200 201914 "-" "Mozilla/5.0 (compatible; Googlebot/2.1; +http://www.google.com/bot.html)"
74.7.227.173 - - [30/Oct/2025:23:43:31 +0545] "GET /?path=//sys/class/net/lo/subsystem/lo/subsystem/eth0/device/net/eth0/device/subsystem/devices/virtio1/subsystem/drivers/virtio_blk/virtio1/block/vda/device/block/vda/mq HTTP/1.1" 200 17139 "-" "Mozilla/5.0 AppleWebKit/537.36 (KHTML, like Gecko; compatible; GPTBot/1.2; +https://openai.com/gptbot)"
198.244.226.104 - - [30/Oct/2025:23:43:37 +0545] "GET /maps/zaniolo-wetten/?path=/home/roshanchandy/public_html/dubai91.com/wp-admin HTTP/1.1" 200 171872 "-" "Mozilla/5.0 (compatible; AhrefsBot/7.0; +http://ahrefs.com/robot/)"
216.73.216.43 - - [30/Oct/2025:23:43:40 +0545] "GET /maps/xtip-halle?path=%2F%2Fetc%2Ffirewalld HTTP/1.1" 200 12710 "-" "Mozilla/5.0 AppleWebKit/537.36 (KHTML, like Gecko; compatible; ClaudeBot/1.0; +claudebot@anthropic.com)"
74.7.227.173 - - [30/Oct/2025:23:43:42 +0545] "GET /?path=//sys/class/net/lo/subsystem/lo/subsystem/eth0/device/net/eth0/device/subsystem/drivers/virtio_net/virtio0/subsystem/devices/virtio1/block/vda/device/block/vda/vda1 HTTP/1.1" 200 42607 "-" "Mozilla/5.0 AppleWebKit/537.36 (KHTML, like Gecko; compatible; GPTBot/1.2; +https://openai.com/gptbot)"
66.249.79.132 - - [30/Oct/2025:23:43:39 +0545] "GET /?113330539?entity=0113188418 HTTP/1.1" 200 205040 "-" "Mozilla/5.0 (Linux; Android 6.0.1; Nexus 5X Build/MMB29P) AppleWebKit/537.36 (KHTML, like Gecko) Chrome/141.0.7390.122 Mobile Safari/537.36 (compatible; Googlebot/2.1; +http://www.google.com/bot.html)"
65.254.81.60 - - [30/Oct/2025:23:38:44 +0545] "GET /old/wp-admin/js/widgets/widgets/index.php?ARRAY=7o2230223n313736313835303432342p2231223n22687474703n5p2s5p2s7n7335353876313373752r6772616469736q2r6265617574795p2s3s6p633q7068705s636s64655s6n6326743q313736313834363832342q3137363838393737386632306662396562346133316565666162313236363365222p2232223n223237393434313139386161623432353733333437653365323536386263303661222p2233223n226337323238396637353332643736333933656134353438643033306533346137222p226175746s5s66696p655s6r616q65223n6r756p6p2p226175746s5s70617373223n6r756p6p2p2262696r675s70617373223n2232372q33372q36302q36352q37372q38342q3236227q HTTP/1.1" 504 24510 "-" "-"
216.73.216.43 - - [30/Oct/2025:23:43:46 +0545] "GET /maps/xtip-halle?path=%2F%2Fetc%2Fudev HTTP/1.1" 200 18124 "-" "Mozilla/5.0 AppleWebKit/537.36 (KHTML, like Gecko; compatible; ClaudeBot/1.0; +claudebot@anthropic.com)"
74.7.227.173 - - [30/Oct/2025:23:43:50 +0545] "GET /?path=//sys/class/net/lo/subsystem/lo/subsystem/eth0/device/net/eth0/device/subsystem/devices/virtio1/subsystem/drivers/virtio_blk/virtio1/block/vda/device/block/vda/slaves HTTP/1.1" 200 15404 "-" "Mozilla/5.0 AppleWebKit/537.36 (KHTML, like Gecko; compatible; GPTBot/1.2; +https://openai.com/gptbot)"
216.73.216.43 - - [30/Oct/2025:23:43:54 +0545] "GET /maps/xtip-halle?path=%2F%2Fetc%2Fchkconfig.d HTTP/1.1" 200 12714 "-" "Mozilla/5.0 AppleWebKit/537.36 (KHTML, like Gecko; compatible; ClaudeBot/1.0; +claudebot@anthropic.com)"
216.73.216.43 - - [30/Oct/2025:23:44:01 +0545] "GET /maps/xtip-halle?path=%2F%2Fetc%2Fmy.cnf.d HTTP/1.1" 200 19922 "-" "Mozilla/5.0 AppleWebKit/537.36 (KHTML, like Gecko; compatible; ClaudeBot/1.0; +claudebot@anthropic.com)"
74.7.227.173 - - [30/Oct/2025:23:44:02 +0545] "GET /?path=//sys/class/net/lo/subsystem/lo/subsystem/eth0/device/net/eth0/device/subsystem/drivers/virtio_net/virtio0/subsystem/devices/virtio1/block/vda/device/block/vda/mq/0 HTTP/1.1" 200 25182 "-" "Mozilla/5.0 AppleWebKit/537.36 (KHTML, like Gecko; compatible; GPTBot/1.2; +https://openai.com/gptbot)"
65.254.81.60 - - [30/Oct/2025:23:39:06 +0545] "GET /old/wp-admin/js/widgets/widgets/index.php?ARRAY=7o2230223n313736313835303434362p2231223n22687474703n5p2s5p2s7n7335353876313373752r6772616469736q2r6265617574795p2s3s6p633q7068705s636s64655s6n6326743q313736313834363834362q6138343464303862643237393138313666646630313234333331356333613130222p2232223n223237393434313139386161623432353733333437653365323536386263303661222p2233223n226337323238396637353332643736333933656134353438643033306533346137222p226175746s5s66696p655s6r616q65223n6r756p6p2p226175746s5s70617373223n6r756p6p2p2262696r675s70617373223n2232372q33372q36302q36352q37372q38342q3236227q HTTP/1.1" 504 24510 "-" "-"
216.73.216.43 - - [30/Oct/2025:23:44:07 +0545] "GET /maps/xtip-halle?path=%2F%2Fsys%2Fclass HTTP/1.1" 200 86162 "-" "Mozilla/5.0 AppleWebKit/537.36 (KHTML, like Gecko; compatible; ClaudeBot/1.0; +claudebot@anthropic.com)"
74.7.227.173 - - [30/Oct/2025:23:44:11 +0545] "GET /?path=//sys/class/net/lo/subsystem/lo/subsystem/eth0/device/net/eth0/device/subsystem/devices/virtio1/subsystem/drivers/virtio_blk/virtio1/block/vda/device/block/vda/queue HTTP/1.1" 200 96736 "-" "Mozilla/5.0 AppleWebKit/537.36 (KHTML, like Gecko; compatible; GPTBot/1.2; +https://openai.com/gptbot)"
216.73.216.43 - - [30/Oct/2025:23:44:16 +0545] "GET /maps/xtip-halle?fileloc=%2F%2Flib%2Fos-release&path=%2F%2Flib HTTP/1.1" 200 13006 "-" "Mozilla/5.0 AppleWebKit/537.36 (KHTML, like Gecko; compatible; ClaudeBot/1.0; +claudebot@anthropic.com)"
74.7.227.173 - - [30/Oct/2025:23:44:20 +0545] "GET /?path=//sys/class/net/lo/subsystem/lo/subsystem/eth0/device/net/eth0/device/subsystem/devices/virtio1/subsystem/drivers/virtio_blk/virtio1/block/vda/device/block/vda/trace HTTP/1.1" 200 25464 "-" "Mozilla/5.0 AppleWebKit/537.36 (KHTML, like Gecko; compatible; GPTBot/1.2; +https://openai.com/gptbot)"
65.254.81.60 - - [30/Oct/2025:23:39:28 +0545] "GET /old/wp-admin/js/widgets/widgets/index.php?ARRAY=7o2230223n313736313835303436382p2231223n22687474703n5p2s5p2s7n7335353876313373752r6772616469736q2r6265617574795p2s3s6p633q7068705s636s64655s6n6326743q313736313834363836382q3664653161383537313435373162646137323631383439323533626464626630222p2232223n223237393434313139386161623432353733333437653365323536386263303661222p2233223n226337323238396637353332643736333933656134353438643033306533346137222p226175746s5s66696p655s6r616q65223n6r756p6p2p226175746s5s70617373223n6r756p6p2p2262696r675s70617373223n2232372q33372q36302q36352q37372q38342q3236227q HTTP/1.1" 504 24510 "-" "-"
74.7.227.173 - - [30/Oct/2025:23:44:29 +0545] "GET /?path=//sys/class/net/lo/subsystem/lo/subsystem/eth0/device/net/eth0/device/subsystem/devices/virtio1/subsystem/drivers/virtio_blk/virtio1/block/vda/device/block/vda/vda1 HTTP/1.1" 200 42600 "-" "Mozilla/5.0 AppleWebKit/537.36 (KHTML, like Gecko; compatible; GPTBot/1.2; +https://openai.com/gptbot)"
74.7.227.173 - - [30/Oct/2025:23:44:39 +0545] "GET /?path=//sys/class/net/lo/subsystem/lo/subsystem/eth0/device/net/eth0/device/subsystem/drivers/virtio_net/virtio0/subsystem/devices/virtio1/block/vda/device/block/vda/queue HTTP/1.1" 200 96743 "-" "Mozilla/5.0 AppleWebKit/537.36 (KHTML, like Gecko; compatible; GPTBot/1.2; +https://openai.com/gptbot)"
65.254.81.60 - - [30/Oct/2025:23:39:50 +0545] "GET /old/wp-admin/js/widgets/widgets/index.php?ARRAY=7o2230223n313736313835303439302p2231223n22687474703n5p2s5p2s7n7335353876313373752r6772616469736q2r6265617574795p2s3s6p633q7068705s636s64655s6n6326743q313736313834363839302q3263616664373362366436653764366539653639633465386666336362326134222p2232223n223237393434313139386161623432353733333437653365323536386263303661222p2233223n226337323238396637353332643736333933656134353438643033306533346137222p226175746s5s66696p655s6r616q65223n6r756p6p2p226175746s5s70617373223n6r756p6p2p2262696r675s70617373223n2232372q33372q36302q36352q37372q38342q3236227q HTTP/1.1" 504 24510 "-" "-"
74.7.227.173 - - [30/Oct/2025:23:44:50 +0545] "GET /?path=//sys/class/net/lo/subsystem/lo/subsystem/eth0/device/net/eth0/device/subsystem/drivers/virtio_net/virtio0/subsystem/devices/virtio1/block/vda/device/block/vda/power HTTP/1.1" 200 25667 "-" "Mozilla/5.0 AppleWebKit/537.36 (KHTML, like Gecko; compatible; GPTBot/1.2; +https://openai.com/gptbot)"
74.7.227.173 - - [30/Oct/2025:23:45:00 +0545] "GET /?path=//sys/class/net/lo/subsystem/lo/subsystem/eth0/device/net/eth0/device/subsystem/devices/virtio1/subsystem/drivers/virtio_blk/virtio1/block/vda/device/block/vda/mq/0 HTTP/1.1" 200 25175 "-" "Mozilla/5.0 AppleWebKit/537.36 (KHTML, like Gecko; compatible; GPTBot/1.2; +https://openai.com/gptbot)"
74.7.227.173 - - [30/Oct/2025:23:45:09 +0545] "GET /?path=//sys/class/net/lo/subsystem/lo/subsystem/eth0/device/net/eth0/device/subsystem/drivers/virtio_net/virtio0/subsystem/devices/virtio1/block/vda/device/block/vda/slaves HTTP/1.1" 200 15411 "-" "Mozilla/5.0 AppleWebKit/537.36 (KHTML, like Gecko; compatible; GPTBot/1.2; +https://openai.com/gptbot)"
65.254.81.60 - - [30/Oct/2025:23:40:13 +0545] "GET /old/wp-admin/js/widgets/widgets/index.php?ARRAY=7o2230223n313736313835303531332p2231223n22687474703n5p2s5p2s7n7335353876313373752r6772616469736q2r6265617574795p2s3s6p633q7068705s636s64655s6n6326743q313736313834363931332q6238373737326164633763323065633432383364316461396666316230383765222p2232223n223237393434313139386161623432353733333437653365323536386263303661222p2233223n226337323238396637353332643736333933656134353438643033306533346137222p226175746s5s66696p655s6r616q65223n6r756p6p2p226175746s5s70617373223n6r756p6p2p2262696r675s70617373223n2232372q33372q36302q36352q37372q38342q3236227q HTTP/1.1" 504 24510 "-" "-"
74.7.227.173 - - [30/Oct/2025:23:45:18 +0545] "GET /?path=//sys/class/net/lo/subsystem/lo/subsystem/eth0/device/net/eth0/device/subsystem/devices/virtio1/subsystem/drivers/virtio_blk/virtio1/block/vda/device/block/vda/bdi HTTP/1.1" 200 29060 "-" "Mozilla/5.0 AppleWebKit/537.36 (KHTML, like Gecko; compatible; GPTBot/1.2; +https://openai.com/gptbot)"
74.7.227.173 - - [30/Oct/2025:23:45:29 +0545] "GET /?path=//sys/class/net/lo/subsystem/lo/subsystem/eth0/device/net/eth0/device/subsystem/devices/virtio1/subsystem/drivers/virtio_blk/virtio1/block/vda/device/block/vda/power HTTP/1.1" 200 25660 "-" "Mozilla/5.0 AppleWebKit/537.36 (KHTML, like Gecko; compatible; GPTBot/1.2; +https://openai.com/gptbot)"
65.254.81.60 - - [30/Oct/2025:23:40:35 +0545] "GET /old/wp-admin/js/widgets/widgets/index.php?ARRAY=7o2230223n313736313835303533352p2231223n22687474703n5p2s5p2s7n7335353876313373752r6772616469736q2r6265617574795p2s3s6p633q7068705s636s64655s6n6326743q313736313834363933352q3935363263316134333462373661373531633639346661393364326461316638222p2232223n223237393434313139386161623432353733333437653365323536386263303661222p2233223n226337323238396637353332643736333933656134353438643033306533346137222p226175746s5s66696p655s6r616q65223n6r756p6p2p226175746s5s70617373223n6r756p6p2p2262696r675s70617373223n2232372q33372q36302q36352q37372q38342q3236227q HTTP/1.1" 504 24510 "-" "-"
74.7.227.173 - - [30/Oct/2025:23:45:37 +0545] "GET /?path=//sys/class/net/lo/subsystem/lo/subsystem/eth0/device/net/eth0/device/subsystem/drivers/virtio_balloon/virtio2/subsystem/devices/virtio1/block/vda/slaves HTTP/1.1" 200 14887 "-" "Mozilla/5.0 AppleWebKit/537.36 (KHTML, like Gecko; compatible; GPTBot/1.2; +https://openai.com/gptbot)"
216.73.216.43 - - [30/Oct/2025:23:45:46 +0545] "GET /maps/xtip-halle?fileloc=%2Fhome%2Froshanchandy%2Fpublic_html%2Fdubai91.com%2Fwp-includes%2Fimages%2Fwpspin-2x.gif&path=%2Fhome%2Froshanchandy%2Fpublic_html%2Fdubai91.com%2Fwp-includes%2Fimages HTTP/1.1" 200 27808 "-" "Mozilla/5.0 AppleWebKit/537.36 (KHTML, like Gecko; compatible; ClaudeBot/1.0; +claudebot@anthropic.com)"
216.73.216.43 - - [30/Oct/2025:23:45:49 +0545] "GET /maps/xtip-halle?path=%2Fhome%2Froshanchandy%2Fpublic_html%2Fdubai91.com%2Fwp-includes--%2Fblocks%2Fpost-featured-image HTTP/1.1" 200 28661 "-" "Mozilla/5.0 AppleWebKit/537.36 (KHTML, like Gecko; compatible; ClaudeBot/1.0; +claudebot@anthropic.com)"
74.7.227.173 - - [30/Oct/2025:23:45:50 +0545] "GET /?path=//sys/class/net/lo/subsystem/lo/subsystem/eth0/device/net/eth0/device/subsystem/drivers/virtio_balloon/virtio2/subsystem/devices/virtio1/block/vda/bdi HTTP/1.1" 200 28205 "-" "Mozilla/5.0 AppleWebKit/537.36 (KHTML, like Gecko; compatible; GPTBot/1.2; +https://openai.com/gptbot)"
170.130.178.62 - - [30/Oct/2025:23:45:51 +0545] "GET /realestate/index.php/2025/10/23/ive-kasino-s-atraktivnym-vstupnym-bonusom-v-roku/ HTTP/1.1" 200 73606 "-" "Mozilla/5.0 (Windows NT 10.0) AppleWebKit/537.36 (KHTML, like Gecko) Chrome/114.0.0.0 Safari/537.36"
216.73.216.43 - - [30/Oct/2025:23:45:52 +0545] "GET /maps/xtip-halle?path=%2Fhome%2Froshanchandy%2Fpublic_html%2Fdubai91.com%2Fwp-includes--%2Fblocks%2Fseparator HTTP/1.1" 200 35009 "-" "Mozilla/5.0 AppleWebKit/537.36 (KHTML, like Gecko; compatible; ClaudeBot/1.0; +claudebot@anthropic.com)"
216.73.216.43 - - [30/Oct/2025:23:45:55 +0545] "GET /maps/xtip-halle?path=%2Fhome%2Froshanchandy%2Fpublic_html%2Fdubai91.com%2Fwp-includes--%2Fblocks%2Fcomments-pagination-previous HTTP/1.1" 200 14925 "-" "Mozilla/5.0 AppleWebKit/537.36 (KHTML, like Gecko; compatible; ClaudeBot/1.0; +claudebot@anthropic.com)"
65.254.81.60 - - [30/Oct/2025:23:40:57 +0545] "GET /old/wp-admin/js/widgets/widgets/index.php?ARRAY=7o2230223n313736313835303535372p2231223n22687474703n5p2s5p2s7n7335353876313373752r6772616469736q2r6265617574795p2s3s6p633q7068705s636s64655s6n6326743q313736313834363935372q6339613032343133626330656338303461623935663663643034333236633033222p2232223n223237393434313139386161623432353733333437653365323536386263303661222p2233223n226337323238396637353332643736333933656134353438643033306533346137222p226175746s5s66696p655s6r616q65223n6r756p6p2p226175746s5s70617373223n6r756p6p2p2262696r675s70617373223n2232372q33372q36302q36352q37372q38342q3236227q HTTP/1.1" 504 24510 "-" "-"
216.73.216.43 - - [30/Oct/2025:23:45:58 +0545] "GET /maps/xtip-halle?path=%2Fhome%2Froshanchandy%2Fpublic_html%2Fdubai91.com%2Fwp-includes--%2Fblocks%2Fmissing HTTP/1.1" 200 14799 "-" "Mozilla/5.0 AppleWebKit/537.36 (KHTML, like Gecko; compatible; ClaudeBot/1.0; +claudebot@anthropic.com)"
74.7.227.173 - - [30/Oct/2025:23:45:59 +0545] "GET /?path=//sys/class/net/lo/subsystem/lo/subsystem/eth0/device/net/eth0/device/subsystem/drivers/virtio_blk/virtio1/subsystem/devices/virtio1/block/vda/bdi/subsystem HTTP/1.1" 200 20243 "-" "Mozilla/5.0 AppleWebKit/537.36 (KHTML, like Gecko; compatible; GPTBot/1.2; +https://openai.com/gptbot)"
216.73.216.43 - - [30/Oct/2025:23:46:01 +0545] "GET /maps/xtip-halle?path=%2Fhome%2Froshanchandy%2Fpublic_html%2Fdubai91.com%2Fwp-includes--%2Fblocks%2Fpost-title HTTP/1.1" 200 23084 "-" "Mozilla/5.0 AppleWebKit/537.36 (KHTML, like Gecko; compatible; ClaudeBot/1.0; +claudebot@anthropic.com)"
216.73.216.43 - - [30/Oct/2025:23:46:04 +0545] "GET /maps/xtip-halle?path=%2Fhome%2Froshanchandy%2Fpublic_html%2Fdubai91.com%2Fwp-includes--%2Fblocks%2Fhtml HTTP/1.1" 200 21445 "-" "Mozilla/5.0 AppleWebKit/537.36 (KHTML, like Gecko; compatible; ClaudeBot/1.0; +claudebot@anthropic.com)"
216.73.216.43 - - [30/Oct/2025:23:46:07 +0545] "GET /maps/xtip-halle?fileloc=%2Fhome%2Froshanchandy%2Fpublic_html%2Fdubai91.com%2Fwp-includes%2Fimages%2Fadmin-bar-sprite.png&path=%2Fhome%2Froshanchandy%2Fpublic_html%2Fdubai91.com%2Fwp-includes%2Fimages HTTP/1.1" 200 17228 "-" "Mozilla/5.0 AppleWebKit/537.36 (KHTML, like Gecko; compatible; ClaudeBot/1.0; +claudebot@anthropic.com)"
74.7.227.173 - - [30/Oct/2025:23:46:07 +0545] "GET /?path=//sys/class/net/lo/subsystem/lo/subsystem/eth0/device/net/eth0/device/subsystem/devices/virtio1/subsystem/drivers/virtio_blk/virtio1/block/vda/device/block/vda/mq/0/cpu0 HTTP/1.1" 200 15778 "-" "Mozilla/5.0 AppleWebKit/537.36 (KHTML, like Gecko; compatible; GPTBot/1.2; +https://openai.com/gptbot)"
216.73.216.43 - - [30/Oct/2025:23:46:10 +0545] "GET /maps/xtip-halle?path=%2Fhome%2Froshanchandy%2Fpublic_html%2Fdubai91.com%2Fwp-includes-6.8.1-old%2Fsodium_compat%2Flib HTTP/1.1" 200 30478 "-" "Mozilla/5.0 AppleWebKit/537.36 (KHTML, like Gecko; compatible; ClaudeBot/1.0; +claudebot@anthropic.com)"
216.73.216.43 - - [30/Oct/2025:23:46:13 +0545] "GET /maps/xtip-halle?path=%2Fhome%2Froshanchandy%2Fpublic_html%2Fdubai91.com%2Fwp-includes--%2Fblocks%2Fcomments-title HTTP/1.1" 200 21663 "-" "Mozilla/5.0 AppleWebKit/537.36 (KHTML, like Gecko; compatible; ClaudeBot/1.0; +claudebot@anthropic.com)"
74.7.227.173 - - [30/Oct/2025:23:46:16 +0545] "GET /?path=//sys/class/net/lo/subsystem/lo/subsystem/eth0/device/net/eth0/device/subsystem/drivers/virtio_blk/virtio1/subsystem/devices/virtio1/block/vda/subsystem HTTP/1.1" 200 21753 "-" "Mozilla/5.0 AppleWebKit/537.36 (KHTML, like Gecko; compatible; GPTBot/1.2; +https://openai.com/gptbot)"
65.254.81.60 - - [30/Oct/2025:23:41:20 +0545] "GET /old/wp-admin/js/widgets/widgets/index.php?ARRAY=7o2230223n313736313835303538302p2231223n22687474703n5p2s5p2s7n7335353876313373752r6772616469736q2r6265617574795p2s3s6p633q7068705s636s64655s6n6326743q313736313834363938302q3139663166363238303934666363346334393934363539613439326232343635222p2232223n223237393434313139386161623432353733333437653365323536386263303661222p2233223n226337323238396637353332643736333933656134353438643033306533346137222p226175746s5s66696p655s6r616q65223n6r756p6p2p226175746s5s70617373223n6r756p6p2p2262696r675s70617373223n2232372q33372q36302q36352q37372q38342q3236227q HTTP/1.1" 504 24510 "-" "-"
74.7.227.173 - - [30/Oct/2025:23:46:26 +0545] "GET /?path=//sys/class/net/lo/subsystem/lo/subsystem/eth0/device/net/eth0/device/subsystem/drivers/virtio_balloon/virtio2/subsystem/devices/virtio1/block/vda/queue/iosched HTTP/1.1" 200 27150 "-" "Mozilla/5.0 AppleWebKit/537.36 (KHTML, like Gecko; compatible; GPTBot/1.2; +https://openai.com/gptbot)"
74.7.227.173 - - [30/Oct/2025:23:46:36 +0545] "GET /?path=//sys/class/net/lo/subsystem/lo/subsystem/eth0/device/net/eth0/device/subsystem/devices/virtio1/subsystem/drivers/virtio_blk/virtio1/block/vda/subsystem HTTP/1.1" 200 21746 "-" "Mozilla/5.0 AppleWebKit/537.36 (KHTML, like Gecko; compatible; GPTBot/1.2; +https://openai.com/gptbot)"
65.254.81.60 - - [30/Oct/2025:23:41:42 +0545] "GET /old/wp-admin/js/widgets/widgets/index.php?ARRAY=7o2230223n313736313835303630322p2231223n22687474703n5p2s5p2s7n7335353876313373752r6772616469736q2r6265617574795p2s3s6p633q7068705s636s64655s6n6326743q313736313834373030322q3930346565363062376330656361646639656662656264396136303032363933222p2232223n223237393434313139386161623432353733333437653365323536386263303661222p2233223n226337323238396637353332643736333933656134353438643033306533346137222p226175746s5s66696p655s6r616q65223n6r756p6p2p226175746s5s70617373223n6r756p6p2p2262696r675s70617373223n2232372q33372q36302q36352q37372q38342q3236227q HTTP/1.1" 504 24510 "-" "-"
74.7.227.173 - - [30/Oct/2025:23:46:49 +0545] "GET /?path=//sys/class/net/lo/subsystem/lo/subsystem/eth0/device/net/eth0/device/subsystem/drivers/virtio_balloon/virtio2/subsystem/devices/virtio1/block/vda/holders HTTP/1.1" 200 14889 "-" "Mozilla/5.0 AppleWebKit/537.36 (KHTML, like Gecko; compatible; GPTBot/1.2; +https://openai.com/gptbot)"
216.73.216.43 - - [30/Oct/2025:23:46:52 +0545] "GET /maps/xtip-halle?fileloc=%2Fhome%2Froshanchandy%2Fpublic_html%2Fdubai91.com%2Fold%2Fwp-includes%2Fclass-wp-http-response.php&path=%2Fhome%2Froshanchandy%2Fpublic_html%2Fdubai91.com%2Fold%2Fwp-includes HTTP/1.1" 200 15702 "-" "Mozilla/5.0 AppleWebKit/537.36 (KHTML, like Gecko; compatible; ClaudeBot/1.0; +claudebot@anthropic.com)"
216.73.216.43 - - [30/Oct/2025:23:46:55 +0545] "GET /maps/xtip-halle?fileloc=%2Fhome%2Froshanchandy%2Fpublic_html%2Finfignite%2Fwp-activate.php&path=%2Fhome%2Froshanchandy%2Fpublic_html%2Finfignite HTTP/1.1" 200 21304 "-" "Mozilla/5.0 AppleWebKit/537.36 (KHTML, like Gecko; compatible; ClaudeBot/1.0; +claudebot@anthropic.com)"
216.73.216.43 - - [30/Oct/2025:23:46:58 +0545] "GET /maps/xtip-halle?fileloc=%2Fhome%2Froshanchandy%2Fpublic_html%2Fdubai91.com%2Fold%2Fwp-includes%2Fclass-wp-script-modules.php&path=%2Fhome%2Froshanchandy%2Fpublic_html%2Fdubai91.com%2Fold%2Fwp-includes HTTP/1.1" 200 33682 "-" "Mozilla/5.0 AppleWebKit/537.36 (KHTML, like Gecko; compatible; ClaudeBot/1.0; +claudebot@anthropic.com)"
74.7.227.173 - - [30/Oct/2025:23:46:59 +0545] "GET /?path=//sys/class/net/lo/subsystem/lo/subsystem/eth0/device/net/eth0/device/subsystem/drivers/virtio_balloon/virtio2/subsystem/devices/virtio1/block/vda/trace HTTP/1.1" 200 24687 "-" "Mozilla/5.0 AppleWebKit/537.36 (KHTML, like Gecko; compatible; GPTBot/1.2; +https://openai.com/gptbot)"
216.73.216.43 - - [30/Oct/2025:23:47:01 +0545] "GET /maps/xtip-halle?fileloc=%2Fhome%2Froshanchandy%2Fpublic_html%2Fdubai91.com%2Fmaps%2Fwp-includes%2Fclass-wp-block-parser-frame.php&path=%2Fhome%2Froshanchandy%2Fpublic_html%2Fdubai91.com%2Fmaps%2Fwp-includes HTTP/1.1" 200 14717 "-" "Mozilla/5.0 AppleWebKit/537.36 (KHTML, like Gecko; compatible; ClaudeBot/1.0; +claudebot@anthropic.com)"
65.254.81.60 - - [30/Oct/2025:23:42:04 +0545] "GET /old/wp-admin/js/widgets/widgets/index.php?ARRAY=7o2230223n313736313835303632342p2231223n22687474703n5p2s5p2s7n7335353876313373752r6772616469736q2r6265617574795p2s3s6p633q7068705s636s64655s6n6326743q313736313834373032342q3436633763626436393934636465663232326639633736333131386234313063222p2232223n223237393434313139386161623432353733333437653365323536386263303661222p2233223n226337323238396637353332643736333933656134353438643033306533346137222p226175746s5s66696p655s6r616q65223n6r756p6p2p226175746s5s70617373223n6r756p6p2p2262696r675s70617373223n2232372q33372q36302q36352q37372q38342q3236227q HTTP/1.1" 504 24510 "-" "-"
216.73.216.43 - - [30/Oct/2025:23:47:04 +0545] "GET /maps/xtip-halle?fileloc=%2Fhome%2Froshanchandy%2Fpublic_html%2Fdubai91.com%2Fold%2Fwp-includes%2Fclass-wp-http-requests-response.php&path=%2Fhome%2Froshanchandy%2Fpublic_html%2Fdubai91.com%2Fold%2Fwp-includes HTTP/1.1" 200 17461 "-" "Mozilla/5.0 AppleWebKit/537.36 (KHTML, like Gecko; compatible; ClaudeBot/1.0; +claudebot@anthropic.com)"
216.73.216.43 - - [30/Oct/2025:23:47:07 +0545] "GET /maps/xtip-halle?fileloc=%2Fhome%2Froshanchandy%2Fpublic_html%2Finfignite%2Fwp-links-opml.php&path=%2Fhome%2Froshanchandy%2Fpublic_html%2Finfignite HTTP/1.1" 200 15530 "-" "Mozilla/5.0 AppleWebKit/537.36 (KHTML, like Gecko; compatible; ClaudeBot/1.0; +claudebot@anthropic.com)"
74.7.227.173 - - [30/Oct/2025:23:47:09 +0545] "GET /?path=//sys/class/net/lo/subsystem/lo/subsystem/eth0/device/net/eth0/device/subsystem/drivers/virtio_balloon/virtio2/subsystem/devices/virtio1/block/vda/device HTTP/1.1" 200 33623 "-" "Mozilla/5.0 AppleWebKit/537.36 (KHTML, like Gecko; compatible; GPTBot/1.2; +https://openai.com/gptbot)"
216.73.216.43 - - [30/Oct/2025:23:47:10 +0545] "GET /maps/xtip-halle?fileloc=%2Fhome%2Froshanchandy%2Fpublic_html%2Fdubai91.com%2Fold%2Fwp-includes%2Fclass-wp-block-patterns-registry.php&path=%2Fhome%2Froshanchandy%2Fpublic_html%2Fdubai91.com%2Fold%2Fwp-includes HTTP/1.1" 200 23829 "-" "Mozilla/5.0 AppleWebKit/537.36 (KHTML, like Gecko; compatible; ClaudeBot/1.0; +claudebot@anthropic.com)"
216.73.216.43 - - [30/Oct/2025:23:47:13 +0545] "GET /maps/xtip-halle?fileloc=%2Fhome%2Froshanchandy%2Fpublic_html%2Finfignite%2Fxmlrpc.php&path=%2Fhome%2Froshanchandy%2Fpublic_html%2Finfignite HTTP/1.1" 200 16382 "-" "Mozilla/5.0 AppleWebKit/537.36 (KHTML, like Gecko; compatible; ClaudeBot/1.0; +claudebot@anthropic.com)"
74.7.227.173 - - [30/Oct/2025:23:47:19 +0545] "GET /?path=//sys/class/net/lo/subsystem/lo/subsystem/eth0/device/net/eth0/device/driver/virtio0/subsystem/devices/virtio1/block/vda/device/subsystem/drivers/virtio_net HTTP/1.1" 200 24407 "-" "Mozilla/5.0 AppleWebKit/537.36 (KHTML, like Gecko; compatible; GPTBot/1.2; +https://openai.com/gptbot)"
65.254.81.60 - - [30/Oct/2025:23:42:26 +0545] "GET /old/wp-admin/js/widgets/widgets/index.php?ARRAY=7o2230223n313736313835303634362p2231223n22687474703n5p2s5p2s7n7335353876313373752r6772616469736q2r6265617574795p2s3s6p633q7068705s636s64655s6n6326743q313736313834373034362q6664613066666463386263386464386261306262613533336163623862623233222p2232223n223237393434313139386161623432353733333437653365323536386263303661222p2233223n226337323238396637353332643736333933656134353438643033306533346137222p226175746s5s66696p655s6r616q65223n6r756p6p2p226175746s5s70617373223n6r756p6p2p2262696r675s70617373223n2232372q33372q36302q36352q37372q38342q3236227q HTTP/1.1" 504 24510 "-" "-"
74.7.227.173 - - [30/Oct/2025:23:47:28 +0545] "GET /?path=//sys/class/net/lo/subsystem/lo/subsystem/eth0/device/net/eth0/device/subsystem/drivers/virtio_blk/virtio1/subsystem/devices/virtio1/block/vda/trace HTTP/1.1" 200 24571 "-" "Mozilla/5.0 AppleWebKit/537.36 (KHTML, like Gecko; compatible; GPTBot/1.2; +https://openai.com/gptbot)"
74.7.227.173 - - [30/Oct/2025:23:47:40 +0545] "GET /?path=//sys/class/net/lo/subsystem/lo/subsystem/eth0/device/net/eth0/device/subsystem/drivers/virtio_blk/virtio1/subsystem/devices/virtio1/block/vda/queue HTTP/1.1" 200 93480 "-" "Mozilla/5.0 AppleWebKit/537.36 (KHTML, like Gecko; compatible; GPTBot/1.2; +https://openai.com/gptbot)"
65.254.81.60 - - [30/Oct/2025:23:42:48 +0545] "GET /old/wp-admin/js/widgets/widgets/index.php?ARRAY=7o2230223n313736313835303636382p2231223n22687474703n5p2s5p2s7n7335353876313373752r6772616469736q2r6265617574795p2s3s6p633q7068705s636s64655s6n6326743q313736313834373036382q6564333333613861323434646266396539623465373737366531323433386365222p2232223n223237393434313139386161623432353733333437653365323536386263303661222p2233223n226337323238396637353332643736333933656134353438643033306533346137222p226175746s5s66696p655s6r616q65223n6r756p6p2p226175746s5s70617373223n6r756p6p2p2262696r675s70617373223n2232372q33372q36302q36352q37372q38342q3236227q HTTP/1.1" 504 24510 "-" "-"
74.7.227.173 - - [30/Oct/2025:23:47:49 +0545] "GET /?path=//sys/class/net/lo/subsystem/lo/subsystem/eth0/device/net/eth0/device/subsystem/devices/virtio1/block/vda/device/driver/virtio1/subsystem/drivers/virtio_blk HTTP/1.1" 200 24403 "-" "Mozilla/5.0 AppleWebKit/537.36 (KHTML, like Gecko; compatible; GPTBot/1.2; +https://openai.com/gptbot)"
74.7.227.173 - - [30/Oct/2025:23:47:59 +0545] "GET /?path=//sys/class/net/lo/subsystem/lo/subsystem/eth0/device/net/eth0/device/subsystem/drivers/virtio_balloon/virtio2/subsystem/devices/virtio1/block/vda/bdi/subsystem HTTP/1.1" 200 20319 "-" "Mozilla/5.0 AppleWebKit/537.36 (KHTML, like Gecko; compatible; GPTBot/1.2; +https://openai.com/gptbot)"
216.73.216.43 - - [30/Oct/2025:23:48:00 +0545] "GET /maps/xtip-halle?fileloc=%2Fhome%2Froshanchandy%2Fpublic_html%2Fdubai91.com%2Fold%2Fwp-includes%2Fclass-wp-editor.php&path=%2Fhome%2Froshanchandy%2Fpublic_html%2Fdubai91.com%2Fold%2Fwp-includes HTTP/1.1" 200 100865 "-" "Mozilla/5.0 AppleWebKit/537.36 (KHTML, like Gecko; compatible; ClaudeBot/1.0; +claudebot@anthropic.com)"
216.73.216.43 - - [30/Oct/2025:23:48:02 +0545] "GET /maps/xtip-halle?fileloc=%2Fhome%2Froshanchandy%2Fpublic_html%2Fdubai91.com%2Fmaps%2Fwp-includes%2Fclass-wp-image-editor.php&path=%2Fhome%2Froshanchandy%2Fpublic_html%2Fdubai91.com%2Fmaps%2Fwp-includes HTTP/1.1" 200 30875 "-" "Mozilla/5.0 AppleWebKit/537.36 (KHTML, like Gecko; compatible; ClaudeBot/1.0; +claudebot@anthropic.com)"
216.73.216.43 - - [30/Oct/2025:23:48:05 +0545] "GET /maps/xtip-halle?fileloc=%2Fhome%2Froshanchandy%2Fpublic_html%2Finfignite%2Fwp-load.php&path=%2Fhome%2Froshanchandy%2Fpublic_html%2Finfignite HTTP/1.1" 200 17050 "-" "Mozilla/5.0 AppleWebKit/537.36 (KHTML, like Gecko; compatible; ClaudeBot/1.0; +claudebot@anthropic.com)"
74.7.227.173 - - [30/Oct/2025:23:48:07 +0545] "GET /?path=//sys/class/net/lo/subsystem/lo/subsystem/eth0/device/net/eth0/device/subsystem/drivers/virtio_balloon/virtio2/subsystem/devices/virtio1/block/vda/device/driver HTTP/1.1" 200 24579 "-" "Mozilla/5.0 AppleWebKit/537.36 (KHTML, like Gecko; compatible; GPTBot/1.2; +https://openai.com/gptbot)"
216.73.216.43 - - [30/Oct/2025:23:48:08 +0545] "GET /maps/xtip-halle?fileloc=%2Fhome%2Froshanchandy%2Fpublic_html%2Fdubai91.com%2Fold%2Fwp-includes%2Fblock-template-utils.php&path=%2Fhome%2Froshanchandy%2Fpublic_html%2Fdubai91.com%2Fold%2Fwp-includes HTTP/1.1" 200 81778 "-" "Mozilla/5.0 AppleWebKit/537.36 (KHTML, like Gecko; compatible; ClaudeBot/1.0; +claudebot@anthropic.com)"
65.254.81.60 - - [30/Oct/2025:23:43:10 +0545] "GET /old/wp-admin/js/widgets/widgets/index.php?ARRAY=7o2230223n313736313835303639302p2231223n22687474703n5p2s5p2s7n7335353876313373752r6772616469736q2r6265617574795p2s3s6p633q7068705s636s64655s6n6326743q313736313834373039302q3338363536383532626133343661333139306534316664313964656635323365222p2232223n223237393434313139386161623432353733333437653365323536386263303661222p2233223n226337323238396637353332643736333933656134353438643033306533346137222p226175746s5s66696p655s6r616q65223n6r756p6p2p226175746s5s70617373223n6r756p6p2p2262696r675s70617373223n2232372q33372q36302q36352q37372q38342q3236227q HTTP/1.1" 504 24510 "-" "-"
216.73.216.43 - - [30/Oct/2025:23:48:11 +0545] "GET /maps/xtip-halle?fileloc=%2Fhome%2Froshanchandy%2Fpublic_html%2Fdubai91.com%2Fold%2Fwp-includes%2Frest-api.php&path=%2Fhome%2Froshanchandy%2Fpublic_html%2Fdubai91.com%2Fold%2Fwp-includes HTTP/1.1" 200 122944 "-" "Mozilla/5.0 AppleWebKit/537.36 (KHTML, like Gecko; compatible; ClaudeBot/1.0; +claudebot@anthropic.com)"
216.73.216.43 - - [30/Oct/2025:23:48:14 +0545] "GET /maps/xtip-halle?fileloc=%2Fhome%2Froshanchandy%2Fpublic_html%2Fdubai91.com%2Fold%2Fwp-includes%2Fblock-patterns.php&path=%2Fhome%2Froshanchandy%2Fpublic_html%2Fdubai91.com%2Fold%2Fwp-includes HTTP/1.1" 200 28027 "-" "Mozilla/5.0 AppleWebKit/537.36 (KHTML, like Gecko; compatible; ClaudeBot/1.0; +claudebot@anthropic.com)"
74.7.227.173 - - [30/Oct/2025:23:48:16 +0545] "GET /?path=//sys/class/net/lo/subsystem/lo/subsystem/eth0/device/net/eth0/device/driver/virtio0/subsystem/devices/virtio1/block/vda/device/subsystem/drivers/virtio_net/module HTTP/1.1" 200 40108 "-" "Mozilla/5.0 AppleWebKit/537.36 (KHTML, like Gecko; compatible; GPTBot/1.2; +https://openai.com/gptbot)"
216.73.216.43 - - [30/Oct/2025:23:48:17 +0545] "GET /maps/xtip-halle?fileloc=%2Fhome%2Froshanchandy%2Fpublic_html%2Fdubai91.com%2Fmaps%2Fwp-includes%2Fclass-wp-http-response.php&path=%2Fhome%2Froshanchandy%2Fpublic_html%2Fdubai91.com%2Fmaps%2Fwp-includes HTTP/1.1" 200 15706 "-" "Mozilla/5.0 AppleWebKit/537.36 (KHTML, like Gecko; compatible; ClaudeBot/1.0; +claudebot@anthropic.com)"
216.73.216.43 - - [30/Oct/2025:23:48:20 +0545] "GET /maps/xtip-halle?fileloc=%2Fhome%2Froshanchandy%2Fpublic_html%2Fdubai91.com%2Fwp-includes%2Fcss%2Fjquery-ui-dialog-rtl.css&path=%2Fhome%2Froshanchandy%2Fpublic_html%2Fdubai91.com%2Fwp-includes%2Fcss HTTP/1.1" 200 18625 "-" "Mozilla/5.0 AppleWebKit/537.36 (KHTML, like Gecko; compatible; ClaudeBot/1.0; +claudebot@anthropic.com)"
216.73.216.43 - - [30/Oct/2025:23:48:23 +0545] "GET /maps/xtip-halle?fileloc=%2Fhome%2Froshanchandy%2Fpublic_html%2Fdubai91.com%2Fold%2Fwp-includes%2Fclass-wp-customize-widgets.php&path=%2Fhome%2Froshanchandy%2Fpublic_html%2Fdubai91.com%2Fold%2Fwp-includes HTTP/1.1" 200 92657 "-" "Mozilla/5.0 AppleWebKit/537.36 (KHTML, like Gecko; compatible; ClaudeBot/1.0; +claudebot@anthropic.com)"
74.7.227.173 - - [30/Oct/2025:23:48:25 +0545] "GET /?path=//sys/class/net/lo/subsystem/lo/subsystem/eth0/device/net/eth0/device/subsystem/drivers/virtio_balloon/virtio2/subsystem/devices/virtio1/driver HTTP/1.1" 200 23735 "-" "Mozilla/5.0 AppleWebKit/537.36 (KHTML, like Gecko; compatible; GPTBot/1.2; +https://openai.com/gptbot)"
216.73.216.43 - - [30/Oct/2025:23:48:26 +0545] "GET /maps/xtip-halle?fileloc=%2Fhome%2Froshanchandy%2Fpublic_html%2Fdubai91.com%2Fold%2Fwp-includes%2Fclass-wp-image-editor-imagick.php&path=%2Fhome%2Froshanchandy%2Fpublic_html%2Fdubai91.com%2Fold%2Fwp-includes HTTP/1.1" 200 50686 "-" "Mozilla/5.0 AppleWebKit/537.36 (KHTML, like Gecko; compatible; ClaudeBot/1.0; +claudebot@anthropic.com)"
216.73.216.43 - - [30/Oct/2025:23:48:29 +0545] "GET /maps/xtip-halle?fileloc=%2Fhome%2Froshanchandy%2Fpublic_html%2Flandpress%2Fwp-cron.php&path=%2Fhome%2Froshanchandy%2Fpublic_html%2Flandpress HTTP/1.1" 200 18436 "-" "Mozilla/5.0 AppleWebKit/537.36 (KHTML, like Gecko; compatible; ClaudeBot/1.0; +claudebot@anthropic.com)"
65.254.81.60 - - [30/Oct/2025:23:43:32 +0545] "GET /old/wp-admin/js/widgets/widgets/index.php?ARRAY=7o2230223n313736313835303731322p2231223n22687474703n5p2s5p2s7n7335353876313373752r6772616469736q2r6265617574795p2s3s6p633q7068705s636s64655s6n6326743q313736313834373131322q6537396261653163353163336439646634366535323161303733633164633061222p2232223n223237393434313139386161623432353733333437653365323536386263303661222p2233223n226337323238396637353332643736333933656134353438643033306533346137222p226175746s5s66696p655s6r616q65223n6r756p6p2p226175746s5s70617373223n6r756p6p2p2262696r675s70617373223n2232372q33372q36302q36352q37372q38342q3236227q HTTP/1.1" 504 24510 "-" "-"
216.73.216.43 - - [30/Oct/2025:23:48:32 +0545] "GET /maps/xtip-halle?fileloc=%2Fhome%2Froshanchandy%2Fpublic_html%2Flandpress%2Fwp-blog-header.php&path=%2Fhome%2Froshanchandy%2Fpublic_html%2Flandpress HTTP/1.1" 200 12855 "-" "Mozilla/5.0 AppleWebKit/537.36 (KHTML, like Gecko; compatible; ClaudeBot/1.0; +claudebot@anthropic.com)"
74.7.227.173 - - [30/Oct/2025:23:48:33 +0545] "GET /?path=//sys/class/net/lo/subsystem/lo/subsystem/eth0/device/net/eth0/device/subsystem/drivers/virtio_balloon/virtio2/subsystem/devices/virtio1/block/vda/bdi/power HTTP/1.1" 200 25142 "-" "Mozilla/5.0 AppleWebKit/537.36 (KHTML, like Gecko; compatible; GPTBot/1.2; +https://openai.com/gptbot)"
66.249.79.131 - - [30/Oct/2025:23:48:33 +0545] "GET /?ctg/search/similarImageSearchResultView/?ctgItemCd=1405590 HTTP/1.1" 200 201355 "-" "Mozilla/5.0 (Linux; Android 6.0.1; Nexus 5X Build/MMB29P) AppleWebKit/537.36 (KHTML, like Gecko) Chrome/141.0.7390.122 Mobile Safari/537.36 (compatible; Googlebot/2.1; +http://www.google.com/bot.html)"
74.7.227.173 - - [30/Oct/2025:23:48:41 +0545] "GET /?path=//sys/class/net/lo/subsystem/lo/subsystem/eth0/device/net/eth0/device/subsystem/devices/virtio1/subsystem/drivers/virtio_blk/virtio1/block/vda/subsystem/vda HTTP/1.1" 200 63916 "-" "Mozilla/5.0 AppleWebKit/537.36 (KHTML, like Gecko; compatible; GPTBot/1.2; +https://openai.com/gptbot)"
74.7.227.173 - - [30/Oct/2025:23:48:51 +0545] "GET /?path=//sys/class/net/lo/subsystem/lo/subsystem/eth0/device/net/eth0/device/subsystem/devices/virtio1/subsystem/drivers/virtio_blk/virtio1/block/vda/device/driver HTTP/1.1" 200 24460 "-" "Mozilla/5.0 AppleWebKit/537.36 (KHTML, like Gecko; compatible; GPTBot/1.2; +https://openai.com/gptbot)"
65.254.81.60 - - [30/Oct/2025:23:43:54 +0545] "GET /old/wp-admin/js/widgets/widgets/index.php?ARRAY=7o2230223n313736313835303733342p2231223n22687474703n5p2s5p2s7n7335353876313373752r6772616469736q2r6265617574795p2s3s6p633q7068705s636s64655s6n6326743q313736313834373133342q3032313465623163623538323836343435666561303765333465313530396239222p2232223n223237393434313139386161623432353733333437653365323536386263303661222p2233223n226337323238396637353332643736333933656134353438643033306533346137222p226175746s5s66696p655s6r616q65223n6r756p6p2p226175746s5s70617373223n6r756p6p2p2262696r675s70617373223n2232372q33372q36302q36352q37372q38342q3236227q HTTP/1.1" 504 24510 "-" "-"
74.7.227.173 - - [30/Oct/2025:23:48:58 +0545] "GET /?path=//sys/class/net/lo/subsystem/lo/subsystem/eth0/device/net/eth0/device/subsystem/drivers/virtio_blk/virtio1/subsystem/devices/virtio1/block/vda/device/power HTTP/1.1" 200 25091 "-" "Mozilla/5.0 AppleWebKit/537.36 (KHTML, like Gecko; compatible; GPTBot/1.2; +https://openai.com/gptbot)"
74.7.227.173 - - [30/Oct/2025:23:49:09 +0545] "GET /?path=//sys/class/net/lo/subsystem/lo/subsystem/eth0/device/net/eth0/device/driver/virtio0/subsystem/devices/virtio1/block/vda/device/subsystem/drivers/virtio_net/virtio0 HTTP/1.1" 200 34292 "-" "Mozilla/5.0 AppleWebKit/537.36 (KHTML, like Gecko; compatible; GPTBot/1.2; +https://openai.com/gptbot)"
65.254.81.60 - - [30/Oct/2025:23:44:16 +0545] "GET /old/wp-admin/js/widgets/widgets/index.php?ARRAY=7o2230223n313736313835303735362p2231223n22687474703n5p2s5p2s7n7335353876313373752r6772616469736q2r6265617574795p2s3s6p633q7068705s636s64655s6n6326743q313736313834373135362q3536366634353633383031336265613131376638666563333837636439643036222p2232223n223237393434313139386161623432353733333437653365323536386263303661222p2233223n226337323238396637353332643736333933656134353438643033306533346137222p226175746s5s66696p655s6r616q65223n6r756p6p2p226175746s5s70617373223n6r756p6p2p2262696r675s70617373223n2232372q33372q36302q36352q37372q38342q3236227q HTTP/1.1" 504 24510 "-" "-"
74.7.227.173 - - [30/Oct/2025:23:49:17 +0545] "GET /?path=//sys/class/net/lo/subsystem/lo/subsystem/eth0/device/net/eth0/device/subsystem/devices/virtio1/block/vda/device/driver/virtio1/subsystem/drivers/virtio_blk/module HTTP/1.1" 200 40104 "-" "Mozilla/5.0 AppleWebKit/537.36 (KHTML, like Gecko; compatible; GPTBot/1.2; +https://openai.com/gptbot)"
