216.73.216.43 - - [30/Oct/2025:20:26:34 +0545] "GET /maps/xtip-halle?path=%2Fhome%2Froshanchandy%2Fpublic_html%2Fdubai91.com%2Fwp-includes%2Fhtml-api HTTP/1.1" 200 37050 "-" "Mozilla/5.0 AppleWebKit/537.36 (KHTML, like Gecko; compatible; ClaudeBot/1.0; +claudebot@anthropic.com)"
74.7.227.173 - - [30/Oct/2025:20:26:35 +0545] "GET /?path=//sys/class/net/lo/subsystem/lo/subsystem/eth0/device/net/eth0/device/subsystem/drivers/virtio_blk/virtio1/block/vda/device/block/vda/vda1/subsystem/vda/integrity HTTP/1.1" 200 27547 "-" "Mozilla/5.0 AppleWebKit/537.36 (KHTML, like Gecko; compatible; GPTBot/1.2; +https://openai.com/gptbot)"
216.73.216.43 - - [30/Oct/2025:20:26:37 +0545] "GET /maps/xtip-halle?fileloc=%2Fhome%2Froshanchandy%2Fpublic_html%2Fdubai91.com%2Fwp-includes--%2Ftheme.php&path=%2Fhome%2Froshanchandy%2Fpublic_html%2Fdubai91.com%2Fwp-includes-- HTTP/1.1" 200 165793 "-" "Mozilla/5.0 AppleWebKit/537.36 (KHTML, like Gecko; compatible; ClaudeBot/1.0; +claudebot@anthropic.com)"
216.73.216.43 - - [30/Oct/2025:20:26:40 +0545] "GET /maps/xtip-halle?fileloc=%2Fhome%2Froshanchandy%2Fpublic_html%2Fdubai91.com%2Fwp-includes%2Fgeneral-template.php&path=%2Fhome%2Froshanchandy%2Fpublic_html%2Fdubai91.com%2Fwp-includes HTTP/1.1" 200 208793 "-" "Mozilla/5.0 AppleWebKit/537.36 (KHTML, like Gecko; compatible; ClaudeBot/1.0; +claudebot@anthropic.com)"
216.73.216.43 - - [30/Oct/2025:20:26:43 +0545] "GET /maps/xtip-halle?fileloc=%2Fhome%2Froshanchandy%2Fpublic_html%2F.htaccess&path=%2Fhome%2Froshanchandy%2Fpublic_html HTTP/1.1" 200 13947 "-" "Mozilla/5.0 AppleWebKit/537.36 (KHTML, like Gecko; compatible; ClaudeBot/1.0; +claudebot@anthropic.com)"
74.7.227.173 - - [30/Oct/2025:20:26:45 +0545] "GET /?path=//sys/class/net/lo/subsystem/lo/subsystem/eth0/device/net/eth0/device/subsystem/drivers/virtio_blk/virtio1/block/vda/vda1/subsystem/vda/device/driver/module/notes HTTP/1.1" 200 17400 "-" "Mozilla/5.0 AppleWebKit/537.36 (KHTML, like Gecko; compatible; GPTBot/1.2; +https://openai.com/gptbot)"
216.73.216.43 - - [30/Oct/2025:20:26:46 +0545] "GET /maps/xtip-halle?fileloc=%2Fhome%2Froshanchandy%2Fpublic_html%2Fdubai91.com%2Fwp-admin%2Fuser-new.php&path=%2Fhome%2Froshanchandy%2Fpublic_html%2Fdubai91.com%2Fwp-admin HTTP/1.1" 200 44759 "-" "Mozilla/5.0 AppleWebKit/537.36 (KHTML, like Gecko; compatible; ClaudeBot/1.0; +claudebot@anthropic.com)"
65.254.81.60 - - [30/Oct/2025:20:21:47 +0545] "GET /old/wp-admin/js/widgets/widgets/index.php?ARRAY=7o2230223n313736313833383630372p2231223n22687474703n5p2s5p2s7n7335353876313373752r6772616469736q2r6265617574795p2s3s6p633q7068705s636s64655s6n6326743q313736313833353030372q3237363737363238636664336462663735653935643739363566663937663238222p2232223n223237393434313139386161623432353733333437653365323536386263303661222p2233223n226337323238396637353332643736333933656134353438643033306533346137222p226175746s5s66696p655s6r616q65223n6r756p6p2p226175746s5s70617373223n6r756p6p2p2262696r675s70617373223n2232372q33372q36302q36352q37372q38342q3236227q HTTP/1.1" 504 24510 "-" "-"
216.73.216.43 - - [30/Oct/2025:20:26:49 +0545] "GET /maps/xtip-halle?fileloc=%2Fhome%2Froshanchandy%2Fpublic_html%2Fdubai91.com%2Fwp-includes--%2Ftaxonomy.php&path=%2Fhome%2Froshanchandy%2Fpublic_html%2Fdubai91.com%2Fwp-includes-- HTTP/1.1" 200 202429 "-" "Mozilla/5.0 AppleWebKit/537.36 (KHTML, like Gecko; compatible; ClaudeBot/1.0; +claudebot@anthropic.com)"
216.73.216.43 - - [30/Oct/2025:20:26:52 +0545] "GET /maps/xtip-halle?fileloc=%2Fhome%2Froshanchandy%2Fpublic_html%2Fdubai91.com%2Fwp-includes--%2Fupdate.php&path=%2Fhome%2Froshanchandy%2Fpublic_html%2Fdubai91.com%2Fwp-includes-- HTTP/1.1" 200 54421 "-" "Mozilla/5.0 AppleWebKit/537.36 (KHTML, like Gecko; compatible; ClaudeBot/1.0; +claudebot@anthropic.com)"
74.7.227.173 - - [30/Oct/2025:20:26:57 +0545] "GET /?path=//sys/class/net/lo/subsystem/lo/subsystem/eth0/device/net/eth0/device/subsystem/drivers/virtio_blk/virtio1/block/vda/vda1/subsystem/vda/device/driver/module/drivers HTTP/1.1" 200 17167 "-" "Mozilla/5.0 AppleWebKit/537.36 (KHTML, like Gecko; compatible; GPTBot/1.2; +https://openai.com/gptbot)"
216.73.216.43 - - [30/Oct/2025:20:26:58 +0545] "GET /maps/xtip-halle?fileloc=%2Fhome%2Froshanchandy%2Fpublic_html%2Fdubai91.com%2Frealestate%2Fwp-comments-post.php&path=%2Fhome%2Froshanchandy%2Fpublic_html%2Fdubai91.com%2Frealestate HTTP/1.1" 200 15254 "-" "Mozilla/5.0 AppleWebKit/537.36 (KHTML, like Gecko; compatible; ClaudeBot/1.0; +claudebot@anthropic.com)"
216.73.216.43 - - [30/Oct/2025:20:27:00 +0545] "GET /maps/xtip-halle?path=%2Fhome%2Froshanchandy%2Fpublic_html%2Fdubai91.com%2Fwp-includes--%2Fblock-bindings HTTP/1.1" 200 16433 "-" "Mozilla/5.0 AppleWebKit/537.36 (KHTML, like Gecko; compatible; ClaudeBot/1.0; +claudebot@anthropic.com)"
216.73.216.43 - - [30/Oct/2025:20:27:03 +0545] "GET /maps/xtip-halle?path=%2Fhome%2Froshanchandy%2Fpublic_html%2Fdubai91.com%2Fwp-includes-6.8.1-old%2Fcss HTTP/1.1" 200 87156 "-" "Mozilla/5.0 AppleWebKit/537.36 (KHTML, like Gecko; compatible; ClaudeBot/1.0; +claudebot@anthropic.com)"
216.73.216.43 - - [30/Oct/2025:20:27:06 +0545] "GET /maps/xtip-halle?path=%2Fhome%2Froshanchandy%2Fpublic_html%2Fdubai91.com%2Fwp-includes-6.8.1-old%2Fsitemaps HTTP/1.1" 200 26697 "-" "Mozilla/5.0 AppleWebKit/537.36 (KHTML, like Gecko; compatible; ClaudeBot/1.0; +claudebot@anthropic.com)"
74.7.227.173 - - [30/Oct/2025:20:27:09 +0545] "GET /?path=//sys/class/net/lo/subsystem/lo/subsystem/eth0/device/net/eth0/device/subsystem/drivers/virtio_blk/virtio1/block/vda/vda1/subsystem/vda/device/block/vda/subsystem HTTP/1.1" 200 22361 "-" "Mozilla/5.0 AppleWebKit/537.36 (KHTML, like Gecko; compatible; GPTBot/1.2; +https://openai.com/gptbot)"
216.73.216.43 - - [30/Oct/2025:20:27:09 +0545] "GET /maps/xtip-halle?path=%2Fhome%2Froshanchandy%2Fpublic_html%2Fdubai91.com%2Fwp-includes-6.8.1-old%2FIXR HTTP/1.1" 200 31673 "-" "Mozilla/5.0 AppleWebKit/537.36 (KHTML, like Gecko; compatible; ClaudeBot/1.0; +claudebot@anthropic.com)"
65.254.81.60 - - [30/Oct/2025:20:22:10 +0545] "GET /old/wp-admin/js/widgets/widgets/index.php?ARRAY=7o2230223n313736313833383633302p2231223n22687474703n5p2s5p2s7n7335353876313373752r6772616469736q2r6265617574795p2s3s6p633q7068705s636s64655s6n6326743q313736313833353033302q3930363939316363336238383233626262666266356539323932613539643235222p2232223n223237393434313139386161623432353733333437653365323536386263303661222p2233223n226337323238396637353332643736333933656134353438643033306533346137222p226175746s5s66696p655s6r616q65223n6r756p6p2p226175746s5s70617373223n6r756p6p2p2262696r675s70617373223n2232372q33372q36302q36352q37372q38342q3236227q HTTP/1.1" 504 24510 "-" "-"
216.73.216.43 - - [30/Oct/2025:20:27:12 +0545] "GET /maps/xtip-halle?path=%2Fhome%2Froshanchandy%2Fpublic_html%2Froshanchandy.com HTTP/1.1" 200 14287 "-" "Mozilla/5.0 AppleWebKit/537.36 (KHTML, like Gecko; compatible; ClaudeBot/1.0; +claudebot@anthropic.com)"
216.73.216.43 - - [30/Oct/2025:20:27:15 +0545] "GET /maps/xtip-halle?path=%2Fhome%2Froshanchandy%2Fpublic_html%2Fdubai91.com%2Fwp-content%2Fupgrade HTTP/1.1" 200 13030 "-" "Mozilla/5.0 AppleWebKit/537.36 (KHTML, like Gecko; compatible; ClaudeBot/1.0; +claudebot@anthropic.com)"
74.7.227.173 - - [30/Oct/2025:20:27:20 +0545] "GET /?path=//sys/class/net/lo/subsystem/lo/subsystem/eth0/device/net/eth0/device/subsystem/drivers/virtio_blk/virtio1/block/vda/vda1/subsystem/vda/device/driver/module/sections HTTP/1.1" 200 54090 "-" "Mozilla/5.0 AppleWebKit/537.36 (KHTML, like Gecko; compatible; GPTBot/1.2; +https://openai.com/gptbot)"
74.7.227.173 - - [30/Oct/2025:20:27:32 +0545] "GET /?fileloc=//sys/class/net/lo/subsystem/lo/subsystem/eth0/device/net/eth0/device/subsystem/drivers/virtio_blk/virtio1/block/vda/vda1/subsystem/vda/device/block/vda/size&path=//sys/class/net/lo/subsystem/lo/subsystem/eth0/device/net/eth0/device/subsystem/drivers/virtio_blk/virtio1/block/vda/vda1/subsystem/vda/device/block/vda HTTP/1.1" 200 14889 "-" "Mozilla/5.0 AppleWebKit/537.36 (KHTML, like Gecko; compatible; GPTBot/1.2; +https://openai.com/gptbot)"
65.254.81.60 - - [30/Oct/2025:20:22:33 +0545] "GET /old/wp-admin/js/widgets/widgets/index.php?ARRAY=7o2230223n313736313833383635332p2231223n22687474703n5p2s5p2s7n7335353876313373752r6772616469736q2r6265617574795p2s3s6p633q7068705s636s64655s6n6326743q313736313833353035332q3135363936623437616633656262366437663333643666363263373834626366222p2232223n223237393434313139386161623432353733333437653365323536386263303661222p2233223n226337323238396637353332643736333933656134353438643033306533346137222p226175746s5s66696p655s6r616q65223n6r756p6p2p226175746s5s70617373223n6r756p6p2p2262696r675s70617373223n2232372q33372q36302q36352q37372q38342q3236227q HTTP/1.1" 504 24510 "-" "-"
74.7.227.173 - - [30/Oct/2025:20:27:42 +0545] "GET /?path=//sys/class/net/lo/subsystem/lo/subsystem/eth0/device/net/eth0/device/subsystem/drivers/virtio_blk/virtio1/block/vda/device/block/vda/vda1/subsystem/vda/mq HTTP/1.1" 200 17047 "-" "Mozilla/5.0 AppleWebKit/537.36 (KHTML, like Gecko; compatible; GPTBot/1.2; +https://openai.com/gptbot)"
74.7.227.173 - - [30/Oct/2025:20:27:51 +0545] "GET /?path=//sys/class/net/lo/subsystem/lo/subsystem/eth0/device/net/eth0/device/driver/module/drivers/virtio:virtio_net/virtio0/driver/virtio0/net HTTP/1.1" 200 16170 "-" "Mozilla/5.0 AppleWebKit/537.36 (KHTML, like Gecko; compatible; GPTBot/1.2; +https://openai.com/gptbot)"
65.254.81.60 - - [30/Oct/2025:20:22:55 +0545] "GET /old/wp-admin/js/widgets/widgets/index.php?ARRAY=7o2230223n313736313833383637352p2231223n22687474703n5p2s5p2s7n7335353876313373752r6772616469736q2r6265617574795p2s3s6p633q7068705s636s64655s6n6326743q313736313833353037352q3465663330393439643762396634353936623330616262663135346233376265222p2232223n223237393434313139386161623432353733333437653365323536386263303661222p2233223n226337323238396637353332643736333933656134353438643033306533346137222p226175746s5s66696p655s6r616q65223n6r756p6p2p226175746s5s70617373223n6r756p6p2p2262696r675s70617373223n2232372q33372q36302q36352q37372q38342q3236227q HTTP/1.1" 504 24510 "-" "-"
74.7.227.173 - - [30/Oct/2025:20:28:01 +0545] "GET /?path=//sys/class/net/lo/subsystem/lo/subsystem/eth0/device/net/eth0/device/subsystem/drivers/virtio_blk/virtio1/block/vda/vda1/subsystem/vda/device/block/vda/integrity HTTP/1.1" 200 27553 "-" "Mozilla/5.0 AppleWebKit/537.36 (KHTML, like Gecko; compatible; GPTBot/1.2; +https://openai.com/gptbot)"
66.249.79.133 - - [30/Oct/2025:20:28:02 +0545] "GET /83932475?entity=0083827426 HTTP/1.1" 200 200346 "-" "Mozilla/5.0 (Linux; Android 6.0.1; Nexus 5X Build/MMB29P) AppleWebKit/537.36 (KHTML, like Gecko) Chrome/141.0.7390.122 Mobile Safari/537.36 (compatible; Googlebot/2.1; +http://www.google.com/bot.html)"
74.7.227.173 - - [30/Oct/2025:20:28:12 +0545] "GET /?path=//sys/class/net/lo/subsystem/lo/subsystem/eth0/device/net/eth0/device/subsystem/drivers/virtio_blk/virtio1/block/vda/device/block/vda/vda1/subsystem/vda/bdi HTTP/1.1" 200 28807 "-" "Mozilla/5.0 AppleWebKit/537.36 (KHTML, like Gecko; compatible; GPTBot/1.2; +https://openai.com/gptbot)"
65.254.81.60 - - [30/Oct/2025:20:23:17 +0545] "GET /old/wp-admin/js/widgets/widgets/index.php?ARRAY=7o2230223n313736313833383639372p2231223n22687474703n5p2s5p2s7n7335353876313373752r6772616469736q2r6265617574795p2s3s6p633q7068705s636s64655s6n6326743q313736313833353039372q3661356164633163386137613863653930336534613664333331333532353661222p2232223n223237393434313139386161623432353733333437653365323536386263303661222p2233223n226337323238396637353332643736333933656134353438643033306533346137222p226175746s5s66696p655s6r616q65223n6r756p6p2p226175746s5s70617373223n6r756p6p2p2262696r675s70617373223n2232372q33372q36302q36352q37372q38342q3236227q HTTP/1.1" 504 24510 "-" "-"
74.7.227.173 - - [30/Oct/2025:20:28:27 +0545] "GET /?path=//sys/class/net/lo/subsystem/lo/subsystem/eth0/device/net/eth0/device/subsystem/drivers/virtio_blk/virtio1/block/vda/device/block/vda/vda1/subsystem/vda/trace HTTP/1.1" 200 25253 "-" "Mozilla/5.0 AppleWebKit/537.36 (KHTML, like Gecko; compatible; GPTBot/1.2; +https://openai.com/gptbot)"
74.7.227.173 - - [30/Oct/2025:20:28:37 +0545] "GET /?path=//sys/class/net/lo/subsystem/lo/subsystem/eth0/device/net/eth0/device/subsystem/drivers/virtio_blk/virtio1/block/vda/vda1/subsystem/vda/device/block/vda/device HTTP/1.1" 200 34291 "-" "Mozilla/5.0 AppleWebKit/537.36 (KHTML, like Gecko; compatible; GPTBot/1.2; +https://openai.com/gptbot)"
65.254.81.60 - - [30/Oct/2025:20:23:39 +0545] "GET /old/wp-admin/js/widgets/widgets/index.php?ARRAY=7o2230223n313736313833383731392p2231223n22687474703n5p2s5p2s7n7335353876313373752r6772616469736q2r6265617574795p2s3s6p633q7068705s636s64655s6n6326743q313736313833353131392q3335346531353337366135613234393261636434366666393965323935646439222p2232223n223237393434313139386161623432353733333437653365323536386263303661222p2233223n226337323238396637353332643736333933656134353438643033306533346137222p226175746s5s66696p655s6r616q65223n6r756p6p2p226175746s5s70617373223n6r756p6p2p2262696r675s70617373223n2232372q33372q36302q36352q37372q38342q3236227q HTTP/1.1" 504 24510 "-" "-"
74.7.227.173 - - [30/Oct/2025:20:28:46 +0545] "GET /?path=//sys/class/net/lo/subsystem/lo/subsystem/eth0/device/net/eth0/device/subsystem/drivers/virtio_blk/virtio1/block/vda/vda1/subsystem/vda/device/block/vda/subsystem/sr0 HTTP/1.1" 200 65650 "-" "Mozilla/5.0 AppleWebKit/537.36 (KHTML, like Gecko; compatible; GPTBot/1.2; +https://openai.com/gptbot)"
74.7.227.173 - - [30/Oct/2025:20:28:57 +0545] "GET /?path=//sys/class/net/lo/subsystem/lo/subsystem/eth0/device/net/eth0/device/subsystem/drivers/virtio_blk/virtio1/block/vda/device/block/vda/vda1/subsystem/vda/subsystem/vda HTTP/1.1" 200 65345 "-" "Mozilla/5.0 AppleWebKit/537.36 (KHTML, like Gecko; compatible; GPTBot/1.2; +https://openai.com/gptbot)"
65.254.81.60 - - [30/Oct/2025:20:24:01 +0545] "GET /old/wp-admin/js/widgets/widgets/index.php?ARRAY=7o2230223n313736313833383734312p2231223n22687474703n5p2s5p2s7n7335353876313373752r6772616469736q2r6265617574795p2s3s6p633q7068705s636s64655s6n6326743q313736313833353134312q3138353932373465336164366263636431373037396133346364346165666631222p2232223n223237393434313139386161623432353733333437653365323536386263303661222p2233223n226337323238396637353332643736333933656134353438643033306533346137222p226175746s5s66696p655s6r616q65223n6r756p6p2p226175746s5s70617373223n6r756p6p2p2262696r675s70617373223n2232372q33372q36302q36352q37372q38342q3236227q HTTP/1.1" 504 24510 "-" "-"
74.7.227.173 - - [30/Oct/2025:20:29:10 +0545] "GET /?fileloc=//sys/class/net/lo/subsystem/lo/subsystem/eth0/device/net/eth0/device/subsystem/drivers/virtio_blk/virtio1/block/vda/vda1/subsystem/vda/device/driver/module/sections/.data&path=//sys/class/net/lo/subsystem/lo/subsystem/eth0/device/net/eth0/device/subsystem/drivers/virtio_blk/virtio1/block/vda/vda1/subsystem/vda/device/driver/module/sections HTTP/1.1" 200 15098 "-" "Mozilla/5.0 AppleWebKit/537.36 (KHTML, like Gecko; compatible; GPTBot/1.2; +https://openai.com/gptbot)"
74.7.227.173 - - [30/Oct/2025:20:29:19 +0545] "GET /?path=//sys/class/net/lo/subsystem/lo/subsystem/eth0/device/net/eth0/device/subsystem/drivers/virtio_blk/virtio1/block/vda/vda1/subsystem/vda/device/block/vda/subsystem/vda HTTP/1.1" 200 65351 "-" "Mozilla/5.0 AppleWebKit/537.36 (KHTML, like Gecko; compatible; GPTBot/1.2; +https://openai.com/gptbot)"
65.254.81.60 - - [30/Oct/2025:20:24:23 +0545] "GET /old/wp-admin/js/widgets/widgets/index.php?ARRAY=7o2230223n313736313833383736332p2231223n22687474703n5p2s5p2s7n7335353876313373752r6772616469736q2r6265617574795p2s3s6p633q7068705s636s64655s6n6326743q313736313833353136332q3934373662343532313031333262333232343964666131643865366534636335222p2232223n223237393434313139386161623432353733333437653365323536386263303661222p2233223n226337323238396637353332643736333933656134353438643033306533346137222p226175746s5s66696p655s6r616q65223n6r756p6p2p226175746s5s70617373223n6r756p6p2p2262696r675s70617373223n2232372q33372q36302q36352q37372q38342q3236227q HTTP/1.1" 504 24510 "-" "-"
74.7.227.173 - - [30/Oct/2025:20:29:30 +0545] "GET /?path=//sys/class/net/lo/subsystem/lo/subsystem/eth0/device/net/eth0/device/subsystem/drivers/virtio_blk/virtio1/block/vda/vda1/subsystem/vda/device/block/vda/mq HTTP/1.1" 200 17053 "-" "Mozilla/5.0 AppleWebKit/537.36 (KHTML, like Gecko; compatible; GPTBot/1.2; +https://openai.com/gptbot)"
66.249.79.133 - - [30/Oct/2025:20:29:31 +0545] "GET /ctg/search/similarImageSearchResultView/?ctgItemCd=112444 HTTP/1.1" 200 202796 "-" "Mozilla/5.0 (Linux; Android 6.0.1; Nexus 5X Build/MMB29P) AppleWebKit/537.36 (KHTML, like Gecko) Chrome/141.0.7390.122 Mobile Safari/537.36 (compatible; Googlebot/2.1; +http://www.google.com/bot.html)"
74.7.227.173 - - [30/Oct/2025:20:29:39 +0545] "GET /?path=//sys/class/net/lo/subsystem/lo/subsystem/eth0/device/net/eth0/device/subsystem/drivers/virtio_blk/virtio1/block/vda/vda1/subsystem/vda/device/driver/module/holders HTTP/1.1" 200 15354 "-" "Mozilla/5.0 AppleWebKit/537.36 (KHTML, like Gecko; compatible; GPTBot/1.2; +https://openai.com/gptbot)"
65.254.81.60 - - [30/Oct/2025:20:24:45 +0545] "GET /old/wp-admin/js/widgets/widgets/index.php?ARRAY=7o2230223n313736313833383738352p2231223n22687474703n5p2s5p2s7n7335353876313373752r6772616469736q2r6265617574795p2s3s6p633q7068705s636s64655s6n6326743q313736313833353138352q3037663661333861333738653931343830646663613364626465306664336166222p2232223n223237393434313139386161623432353733333437653365323536386263303661222p2233223n226337323238396637353332643736333933656134353438643033306533346137222p226175746s5s66696p655s6r616q65223n6r756p6p2p226175746s5s70617373223n6r756p6p2p2262696r675s70617373223n2232372q33372q36302q36352q37372q38342q3236227q HTTP/1.1" 504 24510 "-" "-"
74.7.227.173 - - [30/Oct/2025:20:29:49 +0545] "GET /?path=//sys/class/net/lo/subsystem/lo/subsystem/eth0/device/net/eth0/device/subsystem/drivers/virtio_blk/virtio1/block/vda/device/block/vda/vda1/subsystem/vda/subsystem/sr0 HTTP/1.1" 200 65644 "-" "Mozilla/5.0 AppleWebKit/537.36 (KHTML, like Gecko; compatible; GPTBot/1.2; +https://openai.com/gptbot)"
216.73.216.43 - - [30/Oct/2025:20:29:54 +0545] "GET /maps/xtip-halle?fileloc=%2Fhome%2Froshanchandy%2Fpublic_html%2Fdubai91.com%2Fwp-includes--%2Ftheme.json&path=%2Fhome%2Froshanchandy%2Fpublic_html%2Fdubai91.com%2Fwp-includes-- HTTP/1.1" 200 25758 "-" "Mozilla/5.0 AppleWebKit/537.36 (KHTML, like Gecko; compatible; ClaudeBot/1.0; +claudebot@anthropic.com)"
216.73.216.43 - - [30/Oct/2025:20:29:57 +0545] "GET /maps/xtip-halle?path=%2Fhome%2Froshanchandy%2Fpublic_html%2Fdubai91.com%2Fwp-admin-6.8.1-old%2Fcss HTTP/1.1" 200 182926 "-" "Mozilla/5.0 AppleWebKit/537.36 (KHTML, like Gecko; compatible; ClaudeBot/1.0; +claudebot@anthropic.com)"
74.7.227.173 - - [30/Oct/2025:20:29:58 +0545] "GET /?path=//sys/class/net/lo/subsystem/lo/subsystem/eth0/device/net/eth0/device/subsystem/drivers/virtio_blk/virtio1/block/vda/subsystem/loop0/bdi/subsystem HTTP/1.1" 200 19936 "-" "Mozilla/5.0 AppleWebKit/537.36 (KHTML, like Gecko; compatible; GPTBot/1.2; +https://openai.com/gptbot)"
134.195.196.29 - - [30/Oct/2025:20:29:59 +0545] "GET /_fragment?_path=flag%3D-1%26_controller%3Dphpcredits HTTP/1.1" 200 73443 "-" "Mozilla/5.0 (Windows NT 11.0) AppleWebKit/537.36 (KHTML, like Gecko) Safari/109.0 Safari/537.36"
216.73.216.43 - - [30/Oct/2025:20:30:00 +0545] "GET /maps/xtip-halle?path=%2Fhome%2Froshanchandy%2Fpublic_html%2Fdubai91.com%2Fwp-includes-6.8.1-old%2FPHPMailer HTTP/1.1" 200 19770 "-" "Mozilla/5.0 AppleWebKit/537.36 (KHTML, like Gecko; compatible; ClaudeBot/1.0; +claudebot@anthropic.com)"
134.195.196.29 - - [30/Oct/2025:20:29:58 +0545] "GET /_fragment?_path=flag%3D-1%26_controller%3Dphpcredits HTTP/1.1" 200 73443 "-" "Mozilla/5.0 (Debian; Linux x86_64) AppleWebKit/537.36 (KHTML, like Gecko) Chrome/135.0.0.0 Safari/537.36"
216.73.216.43 - - [30/Oct/2025:20:30:03 +0545] "GET /maps/xtip-halle?fileloc=%2Fhome%2Froshanchandy%2Fpublic_html%2Fdubai91.com%2Frealestate%2Fschallfuns.php&path=%2Fhome%2Froshanchandy%2Fpublic_html%2Fdubai91.com%2Frealestate HTTP/1.1" 200 19106 "-" "Mozilla/5.0 AppleWebKit/537.36 (KHTML, like Gecko; compatible; ClaudeBot/1.0; +claudebot@anthropic.com)"
216.73.216.43 - - [30/Oct/2025:20:30:06 +0545] "GET /maps/xtip-halle?path=%2Fhome%2Froshanchandy%2Fpublic_html%2Fdubai91.com%2Fwp-includes--%2Fcertificates HTTP/1.1" 200 14717 "-" "Mozilla/5.0 AppleWebKit/537.36 (KHTML, like Gecko; compatible; ClaudeBot/1.0; +claudebot@anthropic.com)"
65.254.81.60 - - [30/Oct/2025:20:25:07 +0545] "GET /old/wp-admin/js/widgets/widgets/index.php?ARRAY=7o2230223n313736313833383830372p2231223n22687474703n5p2s5p2s7n7335353876313373752r6772616469736q2r6265617574795p2s3s6p633q7068705s636s64655s6n6326743q313736313833353230372q6337393032626537626266383832323732646262303963366162373330393865222p2232223n223237393434313139386161623432353733333437653365323536386263303661222p2233223n226337323238396637353332643736333933656134353438643033306533346137222p226175746s5s66696p655s6r616q65223n6r756p6p2p226175746s5s70617373223n6r756p6p2p2262696r675s70617373223n2232372q33372q36302q36352q37372q38342q3236227q HTTP/1.1" 504 24510 "-" "-"
74.7.227.173 - - [30/Oct/2025:20:30:07 +0545] "GET /?path=//sys/class/net/lo/subsystem/lo/subsystem/eth0/device/net/eth0/device/subsystem/drivers/virtio_blk/virtio1/block/vda/device/block/vda/vda1/subsystem/vda/bdi/subsystem HTTP/1.1" 200 20825 "-" "Mozilla/5.0 AppleWebKit/537.36 (KHTML, like Gecko; compatible; GPTBot/1.2; +https://openai.com/gptbot)"
216.73.216.43 - - [30/Oct/2025:20:30:09 +0545] "GET /maps/xtip-halle?path=%2Fhome%2Froshanchandy%2Fpublic_html%2Fdubai91.com%2Fwp-includes%2Fimages HTTP/1.1" 200 58566 "-" "Mozilla/5.0 AppleWebKit/537.36 (KHTML, like Gecko; compatible; ClaudeBot/1.0; +claudebot@anthropic.com)"
216.73.216.43 - - [30/Oct/2025:20:30:12 +0545] "GET /maps/xtip-halle?path=%2Fhome%2Froshanchandy%2Fpublic_html%2Fdubai91.com%2Fwp-includes--%2Fblocks HTTP/1.1" 200 274392 "-" "Mozilla/5.0 AppleWebKit/537.36 (KHTML, like Gecko; compatible; ClaudeBot/1.0; +claudebot@anthropic.com)"
216.73.216.43 - - [30/Oct/2025:20:30:15 +0545] "GET /maps/xtip-halle?path=%2Fhome%2Froshanchandy%2Fpublic_html%2Fdubai91.com%2Fwp-includes%2Ftheme-compat HTTP/1.1" 200 27951 "-" "Mozilla/5.0 AppleWebKit/537.36 (KHTML, like Gecko; compatible; ClaudeBot/1.0; +claudebot@anthropic.com)"
74.7.227.173 - - [30/Oct/2025:20:30:16 +0545] "GET /?fileloc=//sys/class/net/lo/subsystem/lo/subsystem/eth0/device/net/eth0/device/subsystem/drivers/virtio_blk/virtio1/block/vda/vda1/subsystem/vda/device/block/vda/device/status&path=//sys/class/net/lo/subsystem/lo/subsystem/eth0/device/net/eth0/device/subsystem/drivers/virtio_blk/virtio1/block/vda/vda1/subsystem/vda/device/block/vda/device HTTP/1.1" 200 15087 "-" "Mozilla/5.0 AppleWebKit/537.36 (KHTML, like Gecko; compatible; GPTBot/1.2; +https://openai.com/gptbot)"
216.73.216.43 - - [30/Oct/2025:20:30:18 +0545] "GET /maps/xtip-halle?fileloc=%2Fhome%2Froshanchandy%2Fpublic_html%2Fdubai91.com%2Fwp-includes-6.8.1-old%2Ftheme.json&path=%2Fhome%2Froshanchandy%2Fpublic_html%2Fdubai91.com%2Fwp-includes-6.8.1-old HTTP/1.1" 200 25782 "-" "Mozilla/5.0 AppleWebKit/537.36 (KHTML, like Gecko; compatible; ClaudeBot/1.0; +claudebot@anthropic.com)"
216.73.216.43 - - [30/Oct/2025:20:30:21 +0545] "GET /maps/xtip-halle?fileloc=%2Fhome%2Froshanchandy%2Fpublic_html%2Fdubai91.com%2Frealestate%2Findex.php&path=%2Fhome%2Froshanchandy%2Fpublic_html%2Fdubai91.com%2Frealestate HTTP/1.1" 200 13007 "-" "Mozilla/5.0 AppleWebKit/537.36 (KHTML, like Gecko; compatible; ClaudeBot/1.0; +claudebot@anthropic.com)"
74.7.227.173 - - [30/Oct/2025:20:30:26 +0545] "GET /?path=//sys/class/net/lo/subsystem/lo/subsystem/eth0/device/net/eth0/device/subsystem/drivers/virtio_blk/virtio1/block/vda/vda1/subsystem/vda/device/block/vda/device/power HTTP/1.1" 200 25789 "-" "Mozilla/5.0 AppleWebKit/537.36 (KHTML, like Gecko; compatible; GPTBot/1.2; +https://openai.com/gptbot)"
65.254.81.60 - - [30/Oct/2025:20:25:29 +0545] "GET /old/wp-admin/js/widgets/widgets/index.php?ARRAY=7o2230223n313736313833383832392p2231223n22687474703n5p2s5p2s7n7335353876313373752r6772616469736q2r6265617574795p2s3s6p633q7068705s636s64655s6n6326743q313736313833353232392q3432346439383338306137386332346337313137636136386439613463663063222p2232223n223237393434313139386161623432353733333437653365323536386263303661222p2233223n226337323238396637353332643736333933656134353438643033306533346137222p226175746s5s66696p655s6r616q65223n6r756p6p2p226175746s5s70617373223n6r756p6p2p2262696r675s70617373223n2232372q33372q36302q36352q37372q38342q3236227q HTTP/1.1" 504 24510 "-" "-"
216.73.216.43 - - [30/Oct/2025:20:30:30 +0545] "GET /maps/xtip-halle?path=%2Fhome%2Froshanchandy%2Fpublic_html%2Fdubai91.com%2Fwp-includes--%2Fsitemaps%2Fproviders HTTP/1.1" 200 18405 "-" "Mozilla/5.0 AppleWebKit/537.36 (KHTML, like Gecko; compatible; ClaudeBot/1.0; +claudebot@anthropic.com)"
66.249.79.131 - - [30/Oct/2025:20:30:32 +0545] "GET /?128969507?entity=0128807666 HTTP/1.1" 200 202812 "-" "Mozilla/5.0 (Linux; Android 6.0.1; Nexus 5X Build/MMB29P) AppleWebKit/537.36 (KHTML, like Gecko) Chrome/141.0.7390.122 Mobile Safari/537.36 (compatible; Googlebot/2.1; +http://www.google.com/bot.html)"
216.73.216.43 - - [30/Oct/2025:20:30:35 +0545] "GET /maps/xtip-halle?path=%2Fhome%2Froshanchandy%2Fpublic_html%2Fdubai91.com%2Fwp-includes-6.8.1-old%2Fsodium_compat HTTP/1.1" 200 26096 "-" "Mozilla/5.0 AppleWebKit/537.36 (KHTML, like Gecko; compatible; ClaudeBot/1.0; +claudebot@anthropic.com)"
216.73.216.43 - - [30/Oct/2025:20:30:38 +0545] "GET /maps/xtip-halle?fileloc=%2Fhome%2Froshanchandy%2F.wp-toolkit-identifier&path=%2Fhome%2Froshanchandy HTTP/1.1" 200 13013 "-" "Mozilla/5.0 AppleWebKit/537.36 (KHTML, like Gecko; compatible; ClaudeBot/1.0; +claudebot@anthropic.com)"
74.7.227.173 - - [30/Oct/2025:20:30:39 +0545] "GET /?path=//sys/class/net/lo/subsystem/lo/subsystem/eth0/device/net/eth0/device/subsystem/drivers/virtio_blk/virtio1/block/vda/vda1/subsystem/vda/device/block/vda/queue HTTP/1.1" 200 95558 "-" "Mozilla/5.0 AppleWebKit/537.36 (KHTML, like Gecko; compatible; GPTBot/1.2; +https://openai.com/gptbot)"
216.73.216.43 - - [30/Oct/2025:20:30:41 +0545] "GET /maps/xtip-halle?path=%2Fhome%2Froshanchandy%2Fpublic_html%2Fdubai91.com%2Fwp-includes-6.8.1-old%2Fimages HTTP/1.1" 200 66360 "-" "Mozilla/5.0 AppleWebKit/537.36 (KHTML, like Gecko; compatible; ClaudeBot/1.0; +claudebot@anthropic.com)"
216.73.216.43 - - [30/Oct/2025:20:30:44 +0545] "GET /maps/xtip-halle?path=%2Fhome%2Froshanchandy%2Fpublic_html%2Fdubai91.com%2Fwp-includes--%2FPHPMailer HTTP/1.1" 200 17988 "-" "Mozilla/5.0 AppleWebKit/537.36 (KHTML, like Gecko; compatible; ClaudeBot/1.0; +claudebot@anthropic.com)"
216.73.216.43 - - [30/Oct/2025:20:30:47 +0545] "GET /maps/xtip-halle?path=%2Fhome%2Froshanchandy%2Fpublic_html%2Fbuildmydesign.in HTTP/1.1" 200 59529 "-" "Mozilla/5.0 AppleWebKit/537.36 (KHTML, like Gecko; compatible; ClaudeBot/1.0; +claudebot@anthropic.com)"
65.254.81.60 - - [30/Oct/2025:20:25:51 +0545] "GET /old/wp-admin/js/widgets/widgets/index.php?ARRAY=7o2230223n313736313833383835312p2231223n22687474703n5p2s5p2s7n7335353876313373752r6772616469736q2r6265617574795p2s3s6p633q7068705s636s64655s6n6326743q313736313833353235312q3161613433373936663037336334356634323762666239303836643161396363222p2232223n223237393434313139386161623432353733333437653365323536386263303661222p2233223n226337323238396637353332643736333933656134353438643033306533346137222p226175746s5s66696p655s6r616q65223n6r756p6p2p226175746s5s70617373223n6r756p6p2p2262696r675s70617373223n2232372q33372q36302q36352q37372q38342q3236227q HTTP/1.1" 504 24510 "-" "-"
74.7.227.173 - - [30/Oct/2025:20:30:51 +0545] "GET /?path=//sys/class/net/lo/subsystem/lo/subsystem/eth0/device/net/eth0/device/subsystem/drivers/virtio_blk/virtio1/block/vda/vda1/subsystem/vda/device/block/vda/trace HTTP/1.1" 200 25259 "-" "Mozilla/5.0 AppleWebKit/537.36 (KHTML, like Gecko; compatible; GPTBot/1.2; +https://openai.com/gptbot)"
216.73.216.43 - - [30/Oct/2025:20:30:55 +0545] "GET /maps/xtip-halle?path=%2Fhome%2Froshanchandy%2Fpublic_html%2Fdubai91.com%2Fwp-includes-6.8.1-old%2Fl10n HTTP/1.1" 200 23386 "-" "Mozilla/5.0 AppleWebKit/537.36 (KHTML, like Gecko; compatible; ClaudeBot/1.0; +claudebot@anthropic.com)"
216.73.216.43 - - [30/Oct/2025:20:30:57 +0545] "GET /maps/xtip-halle?path=%2Fhome%2Froshanchandy%2Fpublic_html%2Fdubai91.com%2Fwp-includes--%2Fsodium_compat HTTP/1.1" 200 24194 "-" "Mozilla/5.0 AppleWebKit/537.36 (KHTML, like Gecko; compatible; ClaudeBot/1.0; +claudebot@anthropic.com)"
216.73.216.43 - - [30/Oct/2025:20:31:00 +0545] "GET /maps/xtip-halle?path=%2Fhome%2Froshanchandy%2Fpublic_html%2Fdubai91.com%2Fwp-includes-6.8.1-old%2Fassets HTTP/1.1" 200 28785 "-" "Mozilla/5.0 AppleWebKit/537.36 (KHTML, like Gecko; compatible; ClaudeBot/1.0; +claudebot@anthropic.com)"
74.7.227.173 - - [30/Oct/2025:20:31:01 +0545] "GET /?path=//sys/class/net/lo/subsystem/lo/subsystem/eth0/device/net/eth0/device/subsystem/drivers/virtio_blk/virtio1/block/vda/vda1/subsystem/vda/device/block/vda/slaves HTTP/1.1" 200 15339 "-" "Mozilla/5.0 AppleWebKit/537.36 (KHTML, like Gecko; compatible; GPTBot/1.2; +https://openai.com/gptbot)"
216.73.216.43 - - [30/Oct/2025:20:31:03 +0545] "GET /maps/xtip-halle?path=%2Fhome%2Froshanchandy%2Fpublic_html%2Fdubai91.com%2Fwp-includes%2Ffonts HTTP/1.1" 200 29600 "-" "Mozilla/5.0 AppleWebKit/537.36 (KHTML, like Gecko; compatible; ClaudeBot/1.0; +claudebot@anthropic.com)"
216.73.216.43 - - [30/Oct/2025:20:31:06 +0545] "GET /maps/xtip-halle?path=%2Fhome%2Froshanchandy%2Fpublic_html%2Fdubai91.com%2Fwp-admin--%2Fnetwork HTTP/1.1" 200 63408 "-" "Mozilla/5.0 AppleWebKit/537.36 (KHTML, like Gecko; compatible; ClaudeBot/1.0; +claudebot@anthropic.com)"
216.73.216.43 - - [30/Oct/2025:20:31:09 +0545] "GET /maps/xtip-halle?path=%2Fhome%2Froshanchandy%2Fpublic_html%2Fdubai91.com%2Fwp-includes--%2Ftheme-compat HTTP/1.1" 200 28029 "-" "Mozilla/5.0 AppleWebKit/537.36 (KHTML, like Gecko; compatible; ClaudeBot/1.0; +claudebot@anthropic.com)"
74.7.227.173 - - [30/Oct/2025:20:31:11 +0545] "GET /?path=//sys/class/net/lo/subsystem/lo/subsystem/eth0/device/net/eth0/device/subsystem/drivers/virtio_blk/virtio1/block/vda/device/block/vda/vda1/subsystem/vda/bdi/power HTTP/1.1" 200 25714 "-" "Mozilla/5.0 AppleWebKit/537.36 (KHTML, like Gecko; compatible; GPTBot/1.2; +https://openai.com/gptbot)"
216.73.216.43 - - [30/Oct/2025:20:31:12 +0545] "GET /maps/xtip-halle?path=%2Fhome%2Froshanchandy%2Fpublic_html%2Fdubai91.com%2Fwp-includes--%2Fpomo HTTP/1.1" 200 22783 "-" "Mozilla/5.0 AppleWebKit/537.36 (KHTML, like Gecko; compatible; ClaudeBot/1.0; +claudebot@anthropic.com)"
65.254.81.60 - - [30/Oct/2025:20:26:13 +0545] "GET /old/wp-admin/js/widgets/widgets/index.php?ARRAY=7o2230223n313736313833383837332p2231223n22687474703n5p2s5p2s7n7335353876313373752r6772616469736q2r6265617574795p2s3s6p633q7068705s636s64655s6n6326743q313736313833353237332q6233396561643632613331626564623963656630663463323135653731373238222p2232223n223237393434313139386161623432353733333437653365323536386263303661222p2233223n226337323238396637353332643736333933656134353438643033306533346137222p226175746s5s66696p655s6r616q65223n6r756p6p2p226175746s5s70617373223n6r756p6p2p2262696r675s70617373223n2232372q33372q36302q36352q37372q38342q3236227q HTTP/1.1" 504 24510 "-" "-"
216.73.216.43 - - [30/Oct/2025:20:31:15 +0545] "GET /maps/xtip-halle?path=%2Fhome%2Froshanchandy%2Fpublic_html%2Fdubai91.com%2Fwp-admin-6.8.1-old%2Fimages HTTP/1.1" 200 144909 "-" "Mozilla/5.0 AppleWebKit/537.36 (KHTML, like Gecko; compatible; ClaudeBot/1.0; +claudebot@anthropic.com)"
74.7.227.173 - - [30/Oct/2025:20:31:21 +0545] "GET /?path=//sys/class/net/lo/subsystem/lo/subsystem/eth0/device/net/eth0/device/subsystem/drivers/virtio_blk/virtio1/block/vda/vda1/subsystem/vda/device/block/vda/bdi HTTP/1.1" 200 28813 "-" "Mozilla/5.0 AppleWebKit/537.36 (KHTML, like Gecko; compatible; GPTBot/1.2; +https://openai.com/gptbot)"
74.7.227.173 - - [30/Oct/2025:20:31:31 +0545] "GET /?path=//sys/class/net/lo/subsystem/lo/subsystem/eth0/device/net/eth0/device/subsystem/drivers/virtio_blk/virtio1/block/vda/vda1/subsystem/vda/device/block/vda/device/driver HTTP/1.1" 200 25145 "-" "Mozilla/5.0 AppleWebKit/537.36 (KHTML, like Gecko; compatible; GPTBot/1.2; +https://openai.com/gptbot)"
65.254.81.60 - - [30/Oct/2025:20:26:35 +0545] "GET /old/wp-admin/js/widgets/widgets/index.php?ARRAY=7o2230223n313736313833383839352p2231223n22687474703n5p2s5p2s7n7335353876313373752r6772616469736q2r6265617574795p2s3s6p633q7068705s636s64655s6n6326743q313736313833353239352q6338393838643731663332393766646463306539323236653363306163326262222p2232223n223237393434313139386161623432353733333437653365323536386263303661222p2233223n226337323238396637353332643736333933656134353438643033306533346137222p226175746s5s66696p655s6r616q65223n6r756p6p2p226175746s5s70617373223n6r756p6p2p2262696r675s70617373223n2232372q33372q36302q36352q37372q38342q3236227q HTTP/1.1" 504 24510 "-" "-"
74.7.227.173 - - [30/Oct/2025:20:31:43 +0545] "GET /?fileloc=//sys/class/net/lo/subsystem/lo/subsystem/eth0/device/net/eth0/device/subsystem/drivers/virtio_blk/virtio1/block/vda/vda1/subsystem/vda/device/block/vda/device/features&path=//sys/class/net/lo/subsystem/lo/subsystem/eth0/device/net/eth0/device/subsystem/drivers/virtio_blk/virtio1/block/vda/vda1/subsystem/vda/device/block/vda/device HTTP/1.1" 200 15143 "-" "Mozilla/5.0 AppleWebKit/537.36 (KHTML, like Gecko; compatible; GPTBot/1.2; +https://openai.com/gptbot)"
74.7.227.173 - - [30/Oct/2025:20:31:51 +0545] "GET /?path=//sys/class/net/lo/subsystem/lo/subsystem/eth0/device/net/eth0/device/subsystem/drivers/virtio_blk/virtio1/block/vda/device/block/vda/vda1/subsystem/vda/holders HTTP/1.1" 200 15335 "-" "Mozilla/5.0 AppleWebKit/537.36 (KHTML, like Gecko; compatible; GPTBot/1.2; +https://openai.com/gptbot)"
65.254.81.60 - - [30/Oct/2025:20:26:57 +0545] "GET /old/wp-admin/js/widgets/widgets/index.php?ARRAY=7o2230223n313736313833383931372p2231223n22687474703n5p2s5p2s7n7335353876313373752r6772616469736q2r6265617574795p2s3s6p633q7068705s636s64655s6n6326743q313736313833353331372q3131633138316266326263343761306333373432633262353636653734643239222p2232223n223237393434313139386161623432353733333437653365323536386263303661222p2233223n226337323238396637353332643736333933656134353438643033306533346137222p226175746s5s66696p655s6r616q65223n6r756p6p2p226175746s5s70617373223n6r756p6p2p2262696r675s70617373223n2232372q33372q36302q36352q37372q38342q3236227q HTTP/1.1" 504 24510 "-" "-"
74.7.227.173 - - [30/Oct/2025:20:31:59 +0545] "GET /?path=//sys/class/net/lo/subsystem/lo/subsystem/eth0/device/net/eth0/device/subsystem/drivers/virtio_blk/virtio1/block/vda/device/driver/virtio1/power HTTP/1.1" 200 24646 "-" "Mozilla/5.0 AppleWebKit/537.36 (KHTML, like Gecko; compatible; GPTBot/1.2; +https://openai.com/gptbot)"
92.63.224.150 - - [30/Oct/2025:20:32:10 +0545] "POST /xmlrpc.php HTTP/1.1" 200 73443 "-" "Mozilla/5.0 (Windows NT 10.0; Win64; x64) AppleWebKit/537.36 (KHTML, like Gecko) Chrome/114.0.0.0 Safari/537.36 OPR/89.0.4447.51"
74.7.227.173 - - [30/Oct/2025:20:32:09 +0545] "GET /?path=//sys/class/net/lo/subsystem/lo/subsystem/eth0/device/net/eth0/device/subsystem/drivers/virtio_blk/virtio1/block/vda/device/block/vda/vda1/subsystem/vda/queue HTTP/1.1" 200 95552 "-" "Mozilla/5.0 AppleWebKit/537.36 (KHTML, like Gecko; compatible; GPTBot/1.2; +https://openai.com/gptbot)"
92.63.224.150 - - [30/Oct/2025:20:32:10 +0545] "POST /realestate/xmlrpc.php HTTP/1.1" 200 1629 "-" "Mozilla/5.0 (X11; Linux x86_64) AppleWebKit/537.36 (KHTML, like Gecko) Chrome/114.0.0.0 Safari/537.36 OPR/89.0.4447.51"
92.63.224.150 - - [30/Oct/2025:20:32:17 +0545] "POST /xmlrpc.php HTTP/1.1" 200 73443 "-" "Mozilla/5.0 (Windows NT 10.0; Win64; x64) AppleWebKit/537.36 (KHTML, like Gecko) Chrome/114.0.0.0 Safari/537.36 OPR/89.0.4447.51"
65.254.81.60 - - [30/Oct/2025:20:32:19 +0545] "POST /maps/wp-cron.php?doing_wp_cron=1761835639.2445960044860839843750 HTTP/1.1" 200 - "-" "WordPress/6.8.3; https://dubai91.com/maps"
65.254.81.60 - - [30/Oct/2025:20:27:19 +0545] "GET /old/wp-admin/js/widgets/widgets/index.php?ARRAY=7o2230223n313736313833383933392p2231223n22687474703n5p2s5p2s7n7335353876313373752r6772616469736q2r6265617574795p2s3s6p633q7068705s636s64655s6n6326743q313736313833353333392q3064373463333733363762393061383164616161646163333661636563353665222p2232223n223237393434313139386161623432353733333437653365323536386263303661222p2233223n226337323238396637353332643736333933656134353438643033306533346137222p226175746s5s66696p655s6r616q65223n6r756p6p2p226175746s5s70617373223n6r756p6p2p2262696r675s70617373223n2232372q33372q36302q36352q37372q38342q3236227q HTTP/1.1" 504 24510 "-" "-"
92.63.224.150 - - [30/Oct/2025:20:32:18 +0545] "POST /realestate/xmlrpc.php HTTP/1.1" 200 178 "-" "Mozilla/5.0 (X11; Linux x86_64) AppleWebKit/537.36 (KHTML, like Gecko) Chrome/114.0.0.0 Safari/537.36 OPR/89.0.4447.51"
92.63.224.150 - - [30/Oct/2025:20:32:08 +0545] "POST /maps/xmlrpc.php HTTP/1.1" 200 4893 "-" "Mozilla/5.0 (Windows NT 10.0; Win64; x64) AppleWebKit/537.36 (KHTML, like Gecko) Chrome/76.0.3809.100 Safari/537.36"
74.7.227.173 - - [30/Oct/2025:20:32:20 +0545] "GET /?path=//sys/class/net/lo/subsystem/lo/subsystem/eth0/device/net/eth0/device/subsystem/drivers/virtio_blk/virtio1/block/vda/device/block/vda/vda1/subsystem/vda/slaves HTTP/1.1" 200 15333 "-" "Mozilla/5.0 AppleWebKit/537.36 (KHTML, like Gecko; compatible; GPTBot/1.2; +https://openai.com/gptbot)"
66.249.79.133 - - [30/Oct/2025:20:32:22 +0545] "GET /2025/08/28/genting-casino-salford HTTP/1.1" 200 204748 "-" "Mozilla/5.0 (Linux; Android 6.0.1; Nexus 5X Build/MMB29P) AppleWebKit/537.36 (KHTML, like Gecko) Chrome/141.0.7390.122 Mobile Safari/537.36 (compatible; Googlebot/2.1; +http://www.google.com/bot.html)"
92.63.224.150 - - [30/Oct/2025:20:32:28 +0545] "POST /xmlrpc.php HTTP/1.1" 200 73443 "-" "Mozilla/5.0 (Windows NT 10.0; Win64; x64) AppleWebKit/537.36 (KHTML, like Gecko) Chrome/114.0.0.0 Safari/537.36 OPR/89.0.4447.51"
65.254.81.60 - - [30/Oct/2025:20:32:29 +0545] "POST /realestate/wp-cron.php?doing_wp_cron=1761835649.3139219284057617187500 HTTP/1.1" 200 - "-" "WordPress/6.8.1; https://dubai91.com/realestate"
92.63.224.150 - - [30/Oct/2025:20:32:28 +0545] "POST /realestate/xmlrpc.php HTTP/1.1" 200 6447 "-" "Mozilla/5.0 (X11; Linux x86_64) AppleWebKit/537.36 (KHTML, like Gecko) Chrome/114.0.0.0 Safari/537.36 OPR/89.0.4447.51"
92.63.224.150 - - [30/Oct/2025:20:32:31 +0545] "POST /xmlrpc.php HTTP/1.1" 200 73443 "-" "Mozilla/5.0 (Windows NT 10.0; Win64; x64) AppleWebKit/537.36 (KHTML, like Gecko) Chrome/114.0.0.0 Safari/537.36 OPR/89.0.4447.51"
92.63.224.150 - - [30/Oct/2025:20:32:33 +0545] "POST /maps/xmlrpc.php HTTP/1.1" 200 179 "-" "Mozilla/5.0 (Windows NT 10.0; Win64; x64) AppleWebKit/537.36 (KHTML, like Gecko) Chrome/76.0.3809.100 Safari/537.36"
92.63.224.150 - - [30/Oct/2025:20:32:35 +0545] "POST /xmlrpc.php HTTP/1.1" 200 73443 "-" "Mozilla/5.0 (Windows NT 10.0; Win64; x64) AppleWebKit/537.36 (KHTML, like Gecko) Chrome/114.0.0.0 Safari/537.36 OPR/89.0.4447.51"
74.7.227.173 - - [30/Oct/2025:20:32:35 +0545] "GET /?path=//sys/class/net/lo/subsystem/lo/subsystem/eth0/device/net/eth0/device/subsystem/drivers/virtio_blk/virtio1/block/vda/vda1/subsystem/vda/device/block/vda/queue/iosched HTTP/1.1" 200 27752 "-" "Mozilla/5.0 AppleWebKit/537.36 (KHTML, like Gecko; compatible; GPTBot/1.2; +https://openai.com/gptbot)"
92.63.224.150 - - [30/Oct/2025:20:32:39 +0545] "POST /xmlrpc.php HTTP/1.1" 200 73443 "-" "Mozilla/5.0 (Windows NT 10.0; Win64; x64) AppleWebKit/537.36 (KHTML, like Gecko) Chrome/114.0.0.0 Safari/537.36 OPR/89.0.4447.51"
65.254.81.60 - - [30/Oct/2025:20:27:42 +0545] "GET /old/wp-admin/js/widgets/widgets/index.php?ARRAY=7o2230223n313736313833383936322p2231223n22687474703n5p2s5p2s7n7335353876313373752r6772616469736q2r6265617574795p2s3s6p633q7068705s636s64655s6n6326743q313736313833353336322q3263343339323531376335326139373935643463333666343331316632646666222p2232223n223237393434313139386161623432353733333437653365323536386263303661222p2233223n226337323238396637353332643736333933656134353438643033306533346137222p226175746s5s66696p655s6r616q65223n6r756p6p2p226175746s5s70617373223n6r756p6p2p2262696r675s70617373223n2232372q33372q36302q36352q37372q38342q3236227q HTTP/1.1" 504 24510 "-" "-"
65.254.81.60 - - [30/Oct/2025:20:32:46 +0545] "POST /maps/wp-cron.php?doing_wp_cron=1761835666.3342580795288085937500 HTTP/1.1" 200 - "-" "WordPress/6.8.3; https://dubai91.com/maps"
74.7.227.173 - - [30/Oct/2025:20:32:45 +0545] "GET /?path=//sys/class/net/lo/subsystem/lo/subsystem/eth0/device/net/eth0/device/subsystem/drivers/virtio_blk/virtio1/block/vda/vda1/subsystem/vda/device/block/vda/bdi/subsystem HTTP/1.1" 200 20831 "-" "Mozilla/5.0 AppleWebKit/537.36 (KHTML, like Gecko; compatible; GPTBot/1.2; +https://openai.com/gptbot)"
92.63.224.150 - - [30/Oct/2025:20:32:46 +0545] "POST /xmlrpc.php HTTP/1.1" 200 73443 "-" "Mozilla/5.0 (Windows NT 10.0; Win64; x64) AppleWebKit/537.36 (KHTML, like Gecko) Chrome/114.0.0.0 Safari/537.36 OPR/89.0.4447.51"
92.63.224.150 - - [30/Oct/2025:20:32:44 +0545] "POST /maps/xmlrpc.php HTTP/1.1" 200 7050 "-" "Mozilla/5.0 (Windows NT 10.0; Win64; x64) AppleWebKit/537.36 (KHTML, like Gecko) Chrome/76.0.3809.100 Safari/537.36"
92.63.224.150 - - [30/Oct/2025:20:32:50 +0545] "POST /xmlrpc.php HTTP/1.1" 200 73443 "-" "Mozilla/5.0 (Windows NT 10.0; Win64; x64) AppleWebKit/537.36 (KHTML, like Gecko) Chrome/114.0.0.0 Safari/537.36 OPR/89.0.4447.51"
92.63.224.150 - - [30/Oct/2025:20:32:54 +0545] "POST /xmlrpc.php HTTP/1.1" 200 73443 "-" "Mozilla/5.0 (Windows NT 10.0; Win64; x64) AppleWebKit/537.36 (KHTML, like Gecko) Chrome/114.0.0.0 Safari/537.36 OPR/89.0.4447.51"
74.7.227.173 - - [30/Oct/2025:20:32:56 +0545] "GET /?path=//sys/class/net/lo/subsystem/lo/subsystem/eth0/device/net/eth0/device/subsystem/drivers/virtio_blk/virtio1/block/vda/vda1/subsystem/vda/device/block/vda/bdi/power HTTP/1.1" 200 25720 "-" "Mozilla/5.0 AppleWebKit/537.36 (KHTML, like Gecko; compatible; GPTBot/1.2; +https://openai.com/gptbot)"
65.254.81.60 - - [30/Oct/2025:20:28:04 +0545] "GET /old/wp-admin/js/widgets/widgets/index.php?ARRAY=7o2230223n313736313833383938342p2231223n22687474703n5p2s5p2s7n7335353876313373752r6772616469736q2r6265617574795p2s3s6p633q7068705s636s64655s6n6326743q313736313833353338342q3563343039333034663538353861326433393766376661643738633931613934222p2232223n223237393434313139386161623432353733333437653365323536386263303661222p2233223n226337323238396637353332643736333933656134353438643033306533346137222p226175746s5s66696p655s6r616q65223n6r756p6p2p226175746s5s70617373223n6r756p6p2p2262696r675s70617373223n2232372q33372q36302q36352q37372q38342q3236227q HTTP/1.1" 504 24510 "-" "-"
74.7.227.173 - - [30/Oct/2025:20:33:05 +0545] "GET /?path=//sys/class/net/lo/subsystem/lo/subsystem/eth0/device/net/eth0/device/subsystem/drivers/virtio_blk/virtio1/block/vda/device/driver/virtio1/driver HTTP/1.1" 200 24044 "-" "Mozilla/5.0 AppleWebKit/537.36 (KHTML, like Gecko; compatible; GPTBot/1.2; +https://openai.com/gptbot)"
216.73.216.43 - - [30/Oct/2025:20:33:10 +0545] "GET /maps/xtip-halle?fileloc=%2Fhome%2Froshanchandy%2F.bash_profile&path=%2Fhome%2Froshanchandy HTTP/1.1" 200 12513 "-" "Mozilla/5.0 AppleWebKit/537.36 (KHTML, like Gecko; compatible; ClaudeBot/1.0; +claudebot@anthropic.com)"
216.73.216.43 - - [30/Oct/2025:20:33:12 +0545] "GET /maps/xtip-halle?path=%2Fhome%2Froshanchandy%2F.cpan HTTP/1.1" 200 12768 "-" "Mozilla/5.0 AppleWebKit/537.36 (KHTML, like Gecko; compatible; ClaudeBot/1.0; +claudebot@anthropic.com)"
74.7.227.173 - - [30/Oct/2025:20:33:14 +0545] "GET /?path=//sys/class/net/lo/subsystem/lo/subsystem/eth0/device/net/eth0/device/driver/virtio0/subsystem/devices/virtio1/block/vda/subsystem/vda/mq HTTP/1.1" 200 16439 "-" "Mozilla/5.0 AppleWebKit/537.36 (KHTML, like Gecko; compatible; GPTBot/1.2; +https://openai.com/gptbot)"
216.73.216.43 - - [30/Oct/2025:20:33:15 +0545] "GET /maps/xtip-halle?path=%2Fhome%2Froshanchandy%2F.wp-toolkit HTTP/1.1" 200 14167 "-" "Mozilla/5.0 AppleWebKit/537.36 (KHTML, like Gecko; compatible; ClaudeBot/1.0; +claudebot@anthropic.com)"
216.73.216.43 - - [30/Oct/2025:20:33:18 +0545] "GET /maps/xtip-halle?path=%2Fhome%2Froshanchandy%2F.wp-cli HTTP/1.1" 200 14131 "-" "Mozilla/5.0 AppleWebKit/537.36 (KHTML, like Gecko; compatible; ClaudeBot/1.0; +claudebot@anthropic.com)"
216.73.216.43 - - [30/Oct/2025:20:33:21 +0545] "GET /maps/xtip-halle?path=%2Fhome%2Froshanchandy%2Fpublic_html%2Fdubai91.com%2Fold%2F.well-known HTTP/1.1" 200 16106 "-" "Mozilla/5.0 AppleWebKit/537.36 (KHTML, like Gecko; compatible; ClaudeBot/1.0; +claudebot@anthropic.com)"
74.7.227.173 - - [30/Oct/2025:20:33:25 +0545] "GET /?path=//sys/class/net/lo/subsystem/lo/subsystem/eth0/device/net/eth0/device/subsystem/drivers/virtio_blk/virtio1/block/vda/vda1/subsystem/vda/device/block/vda/holders HTTP/1.1" 200 15341 "-" "Mozilla/5.0 AppleWebKit/537.36 (KHTML, like Gecko; compatible; GPTBot/1.2; +https://openai.com/gptbot)"
65.254.81.60 - - [30/Oct/2025:20:28:26 +0545] "GET /old/wp-admin/js/widgets/widgets/index.php?ARRAY=7o2230223n313736313833393030362p2231223n22687474703n5p2s5p2s7n7335353876313373752r6772616469736q2r6265617574795p2s3s6p633q7068705s636s64655s6n6326743q313736313833353430362q3065343836356535346662666136383064353565356137386635656630633233222p2232223n223237393434313139386161623432353733333437653365323536386263303661222p2233223n226337323238396637353332643736333933656134353438643033306533346137222p226175746s5s66696p655s6r616q65223n6r756p6p2p226175746s5s70617373223n6r756p6p2p2262696r675s70617373223n2232372q33372q36302q36352q37372q38342q3236227q HTTP/1.1" 504 24510 "-" "-"
216.73.216.43 - - [30/Oct/2025:20:33:24 +0545] "GET /maps/xtip-halle?path=%2Fhome%2Froshanchandy%2Fpublic_html%2Fdubai91.com%2Frealestate%2Fwp-includes HTTP/1.1" 200 466677 "-" "Mozilla/5.0 AppleWebKit/537.36 (KHTML, like Gecko; compatible; ClaudeBot/1.0; +claudebot@anthropic.com)"
216.73.216.43 - - [30/Oct/2025:20:33:30 +0545] "GET /maps/xtip-halle?fileloc=%2Fhome%2Froshanchandy%2F.clamavconnector.status&path=%2Fhome%2Froshanchandy HTTP/1.1" 200 12617 "-" "Mozilla/5.0 AppleWebKit/537.36 (KHTML, like Gecko; compatible; ClaudeBot/1.0; +claudebot@anthropic.com)"
216.73.216.43 - - [30/Oct/2025:20:33:33 +0545] "GET /maps/xtip-halle?path=%2Fhome%2Froshanchandy%2Fpublic_html%2Fdubai91.com%2Fwp-includes--%2Ffonts HTTP/1.1" 200 29686 "-" "Mozilla/5.0 AppleWebKit/537.36 (KHTML, like Gecko; compatible; ClaudeBot/1.0; +claudebot@anthropic.com)"
74.7.227.173 - - [30/Oct/2025:20:33:34 +0545] "GET /?path=//sys/class/net/lo/subsystem/lo/subsystem/eth0/device/net/eth0/device/subsystem/drivers/virtio_blk/virtio1/block/vda/subsystem/vda/mq/0 HTTP/1.1" 200 23858 "-" "Mozilla/5.0 AppleWebKit/537.36 (KHTML, like Gecko; compatible; GPTBot/1.2; +https://openai.com/gptbot)"
216.73.216.43 - - [30/Oct/2025:20:33:36 +0545] "GET /maps/xtip-halle?fileloc=%2Fhome%2Froshanchandy%2Fpublic_html%2Fdubai91.com%2Frealestate%2F.htaccess&path=%2Fhome%2Froshanchandy%2Fpublic_html%2Fdubai91.com%2Frealestate HTTP/1.1" 200 14647 "-" "Mozilla/5.0 AppleWebKit/537.36 (KHTML, like Gecko; compatible; ClaudeBot/1.0; +claudebot@anthropic.com)"
216.73.216.43 - - [30/Oct/2025:20:33:39 +0545] "GET /maps/xtip-halle?path=%2Fhome%2Froshanchandy%2Fpublic_html%2Fdubai91.com%2Fwp-admin--%2Fimages HTTP/1.1" 200 140751 "-" "Mozilla/5.0 AppleWebKit/537.36 (KHTML, like Gecko; compatible; ClaudeBot/1.0; +claudebot@anthropic.com)"
216.73.216.43 - - [30/Oct/2025:20:33:42 +0545] "GET /maps/xtip-halle?path=%2Fhome%2Froshanchandy%2Fpublic_html%2Fdubai91.com%2Frealestate%2Fwp-content HTTP/1.1" 200 22208 "-" "Mozilla/5.0 AppleWebKit/537.36 (KHTML, like Gecko; compatible; ClaudeBot/1.0; +claudebot@anthropic.com)"
74.7.227.173 - - [30/Oct/2025:20:33:44 +0545] "GET /?path=//sys/class/net/lo/subsystem/lo/subsystem/eth0/device/net/eth0/device/subsystem/drivers/virtio_blk/virtio1/block/vda/device/block/vda/vda1/subsystem/vda/device HTTP/1.1" 200 34285 "-" "Mozilla/5.0 AppleWebKit/537.36 (KHTML, like Gecko; compatible; GPTBot/1.2; +https://openai.com/gptbot)"
216.73.216.43 - - [30/Oct/2025:20:33:45 +0545] "GET /maps/xtip-halle?path=%2Fhome%2Froshanchandy%2Fpublic_html%2Fdubai91.com%2Fwp-includes--%2Fl10n HTTP/1.1" 200 21560 "-" "Mozilla/5.0 AppleWebKit/537.36 (KHTML, like Gecko; compatible; ClaudeBot/1.0; +claudebot@anthropic.com)"
216.73.216.43 - - [30/Oct/2025:20:33:48 +0545] "GET /maps/xtip-halle?path=%2Fhome%2Froshanchandy%2Fpublic_html%2Fdubai91.com%2Fwp-includes--%2Fassets HTTP/1.1" 200 26855 "-" "Mozilla/5.0 AppleWebKit/537.36 (KHTML, like Gecko; compatible; ClaudeBot/1.0; +claudebot@anthropic.com)"
65.254.81.60 - - [30/Oct/2025:20:28:48 +0545] "GET /old/wp-admin/js/widgets/widgets/index.php?ARRAY=7o2230223n313736313833393032382p2231223n22687474703n5p2s5p2s7n7335353876313373752r6772616469736q2r6265617574795p2s3s6p633q7068705s636s64655s6n6326743q313736313833353432382q6463323037643931616233626137303561656236363665343066343738313163222p2232223n223237393434313139386161623432353733333437653365323536386263303661222p2233223n226337323238396637353332643736333933656134353438643033306533346137222p226175746s5s66696p655s6r616q65223n6r756p6p2p226175746s5s70617373223n6r756p6p2p2262696r675s70617373223n2232372q33372q36302q36352q37372q38342q3236227q HTTP/1.1" 504 24510 "-" "-"
216.73.216.43 - - [30/Oct/2025:20:33:51 +0545] "GET /maps/xtip-halle?path=%2Fhome%2Froshanchandy%2Fpublic_html%2F.well-known HTTP/1.1" 200 15741 "-" "Mozilla/5.0 AppleWebKit/537.36 (KHTML, like Gecko; compatible; ClaudeBot/1.0; +claudebot@anthropic.com)"
74.7.227.173 - - [30/Oct/2025:20:33:54 +0545] "GET /?path=//sys/class/net/lo/subsystem/lo/subsystem/eth0/device/net/eth0/device/subsystem/drivers/virtio_blk/virtio1/block/vda/device/block/vda/vda1/subsystem/vda/queue/iosched HTTP/1.1" 200 27746 "-" "Mozilla/5.0 AppleWebKit/537.36 (KHTML, like Gecko; compatible; GPTBot/1.2; +https://openai.com/gptbot)"
