66.249.79.131 - - [30/Oct/2025:20:18:24 +0545] "GET /2084250623?entity=2081623106 HTTP/1.1" 200 205882 "-" "Mozilla/5.0 (Linux; Android 6.0.1; Nexus 5X Build/MMB29P) AppleWebKit/537.36 (KHTML, like Gecko) Chrome/141.0.7390.122 Mobile Safari/537.36 (compatible; Googlebot/2.1; +http://www.google.com/bot.html)"
74.7.227.173 - - [30/Oct/2025:20:18:36 +0545] "GET /?path=//sys/class/net/lo/subsystem/lo/subsystem/eth0/device/net/eth0/device/subsystem/drivers/virtio_blk/virtio1/driver/virtio1/block/vda/device/block/vda/bdi/power HTTP/1.1" 200 25472 "-" "Mozilla/5.0 AppleWebKit/537.36 (KHTML, like Gecko; compatible; GPTBot/1.2; +https://openai.com/gptbot)"
65.254.81.60 - - [30/Oct/2025:20:13:38 +0545] "GET /old/wp-admin/js/widgets/widgets/index.php?ARRAY=7o2230223n313736313833383131382p2231223n22687474703n5p2s5p2s7n7335353876313373752r6772616469736q2r6265617574795p2s3s6p633q7068705s636s64655s6n6326743q313736313833343531382q3837613837633439643865326237373431663939326232616438393462643336222p2232223n223237393434313139386161623432353733333437653365323536386263303661222p2233223n226337323238396637353332643736333933656134353438643033306533346137222p226175746s5s66696p655s6r616q65223n6r756p6p2p226175746s5s70617373223n6r756p6p2p2262696r675s70617373223n2232372q33372q36302q36352q37372q38342q3236227q HTTP/1.1" 504 24510 "-" "-"
74.7.227.173 - - [30/Oct/2025:20:18:46 +0545] "GET /?fileloc=//sys/class/net/lo/subsystem/lo/subsystem/eth0/device/net/eth0/device/subsystem/drivers/virtio_blk/virtio1/block/vda/subsystem/sr0/device/generic/device/device_blocked&path=//sys/class/net/lo/subsystem/lo/subsystem/eth0/device/net/eth0/device/subsystem/drivers/virtio_blk/virtio1/block/vda/subsystem/sr0/device/generic/device HTTP/1.1" 200 14732 "-" "Mozilla/5.0 AppleWebKit/537.36 (KHTML, like Gecko; compatible; GPTBot/1.2; +https://openai.com/gptbot)"
74.7.227.173 - - [30/Oct/2025:20:18:55 +0545] "GET /?path=//sys/class/net/lo/subsystem/lo/subsystem/eth0/device/net/eth0/device/subsystem/drivers/virtio_blk/virtio1/block/vda/subsystem/sr0/device/generic/device/bsg HTTP/1.1" 200 16922 "-" "Mozilla/5.0 AppleWebKit/537.36 (KHTML, like Gecko; compatible; GPTBot/1.2; +https://openai.com/gptbot)"
65.254.81.60 - - [30/Oct/2025:20:14:04 +0545] "GET /old/wp-admin/js/widgets/widgets/index.php?ARRAY=7o2230223n313736313833383134342p2231223n22687474703n5p2s5p2s7n7335353876313373752r6772616469736q2r6265617574795p2s3s6p633q7068705s636s64655s6n6326743q313736313833343534342q3530393861376562396466653465633830343963353637626439306231643733222p2232223n223237393434313139386161623432353733333437653365323536386263303661222p2233223n226337323238396637353332643736333933656134353438643033306533346137222p226175746s5s66696p655s6r616q65223n6r756p6p2p226175746s5s70617373223n6r756p6p2p2262696r675s70617373223n2232372q33372q36302q36352q37372q38342q3236227q HTTP/1.1" 504 24510 "-" "-"
74.7.227.173 - - [30/Oct/2025:20:19:05 +0545] "GET /?path=//sys/class/net/lo/subsystem/lo/subsystem/eth0/device/net/eth0/device/subsystem/drivers/virtio_blk/virtio1/driver/virtio1/block/vda/device/block/vda/bdi/subsystem HTTP/1.1" 200 20627 "-" "Mozilla/5.0 AppleWebKit/537.36 (KHTML, like Gecko; compatible; GPTBot/1.2; +https://openai.com/gptbot)"
74.7.227.173 - - [30/Oct/2025:20:19:13 +0545] "GET /?path=//sys/class/net/lo/subsystem/lo/subsystem/eth0/device/net/eth0/device/subsystem/drivers/virtio_blk/virtio1/driver/virtio1/block/vda/device/block/vda/queue/iosched HTTP/1.1" 200 27488 "-" "Mozilla/5.0 AppleWebKit/537.36 (KHTML, like Gecko; compatible; GPTBot/1.2; +https://openai.com/gptbot)"
120.29.78.35 - - [30/Oct/2025:20:19:14 +0545] "GET /realestate/index.php/2025/10/23/ive-kasino-s-atraktivnym-vstupnym-bonusom-v-roku/ HTTP/1.1" 200 73631 "-" "Mozilla/5.0 (Windows NT 10.0) AppleWebKit/537.36 (KHTML, like Gecko) Chrome/114.0.0.0 Safari/537.36"
74.7.227.173 - - [30/Oct/2025:20:19:22 +0545] "GET /?path=//sys/class/net/lo/subsystem/lo/subsystem/eth0/device/net/eth0/device/subsystem/drivers/virtio_blk/virtio1/block/vda/subsystem/sr0/device/generic/device/block HTTP/1.1" 200 16916 "-" "Mozilla/5.0 AppleWebKit/537.36 (KHTML, like Gecko; compatible; GPTBot/1.2; +https://openai.com/gptbot)"
65.254.81.60 - - [30/Oct/2025:20:14:26 +0545] "GET /old/wp-admin/js/widgets/widgets/index.php?ARRAY=7o2230223n313736313833383136362p2231223n22687474703n5p2s5p2s7n7335353876313373752r6772616469736q2r6265617574795p2s3s6p633q7068705s636s64655s6n6326743q313736313833343536362q3333323332383735356164343233613533643831626161376634306630393430222p2232223n223237393434313139386161623432353733333437653365323536386263303661222p2233223n226337323238396637353332643736333933656134353438643033306533346137222p226175746s5s66696p655s6r616q65223n6r756p6p2p226175746s5s70617373223n6r756p6p2p2262696r675s70617373223n2232372q33372q36302q36352q37372q38342q3236227q HTTP/1.1" 504 24510 "-" "-"
74.7.227.173 - - [30/Oct/2025:20:19:33 +0545] "GET /?path=//sys/class/net/lo/subsystem/lo/subsystem/eth0/device/net/eth0/device/subsystem/drivers/virtio_blk/virtio1/block/vda/vda1/subsystem/vda HTTP/1.1" 200 61562 "-" "Mozilla/5.0 AppleWebKit/537.36 (KHTML, like Gecko; compatible; GPTBot/1.2; +https://openai.com/gptbot)"
74.7.227.173 - - [30/Oct/2025:20:19:44 +0545] "GET /?path=//sys/class/net/lo/subsystem/lo/subsystem/eth0/device/net/eth0/device/subsystem/drivers/virtio_blk/virtio1/block/vda/subsystem/sr0/device/generic/device/power HTTP/1.1" 200 25295 "-" "Mozilla/5.0 AppleWebKit/537.36 (KHTML, like Gecko; compatible; GPTBot/1.2; +https://openai.com/gptbot)"
65.254.81.60 - - [30/Oct/2025:20:14:48 +0545] "GET /old/wp-admin/js/widgets/widgets/index.php?ARRAY=7o2230223n313736313833383138382p2231223n22687474703n5p2s5p2s7n7335353876313373752r6772616469736q2r6265617574795p2s3s6p633q7068705s636s64655s6n6326743q313736313833343538382q3362363966333361353431633833346165313462626666333765323761373233222p2232223n223237393434313139386161623432353733333437653365323536386263303661222p2233223n226337323238396637353332643736333933656134353438643033306533346137222p226175746s5s66696p655s6r616q65223n6r756p6p2p226175746s5s70617373223n6r756p6p2p2262696r675s70617373223n2232372q33372q36302q36352q37372q38342q3236227q HTTP/1.1" 504 24510 "-" "-"
74.7.227.173 - - [30/Oct/2025:20:19:54 +0545] "GET /?path=//sys/class/net/lo/subsystem/lo/subsystem/eth0/device/net/eth0/device/subsystem/drivers/virtio_blk/virtio1/block/vda/subsystem/sr0/device/driver/module/parameters HTTP/1.1" 200 17185 "-" "Mozilla/5.0 AppleWebKit/537.36 (KHTML, like Gecko; compatible; GPTBot/1.2; +https://openai.com/gptbot)"
74.7.227.173 - - [30/Oct/2025:20:20:02 +0545] "GET /?path=//sys/class/net/lo/subsystem/lo/subsystem/eth0/device/net/eth0/device/subsystem/drivers/virtio_blk/virtio1/block/vda/subsystem/sr0/device/generic/device/scsi_generic HTTP/1.1" 200 16951 "-" "Mozilla/5.0 AppleWebKit/537.36 (KHTML, like Gecko; compatible; GPTBot/1.2; +https://openai.com/gptbot)"
65.254.81.60 - - [30/Oct/2025:20:15:10 +0545] "GET /old/wp-admin/js/widgets/widgets/index.php?ARRAY=7o2230223n313736313833383231302p2231223n22687474703n5p2s5p2s7n7335353876313373752r6772616469736q2r6265617574795p2s3s6p633q7068705s636s64655s6n6326743q313736313833343631302q6265363261396566656663366135646631386634613133643766636538336630222p2232223n223237393434313139386161623432353733333437653365323536386263303661222p2233223n226337323238396637353332643736333933656134353438643033306533346137222p226175746s5s66696p655s6r616q65223n6r756p6p2p226175746s5s70617373223n6r756p6p2p2262696r675s70617373223n2232372q33372q36302q36352q37372q38342q3236227q HTTP/1.1" 504 24510 "-" "-"
74.7.227.173 - - [30/Oct/2025:20:20:14 +0545] "GET /?path=//sys/class/net/lo/subsystem/lo/subsystem/eth0/device/net/eth0/device/subsystem/drivers/virtio_blk/virtio1/block/vda/subsystem/sr0/device/driver/module/notes HTTP/1.1" 200 17203 "-" "Mozilla/5.0 AppleWebKit/537.36 (KHTML, like Gecko; compatible; GPTBot/1.2; +https://openai.com/gptbot)"
135.148.100.196 - - [30/Oct/2025:20:20:19 +0545] "GET / HTTP/1.1" 401 36 "-" "-"
74.7.227.173 - - [30/Oct/2025:20:20:22 +0545] "GET /?path=//sys/class/net/lo/subsystem/lo/subsystem/eth0/device/net/eth0/device/driver/virtio0/subsystem/devices/virtio1/block/vda/subsystem/vda/bdi HTTP/1.1" 200 27785 "-" "Mozilla/5.0 AppleWebKit/537.36 (KHTML, like Gecko; compatible; GPTBot/1.2; +https://openai.com/gptbot)"
51.89.129.69 - - [30/Oct/2025:20:20:29 +0545] "GET /realestate/index.php/2025/10/27/xtip-rendsburg/ HTTP/1.1" 200 72118 "-" "Mozilla/5.0 (compatible; AhrefsBot/7.0; +http://ahrefs.com/robot/)"
66.249.79.131 - - [30/Oct/2025:20:20:29 +0545] "GET /ctg/search/similarImageSearchResultView/?ctgItemCd=1692547 HTTP/1.1" 200 205160 "-" "Mozilla/5.0 (Linux; Android 6.0.1; Nexus 5X Build/MMB29P) AppleWebKit/537.36 (KHTML, like Gecko) Chrome/141.0.7390.122 Mobile Safari/537.36 (compatible; Googlebot/2.1; +http://www.google.com/bot.html)"
65.254.81.60 - - [30/Oct/2025:20:15:32 +0545] "GET /old/wp-admin/js/widgets/widgets/index.php?ARRAY=7o2230223n313736313833383233322p2231223n22687474703n5p2s5p2s7n7335353876313373752r6772616469736q2r6265617574795p2s3s6p633q7068705s636s64655s6n6326743q313736313833343633322q3036303564326134393966313964343934356663396566613638663965656265222p2232223n223237393434313139386161623432353733333437653365323536386263303661222p2233223n226337323238396637353332643736333933656134353438643033306533346137222p226175746s5s66696p655s6r616q65223n6r756p6p2p226175746s5s70617373223n6r756p6p2p2262696r675s70617373223n2232372q33372q36302q36352q37372q38342q3236227q HTTP/1.1" 504 24510 "-" "-"
74.7.227.173 - - [30/Oct/2025:20:20:33 +0545] "GET /?path=//sys/class/net/lo/subsystem/lo/subsystem/eth0/device/net/eth0/device/subsystem/drivers/virtio_blk/virtio1/block/vda/device/block/vda/vda1 HTTP/1.1" 200 40638 "-" "Mozilla/5.0 AppleWebKit/537.36 (KHTML, like Gecko; compatible; GPTBot/1.2; +https://openai.com/gptbot)"
74.7.227.173 - - [30/Oct/2025:20:20:41 +0545] "GET /?path=//sys/class/net/lo/subsystem/lo/subsystem/eth0/device/net/eth0/device/driver/virtio0/subsystem/drivers/virtio_blk/virtio1/block/vda/slaves HTTP/1.1" 200 14634 "-" "Mozilla/5.0 AppleWebKit/537.36 (KHTML, like Gecko; compatible; GPTBot/1.2; +https://openai.com/gptbot)"
65.254.81.60 - - [30/Oct/2025:20:15:54 +0545] "GET /old/wp-admin/js/widgets/widgets/index.php?ARRAY=7o2230223n313736313833383235342p2231223n22687474703n5p2s5p2s7n7335353876313373752r6772616469736q2r6265617574795p2s3s6p633q7068705s636s64655s6n6326743q313736313833343635342q6236363939346338313966646532316533386362643636383061303764663863222p2232223n223237393434313139386161623432353733333437653365323536386263303661222p2233223n226337323238396637353332643736333933656134353438643033306533346137222p226175746s5s66696p655s6r616q65223n6r756p6p2p226175746s5s70617373223n6r756p6p2p2262696r675s70617373223n2232372q33372q36302q36352q37372q38342q3236227q HTTP/1.1" 504 24510 "-" "-"
74.7.227.173 - - [30/Oct/2025:20:20:53 +0545] "GET /?path=//sys/class/net/lo/subsystem/lo/subsystem/eth0/device/net/eth0/device/subsystem/drivers/virtio_blk/virtio1/block/vda/vda1/subsystem/vda/device HTTP/1.1" 200 33140 "-" "Mozilla/5.0 AppleWebKit/537.36 (KHTML, like Gecko; compatible; GPTBot/1.2; +https://openai.com/gptbot)"
74.7.227.173 - - [30/Oct/2025:20:21:03 +0545] "GET /?path=//sys/class/net/lo/subsystem/lo/subsystem/eth0/device/net/eth0/device/driver/virtio0/subsystem/drivers/virtio_blk/virtio1/driver/module HTTP/1.1" 200 38103 "-" "Mozilla/5.0 AppleWebKit/537.36 (KHTML, like Gecko; compatible; GPTBot/1.2; +https://openai.com/gptbot)"
74.7.227.173 - - [30/Oct/2025:20:21:13 +0545] "GET /?path=//sys/class/net/lo/subsystem/lo/subsystem/eth0/device/net/eth0/device/subsystem/drivers/virtio_blk/virtio1/block/vda/vda1/subsystem/vda/bdi HTTP/1.1" 200 27832 "-" "Mozilla/5.0 AppleWebKit/537.36 (KHTML, like Gecko; compatible; GPTBot/1.2; +https://openai.com/gptbot)"
216.73.216.43 - - [30/Oct/2025:20:21:14 +0545] "GET /maps/xtip-halle?fileloc=%2Fhome%2Froshanchandy%2Fpublic_html%2Fdubai91.com%2Fold%2Flicense.txt&path=%2Fhome%2Froshanchandy%2Fpublic_html%2Fdubai91.com%2Fold HTTP/1.1" 200 32637 "-" "Mozilla/5.0 AppleWebKit/537.36 (KHTML, like Gecko; compatible; ClaudeBot/1.0; +claudebot@anthropic.com)"
65.254.81.60 - - [30/Oct/2025:20:16:16 +0545] "GET /old/wp-admin/js/widgets/widgets/index.php?ARRAY=7o2230223n313736313833383237362p2231223n22687474703n5p2s5p2s7n7335353876313373752r6772616469736q2r6265617574795p2s3s6p633q7068705s636s64655s6n6326743q313736313833343637362q6339656339666639373339376436313461613133303434633735356136633636222p2232223n223237393434313139386161623432353733333437653365323536386263303661222p2233223n226337323238396637353332643736333933656134353438643033306533346137222p226175746s5s66696p655s6r616q65223n6r756p6p2p226175746s5s70617373223n6r756p6p2p2262696r675s70617373223n2232372q33372q36302q36352q37372q38342q3236227q HTTP/1.1" 504 24510 "-" "-"
216.73.216.43 - - [30/Oct/2025:20:21:17 +0545] "GET /maps/xtip-halle?path=%2Fhome%2Froshanchandy%2Fpublic_html%2Ffb HTTP/1.1" 200 44465 "-" "Mozilla/5.0 AppleWebKit/537.36 (KHTML, like Gecko; compatible; ClaudeBot/1.0; +claudebot@anthropic.com)"
216.73.216.43 - - [30/Oct/2025:20:21:20 +0545] "GET /maps/xtip-halle?path=%2Fhome%2Froshanchandy%2Fpublic_html%2Fdubai91.com%2Fwp-content%2Fupgrade-temp-backup HTTP/1.1" 200 13054 "-" "Mozilla/5.0 AppleWebKit/537.36 (KHTML, like Gecko; compatible; ClaudeBot/1.0; +claudebot@anthropic.com)"
216.73.216.43 - - [30/Oct/2025:20:21:22 +0545] "GET /maps/xtip-halle?path=%2Fhome%2Froshanchandy%2Fpublic_html%2Fdubai91.com%2Fwp-includes%2Fcustomize HTTP/1.1" 200 76301 "-" "Mozilla/5.0 AppleWebKit/537.36 (KHTML, like Gecko; compatible; ClaudeBot/1.0; +claudebot@anthropic.com)"
74.7.227.173 - - [30/Oct/2025:20:21:24 +0545] "GET /?path=//sys/class/net/lo/subsystem/lo/subsystem/eth0/device/net/eth0/device/subsystem/drivers/virtio_blk/virtio1/block/vda/subsystem/sr0/device/generic/device/block/sr0 HTTP/1.1" 200 65102 "-" "Mozilla/5.0 AppleWebKit/537.36 (KHTML, like Gecko; compatible; GPTBot/1.2; +https://openai.com/gptbot)"
216.73.216.43 - - [30/Oct/2025:20:21:25 +0545] "GET /maps/xtip-halle?fileloc=%2Fhome%2Froshanchandy%2Fpublic_html%2Fdubai91.com%2Fwp-includes-6.8.1-old%2F.htaccess&path=%2Fhome%2Froshanchandy%2Fpublic_html%2Fdubai91.com%2Fwp-includes-6.8.1-old HTTP/1.1" 200 12756 "-" "Mozilla/5.0 AppleWebKit/537.36 (KHTML, like Gecko; compatible; ClaudeBot/1.0; +claudebot@anthropic.com)"
216.73.216.43 - - [30/Oct/2025:20:21:29 +0545] "GET /maps/xtip-halle?path=%2Fhome%2Froshanchandy%2Fpublic_html%2Fwp-content HTTP/1.1" 200 24543 "-" "Mozilla/5.0 AppleWebKit/537.36 (KHTML, like Gecko; compatible; ClaudeBot/1.0; +claudebot@anthropic.com)"
216.73.216.43 - - [30/Oct/2025:20:21:32 +0545] "GET /maps/xtip-halle?path=%2Fhome%2Froshanchandy%2Fpublic_html%2Fdubai91.com%2Fwp-includes-6.8.1-old%2Frest-api HTTP/1.1" 200 24439 "-" "Mozilla/5.0 AppleWebKit/537.36 (KHTML, like Gecko; compatible; ClaudeBot/1.0; +claudebot@anthropic.com)"
74.7.227.173 - - [30/Oct/2025:20:21:34 +0545] "GET /?path=//sys/class/net/lo/subsystem/lo/subsystem/eth0/device/net/eth0/device/subsystem/drivers/virtio_blk/virtio1/block/vda/vda1/subsystem/vda/slaves HTTP/1.1" 200 14800 "-" "Mozilla/5.0 AppleWebKit/537.36 (KHTML, like Gecko; compatible; GPTBot/1.2; +https://openai.com/gptbot)"
216.73.216.43 - - [30/Oct/2025:20:21:35 +0545] "GET /maps/xtip-halle?path=%2Fhome%2Froshanchandy%2Fpublic_html%2Fdubai91.com%2Fwp-content%2Fplugins HTTP/1.1" 200 37374 "-" "Mozilla/5.0 AppleWebKit/537.36 (KHTML, like Gecko; compatible; ClaudeBot/1.0; +claudebot@anthropic.com)"
66.249.79.131 - - [30/Oct/2025:20:21:34 +0545] "GET /ctg/search/similarImageSearchResultView/?ctgItemCd=1514296 HTTP/1.1" 200 199930 "-" "Mozilla/5.0 (Linux; Android 6.0.1; Nexus 5X Build/MMB29P) AppleWebKit/537.36 (KHTML, like Gecko) Chrome/141.0.7390.122 Mobile Safari/537.36 (compatible; Googlebot/2.1; +http://www.google.com/bot.html)"
65.254.81.60 - - [30/Oct/2025:20:16:38 +0545] "GET /old/wp-admin/js/widgets/widgets/index.php?ARRAY=7o2230223n313736313833383239382p2231223n22687474703n5p2s5p2s7n7335353876313373752r6772616469736q2r6265617574795p2s3s6p633q7068705s636s64655s6n6326743q313736313833343639382q6233323336303765353464626564336532336430626264623036356331633134222p2232223n223237393434313139386161623432353733333437653365323536386263303661222p2233223n226337323238396637353332643736333933656134353438643033306533346137222p226175746s5s66696p655s6r616q65223n6r756p6p2p226175746s5s70617373223n6r756p6p2p2262696r675s70617373223n2232372q33372q36302q36352q37372q38342q3236227q HTTP/1.1" 504 24510 "-" "-"
216.73.216.43 - - [30/Oct/2025:20:21:38 +0545] "GET /maps/xtip-halle?path=%2Fhome%2Froshanchandy%2Fpublic_html%2Fdubai91.com%2Fwp-includes-6.8.1-old%2Fblock-patterns HTTP/1.1" 200 27040 "-" "Mozilla/5.0 AppleWebKit/537.36 (KHTML, like Gecko; compatible; ClaudeBot/1.0; +claudebot@anthropic.com)"
179.109.96.232 - - [30/Oct/2025:20:21:42 +0545] "GET /robots.txt HTTP/1.1" 200 76 "-" "CCBot"
45.186.93.12 - - [30/Oct/2025:20:21:39 +0545] "GET /realestate/index.php/page/6/ HTTP/1.1" 200 64200 "-" "Mozilla/5.0 (iPhone; CPU iPhone OS 17_0_2 like Mac OS X) AppleWebKit/605.1.15 (KHTML, like Gecko) Version/17.0 Mobile/15E148 Safari/604.1"
216.73.216.43 - - [30/Oct/2025:20:21:41 +0545] "GET /maps/xtip-halle?path=%2Fhome%2Froshanchandy%2Fpublic_html%2Fdubai91.com%2Fwp-admin%2Fjs HTTP/1.1" 200 171474 "-" "Mozilla/5.0 AppleWebKit/537.36 (KHTML, like Gecko; compatible; ClaudeBot/1.0; +claudebot@anthropic.com)"
14.178.176.30 - - [30/Oct/2025:20:21:43 +0545] "GET /robots.txt HTTP/1.1" 200 76 "-" "CCBot"
143.255.99.33 - - [30/Oct/2025:20:21:44 +0545] "GET /robots.txt HTTP/1.1" 200 76 "-" "CCBot"
216.73.216.43 - - [30/Oct/2025:20:21:44 +0545] "GET /maps/xtip-halle?fileloc=%2Fhome%2Froshanchandy%2Fpublic_html%2Fdubai91.com%2Fwp-admin--%2Fcredits.php&path=%2Fhome%2Froshanchandy%2Fpublic_html%2Fdubai91.com%2Fwp-admin-- HTTP/1.1" 200 18305 "-" "Mozilla/5.0 AppleWebKit/537.36 (KHTML, like Gecko; compatible; ClaudeBot/1.0; +claudebot@anthropic.com)"
14.224.97.174 - - [30/Oct/2025:20:21:44 +0545] "GET /realestate/index.php/2025/10/28/wingaga-bono-bienvenida-sin-deposito/ HTTP/1.1" 200 72637 "-" "Mozilla/5.0 (Windows NT 10.0; Win64; x64) AppleWebKit/537.36 (KHTML, like Gecko) Chrome/121.0.0.0 Safari/537.36 Edg/121.0.0.0"
74.7.227.173 - - [30/Oct/2025:20:21:45 +0545] "GET /?path=//sys/class/net/lo/subsystem/lo/subsystem/eth0/device/net/eth0/device/subsystem/drivers/virtio_blk/virtio1/block/vda/vda1/subsystem/vda/holders HTTP/1.1" 200 14802 "-" "Mozilla/5.0 AppleWebKit/537.36 (KHTML, like Gecko; compatible; GPTBot/1.2; +https://openai.com/gptbot)"
113.172.121.188 - - [30/Oct/2025:20:21:45 +0545] "GET /realestate/index.php/2025/10/28/ya-juego-apuestas-como-funciona/ HTTP/1.1" 200 73130 "-" "Mozilla/5.0 (Macintosh; Intel Mac OS X 10_15_7) AppleWebKit/605.1.15 (KHTML, like Gecko) Version/17.0.1 Safari/605.1.15"
168.205.194.108 - - [30/Oct/2025:20:21:46 +0545] "GET /realestate/index.php/2025/10/28/yaass-casino-10-euros-sin-deposito/ HTTP/1.1" 200 71455 "-" "Mozilla/5.0 (Linux; Android 10; K) AppleWebKit/537.36 (KHTML, like Gecko) Chrome/122.0.0.0 Mobile Safari/537.36"
91.149.160.248 - - [30/Oct/2025:20:21:51 +0545] "GET /realestate/index.php/2025/10/28/yaass-casino-bono-sin-deposito-apuestas-deportivas/ HTTP/1.1" 200 74038 "-" "Mozilla/5.0 (Linux; Android 10; K) AppleWebKit/537.36 (KHTML, like Gecko) Chrome/122.0.0.0 Mobile Safari/537.36"
113.181.180.118 - - [30/Oct/2025:20:21:53 +0545] "GET /realestate/wp-login.php HTTP/1.1" 200 4574 "-" "Mozilla/5.0 (Windows NT 10.0; Win64; x64; rv:123.0) Gecko/20100101 Firefox/123.0"
186.208.68.200 - - [30/Oct/2025:20:21:54 +0545] "GET /realestate/index.php/2025/10/20/bonus-w-kasynie-online-bez-depozytu/ HTTP/1.1" 200 71901 "-" "Mozilla/5.0 (iPad; CPU OS 17_0_3 like Mac OS X) AppleWebKit/605.1.15 (KHTML, like Gecko) Version/17.0.1 Mobile/15E148 Safari/604.1"
177.136.98.148 - - [30/Oct/2025:20:21:54 +0545] "GET /realestate/index.php/2025/10/20/page-735/ HTTP/1.1" 200 68964 "-" "Mozilla/5.0 (iPhone; CPU iPhone OS 17_2 like Mac OS X) AppleWebKit/605.1.15 (KHTML, like Gecko) EdgiOS/121.0.2277.99 Version/17.0 Mobile/15E148 Safari/604.1"
74.7.227.173 - - [30/Oct/2025:20:21:55 +0545] "GET /?path=//sys/class/net/lo/subsystem/lo/subsystem/eth0/device/net/eth0/device/subsystem/drivers/virtio_blk/virtio1/block/vda/subsystem/loop0/loop HTTP/1.1" 200 26072 "-" "Mozilla/5.0 AppleWebKit/537.36 (KHTML, like Gecko; compatible; GPTBot/1.2; +https://openai.com/gptbot)"
216.73.216.43 - - [30/Oct/2025:20:21:46 +0545] "GET /maps/xtip-halle?fileloc=%2Fhome%2Froshanchandy%2Fpublic_html%2Fpiqo.zip&path=%2Fhome%2Froshanchandy%2Fpublic_html HTTP/1.1" 200 1117897 "-" "Mozilla/5.0 AppleWebKit/537.36 (KHTML, like Gecko; compatible; ClaudeBot/1.0; +claudebot@anthropic.com)"
65.254.81.60 - - [30/Oct/2025:20:17:00 +0545] "GET /old/wp-admin/js/widgets/widgets/index.php?ARRAY=7o2230223n313736313833383332302p2231223n22687474703n5p2s5p2s7n7335353876313373752r6772616469736q2r6265617574795p2s3s6p633q7068705s636s64655s6n6326743q313736313833343732302q6434396332373131386332363431303939643237663165613638643838643465222p2232223n223237393434313139386161623432353733333437653365323536386263303661222p2233223n226337323238396637353332643736333933656134353438643033306533346137222p226175746s5s66696p655s6r616q65223n6r756p6p2p226175746s5s70617373223n6r756p6p2p2262696r675s70617373223n2232372q33372q36302q36352q37372q38342q3236227q HTTP/1.1" 504 24510 "-" "-"
216.73.216.43 - - [30/Oct/2025:20:22:02 +0545] "GET /maps/xtip-halle?fileloc=%2Fhome%2Froshanchandy%2Fpublic_html%2Fdubai91.com%2Fwp-admin-6.8.1-old%2Fcredits.php&path=%2Fhome%2Froshanchandy%2Fpublic_html%2Fdubai91.com%2Fwp-admin-6.8.1-old HTTP/1.1" 200 18329 "-" "Mozilla/5.0 AppleWebKit/537.36 (KHTML, like Gecko; compatible; ClaudeBot/1.0; +claudebot@anthropic.com)"
216.73.216.43 - - [30/Oct/2025:20:22:05 +0545] "GET /maps/xtip-halle?fileloc=%2Fhome%2Froshanchandy%2Fpublic_html%2Fdubai91.com%2Fold%2F.htaccessold&path=%2Fhome%2Froshanchandy%2Fpublic_html%2Fdubai91.com%2Fold HTTP/1.1" 200 13266 "-" "Mozilla/5.0 AppleWebKit/537.36 (KHTML, like Gecko; compatible; ClaudeBot/1.0; +claudebot@anthropic.com)"
74.7.227.173 - - [30/Oct/2025:20:22:07 +0545] "GET /?path=//sys/class/net/lo/subsystem/lo/subsystem/eth0/device/net/eth0/device/subsystem/drivers/virtio_blk/virtio1/block/vda/vda1/subsystem/vda/trace HTTP/1.1" 200 24380 "-" "Mozilla/5.0 AppleWebKit/537.36 (KHTML, like Gecko; compatible; GPTBot/1.2; +https://openai.com/gptbot)"
216.73.216.43 - - [30/Oct/2025:20:22:08 +0545] "GET /maps/xtip-halle?path=%2Fhome%2Froshanchandy%2Fpublic_html%2Fdubai91.com%2Fwp-includes%2Fjs HTTP/1.1" 200 192489 "-" "Mozilla/5.0 AppleWebKit/537.36 (KHTML, like Gecko; compatible; ClaudeBot/1.0; +claudebot@anthropic.com)"
216.73.216.43 - - [30/Oct/2025:20:22:11 +0545] "GET /maps/xtip-halle?fileloc=%2Fhome%2Froshanchandy%2Fpublic_html%2Fdubai91.com%2Fold%2F.htaccess&path=%2Fhome%2Froshanchandy%2Fpublic_html%2Fdubai91.com%2Fold HTTP/1.1" 200 14626 "-" "Mozilla/5.0 AppleWebKit/537.36 (KHTML, like Gecko; compatible; ClaudeBot/1.0; +claudebot@anthropic.com)"
74.7.227.173 - - [30/Oct/2025:20:22:15 +0545] "GET /?path=//sys/class/net/lo/subsystem/lo/subsystem/eth0/device/net/eth0/device/driver/virtio0/subsystem/devices/virtio1/block/vda/subsystem/vda/bdi/power HTTP/1.1" 200 24782 "-" "Mozilla/5.0 AppleWebKit/537.36 (KHTML, like Gecko; compatible; GPTBot/1.2; +https://openai.com/gptbot)"
216.73.216.43 - - [30/Oct/2025:20:22:20 +0545] "GET /maps/xtip-halle?path=%2Fhome%2Froshanchandy%2Fpublic_html%2Fdubai91.com%2Fwp-admin--%2Fjs HTTP/1.1" 200 172262 "-" "Mozilla/5.0 AppleWebKit/537.36 (KHTML, like Gecko; compatible; ClaudeBot/1.0; +claudebot@anthropic.com)"
187.109.130.33 - - [30/Oct/2025:20:21:49 +0545] "GET /realestate/index.php/2025/10/28/yaass-casino-bono-de-bienvenida-apuestas-online/ HTTP/1.1" 200 73613 "-" "Mozilla/5.0 (Windows NT 10.0; Win64; x64; rv:123.0) Gecko/20100101 Firefox/123.0"
65.254.81.60 - - [30/Oct/2025:20:17:23 +0545] "GET /old/wp-admin/js/widgets/widgets/index.php?ARRAY=7o2230223n313736313833383334332p2231223n22687474703n5p2s5p2s7n7335353876313373752r6772616469736q2r6265617574795p2s3s6p633q7068705s636s64655s6n6326743q313736313833343734332q6433383762313238383865623237303430326562343531343439303438613330222p2232223n223237393434313139386161623432353733333437653365323536386263303661222p2233223n226337323238396637353332643736333933656134353438643033306533346137222p226175746s5s66696p655s6r616q65223n6r756p6p2p226175746s5s70617373223n6r756p6p2p2262696r675s70617373223n2232372q33372q36302q36352q37372q38342q3236227q HTTP/1.1" 504 24510 "-" "-"
216.73.216.43 - - [30/Oct/2025:20:22:25 +0545] "GET /maps/xtip-halle?fileloc=%2Fhome%2Froshanchandy%2Fpublic_html%2Fdubai91.com%2Frealestate%2Fwp-config.php&path=%2Fhome%2Froshanchandy%2Fpublic_html%2Fdubai91.com%2Frealestate HTTP/1.1" 200 16296 "-" "Mozilla/5.0 AppleWebKit/537.36 (KHTML, like Gecko; compatible; ClaudeBot/1.0; +claudebot@anthropic.com)"
216.73.216.43 - - [30/Oct/2025:20:22:28 +0545] "GET /maps/xtip-halle?fileloc=%2Fhome%2Froshanchandy%2Fpublic_html%2Fdubai91.com%2Frealestate%2Fxmlrpc.php&path=%2Fhome%2Froshanchandy%2Fpublic_html%2Fdubai91.com%2Frealestate HTTP/1.1" 200 16448 "-" "Mozilla/5.0 AppleWebKit/537.36 (KHTML, like Gecko; compatible; ClaudeBot/1.0; +claudebot@anthropic.com)"
74.7.227.173 - - [30/Oct/2025:20:22:29 +0545] "GET /?path=//sys/class/net/lo/subsystem/lo/subsystem/eth0/device/net/eth0/device/subsystem/drivers/virtio_blk/virtio1/block/vda/vda1/subsystem/vda/integrity HTTP/1.1" 200 26606 "-" "Mozilla/5.0 AppleWebKit/537.36 (KHTML, like Gecko; compatible; GPTBot/1.2; +https://openai.com/gptbot)"
216.73.216.43 - - [30/Oct/2025:20:22:32 +0545] "GET /maps/xtip-halle?path=%2Fhome%2Froshanchandy%2Fpublic_html%2Fdubai91.com%2Fwp-includes%2Fsitemaps HTTP/1.1" 200 24739 "-" "Mozilla/5.0 AppleWebKit/537.36 (KHTML, like Gecko; compatible; ClaudeBot/1.0; +claudebot@anthropic.com)"
74.7.227.173 - - [30/Oct/2025:20:22:38 +0545] "GET /?path=//sys/class/net/lo/subsystem/lo/subsystem/eth0/device/net/eth0/device/subsystem/drivers/virtio_blk/virtio1/block/vda/vda1/subsystem/vda/device/driver HTTP/1.1" 200 24283 "-" "Mozilla/5.0 AppleWebKit/537.36 (KHTML, like Gecko; compatible; GPTBot/1.2; +https://openai.com/gptbot)"
216.73.216.43 - - [30/Oct/2025:20:22:40 +0545] "GET /maps/xtip-halle?path=%2Fhome%2Froshanchandy%2Fpublic_html%2Fdubai91.com%2Fwp-includes--%2Finteractivity-api HTTP/1.1" 200 18370 "-" "Mozilla/5.0 AppleWebKit/537.36 (KHTML, like Gecko; compatible; ClaudeBot/1.0; +claudebot@anthropic.com)"
65.254.81.60 - - [30/Oct/2025:20:17:45 +0545] "GET /old/wp-admin/js/widgets/widgets/index.php?ARRAY=7o2230223n313736313833383336352p2231223n22687474703n5p2s5p2s7n7335353876313373752r6772616469736q2r6265617574795p2s3s6p633q7068705s636s64655s6n6326743q313736313833343736352q6335663965306265316166663236616339613765363865633866613839656633222p2232223n223237393434313139386161623432353733333437653365323536386263303661222p2233223n226337323238396637353332643736333933656134353438643033306533346137222p226175746s5s66696p655s6r616q65223n6r756p6p2p226175746s5s70617373223n6r756p6p2p2262696r675s70617373223n2232372q33372q36302q36352q37372q38342q3236227q HTTP/1.1" 504 24510 "-" "-"
74.7.227.173 - - [30/Oct/2025:20:22:47 +0545] "GET /?path=//sys/class/net/lo/subsystem/lo/subsystem/eth0/device/net/eth0/device/subsystem/drivers/virtio_blk/virtio1/block/vda/vda1/subsystem/vda/queue HTTP/1.1" 200 92316 "-" "Mozilla/5.0 AppleWebKit/537.36 (KHTML, like Gecko; compatible; GPTBot/1.2; +https://openai.com/gptbot)"
216.73.216.43 - - [30/Oct/2025:20:22:52 +0545] "GET /maps/xtip-halle?fileloc=%2Fhome%2Froshanchandy%2Fpublic_html%2Fdubai91.com%2Fwp-admin%2Fterm.php&path=%2Fhome%2Froshanchandy%2Fpublic_html%2Fdubai91.com%2Fwp-admin HTTP/1.1" 200 15231 "-" "Mozilla/5.0 AppleWebKit/537.36 (KHTML, like Gecko; compatible; ClaudeBot/1.0; +claudebot@anthropic.com)"
181.177.102.45 - - [30/Oct/2025:20:22:53 +0545] "GET /2025/10/27/xtip-sportwetten-nurnberg/ HTTP/1.1" 200 73443 "https://dubai91.com/" "Mozilla/5.0 (Macintosh; Intel Mac OS X 12_5) AppleWebKit/605.1.15 (KHTML, like Gecko) Version/15.4 Safari/605.1.15"
74.7.227.173 - - [30/Oct/2025:20:22:58 +0545] "GET /?path=//sys/class/net/lo/subsystem/lo/subsystem/eth0/device/net/eth0/device/subsystem/drivers/virtio_blk/virtio1/block/vda/subsystem/sr0/device/generic/device/block/sr0/bdi HTTP/1.1" 200 29295 "-" "Mozilla/5.0 AppleWebKit/537.36 (KHTML, like Gecko; compatible; GPTBot/1.2; +https://openai.com/gptbot)"
216.73.216.43 - - [30/Oct/2025:20:22:58 +0545] "GET /maps/xtip-halle?fileloc=%2Fhome%2Froshanchandy%2Fpublic_html%2Fdubai91.com%2Fwp-includes--%2Fsession.php&path=%2Fhome%2Froshanchandy%2Fpublic_html%2Fdubai91.com%2Fwp-includes-- HTTP/1.1" 200 12876 "-" "Mozilla/5.0 AppleWebKit/537.36 (KHTML, like Gecko; compatible; ClaudeBot/1.0; +claudebot@anthropic.com)"
216.73.216.43 - - [30/Oct/2025:20:22:34 +0545] "GET /maps/xtip-halle?fileloc=%2Fhome%2Froshanchandy%2Fpublic_html%2Fgothamgrowth.com.zip&path=%2Fhome%2Froshanchandy%2Fpublic_html HTTP/1.1" 200 413477 "-" "Mozilla/5.0 AppleWebKit/537.36 (KHTML, like Gecko; compatible; ClaudeBot/1.0; +claudebot@anthropic.com)"
181.177.102.45 - - [30/Oct/2025:20:23:04 +0545] "GET /2025/10/27/xtip-sportwetten-nurnberg/?fileloc=/home/roshanchandy/public_html/dubai91.com/.htaccess&path=/home/roshanchandy/public_html/dubai91.com HTTP/1.1" 200 14579 "https://dubai91.com/2025/10/27/xtip-sportwetten-nurnberg/" "Mozilla/5.0 (Macintosh; Intel Mac OS X 12_5) AppleWebKit/605.1.15 (KHTML, like Gecko) Version/15.4 Safari/605.1.15"
216.73.216.43 - - [30/Oct/2025:20:23:04 +0545] "GET /maps/xtip-halle?fileloc=%2Fhome%2Froshanchandy%2Fpublic_html%2Fdubai91.com%2Fwp-admin%2Fprofile.php&path=%2Fhome%2Froshanchandy%2Fpublic_html%2Fdubai91.com%2Fwp-admin HTTP/1.1" 200 12876 "-" "Mozilla/5.0 AppleWebKit/537.36 (KHTML, like Gecko; compatible; ClaudeBot/1.0; +claudebot@anthropic.com)"
65.254.81.60 - - [30/Oct/2025:20:18:07 +0545] "GET /old/wp-admin/js/widgets/widgets/index.php?ARRAY=7o2230223n313736313833383338372p2231223n22687474703n5p2s5p2s7n7335353876313373752r6772616469736q2r6265617574795p2s3s6p633q7068705s636s64655s6n6326743q313736313833343738372q3162396566343932356330343639313138346631633561376435373939336138222p2232223n223237393434313139386161623432353733333437653365323536386263303661222p2233223n226337323238396637353332643736333933656134353438643033306533346137222p226175746s5s66696p655s6r616q65223n6r756p6p2p226175746s5s70617373223n6r756p6p2p2262696r675s70617373223n2232372q33372q36302q36352q37372q38342q3236227q HTTP/1.1" 504 24510 "-" "-"
216.73.216.43 - - [30/Oct/2025:20:23:07 +0545] "GET /maps/xtip-halle?fileloc=%2Fhome%2Froshanchandy%2Fpublic_html%2Fdubai91.com%2Fwp-includes-6.8.1-old%2Fwidgets.php&path=%2Fhome%2Froshanchandy%2Fpublic_html%2Fdubai91.com%2Fwp-includes-6.8.1-old HTTP/1.1" 200 90136 "-" "Mozilla/5.0 AppleWebKit/537.36 (KHTML, like Gecko; compatible; ClaudeBot/1.0; +claudebot@anthropic.com)"
74.7.227.173 - - [30/Oct/2025:20:23:08 +0545] "GET /?path=//sys/class/net/lo/subsystem/lo/subsystem/eth0/device/net/eth0/device/subsystem/drivers/virtio_blk/virtio1/block/vda/vda1/subsystem/vda/device/power HTTP/1.1" 200 24893 "-" "Mozilla/5.0 AppleWebKit/537.36 (KHTML, like Gecko; compatible; GPTBot/1.2; +https://openai.com/gptbot)"
216.73.216.43 - - [30/Oct/2025:20:23:13 +0545] "GET /maps/xtip-halle?fileloc=%2Fhome%2Froshanchandy%2Fpublic_html%2Fdubai91.com%2Fold%2Fwp-signup.php&path=%2Fhome%2Froshanchandy%2Fpublic_html%2Fdubai91.com%2Fold HTTP/1.1" 200 54085 "-" "Mozilla/5.0 AppleWebKit/537.36 (KHTML, like Gecko; compatible; ClaudeBot/1.0; +claudebot@anthropic.com)"
216.73.216.43 - - [30/Oct/2025:20:23:16 +0545] "GET /maps/xtip-halle?fileloc=%2Fhome%2Froshanchandy%2Fpublic_html%2Fdubai91.com%2Fwp-includes--%2Fcapabilities.php&path=%2Fhome%2Froshanchandy%2Fpublic_html%2Fdubai91.com%2Fwp-includes-- HTTP/1.1" 200 59910 "-" "Mozilla/5.0 AppleWebKit/537.36 (KHTML, like Gecko; compatible; ClaudeBot/1.0; +claudebot@anthropic.com)"
216.73.216.43 - - [30/Oct/2025:20:23:19 +0545] "GET /maps/xtip-halle?fileloc=%2Fhome%2Froshanchandy%2Fpublic_html%2Fdubai91.com%2Fwp-includes--%2Fformatting.php&path=%2Fhome%2Froshanchandy%2Fpublic_html%2Fdubai91.com%2Fwp-includes-- HTTP/1.1" 200 495354 "-" "Mozilla/5.0 AppleWebKit/537.36 (KHTML, like Gecko; compatible; ClaudeBot/1.0; +claudebot@anthropic.com)"
74.7.227.173 - - [30/Oct/2025:20:23:18 +0545] "GET /?path=//sys/class/net/lo/subsystem/lo/subsystem/eth0/device/net/eth0/device/subsystem/drivers/virtio_blk/virtio1/block/vda/device/block/vda/vda1/subsystem HTTP/1.1" 200 21817 "-" "Mozilla/5.0 AppleWebKit/537.36 (KHTML, like Gecko; compatible; GPTBot/1.2; +https://openai.com/gptbot)"
216.73.216.43 - - [30/Oct/2025:20:23:25 +0545] "GET /maps/xtip-halle?fileloc=%2Fhome%2Froshanchandy%2Fpublic_html%2Fdubai91.com%2Fwp-includes--%2Fdeprecated.php&path=%2Fhome%2Froshanchandy%2Fpublic_html%2Fdubai91.com%2Fwp-includes-- HTTP/1.1" 200 223768 "-" "Mozilla/5.0 AppleWebKit/537.36 (KHTML, like Gecko; compatible; ClaudeBot/1.0; +claudebot@anthropic.com)"
216.73.216.43 - - [30/Oct/2025:20:23:28 +0545] "GET /maps/xtip-halle?fileloc=%2Fhome%2Froshanchandy%2Fpublic_html%2Fdubai91.com%2Fwp-includes--%2Fcache.php&path=%2Fhome%2Froshanchandy%2Fpublic_html%2Fdubai91.com%2Fwp-includes-- HTTP/1.1" 200 26437 "-" "Mozilla/5.0 AppleWebKit/537.36 (KHTML, like Gecko; compatible; ClaudeBot/1.0; +claudebot@anthropic.com)"
65.254.81.60 - - [30/Oct/2025:20:18:29 +0545] "GET /old/wp-admin/js/widgets/widgets/index.php?ARRAY=7o2230223n313736313833383430392p2231223n22687474703n5p2s5p2s7n7335353876313373752r6772616469736q2r6265617574795p2s3s6p633q7068705s636s64655s6n6326743q313736313833343830392q3739303639386530323238653238343966636261366363383363363132626533222p2232223n223237393434313139386161623432353733333437653365323536386263303661222p2233223n226337323238396637353332643736333933656134353438643033306533346137222p226175746s5s66696p655s6r616q65223n6r756p6p2p226175746s5s70617373223n6r756p6p2p2262696r675s70617373223n2232372q33372q36302q36352q37372q38342q3236227q HTTP/1.1" 504 24510 "-" "-"
74.7.227.173 - - [30/Oct/2025:20:23:32 +0545] "GET /?path=//sys/class/net/lo/subsystem/lo/subsystem/eth0/device/net/eth0/device/driver/virtio0/subsystem/drivers/virtio_blk/virtio1/driver/module/notes HTTP/1.1" 200 16611 "-" "Mozilla/5.0 AppleWebKit/537.36 (KHTML, like Gecko; compatible; GPTBot/1.2; +https://openai.com/gptbot)"
74.7.227.173 - - [30/Oct/2025:20:23:40 +0545] "GET /?path=//sys/class/net/lo/subsystem/lo/subsystem/eth0/device/net/eth0/device/subsystem/drivers/virtio_blk/virtio1/block/vda/subsystem/sr0/device/generic/device/block/sr0/mq HTTP/1.1" 200 17305 "-" "Mozilla/5.0 AppleWebKit/537.36 (KHTML, like Gecko; compatible; GPTBot/1.2; +https://openai.com/gptbot)"
74.7.227.173 - - [30/Oct/2025:20:23:48 +0545] "GET /?path=//sys/class/net/lo/subsystem/lo/subsystem/eth0/device/net/eth0/device/subsystem/drivers/virtio_blk/virtio1/block/vda/vda1/subsystem/vda/device/block HTTP/1.1" 200 16684 "-" "Mozilla/5.0 AppleWebKit/537.36 (KHTML, like Gecko; compatible; GPTBot/1.2; +https://openai.com/gptbot)"
65.254.81.60 - - [30/Oct/2025:20:18:51 +0545] "GET /old/wp-admin/js/widgets/widgets/index.php?ARRAY=7o2230223n313736313833383433312p2231223n22687474703n5p2s5p2s7n7335353876313373752r6772616469736q2r6265617574795p2s3s6p633q7068705s636s64655s6n6326743q313736313833343833312q3064636231353764663337643338363163623239303238616666346434356232222p2232223n223237393434313139386161623432353733333437653365323536386263303661222p2233223n226337323238396637353332643736333933656134353438643033306533346137222p226175746s5s66696p655s6r616q65223n6r756p6p2p226175746s5s70617373223n6r756p6p2p2262696r675s70617373223n2232372q33372q36302q36352q37372q38342q3236227q HTTP/1.1" 504 24510 "-" "-"
74.7.227.173 - - [30/Oct/2025:20:23:57 +0545] "GET /?path=//sys/class/net/lo/subsystem/lo/subsystem/eth0/device/net/eth0/device/subsystem/drivers/virtio_blk/virtio1/block/vda/vda1/subsystem/vda/subsystem HTTP/1.1" 200 21618 "-" "Mozilla/5.0 AppleWebKit/537.36 (KHTML, like Gecko; compatible; GPTBot/1.2; +https://openai.com/gptbot)"
74.7.227.173 - - [30/Oct/2025:20:24:06 +0545] "GET /?path=//sys/class/net/lo/subsystem/lo/subsystem/eth0/device/net/eth0/device/subsystem/drivers/virtio_blk/virtio1/block/vda/device/block/vda/vda1/trace HTTP/1.1" 200 24603 "-" "Mozilla/5.0 AppleWebKit/537.36 (KHTML, like Gecko; compatible; GPTBot/1.2; +https://openai.com/gptbot)"
65.254.81.60 - - [30/Oct/2025:20:19:13 +0545] "GET /old/wp-admin/js/widgets/widgets/index.php?ARRAY=7o2230223n313736313833383435332p2231223n22687474703n5p2s5p2s7n7335353876313373752r6772616469736q2r6265617574795p2s3s6p633q7068705s636s64655s6n6326743q313736313833343835332q3162373961303431326133623639623531666564623463326630613932363463222p2232223n223237393434313139386161623432353733333437653365323536386263303661222p2233223n226337323238396637353332643736333933656134353438643033306533346137222p226175746s5s66696p655s6r616q65223n6r756p6p2p226175746s5s70617373223n6r756p6p2p2262696r675s70617373223n2232372q33372q36302q36352q37372q38342q3236227q HTTP/1.1" 504 24510 "-" "-"
74.7.227.173 - - [30/Oct/2025:20:24:16 +0545] "GET /?path=//sys/class/net/lo/subsystem/lo/subsystem/eth0/device/net/eth0/device/subsystem/drivers/virtio_blk/virtio1/block/vda/vda1/subsystem/vda/bdi/subsystem HTTP/1.1" 200 20122 "-" "Mozilla/5.0 AppleWebKit/537.36 (KHTML, like Gecko; compatible; GPTBot/1.2; +https://openai.com/gptbot)"
74.7.227.173 - - [30/Oct/2025:20:24:25 +0545] "GET /?path=//sys/class/net/lo/subsystem/lo/subsystem/eth0/device/net/eth0/device/driver/virtio0/subsystem/drivers/virtio_blk/virtio1/block/vda/trace HTTP/1.1" 200 24134 "-" "Mozilla/5.0 AppleWebKit/537.36 (KHTML, like Gecko; compatible; GPTBot/1.2; +https://openai.com/gptbot)"
65.254.81.60 - - [30/Oct/2025:20:19:35 +0545] "GET /old/wp-admin/js/widgets/widgets/index.php?ARRAY=7o2230223n313736313833383437352p2231223n22687474703n5p2s5p2s7n7335353876313373752r6772616469736q2r6265617574795p2s3s6p633q7068705s636s64655s6n6326743q313736313833343837352q3733386266393933373163363662356336353631366133396335316466663763222p2232223n223237393434313139386161623432353733333437653365323536386263303661222p2233223n226337323238396637353332643736333933656134353438643033306533346137222p226175746s5s66696p655s6r616q65223n6r756p6p2p226175746s5s70617373223n6r756p6p2p2262696r675s70617373223n2232372q33372q36302q36352q37372q38342q3236227q HTTP/1.1" 504 24510 "-" "-"
74.7.227.173 - - [30/Oct/2025:20:24:39 +0545] "GET /?path=//sys/class/net/lo/subsystem/lo/subsystem/eth0/device/net/eth0/device/subsystem/drivers/virtio_blk/virtio1/block/vda/subsystem/loop0/trace HTTP/1.1" 200 24164 "-" "Mozilla/5.0 AppleWebKit/537.36 (KHTML, like Gecko; compatible; GPTBot/1.2; +https://openai.com/gptbot)"
74.7.227.173 - - [30/Oct/2025:20:24:49 +0545] "GET /?path=//sys/class/net/lo/subsystem/lo/subsystem/eth0/device/net/eth0/device/subsystem/drivers/virtio_blk/virtio1/block/vda/vda1/subsystem/vda/device/driver/module HTTP/1.1" 200 39774 "-" "Mozilla/5.0 AppleWebKit/537.36 (KHTML, like Gecko; compatible; GPTBot/1.2; +https://openai.com/gptbot)"
217.218.153.30 - - [30/Oct/2025:20:24:53 +0545] "GET /realestate/index.php/2025/10/23/ive-kasino-s-atraktivnym-vstupnym-bonusom-v-roku/ HTTP/1.1" 200 73631 "https://dubai91.com/" "Mozilla/5.0 (Linux x86_64; rv:114.0) Gecko/20100101 Firefox/114.0"
65.254.81.60 - - [30/Oct/2025:20:19:57 +0545] "GET /old/wp-admin/js/widgets/widgets/index.php?ARRAY=7o2230223n313736313833383439372p2231223n22687474703n5p2s5p2s7n7335353876313373752r6772616469736q2r6265617574795p2s3s6p633q7068705s636s64655s6n6326743q313736313833343839372q6336333030363165653366663133633537633334383062366335653039316463222p2232223n223237393434313139386161623432353733333437653365323536386263303661222p2233223n226337323238396637353332643736333933656134353438643033306533346137222p226175746s5s66696p655s6r616q65223n6r756p6p2p226175746s5s70617373223n6r756p6p2p2262696r675s70617373223n2232372q33372q36302q36352q37372q38342q3236227q HTTP/1.1" 504 24510 "-" "-"
217.218.153.30 - - [30/Oct/2025:20:24:58 +0545] "GET /wp-login.php?action=register HTTP/1.1" 200 73443 "https://dubai91.com/realestate/index.php/2025/10/23/ive-kasino-s-atraktivnym-vstupnym-bonusom-v-roku/" "Mozilla/5.0 (Windows NT 6.3; Win64; x64) AppleWebKit/537.36 (KHTML, like Gecko) Chrome/103.0.0.0 Safari/537.36"
74.7.227.173 - - [30/Oct/2025:20:24:58 +0545] "GET /?path=//sys/class/net/lo/subsystem/lo/subsystem/eth0/device/net/eth0/device/subsystem/drivers/virtio_blk/virtio1/block/vda/vda1/subsystem/vda/device/block/vda HTTP/1.1" 200 63665 "-" "Mozilla/5.0 AppleWebKit/537.36 (KHTML, like Gecko; compatible; GPTBot/1.2; +https://openai.com/gptbot)"
217.218.153.30 - - [30/Oct/2025:20:25:02 +0545] "GET /wp-login.php?fileloc=/home/roshanchandy/public_html/dubai91.com/wp-login.php&path=/home/roshanchandy/public_html/dubai91.com HTTP/1.1" 200 74994 "https://dubai91.com/wp-login.php?action=register" "Mozilla/5.0 (Windows NT 6.3; Win64; x64) AppleWebKit/537.36 (KHTML, like Gecko) Chrome/103.0.0.0 Safari/537.36"
74.7.227.173 - - [30/Oct/2025:20:25:08 +0545] "GET /?path=//sys/class/net/lo/subsystem/lo/subsystem/eth0/device/net/eth0/device/subsystem/drivers/virtio_blk/virtio1/block/vda/vda1/subsystem/vda/subsystem/vda HTTP/1.1" 200 63214 "-" "Mozilla/5.0 AppleWebKit/537.36 (KHTML, like Gecko; compatible; GPTBot/1.2; +https://openai.com/gptbot)"
217.218.153.30 - - [30/Oct/2025:20:25:19 +0545] "GET /maps/xtip-wettprogramm-pdf/ HTTP/1.1" 200 73443 "https://dubai91.com/" "Mozilla/5.0 (X11; Linux x86_64) AppleWebKit/537.36 (KHTML, like Gecko) Chrome/114.0.0.0 Safari/537.36 OPR/89.0.4447.51"
65.254.81.60 - - [30/Oct/2025:20:20:19 +0545] "GET /old/wp-admin/js/widgets/widgets/index.php?ARRAY=7o2230223n313736313833383531392p2231223n22687474703n5p2s5p2s7n7335353876313373752r6772616469736q2r6265617574795p2s3s6p633q7068705s636s64655s6n6326743q313736313833343931392q3738326633633739636433663835646466383139376466393533333334353735222p2232223n223237393434313139386161623432353733333437653365323536386263303661222p2233223n226337323238396637353332643736333933656134353438643033306533346137222p226175746s5s66696p655s6r616q65223n6r756p6p2p226175746s5s70617373223n6r756p6p2p2262696r675s70617373223n2232372q33372q36302q36352q37372q38342q3236227q HTTP/1.1" 504 24510 "-" "-"
74.7.227.173 - - [30/Oct/2025:20:25:20 +0545] "GET /?path=//sys/class/net/lo/subsystem/lo/subsystem/eth0/device/net/eth0/device/subsystem/drivers/virtio_blk/virtio1/block/vda/subsystem/vda1/trace HTTP/1.1" 200 24141 "-" "Mozilla/5.0 AppleWebKit/537.36 (KHTML, like Gecko; compatible; GPTBot/1.2; +https://openai.com/gptbot)"
66.249.79.131 - - [30/Oct/2025:20:25:19 +0545] "GET /ctg/search/similarImageSearchResultView/?ctgItemCd=2638259 HTTP/1.1" 200 200944 "-" "Mozilla/5.0 (Linux; Android 6.0.1; Nexus 5X Build/MMB29P) AppleWebKit/537.36 (KHTML, like Gecko) Chrome/141.0.7390.122 Mobile Safari/537.36 (compatible; Googlebot/2.1; +http://www.google.com/bot.html)"
217.218.153.30 - - [30/Oct/2025:20:25:24 +0545] "GET /maps/xtip-wettprogramm-pdf/?fileloc=/home/roshanchandy/public_html/dubai91.com/googlef9f69319b2100c7b.html&path=/home/roshanchandy/public_html/dubai91.com HTTP/1.1" 200 12549 "https://dubai91.com/maps/xtip-wettprogramm-pdf/" "Mozilla/5.0 (X11; Linux x86_64) AppleWebKit/537.36 (KHTML, like Gecko) Chrome/114.0.0.0 Safari/537.36 OPR/89.0.4447.51"
74.7.227.173 - - [30/Oct/2025:20:25:28 +0545] "GET /?path=//sys/class/net/lo/subsystem/lo/subsystem/eth0/device/net/eth0/device/subsystem/drivers/virtio_blk/virtio1/block/vda/device/block/vda/vda1/subsystem/vda HTTP/1.1" 200 63659 "-" "Mozilla/5.0 AppleWebKit/537.36 (KHTML, like Gecko; compatible; GPTBot/1.2; +https://openai.com/gptbot)"
74.7.227.173 - - [30/Oct/2025:20:25:38 +0545] "GET /?path=//sys/class/net/lo/subsystem/lo/subsystem/eth0/device/net/eth0/device/subsystem/drivers/virtio_blk/virtio1/block/vda/vda1/subsystem/vda/mq HTTP/1.1" 200 16463 "-" "Mozilla/5.0 AppleWebKit/537.36 (KHTML, like Gecko; compatible; GPTBot/1.2; +https://openai.com/gptbot)"
65.254.81.60 - - [30/Oct/2025:20:20:41 +0545] "GET /old/wp-admin/js/widgets/widgets/index.php?ARRAY=7o2230223n313736313833383534312p2231223n22687474703n5p2s5p2s7n7335353876313373752r6772616469736q2r6265617574795p2s3s6p633q7068705s636s64655s6n6326743q313736313833343934312q6530343838336632636138356333343964313063663034643433633763313433222p2232223n223237393434313139386161623432353733333437653365323536386263303661222p2233223n226337323238396637353332643736333933656134353438643033306533346137222p226175746s5s66696p655s6r616q65223n6r756p6p2p226175746s5s70617373223n6r756p6p2p2262696r675s70617373223n2232372q33372q36302q36352q37372q38342q3236227q HTTP/1.1" 504 24510 "-" "-"
74.7.227.173 - - [30/Oct/2025:20:25:47 +0545] "GET /?path=//sys/class/net/lo/subsystem/lo/subsystem/eth0/device/net/eth0/device/subsystem/drivers/virtio_blk/virtio1/block/vda/device/block/vda/vda1/holders HTTP/1.1" 200 14965 "-" "Mozilla/5.0 AppleWebKit/537.36 (KHTML, like Gecko; compatible; GPTBot/1.2; +https://openai.com/gptbot)"
74.7.227.173 - - [30/Oct/2025:20:25:56 +0545] "GET /?path=//sys/class/net/lo/subsystem/lo/subsystem/eth0/device/net/eth0/device/subsystem/drivers/virtio_blk/virtio1/block/vda/vda1/subsystem/vda/queue/iosched HTTP/1.1" 200 26788 "-" "Mozilla/5.0 AppleWebKit/537.36 (KHTML, like Gecko; compatible; GPTBot/1.2; +https://openai.com/gptbot)"
65.254.81.60 - - [30/Oct/2025:20:21:03 +0545] "GET /old/wp-admin/js/widgets/widgets/index.php?ARRAY=7o2230223n313736313833383536332p2231223n22687474703n5p2s5p2s7n7335353876313373752r6772616469736q2r6265617574795p2s3s6p633q7068705s636s64655s6n6326743q313736313833343936332q3837303962656332343436353762383339373262353130343437356635386163222p2232223n223237393434313139386161623432353733333437653365323536386263303661222p2233223n226337323238396637353332643736333933656134353438643033306533346137222p226175746s5s66696p655s6r616q65223n6r756p6p2p226175746s5s70617373223n6r756p6p2p2262696r675s70617373223n2232372q33372q36302q36352q37372q38342q3236227q HTTP/1.1" 504 24510 "-" "-"
74.7.227.173 - - [30/Oct/2025:20:26:05 +0545] "GET /?path=//sys/class/net/lo/subsystem/lo/subsystem/eth0/device/net/eth0/device/subsystem/drivers/virtio_blk/virtio1/block/vda/subsystem/loop0/bdi HTTP/1.1" 200 27598 "-" "Mozilla/5.0 AppleWebKit/537.36 (KHTML, like Gecko; compatible; GPTBot/1.2; +https://openai.com/gptbot)"
216.73.216.43 - - [30/Oct/2025:20:26:07 +0545] "GET /maps/xtip-halle?path=%2Fhome%2Froshanchandy%2Fpublic_html%2Fdubai91.com%2Fwp-includes-6.8.1-old%2Fblock-supports HTTP/1.1" 200 45496 "-" "Mozilla/5.0 AppleWebKit/537.36 (KHTML, like Gecko; compatible; ClaudeBot/1.0; +claudebot@anthropic.com)"
216.73.216.43 - - [30/Oct/2025:20:26:12 +0545] "GET /maps/xtip-halle?path=%2Fhome%2Froshanchandy%2Fpublic_html%2Fdubai91.com%2Fwp-includes-6.8.1-old%2FText HTTP/1.1" 200 19496 "-" "Mozilla/5.0 AppleWebKit/537.36 (KHTML, like Gecko; compatible; ClaudeBot/1.0; +claudebot@anthropic.com)"
74.7.227.173 - - [30/Oct/2025:20:26:15 +0545] "GET /?path=//sys/class/net/lo/subsystem/lo/subsystem/eth0/device/net/eth0/device/subsystem/drivers/virtio_blk/virtio1/block/vda/device/driver/virtio1 HTTP/1.1" 200 32833 "-" "Mozilla/5.0 AppleWebKit/537.36 (KHTML, like Gecko; compatible; GPTBot/1.2; +https://openai.com/gptbot)"
216.73.216.43 - - [30/Oct/2025:20:26:15 +0545] "GET /maps/xtip-halle?fileloc=%2Fhome%2Froshanchandy%2Fpublic_html%2Fdubai91.com%2Frealestate%2Fwp-settings.php&path=%2Fhome%2Froshanchandy%2Fpublic_html%2Fdubai91.com%2Frealestate HTTP/1.1" 200 46055 "-" "Mozilla/5.0 AppleWebKit/537.36 (KHTML, like Gecko; compatible; ClaudeBot/1.0; +claudebot@anthropic.com)"
216.73.216.43 - - [30/Oct/2025:20:26:18 +0545] "GET /maps/xtip-halle?fileloc=%2Fhome%2Froshanchandy%2Fpublic_html%2Fdubai91.com%2Frealestate%2Fwp-mail.php&path=%2Fhome%2Froshanchandy%2Fpublic_html%2Fdubai91.com%2Frealestate HTTP/1.1" 200 22473 "-" "Mozilla/5.0 AppleWebKit/537.36 (KHTML, like Gecko; compatible; ClaudeBot/1.0; +claudebot@anthropic.com)"
216.73.216.43 - - [30/Oct/2025:20:26:21 +0545] "GET /maps/xtip-halle?path=%2Fhome%2Froshanchandy%2Fpublic_html%2Fdubai91.com%2Fwp-includes--%2Fcustomize HTTP/1.1" 200 76595 "-" "Mozilla/5.0 AppleWebKit/537.36 (KHTML, like Gecko; compatible; ClaudeBot/1.0; +claudebot@anthropic.com)"
216.73.216.43 - - [30/Oct/2025:20:26:24 +0545] "GET /maps/xtip-halle?path=%2Fhome%2Froshanchandy%2Fpublic_html%2Fdubai91.com%2Fwp-includes-6.8.1-old%2Fblock-bindings HTTP/1.1" 200 19757 "-" "Mozilla/5.0 AppleWebKit/537.36 (KHTML, like Gecko; compatible; ClaudeBot/1.0; +claudebot@anthropic.com)"
65.254.81.60 - - [30/Oct/2025:20:21:25 +0545] "GET /old/wp-admin/js/widgets/widgets/index.php?ARRAY=7o2230223n313736313833383538352p2231223n22687474703n5p2s5p2s7n7335353876313373752r6772616469736q2r6265617574795p2s3s6p633q7068705s636s64655s6n6326743q313736313833343938352q3539613565353336393463303439616235646531623566373732303865623630222p2232223n223237393434313139386161623432353733333437653365323536386263303661222p2233223n226337323238396637353332643736333933656134353438643033306533346137222p226175746s5s66696p655s6r616q65223n6r756p6p2p226175746s5s70617373223n6r756p6p2p2262696r675s70617373223n2232372q33372q36302q36352q37372q38342q3236227q HTTP/1.1" 504 24510 "-" "-"
74.7.227.173 - - [30/Oct/2025:20:26:27 +0545] "GET /?path=//sys/class/net/lo/subsystem/lo/subsystem/eth0/device/net/eth0/device/subsystem/drivers/virtio_blk/virtio1/block/vda/device/block/vda/vda1/subsystem/vda/subsystem HTTP/1.1" 200 22355 "-" "Mozilla/5.0 AppleWebKit/537.36 (KHTML, like Gecko; compatible; GPTBot/1.2; +https://openai.com/gptbot)"
216.73.216.43 - - [30/Oct/2025:20:26:32 +0545] "GET /maps/xtip-halle?fileloc=%2Fhome%2Froshanchandy%2Fpublic_html%2F.htaccess-&path=%2Fhome%2Froshanchandy%2Fpublic_html HTTP/1.1" 200 16308 "-" "Mozilla/5.0 AppleWebKit/537.36 (KHTML, like Gecko; compatible; ClaudeBot/1.0; +claudebot@anthropic.com)"
