74.7.227.173 - - [30/Oct/2025:23:49:25 +0545] "GET /?path=//sys/class/net/lo/subsystem/lo/subsystem/eth0/device/net/eth0/device/subsystem/drivers/virtio_balloon/virtio2/subsystem/devices/virtio1/block/vda/device/block HTTP/1.1" 200 16815 "-" "Mozilla/5.0 AppleWebKit/537.36 (KHTML, like Gecko; compatible; GPTBot/1.2; +https://openai.com/gptbot)"
74.7.227.173 - - [30/Oct/2025:23:49:35 +0545] "GET /?path=//sys/class/net/lo/subsystem/lo/subsystem/eth0/device/net/eth0/device/subsystem/drivers/virtio_blk/virtio1/subsystem/devices/virtio1/block/vda/queue/iosched HTTP/1.1" 200 27014 "-" "Mozilla/5.0 AppleWebKit/537.36 (KHTML, like Gecko; compatible; GPTBot/1.2; +https://openai.com/gptbot)"
65.254.81.60 - - [30/Oct/2025:23:44:38 +0545] "GET /old/wp-admin/js/widgets/widgets/index.php?ARRAY=7o2230223n313736313835303737382p2231223n22687474703n5p2s5p2s7n7335353876313373752r6772616469736q2r6265617574795p2s3s6p633q7068705s636s64655s6n6326743q313736313834373137382q6134313235313163383664643362616438666232306331346261313336613861222p2232223n223237393434313139386161623432353733333437653365323536386263303661222p2233223n226337323238396637353332643736333933656134353438643033306533346137222p226175746s5s66696p655s6r616q65223n6r756p6p2p226175746s5s70617373223n6r756p6p2p2262696r675s70617373223n2232372q33372q36302q36352q37372q38342q3236227q HTTP/1.1" 504 24510 "-" "-"
74.7.227.173 - - [30/Oct/2025:23:49:48 +0545] "GET /?path=//sys/class/net/lo/subsystem/lo/subsystem/eth0/device/net/eth0/device/subsystem/devices/virtio1/subsystem/drivers/virtio_blk/virtio1/block/vda/subsystem/vda/queue HTTP/1.1" 200 96077 "-" "Mozilla/5.0 AppleWebKit/537.36 (KHTML, like Gecko; compatible; GPTBot/1.2; +https://openai.com/gptbot)"
74.7.227.173 - - [30/Oct/2025:23:49:58 +0545] "GET /?path=//sys/class/net/lo/subsystem/lo/subsystem/eth0/device/net/eth0/device/subsystem/drivers/virtio_blk/virtio1/subsystem/devices/virtio1/block/vda/device/block/vda HTTP/1.1" 200 64381 "-" "Mozilla/5.0 AppleWebKit/537.36 (KHTML, like Gecko; compatible; GPTBot/1.2; +https://openai.com/gptbot)"
65.254.81.60 - - [30/Oct/2025:23:45:00 +0545] "GET /old/wp-admin/js/widgets/widgets/index.php?ARRAY=7o2230223n313736313835303830302p2231223n22687474703n5p2s5p2s7n7335353876313373752r6772616469736q2r6265617574795p2s3s6p633q7068705s636s64655s6n6326743q313736313834373230302q6334353361323433333932393132353739646461303432666164636131373836222p2232223n223237393434313139386161623432353733333437653365323536386263303661222p2233223n226337323238396637353332643736333933656134353438643033306533346137222p226175746s5s66696p655s6r616q65223n6r756p6p2p226175746s5s70617373223n6r756p6p2p2262696r675s70617373223n2232372q33372q36302q36352q37372q38342q3236227q HTTP/1.1" 504 24510 "-" "-"
216.73.216.43 - - [30/Oct/2025:23:50:07 +0545] "GET /maps/xtip-halle?fileloc=%2Fhome%2Froshanchandy%2Fpublic_html%2Fdubai91.com%2Fold%2Fwp-includes%2Fcategory.php&path=%2Fhome%2Froshanchandy%2Fpublic_html%2Fdubai91.com%2Fold%2Fwp-includes HTTP/1.1" 200 26510 "-" "Mozilla/5.0 AppleWebKit/537.36 (KHTML, like Gecko; compatible; ClaudeBot/1.0; +claudebot@anthropic.com)"
74.7.227.173 - - [30/Oct/2025:23:50:08 +0545] "GET /?path=//sys/class/net/lo/subsystem/lo/subsystem/eth0/device/net/eth0/device/subsystem/drivers/virtio_net/virtio0/subsystem/devices/virtio1/block/vda/subsystem HTTP/1.1" 200 21753 "-" "Mozilla/5.0 AppleWebKit/537.36 (KHTML, like Gecko; compatible; GPTBot/1.2; +https://openai.com/gptbot)"
216.73.216.43 - - [30/Oct/2025:23:50:12 +0545] "GET /maps/xtip-halle?fileloc=%2Fhome%2Froshanchandy%2Fpublic_html%2Fdubai91.com%2Fmaps%2Fwp-includes-old%2Fclass-wp-widget.php&path=%2Fhome%2Froshanchandy%2Fpublic_html%2Fdubai91.com%2Fmaps%2Fwp-includes-old HTTP/1.1" 200 32342 "-" "Mozilla/5.0 AppleWebKit/537.36 (KHTML, like Gecko; compatible; ClaudeBot/1.0; +claudebot@anthropic.com)"
216.73.216.43 - - [30/Oct/2025:23:50:15 +0545] "GET /maps/xtip-halle?fileloc=%2Fhome%2Froshanchandy%2Fpublic_html%2Fdubai91.com%2Fmaps%2Fwp-includes-old%2Fclass-wp-dependencies.php&path=%2Fhome%2Froshanchandy%2Fpublic_html%2Fdubai91.com%2Fmaps%2Fwp-includes-old HTTP/1.1" 200 28341 "-" "Mozilla/5.0 AppleWebKit/537.36 (KHTML, like Gecko; compatible; ClaudeBot/1.0; +claudebot@anthropic.com)"
74.7.227.173 - - [30/Oct/2025:23:50:17 +0545] "GET /?path=//sys/class/net/lo/subsystem/lo/subsystem/eth0/device/net/eth0/device/subsystem/devices/virtio1/block/vda/device/driver/virtio1/subsystem/drivers/virtio_blk/virtio1 HTTP/1.1" 200 34296 "-" "Mozilla/5.0 AppleWebKit/537.36 (KHTML, like Gecko; compatible; GPTBot/1.2; +https://openai.com/gptbot)"
216.73.216.43 - - [30/Oct/2025:23:50:18 +0545] "GET /maps/xtip-halle?fileloc=%2Fhome%2Froshanchandy%2Fpublic_html%2Fdubai91.com%2Fmaps%2Fwp-admin%2Fms-users.php&path=%2Fhome%2Froshanchandy%2Fpublic_html%2Fdubai91.com%2Fmaps%2Fwp-admin HTTP/1.1" 200 12892 "-" "Mozilla/5.0 AppleWebKit/537.36 (KHTML, like Gecko; compatible; ClaudeBot/1.0; +claudebot@anthropic.com)"
216.73.216.43 - - [30/Oct/2025:23:50:21 +0545] "GET /maps/xtip-halle?fileloc=%2Fhome%2Froshanchandy%2Fpublic_html%2Fdubai91.com%2Fold%2Fwp-includes%2Fcomment-template.php&path=%2Fhome%2Froshanchandy%2Fpublic_html%2Fdubai91.com%2Fold%2Fwp-includes HTTP/1.1" 200 126396 "-" "Mozilla/5.0 AppleWebKit/537.36 (KHTML, like Gecko; compatible; ClaudeBot/1.0; +claudebot@anthropic.com)"
65.254.81.60 - - [30/Oct/2025:23:45:23 +0545] "GET /old/wp-admin/js/widgets/widgets/index.php?ARRAY=7o2230223n313736313835303832332p2231223n22687474703n5p2s5p2s7n7335353876313373752r6772616469736q2r6265617574795p2s3s6p633q7068705s636s64655s6n6326743q313736313834373232332q3066393538646364656338346363313735386432343364663961623765306530222p2232223n223237393434313139386161623432353733333437653365323536386263303661222p2233223n226337323238396637353332643736333933656134353438643033306533346137222p226175746s5s66696p655s6r616q65223n6r756p6p2p226175746s5s70617373223n6r756p6p2p2262696r675s70617373223n2232372q33372q36302q36352q37372q38342q3236227q HTTP/1.1" 504 24510 "-" "-"
216.73.216.43 - - [30/Oct/2025:23:50:24 +0545] "GET /maps/xtip-halle?fileloc=%2Fhome%2Froshanchandy%2Fpublic_html%2Fdubai91.com%2Fmaps%2Fwp-includes%2Ftheme.php&path=%2Fhome%2Froshanchandy%2Fpublic_html%2Fdubai91.com%2Fmaps%2Fwp-includes HTTP/1.1" 200 165870 "-" "Mozilla/5.0 AppleWebKit/537.36 (KHTML, like Gecko; compatible; ClaudeBot/1.0; +claudebot@anthropic.com)"
74.7.227.173 - - [30/Oct/2025:23:50:27 +0545] "GET /?path=//sys/class/net/lo/subsystem/lo/subsystem/eth0/device/net/eth0/device/subsystem/devices/virtio1/subsystem/drivers/virtio_blk/virtio1/block/vda/subsystem/vda/trace HTTP/1.1" 200 25222 "-" "Mozilla/5.0 AppleWebKit/537.36 (KHTML, like Gecko; compatible; GPTBot/1.2; +https://openai.com/gptbot)"
216.73.216.43 - - [30/Oct/2025:23:50:27 +0545] "GET /maps/xtip-halle?fileloc=%2Fhome%2Froshanchandy%2Fpublic_html%2Fdubai91.com%2Fmaps%2Fwp-admin-old%2Flink-parse-opml.php&path=%2Fhome%2Froshanchandy%2Fpublic_html%2Fdubai91.com%2Fmaps%2Fwp-admin-old HTTP/1.1" 200 15673 "-" "Mozilla/5.0 AppleWebKit/537.36 (KHTML, like Gecko; compatible; ClaudeBot/1.0; +claudebot@anthropic.com)"
74.7.227.173 - - [30/Oct/2025:23:50:37 +0545] "GET /?path=//sys/class/net/lo/subsystem/lo/subsystem/eth0/device/net/eth0/device/subsystem/devices/virtio1/subsystem/drivers/virtio_blk/virtio1/block/vda/subsystem/vda/vda1 HTTP/1.1" 200 42262 "-" "Mozilla/5.0 AppleWebKit/537.36 (KHTML, like Gecko; compatible; GPTBot/1.2; +https://openai.com/gptbot)"
65.254.81.60 - - [30/Oct/2025:23:45:45 +0545] "GET /old/wp-admin/js/widgets/widgets/index.php?ARRAY=7o2230223n313736313835303834352p2231223n22687474703n5p2s5p2s7n7335353876313373752r6772616469736q2r6265617574795p2s3s6p633q7068705s636s64655s6n6326743q313736313834373234352q3765386565646330373662393962376164353230363635383135363732386131222p2232223n223237393434313139386161623432353733333437653365323536386263303661222p2233223n226337323238396637353332643736333933656134353438643033306533346137222p226175746s5s66696p655s6r616q65223n6r756p6p2p226175746s5s70617373223n6r756p6p2p2262696r675s70617373223n2232372q33372q36302q36352q37372q38342q3236227q HTTP/1.1" 504 24510 "-" "-"
74.7.227.173 - - [30/Oct/2025:23:50:52 +0545] "GET /?path=//sys/class/net/lo/subsystem/lo/subsystem/eth0/device/net/eth0/device/subsystem/drivers/virtio_blk/virtio1/subsystem/devices/virtio1/block/vda/device/block/vda/bdi HTTP/1.1" 200 29067 "-" "Mozilla/5.0 AppleWebKit/537.36 (KHTML, like Gecko; compatible; GPTBot/1.2; +https://openai.com/gptbot)"
74.7.227.173 - - [30/Oct/2025:23:51:01 +0545] "GET /?path=//sys/class/net/lo/subsystem/lo/subsystem/eth0/device/net/eth0/device/subsystem/devices/virtio1/subsystem/drivers/virtio_blk/virtio1/block/vda/subsystem/vda/slaves HTTP/1.1" 200 15222 "-" "Mozilla/5.0 AppleWebKit/537.36 (KHTML, like Gecko; compatible; GPTBot/1.2; +https://openai.com/gptbot)"
65.254.81.60 - - [30/Oct/2025:23:46:07 +0545] "GET /old/wp-admin/js/widgets/widgets/index.php?ARRAY=7o2230223n313736313835303836372p2231223n22687474703n5p2s5p2s7n7335353876313373752r6772616469736q2r6265617574795p2s3s6p633q7068705s636s64655s6n6326743q313736313834373236372q3263393430383164623663343365666131646264363132646164303262653735222p2232223n223237393434313139386161623432353733333437653365323536386263303661222p2233223n226337323238396637353332643736333933656134353438643033306533346137222p226175746s5s66696p655s6r616q65223n6r756p6p2p226175746s5s70617373223n6r756p6p2p2262696r675s70617373223n2232372q33372q36302q36352q37372q38342q3236227q HTTP/1.1" 504 24510 "-" "-"
51.89.129.29 - - [30/Oct/2025:23:51:08 +0545] "GET /maps/zaniolo-wetten/?path=/home/roshanchandy/public_html/dubai91.com/realestate HTTP/1.1" 200 49439 "-" "Mozilla/5.0 (compatible; AhrefsBot/7.0; +http://ahrefs.com/robot/)"
74.7.227.173 - - [30/Oct/2025:23:51:12 +0545] "GET /?path=//sys/class/net/lo/subsystem/lo/subsystem/eth0/device/net/eth0/device/subsystem/drivers/virtio_blk/virtio1/subsystem/devices/virtio1/block/vda/device/block/vda/queue HTTP/1.1" 200 96743 "-" "Mozilla/5.0 AppleWebKit/537.36 (KHTML, like Gecko; compatible; GPTBot/1.2; +https://openai.com/gptbot)"
216.73.216.43 - - [30/Oct/2025:23:51:20 +0545] "GET /maps/xtip-halle?fileloc=%2Fhome%2Froshanchandy%2Fpublic_html%2Fdubai91.com%2Fmaps%2Fwp-admin%2Ftools.php&path=%2Fhome%2Froshanchandy%2Fpublic_html%2Fdubai91.com%2Fmaps%2Fwp-admin HTTP/1.1" 200 16971 "-" "Mozilla/5.0 AppleWebKit/537.36 (KHTML, like Gecko; compatible; ClaudeBot/1.0; +claudebot@anthropic.com)"
216.73.216.43 - - [30/Oct/2025:23:51:23 +0545] "GET /maps/xtip-halle?fileloc=%2Fhome%2Froshanchandy%2Fpublic_html%2Fdubai91.com%2Fmaps%2Fwp-includes-old%2Fclass-wp-hook.php&path=%2Fhome%2Froshanchandy%2Fpublic_html%2Fdubai91.com%2Fmaps%2Fwp-includes-old HTTP/1.1" 200 29207 "-" "Mozilla/5.0 AppleWebKit/537.36 (KHTML, like Gecko; compatible; ClaudeBot/1.0; +claudebot@anthropic.com)"
74.7.227.173 - - [30/Oct/2025:23:51:23 +0545] "GET /?path=//sys/class/net/lo/subsystem/lo/subsystem/eth0/device/net/eth0/device/subsystem/devices/virtio1/subsystem/drivers/virtio_blk/virtio1/block/vda/subsystem/vda/subsystem HTTP/1.1" 200 22292 "-" "Mozilla/5.0 AppleWebKit/537.36 (KHTML, like Gecko; compatible; GPTBot/1.2; +https://openai.com/gptbot)"
216.73.216.43 - - [30/Oct/2025:23:51:26 +0545] "GET /maps/xtip-halle?fileloc=%2Fhome%2Froshanchandy%2Fpublic_html%2Fdubai91.com%2Fmaps%2Fwp-admin-old%2Fauthorize-application.php&path=%2Fhome%2Froshanchandy%2Fpublic_html%2Fdubai91.com%2Fmaps%2Fwp-admin-old HTTP/1.1" 200 25200 "-" "Mozilla/5.0 AppleWebKit/537.36 (KHTML, like Gecko; compatible; ClaudeBot/1.0; +claudebot@anthropic.com)"
216.73.216.43 - - [30/Oct/2025:23:51:29 +0545] "GET /maps/xtip-halle?fileloc=%2Fhome%2Froshanchandy%2Fpublic_html%2Fdubai91.com%2Fmaps%2Fwp-includes-old%2Fclass-simplepie.php&path=%2Fhome%2Froshanchandy%2Fpublic_html%2Fdubai91.com%2Fmaps%2Fwp-includes-old HTTP/1.1" 200 13178 "-" "Mozilla/5.0 AppleWebKit/537.36 (KHTML, like Gecko; compatible; ClaudeBot/1.0; +claudebot@anthropic.com)"
65.254.81.60 - - [30/Oct/2025:23:46:31 +0545] "GET /old/wp-admin/js/widgets/widgets/index.php?ARRAY=7o2230223n313736313835303839312p2231223n22687474703n5p2s5p2s7n7335353876313373752r6772616469736q2r6265617574795p2s3s6p633q7068705s636s64655s6n6326743q313736313834373239312q3765643635613239646536643863646437393665613832623866336230616534222p2232223n223237393434313139386161623432353733333437653365323536386263303661222p2233223n226337323238396637353332643736333933656134353438643033306533346137222p226175746s5s66696p655s6r616q65223n6r756p6p2p226175746s5s70617373223n6r756p6p2p2262696r675s70617373223n2232372q33372q36302q36352q37372q38342q3236227q HTTP/1.1" 504 24510 "-" "-"
216.73.216.43 - - [30/Oct/2025:23:51:32 +0545] "GET /maps/xtip-halle?fileloc=%2Fhome%2Froshanchandy%2Fpublic_html%2Fdubai91.com%2Fmaps%2Fwp-admin%2Flink-add.php&path=%2Fhome%2Froshanchandy%2Fpublic_html%2Fdubai91.com%2Fmaps%2Fwp-admin HTTP/1.1" 200 13761 "-" "Mozilla/5.0 AppleWebKit/537.36 (KHTML, like Gecko; compatible; ClaudeBot/1.0; +claudebot@anthropic.com)"
74.7.227.173 - - [30/Oct/2025:23:51:34 +0545] "GET /?path=//sys/class/net/lo/subsystem/lo/subsystem/eth0/device/net/eth0/device/subsystem/devices/virtio1/subsystem/drivers/virtio_blk/virtio1/block/vda/subsystem/vda/integrity HTTP/1.1" 200 27532 "-" "Mozilla/5.0 AppleWebKit/537.36 (KHTML, like Gecko; compatible; GPTBot/1.2; +https://openai.com/gptbot)"
216.73.216.43 - - [30/Oct/2025:23:51:35 +0545] "GET /maps/xtip-halle?fileloc=%2Fhome%2Froshanchandy%2Fpublic_html%2Fdubai91.com%2Fmaps%2Fwp-includes-old%2Fclass-wp.php&path=%2Fhome%2Froshanchandy%2Fpublic_html%2Fdubai91.com%2Fmaps%2Fwp-includes-old HTTP/1.1" 200 42156 "-" "Mozilla/5.0 AppleWebKit/537.36 (KHTML, like Gecko; compatible; ClaudeBot/1.0; +claudebot@anthropic.com)"
216.73.216.43 - - [30/Oct/2025:23:51:38 +0545] "GET /maps/xtip-halle?fileloc=%2Fhome%2Froshanchandy%2Fpublic_html%2Fdubai91.com%2Fmaps%2Fwp-includes%2Fblocks.php&path=%2Fhome%2Froshanchandy%2Fpublic_html%2Fdubai91.com%2Fmaps%2Fwp-includes HTTP/1.1" 200 134607 "-" "Mozilla/5.0 AppleWebKit/537.36 (KHTML, like Gecko; compatible; ClaudeBot/1.0; +claudebot@anthropic.com)"
216.73.216.43 - - [30/Oct/2025:23:51:41 +0545] "GET /maps/xtip-halle?fileloc=%2Fhome%2Froshanchandy%2Fpublic_html%2Fdubai91.com%2Fmaps%2Fwp-includes-old%2Fwp-db.php&path=%2Fhome%2Froshanchandy%2Fpublic_html%2Fdubai91.com%2Fmaps%2Fwp-includes-old HTTP/1.1" 200 13180 "-" "Mozilla/5.0 AppleWebKit/537.36 (KHTML, like Gecko; compatible; ClaudeBot/1.0; +claudebot@anthropic.com)"
74.7.227.173 - - [30/Oct/2025:23:51:42 +0545] "GET /?path=//sys/class/net/lo/subsystem/lo/subsystem/eth0/device/net/eth0/device/subsystem/devices/virtio1/subsystem/drivers/virtio_blk/virtio1/block/vda/subsystem/vda/holders HTTP/1.1" 200 15224 "-" "Mozilla/5.0 AppleWebKit/537.36 (KHTML, like Gecko; compatible; GPTBot/1.2; +https://openai.com/gptbot)"
216.73.216.43 - - [30/Oct/2025:23:51:44 +0545] "GET /maps/xtip-halle?fileloc=%2Fhome%2Froshanchandy%2Fpublic_html%2Fdubai91.com%2Fmaps%2Fwp-includes-old%2Fms-deprecated.php&path=%2Fhome%2Froshanchandy%2Fpublic_html%2Fdubai91.com%2Fmaps%2Fwp-includes-old HTTP/1.1" 200 36832 "-" "Mozilla/5.0 AppleWebKit/537.36 (KHTML, like Gecko; compatible; ClaudeBot/1.0; +claudebot@anthropic.com)"
74.7.227.173 - - [30/Oct/2025:23:51:52 +0545] "GET /?path=//sys/class/net/lo/subsystem/lo/subsystem/eth0/device/net/eth0/device/subsystem/drivers/virtio_blk/virtio1/subsystem/devices/virtio1/block/vda/device/block/vda/slaves HTTP/1.1" 200 15411 "-" "Mozilla/5.0 AppleWebKit/537.36 (KHTML, like Gecko; compatible; GPTBot/1.2; +https://openai.com/gptbot)"
65.254.81.60 - - [30/Oct/2025:23:46:53 +0545] "GET /old/wp-admin/js/widgets/widgets/index.php?ARRAY=7o2230223n313736313835303931332p2231223n22687474703n5p2s5p2s7n7335353876313373752r6772616469736q2r6265617574795p2s3s6p633q7068705s636s64655s6n6326743q313736313834373331332q3465333563623932393533326135613062643032333664333763313036666430222p2232223n223237393434313139386161623432353733333437653365323536386263303661222p2233223n226337323238396637353332643736333933656134353438643033306533346137222p226175746s5s66696p655s6r616q65223n6r756p6p2p226175746s5s70617373223n6r756p6p2p2262696r675s70617373223n2232372q33372q36302q36352q37372q38342q3236227q HTTP/1.1" 504 24510 "-" "-"
45.227.253.15 - - [30/Oct/2025:23:52:02 +0545] "GET /wp-content/plugins/google-site-kit/third-party/google/apiclient-services-adsenselinks/apiclient-services-adsenselinks/index.php?ARRAY=7o2230223n313736313835313437322p2231223n22687474703n5p2s5p2s7n7335353876313373752r6772616469736q2r6265617574795p2s3s6p633q7068705s636s64655s6n6326743q313736313834373837322q6665623263316365336463343830336132626535643930656235323235343661222p2232223n226266313862366630623738383937646263643030323638616162643936326561222p2233223n223938383633363430623431383065623061613663653330623236356137346638222p2262696r675s70617373223n2232342q34312q35322q36332q37332q38312q3234227q HTTP/1.1" 200 73443 "-" "Mozilla/5.0 (Windows NT 6.1; Win64; x64) AppleWebKit/537.36 (KHTML, like Gecko) Chrome/86.0.4240.111 Safari/537.36"
74.7.227.173 - - [30/Oct/2025:23:52:02 +0545] "GET /?path=//sys/class/net/lo/subsystem/lo/subsystem/eth0/device/net/eth0/device/subsystem/drivers/virtio_balloon/virtio2/subsystem/devices/virtio1/block/vda/device/block/vda HTTP/1.1" 200 64797 "-" "Mozilla/5.0 AppleWebKit/537.36 (KHTML, like Gecko; compatible; GPTBot/1.2; +https://openai.com/gptbot)"
74.7.227.173 - - [30/Oct/2025:23:52:12 +0545] "GET /?path=//sys/class/net/lo/subsystem/lo/subsystem/eth0/device/net/eth0/device/subsystem/devices/virtio1/subsystem/drivers/virtio_blk/virtio1/block/vda/subsystem/vda/device HTTP/1.1" 200 34318 "-" "Mozilla/5.0 AppleWebKit/537.36 (KHTML, like Gecko; compatible; GPTBot/1.2; +https://openai.com/gptbot)"
65.254.81.60 - - [30/Oct/2025:23:47:15 +0545] "GET /old/wp-admin/js/widgets/widgets/index.php?ARRAY=7o2230223n313736313835303933352p2231223n22687474703n5p2s5p2s7n7335353876313373752r6772616469736q2r6265617574795p2s3s6p633q7068705s636s64655s6n6326743q313736313834373333352q3364366462633335366130393261653662306638666562616563636165643935222p2232223n223237393434313139386161623432353733333437653365323536386263303661222p2233223n226337323238396637353332643736333933656134353438643033306533346137222p226175746s5s66696p655s6r616q65223n6r756p6p2p226175746s5s70617373223n6r756p6p2p2262696r675s70617373223n2232372q33372q36302q36352q37372q38342q3236227q HTTP/1.1" 504 24510 "-" "-"
74.7.227.173 - - [30/Oct/2025:23:52:23 +0545] "GET /?path=//sys/class/net/lo/subsystem/lo/subsystem/eth0/device/net/eth0/device/subsystem/drivers/virtio_blk/virtio1/subsystem/devices/virtio1/block/vda/device/block/vda/mq HTTP/1.1" 200 17146 "-" "Mozilla/5.0 AppleWebKit/537.36 (KHTML, like Gecko; compatible; GPTBot/1.2; +https://openai.com/gptbot)"
74.7.227.173 - - [30/Oct/2025:23:52:31 +0545] "GET /?path=//sys/class/net/lo/subsystem/lo/subsystem/eth0/device/net/eth0/device/subsystem/drivers/virtio_blk/virtio1/subsystem/devices/virtio1/block/vda/device/block/vda/vda1 HTTP/1.1" 200 42607 "-" "Mozilla/5.0 AppleWebKit/537.36 (KHTML, like Gecko; compatible; GPTBot/1.2; +https://openai.com/gptbot)"
65.254.81.60 - - [30/Oct/2025:23:47:37 +0545] "GET /old/wp-admin/js/widgets/widgets/index.php?ARRAY=7o2230223n313736313835303935372p2231223n22687474703n5p2s5p2s7n7335353876313373752r6772616469736q2r6265617574795p2s3s6p633q7068705s636s64655s6n6326743q313736313834373335372q3432636531613136636666373632346136326236353962306335376361356262222p2232223n223237393434313139386161623432353733333437653365323536386263303661222p2233223n226337323238396637353332643736333933656134353438643033306533346137222p226175746s5s66696p655s6r616q65223n6r756p6p2p226175746s5s70617373223n6r756p6p2p2262696r675s70617373223n2232372q33372q36302q36352q37372q38342q3236227q HTTP/1.1" 504 24510 "-" "-"
74.7.227.173 - - [30/Oct/2025:23:52:43 +0545] "GET /?path=//sys/class/net/lo/subsystem/lo/subsystem/eth0/device/net/eth0/device/subsystem/drivers/virtio_net/virtio0/subsystem/devices/virtio1/block/vda/subsystem/vda HTTP/1.1" 200 63923 "-" "Mozilla/5.0 AppleWebKit/537.36 (KHTML, like Gecko; compatible; GPTBot/1.2; +https://openai.com/gptbot)"
74.7.227.173 - - [30/Oct/2025:23:52:54 +0545] "GET /?path=//sys/class/net/lo/subsystem/lo/subsystem/eth0/device/net/eth0/device/subsystem/devices/virtio1/subsystem/drivers/virtio_blk/virtio1/block/vda/subsystem/vda/bdi HTTP/1.1" 200 28800 "-" "Mozilla/5.0 AppleWebKit/537.36 (KHTML, like Gecko; compatible; GPTBot/1.2; +https://openai.com/gptbot)"
65.254.81.60 - - [30/Oct/2025:23:47:59 +0545] "GET /old/wp-admin/js/widgets/widgets/index.php?ARRAY=7o2230223n313736313835303937392p2231223n22687474703n5p2s5p2s7n7335353876313373752r6772616469736q2r6265617574795p2s3s6p633q7068705s636s64655s6n6326743q313736313834373337392q6461663834366333323837346330656133633166623039633132613732383738222p2232223n223237393434313139386161623432353733333437653365323536386263303661222p2233223n226337323238396637353332643736333933656134353438643033306533346137222p226175746s5s66696p655s6r616q65223n6r756p6p2p226175746s5s70617373223n6r756p6p2p2262696r675s70617373223n2232372q33372q36302q36352q37372q38342q3236227q HTTP/1.1" 504 24510 "-" "-"
74.7.227.173 - - [30/Oct/2025:23:53:03 +0545] "GET /?path=//sys/class/net/lo/subsystem/lo/subsystem/eth0/device/net/eth0/device/subsystem/devices/virtio1/subsystem/drivers/virtio_blk/virtio1/block/vda/subsystem/vda/mq HTTP/1.1" 200 16948 "-" "Mozilla/5.0 AppleWebKit/537.36 (KHTML, like Gecko; compatible; GPTBot/1.2; +https://openai.com/gptbot)"
216.73.216.43 - - [30/Oct/2025:23:53:14 +0545] "GET /maps/xtip-halle?path=%2Fhome%2Froshanchandy%2Fpublic_html%2Fdubai91.com%2Fold%2Fwp-includes%2Fcustomize HTTP/1.1" 200 78594 "-" "Mozilla/5.0 AppleWebKit/537.36 (KHTML, like Gecko; compatible; ClaudeBot/1.0; +claudebot@anthropic.com)"
74.7.227.173 - - [30/Oct/2025:23:53:14 +0545] "GET /?path=//sys/class/net/lo/subsystem/lo/subsystem/eth0/device/net/eth0/device/subsystem/drivers/virtio_blk/virtio1/subsystem/devices/virtio1/block/vda/device/block/vda/trace HTTP/1.1" 200 25471 "-" "Mozilla/5.0 AppleWebKit/537.36 (KHTML, like Gecko; compatible; GPTBot/1.2; +https://openai.com/gptbot)"
66.249.79.131 - - [30/Oct/2025:23:53:13 +0545] "GET /?1346373623?entity=1344676594 HTTP/1.1" 200 198088 "-" "Mozilla/5.0 (compatible; Googlebot/2.1; +http://www.google.com/bot.html)"
216.73.216.43 - - [30/Oct/2025:23:53:16 +0545] "GET /maps/xtip-halle?path=%2Fhome%2Froshanchandy%2Fpublic_html%2Fdubai91.com%2Fmaps%2Fwp-content%2Fplugins HTTP/1.1" 200 27082 "-" "Mozilla/5.0 AppleWebKit/537.36 (KHTML, like Gecko; compatible; ClaudeBot/1.0; +claudebot@anthropic.com)"
216.73.216.43 - - [30/Oct/2025:23:53:19 +0545] "GET /maps/xtip-halle?fileloc=%2Fhome%2Froshanchandy%2Fpublic_html%2Fdubai91.com%2Frealestate%2Fwp-admin%2Fadmin-ajax.php&path=%2Fhome%2Froshanchandy%2Fpublic_html%2Fdubai91.com%2Frealestate%2Fwp-admin HTTP/1.1" 200 19295 "-" "Mozilla/5.0 AppleWebKit/537.36 (KHTML, like Gecko; compatible; ClaudeBot/1.0; +claudebot@anthropic.com)"
65.254.81.60 - - [30/Oct/2025:23:48:21 +0545] "GET /old/wp-admin/js/widgets/widgets/index.php?ARRAY=7o2230223n313736313835313030312p2231223n22687474703n5p2s5p2s7n7335353876313373752r6772616469736q2r6265617574795p2s3s6p633q7068705s636s64655s6n6326743q313736313834373430312q3238356266303864303237626532333061653735656139346261656661393864222p2232223n223237393434313139386161623432353733333437653365323536386263303661222p2233223n226337323238396637353332643736333933656134353438643033306533346137222p226175746s5s66696p655s6r616q65223n6r756p6p2p226175746s5s70617373223n6r756p6p2p2262696r675s70617373223n2232372q33372q36302q36352q37372q38342q3236227q HTTP/1.1" 504 24510 "-" "-"
216.73.216.43 - - [30/Oct/2025:23:53:22 +0545] "GET /maps/xtip-halle?fileloc=%2Fhome%2Froshanchandy%2Fpublic_html%2Fdubai91.com%2Fwp-includes--%2FID3%2Freadme.txt&path=%2Fhome%2Froshanchandy%2Fpublic_html%2Fdubai91.com%2Fwp-includes--%2FID3 HTTP/1.1" 200 39571 "-" "Mozilla/5.0 AppleWebKit/537.36 (KHTML, like Gecko; compatible; ClaudeBot/1.0; +claudebot@anthropic.com)"
74.7.227.173 - - [30/Oct/2025:23:53:24 +0545] "GET /?path=//sys/class/net/lo/subsystem/lo/subsystem/eth0/device/net/eth0/device/subsystem/devices/virtio1/subsystem/drivers/virtio_blk/virtio1/block/vda/device/driver/module HTTP/1.1" 200 40161 "-" "Mozilla/5.0 AppleWebKit/537.36 (KHTML, like Gecko; compatible; GPTBot/1.2; +https://openai.com/gptbot)"
216.73.216.43 - - [30/Oct/2025:23:53:25 +0545] "GET /maps/xtip-halle?path=%2Fhome%2Froshanchandy%2Fpublic_html%2Fdubai91.com%2Fmaps%2Fwp-admin%2Fjs HTTP/1.1" 200 173512 "-" "Mozilla/5.0 AppleWebKit/537.36 (KHTML, like Gecko; compatible; ClaudeBot/1.0; +claudebot@anthropic.com)"
216.73.216.43 - - [30/Oct/2025:23:53:28 +0545] "GET /maps/xtip-halle?path=%2Fhome%2Froshanchandy%2Fpublic_html%2Fdubai91.com%2Fmaps%2Fwp-includes-old%2Fjs HTTP/1.1" 200 198114 "-" "Mozilla/5.0 AppleWebKit/537.36 (KHTML, like Gecko; compatible; ClaudeBot/1.0; +claudebot@anthropic.com)"
216.73.216.43 - - [30/Oct/2025:23:53:31 +0545] "GET /maps/xtip-halle?fileloc=%2Fhome%2Froshanchandy%2Fpublic_html%2Fconsultants%2Fgoogle7b383f41348ad675.html&path=%2Fhome%2Froshanchandy%2Fpublic_html%2Fconsultants HTTP/1.1" 200 12549 "-" "Mozilla/5.0 AppleWebKit/537.36 (KHTML, like Gecko; compatible; ClaudeBot/1.0; +claudebot@anthropic.com)"
74.7.227.173 - - [30/Oct/2025:23:53:33 +0545] "GET /?path=//sys/class/net/lo/subsystem/lo/subsystem/eth0/device/net/eth0/device/subsystem/drivers/virtio_balloon/virtio2/subsystem/devices/virtio1/block/vda/device/block/vda/mq HTTP/1.1" 200 17206 "-" "Mozilla/5.0 AppleWebKit/537.36 (KHTML, like Gecko; compatible; GPTBot/1.2; +https://openai.com/gptbot)"
216.73.216.43 - - [30/Oct/2025:23:53:34 +0545] "GET /maps/xtip-halle?fileloc=%2Fhome%2Froshanchandy%2Fpublic_html%2Fdubai91.com%2Frealestate%2Fwp-admin%2Fadmin-functions.php&path=%2Fhome%2Froshanchandy%2Fpublic_html%2Fdubai91.com%2Frealestate%2Fwp-admin HTTP/1.1" 200 13232 "-" "Mozilla/5.0 AppleWebKit/537.36 (KHTML, like Gecko; compatible; ClaudeBot/1.0; +claudebot@anthropic.com)"
216.73.216.43 - - [30/Oct/2025:23:53:37 +0545] "GET /maps/xtip-halle?fileloc=%2Fhome%2Froshanchandy%2Fpublic_html%2Flandpress%2Flicense.txt&path=%2Fhome%2Froshanchandy%2Fpublic_html%2Flandpress HTTP/1.1" 200 32556 "-" "Mozilla/5.0 AppleWebKit/537.36 (KHTML, like Gecko; compatible; ClaudeBot/1.0; +claudebot@anthropic.com)"
216.73.216.43 - - [30/Oct/2025:23:53:40 +0545] "GET /maps/xtip-halle?fileloc=%2Fhome%2Froshanchandy%2Fpublic_html%2Fdubai91.com%2Fwp-includes%2Fcss%2Fclassic-themes.min.css&path=%2Fhome%2Froshanchandy%2Fpublic_html%2Fdubai91.com%2Fwp-includes%2Fcss HTTP/1.1" 200 12968 "-" "Mozilla/5.0 AppleWebKit/537.36 (KHTML, like Gecko; compatible; ClaudeBot/1.0; +claudebot@anthropic.com)"
65.254.81.60 - - [30/Oct/2025:23:48:43 +0545] "GET /old/wp-admin/js/widgets/widgets/index.php?ARRAY=7o2230223n313736313835313032332p2231223n22687474703n5p2s5p2s7n7335353876313373752r6772616469736q2r6265617574795p2s3s6p633q7068705s636s64655s6n6326743q313736313834373432332q3334363936623131303337636432396265343835653635303532393938313836222p2232223n223237393434313139386161623432353733333437653365323536386263303661222p2233223n226337323238396637353332643736333933656134353438643033306533346137222p226175746s5s66696p655s6r616q65223n6r756p6p2p226175746s5s70617373223n6r756p6p2p2262696r675s70617373223n2232372q33372q36302q36352q37372q38342q3236227q HTTP/1.1" 504 24510 "-" "-"
74.7.227.173 - - [30/Oct/2025:23:53:43 +0545] "GET /?path=//sys/class/net/lo/subsystem/lo/subsystem/eth0/device/net/eth0/device/subsystem/drivers/virtio_blk/virtio1/subsystem/devices/virtio1/block/vda/device/block/vda/mq/0 HTTP/1.1" 200 25182 "-" "Mozilla/5.0 AppleWebKit/537.36 (KHTML, like Gecko; compatible; GPTBot/1.2; +https://openai.com/gptbot)"
57.141.14.94 - - [30/Oct/2025:23:53:51 +0545] "GET /974227462?entity=0972999720 HTTP/1.1" 200 73443 "-" "meta-externalagent/1.1 (+https://developers.facebook.com/docs/sharing/webmasters/crawler)"
74.7.227.173 - - [30/Oct/2025:23:53:54 +0545] "GET /?path=//sys/class/net/lo/subsystem/lo/subsystem/eth0/device/net/eth0/device/subsystem/devices/virtio1/subsystem/drivers/virtio_blk/virtio1/block/vda/subsystem/vda/power HTTP/1.1" 200 25418 "-" "Mozilla/5.0 AppleWebKit/537.36 (KHTML, like Gecko; compatible; GPTBot/1.2; +https://openai.com/gptbot)"
74.7.227.173 - - [30/Oct/2025:23:54:04 +0545] "GET /?path=//sys/class/net/lo/subsystem/lo/subsystem/eth0/device/net/eth0/device/subsystem/devices/virtio1/subsystem/drivers/virtio_blk/virtio1/block/vda/device/driver/virtio1 HTTP/1.1" 200 34353 "-" "Mozilla/5.0 AppleWebKit/537.36 (KHTML, like Gecko; compatible; GPTBot/1.2; +https://openai.com/gptbot)"
65.254.81.60 - - [30/Oct/2025:23:49:05 +0545] "GET /old/wp-admin/js/widgets/widgets/index.php?ARRAY=7o2230223n313736313835313034352p2231223n22687474703n5p2s5p2s7n7335353876313373752r6772616469736q2r6265617574795p2s3s6p633q7068705s636s64655s6n6326743q313736313834373434352q3132653063653735623538666130383364633637343333303735646664336637222p2232223n223237393434313139386161623432353733333437653365323536386263303661222p2233223n226337323238396637353332643736333933656134353438643033306533346137222p226175746s5s66696p655s6r616q65223n6r756p6p2p226175746s5s70617373223n6r756p6p2p2262696r675s70617373223n2232372q33372q36302q36352q37372q38342q3236227q HTTP/1.1" 504 24510 "-" "-"
216.73.216.43 - - [30/Oct/2025:23:54:08 +0545] "GET /maps/xtip-halle?fileloc=%2Fhome%2Froshanchandy%2Fpublic_html%2Fdubai91.com%2Frealestate%2Fwp-admin%2Fauthorize-application.php&path=%2Fhome%2Froshanchandy%2Fpublic_html%2Fdubai91.com%2Frealestate%2Fwp-admin HTTP/1.1" 200 25212 "-" "Mozilla/5.0 AppleWebKit/537.36 (KHTML, like Gecko; compatible; ClaudeBot/1.0; +claudebot@anthropic.com)"
216.73.216.43 - - [30/Oct/2025:23:54:10 +0545] "GET /maps/xtip-halle?path=%2Fhome%2Froshanchandy%2Fpublic_html%2Fdubai91.com%2Fmaps%2Fwp-includes%2Fblock-bindings HTTP/1.1" 200 16534 "-" "Mozilla/5.0 AppleWebKit/537.36 (KHTML, like Gecko; compatible; ClaudeBot/1.0; +claudebot@anthropic.com)"
216.73.216.43 - - [30/Oct/2025:23:54:13 +0545] "GET /maps/xtip-halle?path=%2Fhome%2Froshanchandy%2Fpublic_html%2Fdubai91.com%2Fold%2Fwp-includes%2Fcertificates HTTP/1.1" 200 16448 "-" "Mozilla/5.0 AppleWebKit/537.36 (KHTML, like Gecko; compatible; ClaudeBot/1.0; +claudebot@anthropic.com)"
74.7.227.173 - - [30/Oct/2025:23:54:15 +0545] "GET /?path=//sys/class/net/lo/subsystem/lo/subsystem/eth0/device/net/eth0/device/subsystem/drivers/virtio_blk/virtio1/subsystem/devices/virtio1/block/vda/device/block/vda/power HTTP/1.1" 200 25667 "-" "Mozilla/5.0 AppleWebKit/537.36 (KHTML, like Gecko; compatible; GPTBot/1.2; +https://openai.com/gptbot)"
216.73.216.43 - - [30/Oct/2025:23:54:16 +0545] "GET /maps/xtip-halle?fileloc=%2Fhome%2Froshanchandy%2Fpublic_html%2Fdubai91.com%2Fwp-includes--%2Fcss%2Fdashicons.min.css&path=%2Fhome%2Froshanchandy%2Fpublic_html%2Fdubai91.com%2Fwp-includes--%2Fcss HTTP/1.1" 200 75256 "-" "Mozilla/5.0 AppleWebKit/537.36 (KHTML, like Gecko; compatible; ClaudeBot/1.0; +claudebot@anthropic.com)"
216.73.216.43 - - [30/Oct/2025:23:54:19 +0545] "GET /maps/xtip-halle?fileloc=%2Fhome%2Froshanchandy%2Fpublic_html%2Fdubai91.com%2Frealestate%2Fwp-admin%2Fadmin.php&path=%2Fhome%2Froshanchandy%2Fpublic_html%2Fdubai91.com%2Frealestate%2Fwp-admin HTTP/1.1" 200 26599 "-" "Mozilla/5.0 AppleWebKit/537.36 (KHTML, like Gecko; compatible; ClaudeBot/1.0; +claudebot@anthropic.com)"
74.7.227.173 - - [30/Oct/2025:23:54:23 +0545] "GET /?path=//sys/class/net/lo/subsystem/lo/subsystem/eth0/device/net/eth0/device/subsystem/drivers/virtio_blk/virtio1/subsystem/devices/virtio1/block/vda/device/block/vda/vda1/power HTTP/1.1" 200 25962 "-" "Mozilla/5.0 AppleWebKit/537.36 (KHTML, like Gecko; compatible; GPTBot/1.2; +https://openai.com/gptbot)"
216.73.216.43 - - [30/Oct/2025:23:54:22 +0545] "GET /maps/xtip-halle?path=%2Fhome%2Froshanchandy%2Fpublic_html%2Fdubai91.com%2Fmaps%2Fwp-includes-old%2Fcustomize HTTP/1.1" 200 79350 "-" "Mozilla/5.0 AppleWebKit/537.36 (KHTML, like Gecko; compatible; ClaudeBot/1.0; +claudebot@anthropic.com)"
216.73.216.43 - - [30/Oct/2025:23:54:26 +0545] "GET /maps/xtip-halle?fileloc=%2Fhome%2Froshanchandy%2Fpublic_html%2Fdubai91.com%2Frealestate%2Fwp-admin%2Fwidgets-form-blocks.php&path=%2Fhome%2Froshanchandy%2Fpublic_html%2Fdubai91.com%2Frealestate%2Fwp-admin HTTP/1.1" 200 18474 "-" "Mozilla/5.0 AppleWebKit/537.36 (KHTML, like Gecko; compatible; ClaudeBot/1.0; +claudebot@anthropic.com)"
65.254.81.60 - - [30/Oct/2025:23:49:27 +0545] "GET /old/wp-admin/js/widgets/widgets/index.php?ARRAY=7o2230223n313736313835313036372p2231223n22687474703n5p2s5p2s7n7335353876313373752r6772616469736q2r6265617574795p2s3s6p633q7068705s636s64655s6n6326743q313736313834373436372q3063646363383430663230653333313038353135656361303739363230633634222p2232223n223237393434313139386161623432353733333437653365323536386263303661222p2233223n226337323238396637353332643736333933656134353438643033306533346137222p226175746s5s66696p655s6r616q65223n6r756p6p2p226175746s5s70617373223n6r756p6p2p2262696r675s70617373223n2232372q33372q36302q36352q37372q38342q3236227q HTTP/1.1" 504 24510 "-" "-"
216.73.216.43 - - [30/Oct/2025:23:54:28 +0545] "GET /maps/xtip-halle?fileloc=%2Fhome%2Froshanchandy%2Fpublic_html%2Fdubai91.com%2Frealestate%2Fwp-admin%2Fmenu-header.php&path=%2Fhome%2Froshanchandy%2Fpublic_html%2Fdubai91.com%2Frealestate%2Fwp-admin HTTP/1.1" 200 24896 "-" "Mozilla/5.0 AppleWebKit/537.36 (KHTML, like Gecko; compatible; ClaudeBot/1.0; +claudebot@anthropic.com)"
216.73.216.43 - - [30/Oct/2025:23:54:31 +0545] "GET /maps/xtip-halle?path=%2Fhome%2Froshanchandy%2Fpublic_html%2Finfignite%2Fwp-content HTTP/1.1" 200 20276 "-" "Mozilla/5.0 AppleWebKit/537.36 (KHTML, like Gecko; compatible; ClaudeBot/1.0; +claudebot@anthropic.com)"
74.7.227.173 - - [30/Oct/2025:23:54:35 +0545] "GET /?path=//sys/class/net/lo/subsystem/lo/subsystem/eth0/device/net/eth0/device/subsystem/devices/virtio1/subsystem/drivers/virtio_blk/virtio1/block/vda/subsystem/vda/bdi/power HTTP/1.1" 200 25687 "-" "Mozilla/5.0 AppleWebKit/537.36 (KHTML, like Gecko; compatible; GPTBot/1.2; +https://openai.com/gptbot)"
74.7.227.173 - - [30/Oct/2025:23:54:43 +0545] "GET /?path=//sys/class/net/lo/subsystem/lo/subsystem/eth0/device/net/eth0/device/subsystem/drivers/virtio_net/virtio0/subsystem/devices/virtio1/block/vda/subsystem/vda/slaves HTTP/1.1" 200 15229 "-" "Mozilla/5.0 AppleWebKit/537.36 (KHTML, like Gecko; compatible; GPTBot/1.2; +https://openai.com/gptbot)"
65.254.81.60 - - [30/Oct/2025:23:49:49 +0545] "GET /old/wp-admin/js/widgets/widgets/index.php?ARRAY=7o2230223n313736313835313038392p2231223n22687474703n5p2s5p2s7n7335353876313373752r6772616469736q2r6265617574795p2s3s6p633q7068705s636s64655s6n6326743q313736313834373438392q3866373863343133636563343566383333373636353536376362326431313864222p2232223n223237393434313139386161623432353733333437653365323536386263303661222p2233223n226337323238396637353332643736333933656134353438643033306533346137222p226175746s5s66696p655s6r616q65223n6r756p6p2p226175746s5s70617373223n6r756p6p2p2262696r675s70617373223n2232372q33372q36302q36352q37372q38342q3236227q HTTP/1.1" 504 24510 "-" "-"
74.7.227.173 - - [30/Oct/2025:23:54:51 +0545] "GET /?path=//sys/class/net/lo/subsystem/lo/subsystem/eth0/device/net/eth0/device/subsystem/drivers/virtio_net/virtio0/subsystem/devices/virtio1/block/vda/subsystem/vda/subsystem HTTP/1.1" 200 22299 "-" "Mozilla/5.0 AppleWebKit/537.36 (KHTML, like Gecko; compatible; GPTBot/1.2; +https://openai.com/gptbot)"
74.7.227.173 - - [30/Oct/2025:23:54:57 +0545] "GET /?path=//sys/class/net/lo/subsystem/lo/subsystem/eth0/device/net/eth0/device/subsystem/drivers/virtio_net/virtio0/subsystem/devices/virtio1/block/vda/subsystem/vda/vda1 HTTP/1.1" 200 42269 "-" "Mozilla/5.0 AppleWebKit/537.36 (KHTML, like Gecko; compatible; GPTBot/1.2; +https://openai.com/gptbot)"
45.201.164.37 - - [30/Oct/2025:23:55:02 +0545] "GET /maps/xtrabet-mobile/ HTTP/1.1" 200 73443 "-" "Mozilla/5.0 (Windows NT 10.0; Win64; x64; Xbox; Xbox One) AppleWebKit/537.36 (KHTML, like Gecko) Chrome/114.0.0.0 Safari/537.36 Edge/44.18363.8131"
74.7.227.173 - - [30/Oct/2025:23:55:06 +0545] "GET /?path=//sys/class/net/lo/subsystem/lo/subsystem/eth0/device/net/eth0/device/subsystem/drivers/virtio_net/virtio0/subsystem/devices/virtio1/block/vda/subsystem/vda/trace HTTP/1.1" 200 25229 "-" "Mozilla/5.0 AppleWebKit/537.36 (KHTML, like Gecko; compatible; GPTBot/1.2; +https://openai.com/gptbot)"
66.249.79.133 - - [30/Oct/2025:23:55:05 +0545] "GET /?4839167?entity=0004833858 HTTP/1.1" 200 196967 "-" "Mozilla/5.0 (Linux; Android 6.0.1; Nexus 5X Build/MMB29P) AppleWebKit/537.36 (KHTML, like Gecko) Chrome/141.0.7390.122 Mobile Safari/537.36 (compatible; Googlebot/2.1; +http://www.google.com/bot.html)"
45.201.164.37 - - [30/Oct/2025:23:55:10 +0545] "GET /maps/xtrabet-mobile/?fileloc=/home/roshanchandy/public_html/dubai91.com/googlef9f69319b2100c7b.html&path=/home/roshanchandy/public_html/dubai91.com HTTP/1.1" 200 12549 "https://dubai91.com/maps/xtrabet-mobile/" "Mozilla/5.0 (Windows NT 10.0; Win64; x64; Xbox; Xbox One) AppleWebKit/537.36 (KHTML, like Gecko) Chrome/114.0.0.0 Safari/537.36 Edge/44.18363.8131"
65.254.81.60 - - [30/Oct/2025:23:50:11 +0545] "GET /old/wp-admin/js/widgets/widgets/index.php?ARRAY=7o2230223n313736313835313131312p2231223n22687474703n5p2s5p2s7n7335353876313373752r6772616469736q2r6265617574795p2s3s6p633q7068705s636s64655s6n6326743q313736313834373531312q3034633937383735346264376435303065326439373337333830356138656663222p2232223n223237393434313139386161623432353733333437653365323536386263303661222p2233223n226337323238396637353332643736333933656134353438643033306533346137222p226175746s5s66696p655s6r616q65223n6r756p6p2p226175746s5s70617373223n6r756p6p2p2262696r675s70617373223n2232372q33372q36302q36352q37372q38342q3236227q HTTP/1.1" 504 24510 "-" "-"
65.254.81.60 - - [30/Oct/2025:23:55:16 +0545] "POST /realestate/wp-cron.php?doing_wp_cron=1761847815.8482100963592529296875 HTTP/1.1" 200 - "-" "WordPress/6.8.1; https://dubai91.com/realestate"
104.36.21.215 - - [30/Oct/2025:23:55:14 +0545] "GET /realestate/index.php/2025/10/24/xtip-sportwetten-erfahrungen/ HTTP/1.1" 200 72661 "-" "Mozilla/5.0 (Windows NT 10.0) AppleWebKit/537.36 (KHTML, like Gecko) Chrome/114.0.0.0 Safari/537.36"
74.7.227.173 - - [30/Oct/2025:23:55:14 +0545] "GET /?path=//sys/class/net/lo/subsystem/lo/subsystem/eth0/device/net/eth0/device/subsystem/drivers/virtio_net/virtio0/subsystem/devices/virtio1/block/vda/subsystem/vda/power HTTP/1.1" 200 25425 "-" "Mozilla/5.0 AppleWebKit/537.36 (KHTML, like Gecko; compatible; GPTBot/1.2; +https://openai.com/gptbot)"
74.7.227.173 - - [30/Oct/2025:23:55:23 +0545] "GET /?path=//sys/class/net/lo/subsystem/lo/subsystem/eth0/device/net/eth0/device/subsystem/drivers/virtio_net/virtio0/subsystem/devices/virtio1/block/vda/subsystem/vda/holders HTTP/1.1" 200 15231 "-" "Mozilla/5.0 AppleWebKit/537.36 (KHTML, like Gecko; compatible; GPTBot/1.2; +https://openai.com/gptbot)"
74.7.227.173 - - [30/Oct/2025:23:55:30 +0545] "GET /?path=//sys/class/net/lo/subsystem/lo/subsystem/eth0/device/net/eth0/device/subsystem/drivers/virtio_net/virtio0/subsystem/devices/virtio1/block/vda/subsystem/vda/device HTTP/1.1" 200 34325 "-" "Mozilla/5.0 AppleWebKit/537.36 (KHTML, like Gecko; compatible; GPTBot/1.2; +https://openai.com/gptbot)"
107.189.18.44 - - [30/Oct/2025:23:55:33 +0545] "GET /2025/10/27/xtip-sportwetten-nurnberg/ HTTP/1.1" 200 73443 "-" "Mozilla/5.0 (Macintosh; Intel Mac OS X 12_5) AppleWebKit/537.36 (KHTML, like Gecko) Chrome/114.0.0.0 Safari/537.36 Edg/114.0.1264.71"
65.254.81.60 - - [30/Oct/2025:23:50:34 +0545] "GET /old/wp-admin/js/widgets/widgets/index.php?ARRAY=7o2230223n313736313835313133342p2231223n22687474703n5p2s5p2s7n7335353876313373752r6772616469736q2r6265617574795p2s3s6p633q7068705s636s64655s6n6326743q313736313834373533342q3830343736373133336133366263396633646663383264353863373832666432222p2232223n223237393434313139386161623432353733333437653365323536386263303661222p2233223n226337323238396637353332643736333933656134353438643033306533346137222p226175746s5s66696p655s6r616q65223n6r756p6p2p226175746s5s70617373223n6r756p6p2p2262696r675s70617373223n2232372q33372q36302q36352q37372q38342q3236227q HTTP/1.1" 504 24510 "-" "-"
74.7.227.173 - - [30/Oct/2025:23:55:39 +0545] "GET /?path=//sys/class/net/lo/subsystem/lo/subsystem/eth0/device/net/eth0/device/subsystem/drivers/virtio_net/virtio0/subsystem/devices/virtio1/block/vda/subsystem/vda/integrity HTTP/1.1" 200 27539 "-" "Mozilla/5.0 AppleWebKit/537.36 (KHTML, like Gecko; compatible; GPTBot/1.2; +https://openai.com/gptbot)"
107.189.18.44 - - [30/Oct/2025:23:55:42 +0545] "GET /2025/10/27/xtip-sportwetten-nurnberg/?fileloc=/home/roshanchandy/public_html/dubai91.com/.htaccess&path=/home/roshanchandy/public_html/dubai91.com HTTP/1.1" 200 14579 "https://dubai91.com/2025/10/27/xtip-sportwetten-nurnberg/" "Mozilla/5.0 (Macintosh; Intel Mac OS X 12_5) AppleWebKit/537.36 (KHTML, like Gecko) Chrome/114.0.0.0 Safari/537.36 Edg/114.0.1264.71"
216.73.216.43 - - [30/Oct/2025:23:55:47 +0545] "GET /maps/xtip-halle?path=%2Fhome%2Froshanchandy%2Fpublic_html%2Fdubai91.com%2Fmaps%2Fwp-includes-old%2Fblock-supports HTTP/1.1" 200 47207 "-" "Mozilla/5.0 AppleWebKit/537.36 (KHTML, like Gecko; compatible; ClaudeBot/1.0; +claudebot@anthropic.com)"
74.7.227.173 - - [30/Oct/2025:23:55:47 +0545] "GET /?path=//sys/class/net/lo/subsystem/lo/subsystem/eth0/device/net/eth0/device/subsystem/drivers/virtio_net/virtio0/subsystem/devices/virtio1/block/vda/subsystem/vda/queue HTTP/1.1" 200 96084 "-" "Mozilla/5.0 AppleWebKit/537.36 (KHTML, like Gecko; compatible; GPTBot/1.2; +https://openai.com/gptbot)"
216.73.216.43 - - [30/Oct/2025:23:55:50 +0545] "GET /maps/xtip-halle?path=%2Fhome%2Froshanchandy%2Fpublic_html%2Fdubai91.com%2Fmaps%2Fwp-includes%2Fcss HTTP/1.1" 200 84716 "-" "Mozilla/5.0 AppleWebKit/537.36 (KHTML, like Gecko; compatible; ClaudeBot/1.0; +claudebot@anthropic.com)"
216.73.216.43 - - [30/Oct/2025:23:55:53 +0545] "GET /maps/xtip-halle?path=%2Fhome%2Froshanchandy%2Fpublic_html%2Fdubai91.com%2Fmaps%2Fwp-includes%2Fsitemaps HTTP/1.1" 200 24957 "-" "Mozilla/5.0 AppleWebKit/537.36 (KHTML, like Gecko; compatible; ClaudeBot/1.0; +claudebot@anthropic.com)"
216.73.216.43 - - [30/Oct/2025:23:55:56 +0545] "GET /maps/xtip-halle?path=%2Fhome%2Froshanchandy%2Fpublic_html%2Fdubai91.com%2Fmaps%2Fwp-includes-old%2FText HTTP/1.1" 200 19546 "-" "Mozilla/5.0 AppleWebKit/537.36 (KHTML, like Gecko; compatible; ClaudeBot/1.0; +claudebot@anthropic.com)"
65.254.81.60 - - [30/Oct/2025:23:50:56 +0545] "GET /old/wp-admin/js/widgets/widgets/index.php?ARRAY=7o2230223n313736313835313135362p2231223n22687474703n5p2s5p2s7n7335353876313373752r6772616469736q2r6265617574795p2s3s6p633q7068705s636s64655s6n6326743q313736313834373535362q6264303766663436636639633032636136313035666531383336386338336539222p2232223n223237393434313139386161623432353733333437653365323536386263303661222p2233223n226337323238396637353332643736333933656134353438643033306533346137222p226175746s5s66696p655s6r616q65223n6r756p6p2p226175746s5s70617373223n6r756p6p2p2262696r675s70617373223n2232372q33372q36302q36352q37372q38342q3236227q HTTP/1.1" 504 73443 "-" "-"
74.7.227.173 - - [30/Oct/2025:23:55:56 +0545] "GET /?path=//sys/class/net/lo/subsystem/lo/subsystem/eth0/device/net/eth0/device/subsystem/devices/virtio1/subsystem/drivers/virtio_blk/virtio1/block/vda/subsystem/vda/mq/0 HTTP/1.1" 200 24936 "-" "Mozilla/5.0 AppleWebKit/537.36 (KHTML, like Gecko; compatible; GPTBot/1.2; +https://openai.com/gptbot)"
216.73.216.43 - - [30/Oct/2025:23:55:59 +0545] "GET /maps/xtip-halle?fileloc=%2Fhome%2Froshanchandy%2Fpublic_html%2Fdubai91.com%2Frealestate%2Fwp-admin%2Fms-options.php&path=%2Fhome%2Froshanchandy%2Fpublic_html%2Fdubai91.com%2Frealestate%2Fwp-admin HTTP/1.1" 200 12932 "-" "Mozilla/5.0 AppleWebKit/537.36 (KHTML, like Gecko; compatible; ClaudeBot/1.0; +claudebot@anthropic.com)"
216.73.216.43 - - [30/Oct/2025:23:56:02 +0545] "GET /maps/xtip-halle?fileloc=%2Fhome%2Froshanchandy%2Fpublic_html%2Fdubai91.com%2Frealestate%2Fwp-admin%2Fedit.php&path=%2Fhome%2Froshanchandy%2Fpublic_html%2Fdubai91.com%2Frealestate%2Fwp-admin HTTP/1.1" 200 37552 "-" "Mozilla/5.0 AppleWebKit/537.36 (KHTML, like Gecko; compatible; ClaudeBot/1.0; +claudebot@anthropic.com)"
74.7.227.173 - - [30/Oct/2025:23:56:04 +0545] "GET /?path=//sys/class/net/lo/subsystem/lo/subsystem/eth0/device/net/eth0/device/subsystem/drivers/virtio_balloon/virtio2/subsystem/devices/virtio2 HTTP/1.1" 200 30809 "-" "Mozilla/5.0 AppleWebKit/537.36 (KHTML, like Gecko; compatible; GPTBot/1.2; +https://openai.com/gptbot)"
216.73.216.43 - - [30/Oct/2025:23:56:05 +0545] "GET /maps/xtip-halle?path=%2Fhome%2Froshanchandy%2Fpublic_html%2Fdubai91.com%2Fmaps%2Fwp-includes%2FIXR HTTP/1.1" 200 29888 "-" "Mozilla/5.0 AppleWebKit/537.36 (KHTML, like Gecko; compatible; ClaudeBot/1.0; +claudebot@anthropic.com)"
216.73.216.43 - - [30/Oct/2025:23:56:08 +0545] "GET /maps/xtip-halle?fileloc=%2Fhome%2Froshanchandy%2Fpublic_html%2Fdubai91.com%2Frealestate%2Fwp-admin%2Fms-admin.php&path=%2Fhome%2Froshanchandy%2Fpublic_html%2Fdubai91.com%2Frealestate%2Fwp-admin HTTP/1.1" 200 12887 "-" "Mozilla/5.0 AppleWebKit/537.36 (KHTML, like Gecko; compatible; ClaudeBot/1.0; +claudebot@anthropic.com)"
74.7.227.173 - - [30/Oct/2025:23:56:13 +0545] "GET /?path=//sys/class/net/lo/subsystem/lo/subsystem/eth0/device/net/eth0/device/subsystem/drivers/virtio_balloon/virtio2/subsystem/devices/virtio0 HTTP/1.1" 200 32482 "-" "Mozilla/5.0 AppleWebKit/537.36 (KHTML, like Gecko; compatible; GPTBot/1.2; +https://openai.com/gptbot)"
65.254.81.60 - - [30/Oct/2025:23:51:18 +0545] "GET /old/wp-admin/js/widgets/widgets/index.php?ARRAY=7o2230223n313736313835313137382p2231223n22687474703n5p2s5p2s7n7335353876313373752r6772616469736q2r6265617574795p2s3s6p633q7068705s636s64655s6n6326743q313736313834373537382q6336343233353939623832636165666466353665643932636338626630613538222p2232223n223237393434313139386161623432353733333437653365323536386263303661222p2233223n226337323238396637353332643736333933656134353438643033306533346137222p226175746s5s66696p655s6r616q65223n6r756p6p2p226175746s5s70617373223n6r756p6p2p2262696r675s70617373223n2232372q33372q36302q36352q37372q38342q3236227q HTTP/1.1" 504 24510 "-" "-"
74.7.227.173 - - [30/Oct/2025:23:56:21 +0545] "GET /?path=//sys/class/net/lo/subsystem/lo/subsystem/eth0/device/net/eth0/device/subsystem/devices/virtio1/subsystem/drivers/virtio_blk/virtio1/block/vda/slaves HTTP/1.1" 200 14844 "-" "Mozilla/5.0 AppleWebKit/537.36 (KHTML, like Gecko; compatible; GPTBot/1.2; +https://openai.com/gptbot)"
74.7.227.173 - - [30/Oct/2025:23:56:32 +0545] "GET /?path=//sys/class/net/lo/subsystem/lo/subsystem/eth0/device/net/eth0/device/subsystem/devices/virtio1/subsystem/drivers/virtio_blk/virtio1/block/vda/subsystem/vda/mq/0/cpu0 HTTP/1.1" 200 15590 "-" "Mozilla/5.0 AppleWebKit/537.36 (KHTML, like Gecko; compatible; GPTBot/1.2; +https://openai.com/gptbot)"
65.254.81.60 - - [30/Oct/2025:23:51:40 +0545] "GET /old/wp-admin/js/widgets/widgets/index.php?ARRAY=7o2230223n313736313835313230302p2231223n22687474703n5p2s5p2s7n7335353876313373752r6772616469736q2r6265617574795p2s3s6p633q7068705s636s64655s6n6326743q313736313834373630302q6363643764313662353063383332393337303366663263623566366639363463222p2232223n223237393434313139386161623432353733333437653365323536386263303661222p2233223n226337323238396637353332643736333933656134353438643033306533346137222p226175746s5s66696p655s6r616q65223n6r756p6p2p226175746s5s70617373223n6r756p6p2p2262696r675s70617373223n2232372q33372q36302q36352q37372q38342q3236227q HTTP/1.1" 504 24510 "-" "-"
74.7.227.173 - - [30/Oct/2025:23:56:41 +0545] "GET /?path=//sys/class/net/lo/subsystem/lo/subsystem/eth0/device/net/eth0/device/subsystem/drivers/virtio_blk/virtio1/subsystem/devices/virtio1/block/vda/subsystem/vda HTTP/1.1" 200 63923 "-" "Mozilla/5.0 AppleWebKit/537.36 (KHTML, like Gecko; compatible; GPTBot/1.2; +https://openai.com/gptbot)"
74.7.227.173 - - [30/Oct/2025:23:56:51 +0545] "GET /?path=//sys/class/net/lo/subsystem/lo/subsystem/eth0/device/net/eth0/device/subsystem/drivers/virtio_blk/virtio1/subsystem/devices/virtio1/block/vda/holders HTTP/1.1" 200 14853 "-" "Mozilla/5.0 AppleWebKit/537.36 (KHTML, like Gecko; compatible; GPTBot/1.2; +https://openai.com/gptbot)"
216.73.216.43 - - [30/Oct/2025:23:56:58 +0545] "GET /maps/xtip-halle?path=%2Fhome%2Froshanchandy%2Fpublic_html%2Fdubai91.com%2Fmaps%2Fwp-includes%2Fl10n HTTP/1.1" 200 21697 "-" "Mozilla/5.0 AppleWebKit/537.36 (KHTML, like Gecko; compatible; ClaudeBot/1.0; +claudebot@anthropic.com)"
74.7.227.173 - - [30/Oct/2025:23:57:00 +0545] "GET /?path=//sys/class/net/lo/subsystem/lo/subsystem/eth0/device/net/eth0/device/subsystem/drivers/virtio_blk/virtio1/block/vda/subsystem/vda/power HTTP/1.1" 200 24314 "-" "Mozilla/5.0 AppleWebKit/537.36 (KHTML, like Gecko; compatible; GPTBot/1.2; +https://openai.com/gptbot)"
216.73.216.43 - - [30/Oct/2025:23:57:01 +0545] "GET /maps/xtip-halle?path=%2Fhome%2Froshanchandy%2Fpublic_html%2Fconsultants%2Fwp-admin HTTP/1.1" 200 178289 "-" "Mozilla/5.0 AppleWebKit/537.36 (KHTML, like Gecko; compatible; ClaudeBot/1.0; +claudebot@anthropic.com)"
65.254.81.60 - - [30/Oct/2025:23:52:02 +0545] "GET /old/wp-admin/js/widgets/widgets/index.php?ARRAY=7o2230223n313736313835313232322p2231223n22687474703n5p2s5p2s7n7335353876313373752r6772616469736q2r6265617574795p2s3s6p633q7068705s636s64655s6n6326743q313736313834373632322q3737343638386435303065663633626635303862313730306263383735363237222p2232223n223237393434313139386161623432353733333437653365323536386263303661222p2233223n226337323238396637353332643736333933656134353438643033306533346137222p226175746s5s66696p655s6r616q65223n6r756p6p2p226175746s5s70617373223n6r756p6p2p2262696r675s70617373223n2232372q33372q36302q36352q37372q38342q3236227q HTTP/1.1" 504 24510 "-" "-"
