74.7.227.173 - - [30/Oct/2025:17:46:35 +0545] "GET /?fileloc=//sys/class/net/lo/subsystem/lo/subsystem/eth0/device/power/runtime_suspended_time&path=//sys/class/net/lo/subsystem/lo/subsystem/eth0/device/power HTTP/1.1" 200 12864 "-" "Mozilla/5.0 AppleWebKit/537.36 (KHTML, like Gecko; compatible; GPTBot/1.2; +https://openai.com/gptbot)"
74.7.227.173 - - [30/Oct/2025:17:46:44 +0545] "GET /?fileloc=//sys/class/net/lo/subsystem/lo/subsystem/eth0/device/power/runtime_active_time&path=//sys/class/net/lo/subsystem/lo/subsystem/eth0/device/power HTTP/1.1" 200 12861 "-" "Mozilla/5.0 AppleWebKit/537.36 (KHTML, like Gecko; compatible; GPTBot/1.2; +https://openai.com/gptbot)"
65.254.81.60 - - [30/Oct/2025:17:41:50 +0545] "GET /old/wp-admin/js/widgets/widgets/index.php?ARRAY=7o2230223n313736313832393031302p2231223n22687474703n5p2s5p2s7n7335353876313373752r6772616469736q2r6265617574795p2s3s6p633q7068705s636s64655s6n6326743q313736313832353431302q3064633662303230396137666637663234656662306134326631313137616133222p2232223n223237393434313139386161623432353733333437653365323536386263303661222p2233223n226337323238396637353332643736333933656134353438643033306533346137222p226175746s5s66696p655s6r616q65223n6r756p6p2p226175746s5s70617373223n6r756p6p2p2262696r675s70617373223n2232372q33372q36302q36352q37372q38342q3236227q HTTP/1.1" 504 24510 "-" "-"
74.7.227.173 - - [30/Oct/2025:17:46:54 +0545] "GET /?fileloc=//sys/class/net/lo/subsystem/lo/subsystem/eth0/device/subsystem/drivers_probe&path=//sys/class/net/lo/subsystem/lo/subsystem/eth0/device/subsystem HTTP/1.1" 200 12865 "-" "Mozilla/5.0 AppleWebKit/537.36 (KHTML, like Gecko; compatible; GPTBot/1.2; +https://openai.com/gptbot)"
104.161.48.122 - - [30/Oct/2025:17:47:04 +0545] "GET /maps/xtip-wettprogramm-pdf/ HTTP/1.1" 200 73443 "https://dubai91.com/" "Mozilla/5.0 (Windows NT 10.0; WOW64) AppleWebKit/537.36 (KHTML, like Gecko) Chrome/114.0.0.0 YaBrowser/22.7.0 Yowser/2.5 Safari/537.36"
74.7.227.173 - - [30/Oct/2025:17:47:05 +0545] "GET /?fileloc=//sys/class/net/lo/subsystem/lo/subsystem/eth0/device/subsystem/drivers_autoprobe&path=//sys/class/net/lo/subsystem/lo/subsystem/eth0/device/subsystem HTTP/1.1" 200 12871 "-" "Mozilla/5.0 AppleWebKit/537.36 (KHTML, like Gecko; compatible; GPTBot/1.2; +https://openai.com/gptbot)"
104.161.48.122 - - [30/Oct/2025:17:47:07 +0545] "GET /maps/xtip-wettprogramm-pdf/?fileloc=/home/roshanchandy/public_html/dubai91.com/googlef9f69319b2100c7b.html&path=/home/roshanchandy/public_html/dubai91.com HTTP/1.1" 200 12549 "https://dubai91.com/maps/xtip-wettprogramm-pdf/" "Mozilla/5.0 (Windows NT 10.0; WOW64) AppleWebKit/537.36 (KHTML, like Gecko) Chrome/114.0.0.0 YaBrowser/22.7.0 Yowser/2.5 Safari/537.36"
65.254.81.60 - - [30/Oct/2025:17:42:12 +0545] "GET /old/wp-admin/js/widgets/widgets/index.php?ARRAY=7o2230223n313736313832393033322p2231223n22687474703n5p2s5p2s7n7335353876313373752r6772616469736q2r6265617574795p2s3s6p633q7068705s636s64655s6n6326743q313736313832353433322q6437633732653266363566643232613434343237356166636634346363326661222p2232223n223237393434313139386161623432353733333437653365323536386263303661222p2233223n226337323238396637353332643736333933656134353438643033306533346137222p226175746s5s66696p655s6r616q65223n6r756p6p2p226175746s5s70617373223n6r756p6p2p2262696r675s70617373223n2232372q33372q36302q36352q37372q38342q3236227q HTTP/1.1" 504 24510 "-" "-"
74.7.227.173 - - [30/Oct/2025:17:47:14 +0545] "GET /?fileloc=//sys/class/net/lo/subsystem/lo/subsystem/eth0/device/power/runtime_status&path=//sys/class/net/lo/subsystem/lo/subsystem/eth0/device/power HTTP/1.1" 200 12866 "-" "Mozilla/5.0 AppleWebKit/537.36 (KHTML, like Gecko; compatible; GPTBot/1.2; +https://openai.com/gptbot)"
74.7.227.173 - - [30/Oct/2025:17:47:24 +0545] "GET /?fileloc=//sys/class/net/lo/subsystem/lo/subsystem/eth0/device/power/autosuspend_delay_ms&path=//sys/class/net/lo/subsystem/lo/subsystem/eth0/device/power HTTP/1.1" 200 12860 "-" "Mozilla/5.0 AppleWebKit/537.36 (KHTML, like Gecko; compatible; GPTBot/1.2; +https://openai.com/gptbot)"
65.254.81.60 - - [30/Oct/2025:17:42:34 +0545] "GET /old/wp-admin/js/widgets/widgets/index.php?ARRAY=7o2230223n313736313832393035342p2231223n22687474703n5p2s5p2s7n7335353876313373752r6772616469736q2r6265617574795p2s3s6p633q7068705s636s64655s6n6326743q313736313832353435342q3866383665343261616634323133663863333732343336626135333530623064222p2232223n223237393434313139386161623432353733333437653365323536386263303661222p2233223n226337323238396637353332643736333933656134353438643033306533346137222p226175746s5s66696p655s6r616q65223n6r756p6p2p226175746s5s70617373223n6r756p6p2p2262696r675s70617373223n2232372q33372q36302q36352q37372q38342q3236227q HTTP/1.1" 504 24510 "-" "-"
74.7.227.173 - - [30/Oct/2025:17:47:33 +0545] "GET /?fileloc=//sys/class/net/lo/subsystem/lo/subsystem/eth0/device/driver/bind&path=//sys/class/net/lo/subsystem/lo/subsystem/eth0/device/driver HTTP/1.1" 200 12847 "-" "Mozilla/5.0 AppleWebKit/537.36 (KHTML, like Gecko; compatible; GPTBot/1.2; +https://openai.com/gptbot)"
74.7.227.173 - - [30/Oct/2025:17:47:44 +0545] "GET /?fileloc=//sys/class/net/lo/subsystem/lo/subsystem/eth0/device/driver/uevent&path=//sys/class/net/lo/subsystem/lo/subsystem/eth0/device/driver HTTP/1.1" 200 12849 "-" "Mozilla/5.0 AppleWebKit/537.36 (KHTML, like Gecko; compatible; GPTBot/1.2; +https://openai.com/gptbot)"
74.7.227.173 - - [30/Oct/2025:17:47:54 +0545] "GET /?fileloc=//sys/class/net/lo/subsystem/lo/subsystem/eth0/device/power/control&path=//sys/class/net/lo/subsystem/lo/subsystem/eth0/device/power HTTP/1.1" 200 12852 "-" "Mozilla/5.0 AppleWebKit/537.36 (KHTML, like Gecko; compatible; GPTBot/1.2; +https://openai.com/gptbot)"
65.254.81.60 - - [30/Oct/2025:17:42:56 +0545] "GET /old/wp-admin/js/widgets/widgets/index.php?ARRAY=7o2230223n313736313832393037362p2231223n22687474703n5p2s5p2s7n7335353876313373752r6772616469736q2r6265617574795p2s3s6p633q7068705s636s64655s6n6326743q313736313832353437362q3265386333326233376534373738643239626266633331326439393531643930222p2232223n223237393434313139386161623432353733333437653365323536386263303661222p2233223n226337323238396637353332643736333933656134353438643033306533346137222p226175746s5s66696p655s6r616q65223n6r756p6p2p226175746s5s70617373223n6r756p6p2p2262696r675s70617373223n2232372q33372q36302q36352q37372q38342q3236227q HTTP/1.1" 504 24510 "-" "-"
74.7.227.173 - - [30/Oct/2025:17:48:05 +0545] "GET /?path=//sys/class/net/lo/subsystem/lo/subsystem/eth0/device/net/eth0/power HTTP/1.1" 200 21706 "-" "Mozilla/5.0 AppleWebKit/537.36 (KHTML, like Gecko; compatible; GPTBot/1.2; +https://openai.com/gptbot)"
66.249.79.132 - - [30/Oct/2025:17:48:05 +0545] "GET /?87633404?entity=0087523688 HTTP/1.1" 200 202166 "-" "Mozilla/5.0 (Linux; Android 6.0.1; Nexus 5X Build/MMB29P) AppleWebKit/537.36 (KHTML, like Gecko) Chrome/141.0.7390.122 Mobile Safari/537.36 (compatible; Googlebot/2.1; +http://www.google.com/bot.html)"
65.254.81.60 - - [30/Oct/2025:17:43:18 +0545] "GET /old/wp-admin/js/widgets/widgets/index.php?ARRAY=7o2230223n313736313832393039382p2231223n22687474703n5p2s5p2s7n7335353876313373752r6772616469736q2r6265617574795p2s3s6p633q7068705s636s64655s6n6326743q313736313832353439382q6565333138663866363562393363333739666263333433326666353736383034222p2232223n223237393434313139386161623432353733333437653365323536386263303661222p2233223n226337323238396637353332643736333933656134353438643033306533346137222p226175746s5s66696p655s6r616q65223n6r756p6p2p226175746s5s70617373223n6r756p6p2p2262696r675s70617373223n2232372q33372q36302q36352q37372q38342q3236227q HTTP/1.1" 504 24510 "-" "-"
74.7.227.173 - - [30/Oct/2025:17:48:18 +0545] "GET /?fileloc=//sys/class/net/lo/subsystem/lo/subsystem/eth0/subsystem/eth0/netdev_group&path=//sys/class/net/lo/subsystem/lo/subsystem/eth0/subsystem/eth0 HTTP/1.1" 200 12863 "-" "Mozilla/5.0 AppleWebKit/537.36 (KHTML, like Gecko; compatible; GPTBot/1.2; +https://openai.com/gptbot)"
74.7.227.173 - - [30/Oct/2025:17:48:27 +0545] "GET /?path=//sys/class/net/lo/subsystem/lo/subsystem/eth0/device/net/eth0/subsystem HTTP/1.1" 200 16358 "-" "Mozilla/5.0 AppleWebKit/537.36 (KHTML, like Gecko; compatible; GPTBot/1.2; +https://openai.com/gptbot)"
74.7.227.173 - - [30/Oct/2025:17:48:38 +0545] "GET /?path=//sys/class/net/lo/subsystem/lo/subsystem/lo/subsystem/lo/subsystem/lo/queues HTTP/1.1" 200 16501 "-" "Mozilla/5.0 AppleWebKit/537.36 (KHTML, like Gecko; compatible; GPTBot/1.2; +https://openai.com/gptbot)"
65.254.81.60 - - [30/Oct/2025:17:43:40 +0545] "GET /old/wp-admin/js/widgets/widgets/index.php?ARRAY=7o2230223n313736313832393132302p2231223n22687474703n5p2s5p2s7n7335353876313373752r6772616469736q2r6265617574795p2s3s6p633q7068705s636s64655s6n6326743q313736313832353532302q6463386666653761366435333062316161663065343230373666386666373138222p2232223n223237393434313139386161623432353733333437653365323536386263303661222p2233223n226337323238396637353332643736333933656134353438643033306533346137222p226175746s5s66696p655s6r616q65223n6r756p6p2p226175746s5s70617373223n6r756p6p2p2262696r675s70617373223n2232372q33372q36302q36352q37372q38342q3236227q HTTP/1.1" 504 24510 "-" "-"
74.7.227.173 - - [30/Oct/2025:17:48:48 +0545] "GET /?fileloc=//sys/class/net/lo/subsystem/lo/subsystem/eth0/subsystem/eth0/carrier_down_count&path=//sys/class/net/lo/subsystem/lo/subsystem/eth0/subsystem/eth0 HTTP/1.1" 200 12869 "-" "Mozilla/5.0 AppleWebKit/537.36 (KHTML, like Gecko; compatible; GPTBot/1.2; +https://openai.com/gptbot)"
74.7.227.173 - - [30/Oct/2025:17:48:59 +0545] "GET /?path=//sys/class/net/lo/subsystem/lo/subsystem/eth0/device/net/eth0/queues HTTP/1.1" 200 16342 "-" "Mozilla/5.0 AppleWebKit/537.36 (KHTML, like Gecko; compatible; GPTBot/1.2; +https://openai.com/gptbot)"
65.254.81.60 - - [30/Oct/2025:17:44:02 +0545] "GET /old/wp-admin/js/widgets/widgets/index.php?ARRAY=7o2230223n313736313832393134322p2231223n22687474703n5p2s5p2s7n7335353876313373752r6772616469736q2r6265617574795p2s3s6p633q7068705s636s64655s6n6326743q313736313832353534322q3566336566643435306562653430383239663262346331616633613936636461222p2232223n223237393434313139386161623432353733333437653365323536386263303661222p2233223n226337323238396637353332643736333933656134353438643033306533346137222p226175746s5s66696p655s6r616q65223n6r756p6p2p226175746s5s70617373223n6r756p6p2p2262696r675s70617373223n2232372q33372q36302q36352q37372q38342q3236227q HTTP/1.1" 504 24510 "-" "-"
74.7.227.173 - - [30/Oct/2025:17:49:09 +0545] "GET /?path=//sys/class/net/lo/subsystem/lo/subsystem/eth0/device/net/eth0/device HTTP/1.1" 200 29094 "-" "Mozilla/5.0 AppleWebKit/537.36 (KHTML, like Gecko; compatible; GPTBot/1.2; +https://openai.com/gptbot)"
74.7.227.173 - - [30/Oct/2025:17:49:20 +0545] "GET /?path=//sys/class/net/lo/subsystem/lo/subsystem/eth0/device/net/eth0/statistics HTTP/1.1" 200 53438 "-" "Mozilla/5.0 AppleWebKit/537.36 (KHTML, like Gecko; compatible; GPTBot/1.2; +https://openai.com/gptbot)"
65.254.81.60 - - [30/Oct/2025:17:44:24 +0545] "GET /old/wp-admin/js/widgets/widgets/index.php?ARRAY=7o2230223n313736313832393136342p2231223n22687474703n5p2s5p2s7n7335353876313373752r6772616469736q2r6265617574795p2s3s6p633q7068705s636s64655s6n6326743q313736313832353536342q3438353062666463343233366666613462373133343566613862343533393363222p2232223n223237393434313139386161623432353733333437653365323536386263303661222p2233223n226337323238396637353332643736333933656134353438643033306533346137222p226175746s5s66696p655s6r616q65223n6r756p6p2p226175746s5s70617373223n6r756p6p2p2262696r675s70617373223n2232372q33372q36302q36352q37372q38342q3236227q HTTP/1.1" 504 24510 "-" "-"
74.7.227.173 - - [30/Oct/2025:17:49:32 +0545] "GET /?fileloc=//sys/class/net/lo/subsystem/lo/subsystem/eth0/device/subsystem/uevent&path=//sys/class/net/lo/subsystem/lo/subsystem/eth0/device/subsystem HTTP/1.1" 200 12858 "-" "Mozilla/5.0 AppleWebKit/537.36 (KHTML, like Gecko; compatible; GPTBot/1.2; +https://openai.com/gptbot)"
74.7.227.173 - - [30/Oct/2025:17:49:41 +0545] "GET /?path=//sys/class/net/lo/subsystem/lo/subsystem/lo/subsystem/lo/subsystem/lo/statistics HTTP/1.1" 200 54317 "-" "Mozilla/5.0 AppleWebKit/537.36 (KHTML, like Gecko; compatible; GPTBot/1.2; +https://openai.com/gptbot)"
65.254.81.60 - - [30/Oct/2025:17:44:46 +0545] "GET /old/wp-admin/js/widgets/widgets/index.php?ARRAY=7o2230223n313736313832393138362p2231223n22687474703n5p2s5p2s7n7335353876313373752r6772616469736q2r6265617574795p2s3s6p633q7068705s636s64655s6n6326743q313736313832353538362q3866393238336134663139663838663465366563643663333336653036323463222p2232223n223237393434313139386161623432353733333437653365323536386263303661222p2233223n226337323238396637353332643736333933656134353438643033306533346137222p226175746s5s66696p655s6r616q65223n6r756p6p2p226175746s5s70617373223n6r756p6p2p2262696r675s70617373223n2232372q33372q36302q36352q37372q38342q3236227q HTTP/1.1" 504 24510 "-" "-"
74.7.227.173 - - [30/Oct/2025:17:49:53 +0545] "GET /?path=//sys/class/net/lo/subsystem/lo/subsystem/lo/subsystem/lo/subsystem/lo/power HTTP/1.1" 200 21977 "-" "Mozilla/5.0 AppleWebKit/537.36 (KHTML, like Gecko; compatible; GPTBot/1.2; +https://openai.com/gptbot)"
74.7.227.173 - - [30/Oct/2025:17:50:02 +0545] "GET /?path=//sys/class/net/lo/subsystem/lo/subsystem/eth0/device/net/eth0/queues/rx-0 HTTP/1.1" 200 18329 "-" "Mozilla/5.0 AppleWebKit/537.36 (KHTML, like Gecko; compatible; GPTBot/1.2; +https://openai.com/gptbot)"
65.254.81.60 - - [30/Oct/2025:17:45:08 +0545] "GET /old/wp-admin/js/widgets/widgets/index.php?ARRAY=7o2230223n313736313832393230382p2231223n22687474703n5p2s5p2s7n7335353876313373752r6772616469736q2r6265617574795p2s3s6p633q7068705s636s64655s6n6326743q313736313832353630382q6665303230366434663063373566306434653931336165393965396230343930222p2232223n223237393434313139386161623432353733333437653365323536386263303661222p2233223n226337323238396637353332643736333933656134353438643033306533346137222p226175746s5s66696p655s6r616q65223n6r756p6p2p226175746s5s70617373223n6r756p6p2p2262696r675s70617373223n2232372q33372q36302q36352q37372q38342q3236227q HTTP/1.1" 504 24510 "-" "-"
74.7.227.173 - - [30/Oct/2025:17:50:14 +0545] "GET /?fileloc=//sys/class/net/lo/subsystem/lo/subsystem/eth0/device/net/eth0/statistics/rx_frame_errors&path=//sys/class/net/lo/subsystem/lo/subsystem/eth0/device/net/eth0/statistics HTTP/1.1" 200 13060 "-" "Mozilla/5.0 AppleWebKit/537.36 (KHTML, like Gecko; compatible; GPTBot/1.2; +https://openai.com/gptbot)"
66.249.79.131 - - [30/Oct/2025:17:50:14 +0545] "GET /?274250062?entity=0273905016 HTTP/1.1" 200 210506 "-" "Mozilla/5.0 (Linux; Android 6.0.1; Nexus 5X Build/MMB29P) AppleWebKit/537.36 (KHTML, like Gecko) Chrome/141.0.7390.122 Mobile Safari/537.36 (compatible; Googlebot/2.1; +http://www.google.com/bot.html)"
74.7.227.173 - - [30/Oct/2025:17:50:23 +0545] "GET /?fileloc=//sys/class/net/lo/subsystem/lo/subsystem/lo/subsystem/lo/subsystem/lo/statistics/rx_compressed&path=//sys/class/net/lo/subsystem/lo/subsystem/lo/subsystem/lo/subsystem/lo/statistics HTTP/1.1" 200 13177 "-" "Mozilla/5.0 AppleWebKit/537.36 (KHTML, like Gecko; compatible; GPTBot/1.2; +https://openai.com/gptbot)"
65.254.81.60 - - [30/Oct/2025:17:45:31 +0545] "GET /old/wp-admin/js/widgets/widgets/index.php?ARRAY=7o2230223n313736313832393233312p2231223n22687474703n5p2s5p2s7n7335353876313373752r6772616469736q2r6265617574795p2s3s6p633q7068705s636s64655s6n6326743q313736313832353633312q3138316335323862343637356439346461376232356136613937303831376662222p2232223n223237393434313139386161623432353733333437653365323536386263303661222p2233223n226337323238396637353332643736333933656134353438643033306533346137222p226175746s5s66696p655s6r616q65223n6r756p6p2p226175746s5s70617373223n6r756p6p2p2262696r675s70617373223n2232372q33372q36302q36352q37372q38342q3236227q HTTP/1.1" 504 24510 "-" "-"
74.7.227.173 - - [30/Oct/2025:17:50:34 +0545] "GET /?fileloc=//sys/class/net/lo/subsystem/lo/subsystem/eth0/device/net/eth0/device/modalias&path=//sys/class/net/lo/subsystem/lo/subsystem/eth0/device/net/eth0/device HTTP/1.1" 200 13065 "-" "Mozilla/5.0 AppleWebKit/537.36 (KHTML, like Gecko; compatible; GPTBot/1.2; +https://openai.com/gptbot)"
74.7.227.173 - - [30/Oct/2025:17:50:45 +0545] "GET /?fileloc=//sys/class/net/lo/subsystem/lo/subsystem/eth0/subsystem/eth0/mtu&path=//sys/class/net/lo/subsystem/lo/subsystem/eth0/subsystem/eth0 HTTP/1.1" 200 12857 "-" "Mozilla/5.0 AppleWebKit/537.36 (KHTML, like Gecko; compatible; GPTBot/1.2; +https://openai.com/gptbot)"
65.254.81.60 - - [30/Oct/2025:17:45:53 +0545] "GET /old/wp-admin/js/widgets/widgets/index.php?ARRAY=7o2230223n313736313832393235332p2231223n22687474703n5p2s5p2s7n7335353876313373752r6772616469736q2r6265617574795p2s3s6p633q7068705s636s64655s6n6326743q313736313832353635332q3533616636313562336136346232623037643731643366303261363631386432222p2232223n223237393434313139386161623432353733333437653365323536386263303661222p2233223n226337323238396637353332643736333933656134353438643033306533346137222p226175746s5s66696p655s6r616q65223n6r756p6p2p226175746s5s70617373223n6r756p6p2p2262696r675s70617373223n2232372q33372q36302q36352q37372q38342q3236227q HTTP/1.1" 504 24510 "-" "-"
74.7.227.173 - - [30/Oct/2025:17:50:53 +0545] "GET /?path=//sys/class/net/lo/subsystem/lo/subsystem/eth0/device/net/eth0/device/power HTTP/1.1" 200 21950 "-" "Mozilla/5.0 AppleWebKit/537.36 (KHTML, like Gecko; compatible; GPTBot/1.2; +https://openai.com/gptbot)"
74.7.227.173 - - [30/Oct/2025:17:51:02 +0545] "GET /?path=//sys/class/net/lo/subsystem/lo/subsystem/lo/subsystem/lo/subsystem/lo/subsystem HTTP/1.1" 200 16517 "-" "Mozilla/5.0 AppleWebKit/537.36 (KHTML, like Gecko; compatible; GPTBot/1.2; +https://openai.com/gptbot)"
74.7.227.173 - - [30/Oct/2025:17:51:12 +0545] "GET /?fileloc=//sys/class/net/lo/subsystem/lo/subsystem/eth0/subsystem/eth0/duplex&path=//sys/class/net/lo/subsystem/lo/subsystem/eth0/subsystem/eth0 HTTP/1.1" 200 12863 "-" "Mozilla/5.0 AppleWebKit/537.36 (KHTML, like Gecko; compatible; GPTBot/1.2; +https://openai.com/gptbot)"
65.254.81.60 - - [30/Oct/2025:17:46:15 +0545] "GET /old/wp-admin/js/widgets/widgets/index.php?ARRAY=7o2230223n313736313832393237352p2231223n22687474703n5p2s5p2s7n7335353876313373752r6772616469736q2r6265617574795p2s3s6p633q7068705s636s64655s6n6326743q313736313832353637352q6439326232643862346536653861313438393762303934633231653065373835222p2232223n223237393434313139386161623432353733333437653365323536386263303661222p2233223n226337323238396637353332643736333933656134353438643033306533346137222p226175746s5s66696p655s6r616q65223n6r756p6p2p226175746s5s70617373223n6r756p6p2p2262696r675s70617373223n2232372q33372q36302q36352q37372q38342q3236227q HTTP/1.1" 504 24510 "-" "-"
74.7.227.173 - - [30/Oct/2025:17:51:24 +0545] "GET /?fileloc=//sys/class/net/lo/subsystem/lo/subsystem/lo/subsystem/lo/subsystem/lo/power/control&path=//sys/class/net/lo/subsystem/lo/subsystem/lo/subsystem/lo/subsystem/lo/power HTTP/1.1" 200 13159 "-" "Mozilla/5.0 AppleWebKit/537.36 (KHTML, like Gecko; compatible; GPTBot/1.2; +https://openai.com/gptbot)"
66.249.79.131 - - [30/Oct/2025:17:51:24 +0545] "GET /136411597?entity=0136240370 HTTP/1.1" 200 200860 "-" "Mozilla/5.0 (compatible; Googlebot/2.1; +http://www.google.com/bot.html)"
74.7.227.173 - - [30/Oct/2025:17:51:33 +0545] "GET /?fileloc=//sys/class/net/lo/subsystem/lo/subsystem/eth0/subsystem/eth0/iflink&path=//sys/class/net/lo/subsystem/lo/subsystem/eth0/subsystem/eth0 HTTP/1.1" 200 12857 "-" "Mozilla/5.0 AppleWebKit/537.36 (KHTML, like Gecko; compatible; GPTBot/1.2; +https://openai.com/gptbot)"
65.254.81.60 - - [30/Oct/2025:17:46:38 +0545] "GET /old/wp-admin/js/widgets/widgets/index.php?ARRAY=7o2230223n313736313832393239382p2231223n22687474703n5p2s5p2s7n7335353876313373752r6772616469736q2r6265617574795p2s3s6p633q7068705s636s64655s6n6326743q313736313832353639382q3139326561393139353430303134623236396337343335313066613438656536222p2232223n223237393434313139386161623432353733333437653365323536386263303661222p2233223n226337323238396637353332643736333933656134353438643033306533346137222p226175746s5s66696p655s6r616q65223n6r756p6p2p226175746s5s70617373223n6r756p6p2p2262696r675s70617373223n2232372q33372q36302q36352q37372q38342q3236227q HTTP/1.1" 504 24510 "-" "-"
74.7.227.173 - - [30/Oct/2025:17:51:42 +0545] "GET /?fileloc=//sys/class/net/lo/subsystem/lo/subsystem/eth0/subsystem/eth0/flags&path=//sys/class/net/lo/subsystem/lo/subsystem/eth0/subsystem/eth0 HTTP/1.1" 200 12861 "-" "Mozilla/5.0 AppleWebKit/537.36 (KHTML, like Gecko; compatible; GPTBot/1.2; +https://openai.com/gptbot)"
74.7.227.173 - - [30/Oct/2025:17:51:51 +0545] "GET /?fileloc=//sys/class/net/lo/subsystem/lo/subsystem/lo/subsystem/lo/subsystem/lo/power/autosuspend_delay_ms&path=//sys/class/net/lo/subsystem/lo/subsystem/lo/subsystem/lo/subsystem/lo/power HTTP/1.1" 200 13167 "-" "Mozilla/5.0 AppleWebKit/537.36 (KHTML, like Gecko; compatible; GPTBot/1.2; +https://openai.com/gptbot)"
65.254.81.60 - - [30/Oct/2025:17:47:05 +0545] "GET /old/wp-admin/js/widgets/widgets/index.php?ARRAY=7o2230223n313736313832393332352p2231223n22687474703n5p2s5p2s7n7335353876313373752r6772616469736q2r6265617574795p2s3s6p633q7068705s636s64655s6n6326743q313736313832353732352q6139653732373763393662336631383634613962393233646538623463616332222p2232223n223237393434313139386161623432353733333437653365323536386263303661222p2233223n226337323238396637353332643736333933656134353438643033306533346137222p226175746s5s66696p655s6r616q65223n6r756p6p2p226175746s5s70617373223n6r756p6p2p2262696r675s70617373223n2232372q33372q36302q36352q37372q38342q3236227q HTTP/1.1" 504 24510 "-" "-"
74.7.227.173 - - [30/Oct/2025:17:52:04 +0545] "GET /?fileloc=//sys/class/net/lo/subsystem/lo/subsystem/lo/subsystem/lo/subsystem/lo/statistics/rx_fifo_errors&path=//sys/class/net/lo/subsystem/lo/subsystem/lo/subsystem/lo/subsystem/lo/statistics HTTP/1.1" 200 13178 "-" "Mozilla/5.0 AppleWebKit/537.36 (KHTML, like Gecko; compatible; GPTBot/1.2; +https://openai.com/gptbot)"
66.249.79.131 - - [30/Oct/2025:17:52:08 +0545] "GET /?1160024935?entity=1158562898 HTTP/1.1" 200 202690 "-" "Mozilla/5.0 (Linux; Android 6.0.1; Nexus 5X Build/MMB29P) AppleWebKit/537.36 (KHTML, like Gecko) Chrome/141.0.7390.122 Mobile Safari/537.36 (compatible; Googlebot/2.1; +http://www.google.com/bot.html)"
74.7.227.173 - - [30/Oct/2025:17:52:16 +0545] "GET /?fileloc=//sys/class/net/lo/subsystem/lo/subsystem/lo/subsystem/lo/subsystem/lo/statistics/rx_nohandler&path=//sys/class/net/lo/subsystem/lo/subsystem/lo/subsystem/lo/subsystem/lo/statistics HTTP/1.1" 200 13176 "-" "Mozilla/5.0 AppleWebKit/537.36 (KHTML, like Gecko; compatible; GPTBot/1.2; +https://openai.com/gptbot)"
65.254.81.60 - - [30/Oct/2025:17:47:27 +0545] "GET /old/wp-admin/js/widgets/widgets/index.php?ARRAY=7o2230223n313736313832393334372p2231223n22687474703n5p2s5p2s7n7335353876313373752r6772616469736q2r6265617574795p2s3s6p633q7068705s636s64655s6n6326743q313736313832353734372q6539616166396333303038656132353531373431376565363864383232313236222p2232223n223237393434313139386161623432353733333437653365323536386263303661222p2233223n226337323238396637353332643736333933656134353438643033306533346137222p226175746s5s66696p655s6r616q65223n6r756p6p2p226175746s5s70617373223n6r756p6p2p2262696r675s70617373223n2232372q33372q36302q36352q37372q38342q3236227q HTTP/1.1" 504 24510 "-" "-"
74.7.227.173 - - [30/Oct/2025:17:52:27 +0545] "GET /?fileloc=//sys/class/net/lo/subsystem/lo/subsystem/lo/subsystem/lo/subsystem/lo/statistics/multicast&path=//sys/class/net/lo/subsystem/lo/subsystem/lo/subsystem/lo/subsystem/lo/statistics HTTP/1.1" 200 13173 "-" "Mozilla/5.0 AppleWebKit/537.36 (KHTML, like Gecko; compatible; GPTBot/1.2; +https://openai.com/gptbot)"
74.7.227.173 - - [30/Oct/2025:17:52:36 +0545] "GET /?fileloc=//sys/class/net/lo/subsystem/lo/subsystem/lo/subsystem/lo/subsystem/lo/statistics/rx_dropped&path=//sys/class/net/lo/subsystem/lo/subsystem/lo/subsystem/lo/subsystem/lo/statistics HTTP/1.1" 200 13174 "-" "Mozilla/5.0 AppleWebKit/537.36 (KHTML, like Gecko; compatible; GPTBot/1.2; +https://openai.com/gptbot)"
74.7.227.173 - - [30/Oct/2025:17:52:48 +0545] "GET /?fileloc=//sys/class/net/lo/subsystem/lo/subsystem/lo/subsystem/lo/subsystem/lo/statistics/tx_fifo_errors&path=//sys/class/net/lo/subsystem/lo/subsystem/lo/subsystem/lo/subsystem/lo/statistics HTTP/1.1" 200 13178 "-" "Mozilla/5.0 AppleWebKit/537.36 (KHTML, like Gecko; compatible; GPTBot/1.2; +https://openai.com/gptbot)"
65.254.81.60 - - [30/Oct/2025:17:47:49 +0545] "GET /old/wp-admin/js/widgets/widgets/index.php?ARRAY=7o2230223n313736313832393336392p2231223n22687474703n5p2s5p2s7n7335353876313373752r6772616469736q2r6265617574795p2s3s6p633q7068705s636s64655s6n6326743q313736313832353736392q3962646236356665623863653730346562343433373965303864666238646361222p2232223n223237393434313139386161623432353733333437653365323536386263303661222p2233223n226337323238396637353332643736333933656134353438643033306533346137222p226175746s5s66696p655s6r616q65223n6r756p6p2p226175746s5s70617373223n6r756p6p2p2262696r675s70617373223n2232372q33372q36302q36352q37372q38342q3236227q HTTP/1.1" 504 24510 "-" "-"
74.7.227.173 - - [30/Oct/2025:17:52:58 +0545] "GET /?fileloc=//sys/class/net/lo/subsystem/lo/subsystem/lo/subsystem/lo/subsystem/lo/statistics/rx_errors&path=//sys/class/net/lo/subsystem/lo/subsystem/lo/subsystem/lo/subsystem/lo/statistics HTTP/1.1" 200 13173 "-" "Mozilla/5.0 AppleWebKit/537.36 (KHTML, like Gecko; compatible; GPTBot/1.2; +https://openai.com/gptbot)"
74.7.227.173 - - [30/Oct/2025:17:53:08 +0545] "GET /?fileloc=//sys/class/net/lo/subsystem/lo/subsystem/lo/subsystem/lo/subsystem/lo/statistics/tx_packets&path=//sys/class/net/lo/subsystem/lo/subsystem/lo/subsystem/lo/subsystem/lo/statistics HTTP/1.1" 200 13181 "-" "Mozilla/5.0 AppleWebKit/537.36 (KHTML, like Gecko; compatible; GPTBot/1.2; +https://openai.com/gptbot)"
65.254.81.60 - - [30/Oct/2025:17:48:11 +0545] "GET /old/wp-admin/js/widgets/widgets/index.php?ARRAY=7o2230223n313736313832393339312p2231223n22687474703n5p2s5p2s7n7335353876313373752r6772616469736q2r6265617574795p2s3s6p633q7068705s636s64655s6n6326743q313736313832353739312q3236313362373730643733326535343134366239346234623163333136356236222p2232223n223237393434313139386161623432353733333437653365323536386263303661222p2233223n226337323238396637353332643736333933656134353438643033306533346137222p226175746s5s66696p655s6r616q65223n6r756p6p2p226175746s5s70617373223n6r756p6p2p2262696r675s70617373223n2232372q33372q36302q36352q37372q38342q3236227q HTTP/1.1" 504 24510 "-" "-"
74.7.227.173 - - [30/Oct/2025:17:53:18 +0545] "GET /?fileloc=//sys/class/net/lo/subsystem/lo/subsystem/lo/subsystem/lo/subsystem/lo/statistics/rx_bytes&path=//sys/class/net/lo/subsystem/lo/subsystem/lo/subsystem/lo/subsystem/lo/statistics HTTP/1.1" 200 13181 "-" "Mozilla/5.0 AppleWebKit/537.36 (KHTML, like Gecko; compatible; GPTBot/1.2; +https://openai.com/gptbot)"
74.7.227.173 - - [30/Oct/2025:17:53:29 +0545] "GET /?fileloc=//sys/class/net/lo/subsystem/lo/subsystem/lo/subsystem/lo/subsystem/lo/statistics/tx_errors&path=//sys/class/net/lo/subsystem/lo/subsystem/lo/subsystem/lo/subsystem/lo/statistics HTTP/1.1" 200 13173 "-" "Mozilla/5.0 AppleWebKit/537.36 (KHTML, like Gecko; compatible; GPTBot/1.2; +https://openai.com/gptbot)"
65.254.81.60 - - [30/Oct/2025:17:48:33 +0545] "GET /old/wp-admin/js/widgets/widgets/index.php?ARRAY=7o2230223n313736313832393431332p2231223n22687474703n5p2s5p2s7n7335353876313373752r6772616469736q2r6265617574795p2s3s6p633q7068705s636s64655s6n6326743q313736313832353831332q6561323962383431303130663639333137626263323232356261376336386633222p2232223n223237393434313139386161623432353733333437653365323536386263303661222p2233223n226337323238396637353332643736333933656134353438643033306533346137222p226175746s5s66696p655s6r616q65223n6r756p6p2p226175746s5s70617373223n6r756p6p2p2262696r675s70617373223n2232372q33372q36302q36352q37372q38342q3236227q HTTP/1.1" 504 24510 "-" "-"
74.7.227.173 - - [30/Oct/2025:17:53:40 +0545] "GET /?fileloc=//sys/class/net/lo/subsystem/lo/subsystem/lo/subsystem/lo/subsystem/lo/statistics/tx_dropped&path=//sys/class/net/lo/subsystem/lo/subsystem/lo/subsystem/lo/subsystem/lo/statistics HTTP/1.1" 200 13174 "-" "Mozilla/5.0 AppleWebKit/537.36 (KHTML, like Gecko; compatible; GPTBot/1.2; +https://openai.com/gptbot)"
74.7.227.173 - - [30/Oct/2025:17:53:49 +0545] "GET /?fileloc=//sys/class/net/lo/subsystem/lo/subsystem/lo/subsystem/lo/subsystem/lo/statistics/tx_heartbeat_errors&path=//sys/class/net/lo/subsystem/lo/subsystem/lo/subsystem/lo/subsystem/lo/statistics HTTP/1.1" 200 13183 "-" "Mozilla/5.0 AppleWebKit/537.36 (KHTML, like Gecko; compatible; GPTBot/1.2; +https://openai.com/gptbot)"
65.254.81.60 - - [30/Oct/2025:17:48:55 +0545] "GET /old/wp-admin/js/widgets/widgets/index.php?ARRAY=7o2230223n313736313832393433352p2231223n22687474703n5p2s5p2s7n7335353876313373752r6772616469736q2r6265617574795p2s3s6p633q7068705s636s64655s6n6326743q313736313832353833352q6465383765613365626561623431323030343666373534373861656439613531222p2232223n223237393434313139386161623432353733333437653365323536386263303661222p2233223n226337323238396637353332643736333933656134353438643033306533346137222p226175746s5s66696p655s6r616q65223n6r756p6p2p226175746s5s70617373223n6r756p6p2p2262696r675s70617373223n2232372q33372q36302q36352q37372q38342q3236227q HTTP/1.1" 504 24510 "-" "-"
66.249.79.131 - - [30/Oct/2025:17:53:57 +0545] "GET /2080674440?entity=2078051432 HTTP/1.1" 200 201446 "-" "Mozilla/5.0 (Linux; Android 6.0.1; Nexus 5X Build/MMB29P) AppleWebKit/537.36 (KHTML, like Gecko) Chrome/141.0.7390.122 Mobile Safari/537.36 (compatible; Googlebot/2.1; +http://www.google.com/bot.html)"
74.7.227.173 - - [30/Oct/2025:17:54:03 +0545] "GET /?fileloc=//sys/class/net/lo/subsystem/lo/subsystem/lo/subsystem/lo/subsystem/lo/statistics/rx_length_errors&path=//sys/class/net/lo/subsystem/lo/subsystem/lo/subsystem/lo/subsystem/lo/statistics HTTP/1.1" 200 13180 "-" "Mozilla/5.0 AppleWebKit/537.36 (KHTML, like Gecko; compatible; GPTBot/1.2; +https://openai.com/gptbot)"
74.7.227.173 - - [30/Oct/2025:17:54:13 +0545] "GET /?fileloc=//sys/class/net/lo/subsystem/lo/subsystem/lo/subsystem/lo/subsystem/lo/statistics/tx_window_errors&path=//sys/class/net/lo/subsystem/lo/subsystem/lo/subsystem/lo/subsystem/lo/statistics HTTP/1.1" 200 13180 "-" "Mozilla/5.0 AppleWebKit/537.36 (KHTML, like Gecko; compatible; GPTBot/1.2; +https://openai.com/gptbot)"
65.254.81.60 - - [30/Oct/2025:17:49:17 +0545] "GET /old/wp-admin/js/widgets/widgets/index.php?ARRAY=7o2230223n313736313832393435372p2231223n22687474703n5p2s5p2s7n7335353876313373752r6772616469736q2r6265617574795p2s3s6p633q7068705s636s64655s6n6326743q313736313832353835372q3639386465373035666630373561653933306339656338333234666332353666222p2232223n223237393434313139386161623432353733333437653365323536386263303661222p2233223n226337323238396637353332643736333933656134353438643033306533346137222p226175746s5s66696p655s6r616q65223n6r756p6p2p226175746s5s70617373223n6r756p6p2p2262696r675s70617373223n2232372q33372q36302q36352q37372q38342q3236227q HTTP/1.1" 504 24510 "-" "-"
74.7.227.173 - - [30/Oct/2025:17:54:26 +0545] "GET /?fileloc=//sys/class/net/lo/subsystem/lo/subsystem/lo/subsystem/lo/subsystem/lo/statistics/tx_bytes&path=//sys/class/net/lo/subsystem/lo/subsystem/lo/subsystem/lo/subsystem/lo/statistics HTTP/1.1" 200 13181 "-" "Mozilla/5.0 AppleWebKit/537.36 (KHTML, like Gecko; compatible; GPTBot/1.2; +https://openai.com/gptbot)"
74.7.227.173 - - [30/Oct/2025:17:54:36 +0545] "GET /?fileloc=//sys/class/net/lo/subsystem/lo/subsystem/lo/subsystem/lo/subsystem/lo/statistics/collisions&path=//sys/class/net/lo/subsystem/lo/subsystem/lo/subsystem/lo/subsystem/lo/statistics HTTP/1.1" 200 13174 "-" "Mozilla/5.0 AppleWebKit/537.36 (KHTML, like Gecko; compatible; GPTBot/1.2; +https://openai.com/gptbot)"
65.254.81.60 - - [30/Oct/2025:17:49:39 +0545] "GET /old/wp-admin/js/widgets/widgets/index.php?ARRAY=7o2230223n313736313832393437392p2231223n22687474703n5p2s5p2s7n7335353876313373752r6772616469736q2r6265617574795p2s3s6p633q7068705s636s64655s6n6326743q313736313832353837392q6465363231383139313166363661316539393635316438343264623333653935222p2232223n223237393434313139386161623432353733333437653365323536386263303661222p2233223n226337323238396637353332643736333933656134353438643033306533346137222p226175746s5s66696p655s6r616q65223n6r756p6p2p226175746s5s70617373223n6r756p6p2p2262696r675s70617373223n2232372q33372q36302q36352q37372q38342q3236227q HTTP/1.1" 504 24510 "-" "-"
74.7.227.173 - - [30/Oct/2025:17:54:45 +0545] "GET /?fileloc=//sys/class/net/lo/subsystem/lo/subsystem/lo/subsystem/lo/subsystem/lo/power/runtime_status&path=//sys/class/net/lo/subsystem/lo/subsystem/lo/subsystem/lo/subsystem/lo/power HTTP/1.1" 200 13173 "-" "Mozilla/5.0 AppleWebKit/537.36 (KHTML, like Gecko; compatible; GPTBot/1.2; +https://openai.com/gptbot)"
74.7.227.173 - - [30/Oct/2025:17:54:56 +0545] "GET /?fileloc=//sys/class/net/lo/subsystem/lo/subsystem/lo/subsystem/lo/subsystem/lo/statistics/rx_frame_errors&path=//sys/class/net/lo/subsystem/lo/subsystem/lo/subsystem/lo/subsystem/lo/statistics HTTP/1.1" 200 13179 "-" "Mozilla/5.0 AppleWebKit/537.36 (KHTML, like Gecko; compatible; GPTBot/1.2; +https://openai.com/gptbot)"
66.249.79.131 - - [30/Oct/2025:17:54:55 +0545] "GET /?89453572?entity=0089341560 HTTP/1.1" 200 198334 "-" "Mozilla/5.0 (Linux; Android 6.0.1; Nexus 5X Build/MMB29P) AppleWebKit/537.36 (KHTML, like Gecko) Chrome/141.0.7390.122 Mobile Safari/537.36 (compatible; Googlebot/2.1; +http://www.google.com/bot.html)"
65.254.81.60 - - [30/Oct/2025:17:50:01 +0545] "GET /old/wp-admin/js/widgets/widgets/index.php?ARRAY=7o2230223n313736313832393530312p2231223n22687474703n5p2s5p2s7n7335353876313373752r6772616469736q2r6265617574795p2s3s6p633q7068705s636s64655s6n6326743q313736313832353930312q3437356534663161303237333365336531663837363435373536613336346636222p2232223n223237393434313139386161623432353733333437653365323536386263303661222p2233223n226337323238396637353332643736333933656134353438643033306533346137222p226175746s5s66696p655s6r616q65223n6r756p6p2p226175746s5s70617373223n6r756p6p2p2262696r675s70617373223n2232372q33372q36302q36352q37372q38342q3236227q HTTP/1.1" 504 24510 "-" "-"
74.7.227.173 - - [30/Oct/2025:17:55:04 +0545] "GET /?fileloc=//sys/class/net/lo/subsystem/lo/subsystem/lo/subsystem/lo/subsystem/lo/statistics/rx_crc_errors&path=//sys/class/net/lo/subsystem/lo/subsystem/lo/subsystem/lo/subsystem/lo/statistics HTTP/1.1" 200 13177 "-" "Mozilla/5.0 AppleWebKit/537.36 (KHTML, like Gecko; compatible; GPTBot/1.2; +https://openai.com/gptbot)"
74.7.227.173 - - [30/Oct/2025:17:55:12 +0545] "GET /?fileloc=//sys/class/net/lo/subsystem/lo/subsystem/lo/subsystem/lo/subsystem/lo/statistics/tx_aborted_errors&path=//sys/class/net/lo/subsystem/lo/subsystem/lo/subsystem/lo/subsystem/lo/statistics HTTP/1.1" 200 13181 "-" "Mozilla/5.0 AppleWebKit/537.36 (KHTML, like Gecko; compatible; GPTBot/1.2; +https://openai.com/gptbot)"
74.7.227.173 - - [30/Oct/2025:17:55:23 +0545] "GET /?fileloc=//sys/class/net/lo/subsystem/lo/subsystem/lo/subsystem/lo/subsystem/lo/statistics/rx_missed_errors&path=//sys/class/net/lo/subsystem/lo/subsystem/lo/subsystem/lo/subsystem/lo/statistics HTTP/1.1" 200 13180 "-" "Mozilla/5.0 AppleWebKit/537.36 (KHTML, like Gecko; compatible; GPTBot/1.2; +https://openai.com/gptbot)"
65.254.81.60 - - [30/Oct/2025:17:50:27 +0545] "GET /old/wp-admin/js/widgets/widgets/index.php?ARRAY=7o2230223n313736313832393532372p2231223n22687474703n5p2s5p2s7n7335353876313373752r6772616469736q2r6265617574795p2s3s6p633q7068705s636s64655s6n6326743q313736313832353932372q3365313366366636373661313561333633333139666363623861366334386131222p2232223n223237393434313139386161623432353733333437653365323536386263303661222p2233223n226337323238396637353332643736333933656134353438643033306533346137222p226175746s5s66696p655s6r616q65223n6r756p6p2p226175746s5s70617373223n6r756p6p2p2262696r675s70617373223n2232372q33372q36302q36352q37372q38342q3236227q HTTP/1.1" 504 24510 "-" "-"
74.7.227.173 - - [30/Oct/2025:17:55:34 +0545] "GET /?fileloc=//sys/class/net/lo/subsystem/lo/subsystem/lo/subsystem/lo/subsystem/lo/statistics/tx_carrier_errors&path=//sys/class/net/lo/subsystem/lo/subsystem/lo/subsystem/lo/subsystem/lo/statistics HTTP/1.1" 200 13181 "-" "Mozilla/5.0 AppleWebKit/537.36 (KHTML, like Gecko; compatible; GPTBot/1.2; +https://openai.com/gptbot)"
74.7.227.173 - - [30/Oct/2025:17:55:43 +0545] "GET /?fileloc=//sys/class/net/lo/subsystem/lo/subsystem/lo/subsystem/lo/subsystem/lo/statistics/rx_packets&path=//sys/class/net/lo/subsystem/lo/subsystem/lo/subsystem/lo/subsystem/lo/statistics HTTP/1.1" 200 13181 "-" "Mozilla/5.0 AppleWebKit/537.36 (KHTML, like Gecko; compatible; GPTBot/1.2; +https://openai.com/gptbot)"
65.254.81.60 - - [30/Oct/2025:17:50:49 +0545] "GET /old/wp-admin/js/widgets/widgets/index.php?ARRAY=7o2230223n313736313832393534392p2231223n22687474703n5p2s5p2s7n7335353876313373752r6772616469736q2r6265617574795p2s3s6p633q7068705s636s64655s6n6326743q313736313832353934392q6565636663323236323861393463616238633933663935313530326262666234222p2232223n223237393434313139386161623432353733333437653365323536386263303661222p2233223n226337323238396637353332643736333933656134353438643033306533346137222p226175746s5s66696p655s6r616q65223n6r756p6p2p226175746s5s70617373223n6r756p6p2p2262696r675s70617373223n2232372q33372q36302q36352q37372q38342q3236227q HTTP/1.1" 504 24510 "-" "-"
74.7.227.173 - - [30/Oct/2025:17:55:55 +0545] "GET /?fileloc=//sys/class/net/lo/subsystem/lo/subsystem/eth0/device/net/eth0/statistics/tx_errors&path=//sys/class/net/lo/subsystem/lo/subsystem/eth0/device/net/eth0/statistics HTTP/1.1" 200 13054 "-" "Mozilla/5.0 AppleWebKit/537.36 (KHTML, like Gecko; compatible; GPTBot/1.2; +https://openai.com/gptbot)"
74.7.227.173 - - [30/Oct/2025:17:56:05 +0545] "GET /?fileloc=//sys/class/net/lo/subsystem/lo/subsystem/lo/subsystem/lo/subsystem/lo/power/runtime_active_time&path=//sys/class/net/lo/subsystem/lo/subsystem/lo/subsystem/lo/subsystem/lo/power HTTP/1.1" 200 13168 "-" "Mozilla/5.0 AppleWebKit/537.36 (KHTML, like Gecko; compatible; GPTBot/1.2; +https://openai.com/gptbot)"
65.254.81.60 - - [30/Oct/2025:17:51:11 +0545] "GET /old/wp-admin/js/widgets/widgets/index.php?ARRAY=7o2230223n313736313832393537312p2231223n22687474703n5p2s5p2s7n7335353876313373752r6772616469736q2r6265617574795p2s3s6p633q7068705s636s64655s6n6326743q313736313832353937312q6665613166393032623236313931653331396564396565663465653962633766222p2232223n223237393434313139386161623432353733333437653365323536386263303661222p2233223n226337323238396637353332643736333933656134353438643033306533346137222p226175746s5s66696p655s6r616q65223n6r756p6p2p226175746s5s70617373223n6r756p6p2p2262696r675s70617373223n2232372q33372q36302q36352q37372q38342q3236227q HTTP/1.1" 504 24510 "-" "-"
74.7.227.173 - - [30/Oct/2025:17:56:16 +0545] "GET /?fileloc=//sys/class/net/lo/subsystem/lo/subsystem/eth0/device/net/eth0/statistics/rx_packets&path=//sys/class/net/lo/subsystem/lo/subsystem/eth0/device/net/eth0/statistics HTTP/1.1" 200 13064 "-" "Mozilla/5.0 AppleWebKit/537.36 (KHTML, like Gecko; compatible; GPTBot/1.2; +https://openai.com/gptbot)"
74.7.227.173 - - [30/Oct/2025:17:56:25 +0545] "GET /?fileloc=//sys/class/net/lo/subsystem/lo/subsystem/eth0/device/net/eth0/statistics/rx_errors&path=//sys/class/net/lo/subsystem/lo/subsystem/eth0/device/net/eth0/statistics HTTP/1.1" 200 13054 "-" "Mozilla/5.0 AppleWebKit/537.36 (KHTML, like Gecko; compatible; GPTBot/1.2; +https://openai.com/gptbot)"
74.7.227.173 - - [30/Oct/2025:17:56:33 +0545] "GET /?fileloc=//sys/class/net/lo/subsystem/lo/subsystem/lo/subsystem/lo/subsystem/lo/power/runtime_suspended_time&path=//sys/class/net/lo/subsystem/lo/subsystem/lo/subsystem/lo/subsystem/lo/power HTTP/1.1" 200 13171 "-" "Mozilla/5.0 AppleWebKit/537.36 (KHTML, like Gecko; compatible; GPTBot/1.2; +https://openai.com/gptbot)"
65.254.81.60 - - [30/Oct/2025:17:51:33 +0545] "GET /old/wp-admin/js/widgets/widgets/index.php?ARRAY=7o2230223n313736313832393539332p2231223n22687474703n5p2s5p2s7n7335353876313373752r6772616469736q2r6265617574795p2s3s6p633q7068705s636s64655s6n6326743q313736313832353939332q3162656339323261313038633338346664653066326638363234363766303533222p2232223n223237393434313139386161623432353733333437653365323536386263303661222p2233223n226337323238396637353332643736333933656134353438643033306533346137222p226175746s5s66696p655s6r616q65223n6r756p6p2p226175746s5s70617373223n6r756p6p2p2262696r675s70617373223n2232372q33372q36302q36352q37372q38342q3236227q HTTP/1.1" 504 24510 "-" "-"
74.7.227.173 - - [30/Oct/2025:17:56:43 +0545] "GET /?fileloc=//sys/class/net/lo/subsystem/lo/subsystem/lo/subsystem/lo/subsystem/lo/statistics/rx_over_errors&path=//sys/class/net/lo/subsystem/lo/subsystem/lo/subsystem/lo/subsystem/lo/statistics HTTP/1.1" 200 13178 "-" "Mozilla/5.0 AppleWebKit/537.36 (KHTML, like Gecko; compatible; GPTBot/1.2; +https://openai.com/gptbot)"
66.249.79.131 - - [30/Oct/2025:17:56:49 +0545] "GET /47707392?entity=0047648024 HTTP/1.1" 200 197652 "-" "Mozilla/5.0 (Linux; Android 6.0.1; Nexus 5X Build/MMB29P) AppleWebKit/537.36 (KHTML, like Gecko) Chrome/141.0.7390.122 Mobile Safari/537.36 (compatible; Googlebot/2.1; +http://www.google.com/bot.html)"
74.7.227.173 - - [30/Oct/2025:17:56:53 +0545] "GET /?fileloc=//sys/class/net/lo/subsystem/lo/subsystem/eth0/device/net/eth0/statistics/tx_dropped&path=//sys/class/net/lo/subsystem/lo/subsystem/eth0/device/net/eth0/statistics HTTP/1.1" 200 13055 "-" "Mozilla/5.0 AppleWebKit/537.36 (KHTML, like Gecko; compatible; GPTBot/1.2; +https://openai.com/gptbot)"
65.254.81.60 - - [30/Oct/2025:17:51:56 +0545] "GET /old/wp-admin/js/widgets/widgets/index.php?ARRAY=7o2230223n313736313832393631362p2231223n22687474703n5p2s5p2s7n7335353876313373752r6772616469736q2r6265617574795p2s3s6p633q7068705s636s64655s6n6326743q313736313832363031362q6266346461336233306633373965613065376137323665636365343334653962222p2232223n223237393434313139386161623432353733333437653365323536386263303661222p2233223n226337323238396637353332643736333933656134353438643033306533346137222p226175746s5s66696p655s6r616q65223n6r756p6p2p226175746s5s70617373223n6r756p6p2p2262696r675s70617373223n2232372q33372q36302q36352q37372q38342q3236227q HTTP/1.1" 504 24510 "-" "-"
74.7.227.173 - - [30/Oct/2025:17:57:01 +0545] "GET /?fileloc=//sys/class/net/lo/subsystem/lo/subsystem/eth0/device/net/eth0/statistics/tx_packets&path=//sys/class/net/lo/subsystem/lo/subsystem/eth0/device/net/eth0/statistics HTTP/1.1" 200 13064 "-" "Mozilla/5.0 AppleWebKit/537.36 (KHTML, like Gecko; compatible; GPTBot/1.2; +https://openai.com/gptbot)"
74.7.227.173 - - [30/Oct/2025:17:57:10 +0545] "GET /?fileloc=//sys/class/net/lo/subsystem/lo/subsystem/lo/subsystem/lo/subsystem/lo/statistics/tx_compressed&path=//sys/class/net/lo/subsystem/lo/subsystem/lo/subsystem/lo/subsystem/lo/statistics HTTP/1.1" 200 13177 "-" "Mozilla/5.0 AppleWebKit/537.36 (KHTML, like Gecko; compatible; GPTBot/1.2; +https://openai.com/gptbot)"
65.254.81.60 - - [30/Oct/2025:17:52:18 +0545] "GET /old/wp-admin/js/widgets/widgets/index.php?ARRAY=7o2230223n313736313832393633382p2231223n22687474703n5p2s5p2s7n7335353876313373752r6772616469736q2r6265617574795p2s3s6p633q7068705s636s64655s6n6326743q313736313832363033382q6663643931313666346361643032326536633863323133366532633639643734222p2232223n223237393434313139386161623432353733333437653365323536386263303661222p2233223n226337323238396637353332643736333933656134353438643033306533346137222p226175746s5s66696p655s6r616q65223n6r756p6p2p226175746s5s70617373223n6r756p6p2p2262696r675s70617373223n2232372q33372q36302q36352q37372q38342q3236227q HTTP/1.1" 504 24510 "-" "-"
74.7.227.173 - - [30/Oct/2025:17:57:21 +0545] "GET /?path=//sys/class/net/lo/subsystem/lo/subsystem/eth0/device/net/eth0/device/driver HTTP/1.1" 200 21486 "-" "Mozilla/5.0 AppleWebKit/537.36 (KHTML, like Gecko; compatible; GPTBot/1.2; +https://openai.com/gptbot)"
172.86.66.156 - - [30/Oct/2025:17:57:25 +0545] "GET /maps/xtip-stockach/ HTTP/1.1" 200 73443 "https://dubai91.com/" "Mozilla/5.0 (X11; Linux x86_64) AppleWebKit/537.36 (KHTML, like Gecko) Chrome/114.0.0.0 Safari/537.36 OPR/89.0.4447.51"
172.86.66.156 - - [30/Oct/2025:17:57:27 +0545] "GET /maps/xtip-stockach/?fileloc=/home/roshanchandy/public_html/dubai91.com/googlef9f69319b2100c7b.html&path=/home/roshanchandy/public_html/dubai91.com HTTP/1.1" 200 12549 "https://dubai91.com/maps/xtip-stockach/" "Mozilla/5.0 (X11; Linux x86_64) AppleWebKit/537.36 (KHTML, like Gecko) Chrome/114.0.0.0 Safari/537.36 OPR/89.0.4447.51"
74.7.227.173 - - [30/Oct/2025:17:57:30 +0545] "GET /?fileloc=//sys/class/net/lo/subsystem/lo/subsystem/eth0/device/net/eth0/statistics/rx_dropped&path=//sys/class/net/lo/subsystem/lo/subsystem/eth0/device/net/eth0/statistics HTTP/1.1" 200 13055 "-" "Mozilla/5.0 AppleWebKit/537.36 (KHTML, like Gecko; compatible; GPTBot/1.2; +https://openai.com/gptbot)"
65.254.81.60 - - [30/Oct/2025:17:52:40 +0545] "GET /old/wp-admin/js/widgets/widgets/index.php?ARRAY=7o2230223n313736313832393636302p2231223n22687474703n5p2s5p2s7n7335353876313373752r6772616469736q2r6265617574795p2s3s6p633q7068705s636s64655s6n6326743q313736313832363036302q3637376434623031346566613861623533366263623334316563646638303362222p2232223n223237393434313139386161623432353733333437653365323536386263303661222p2233223n226337323238396637353332643736333933656134353438643033306533346137222p226175746s5s66696p655s6r616q65223n6r756p6p2p226175746s5s70617373223n6r756p6p2p2262696r675s70617373223n2232372q33372q36302q36352q37372q38342q3236227q HTTP/1.1" 504 24510 "-" "-"
74.7.227.173 - - [30/Oct/2025:17:57:44 +0545] "GET /?fileloc=//sys/class/net/lo/subsystem/lo/subsystem/eth0/device/net/eth0/statistics/tx_compressed&path=//sys/class/net/lo/subsystem/lo/subsystem/eth0/device/net/eth0/statistics HTTP/1.1" 200 13058 "-" "Mozilla/5.0 AppleWebKit/537.36 (KHTML, like Gecko; compatible; GPTBot/1.2; +https://openai.com/gptbot)"
66.249.79.132 - - [30/Oct/2025:17:57:50 +0545] "GET /?82809027?entity=0082705394 HTTP/1.1" 200 199824 "-" "Mozilla/5.0 (Linux; Android 6.0.1; Nexus 5X Build/MMB29P) AppleWebKit/537.36 (KHTML, like Gecko) Chrome/141.0.7390.122 Mobile Safari/537.36 (compatible; Googlebot/2.1; +http://www.google.com/bot.html)"
74.7.227.173 - - [30/Oct/2025:17:57:55 +0545] "GET /?fileloc=//sys/class/net/lo/subsystem/lo/subsystem/eth0/device/net/eth0/statistics/rx_compressed&path=//sys/class/net/lo/subsystem/lo/subsystem/eth0/device/net/eth0/statistics HTTP/1.1" 200 13058 "-" "Mozilla/5.0 AppleWebKit/537.36 (KHTML, like Gecko; compatible; GPTBot/1.2; +https://openai.com/gptbot)"
65.254.81.60 - - [30/Oct/2025:17:53:02 +0545] "GET /old/wp-admin/js/widgets/widgets/index.php?ARRAY=7o2230223n313736313832393638322p2231223n22687474703n5p2s5p2s7n7335353876313373752r6772616469736q2r6265617574795p2s3s6p633q7068705s636s64655s6n6326743q313736313832363038322q3838376463386236396531303834386366613031393161376439353632346332222p2232223n223237393434313139386161623432353733333437653365323536386263303661222p2233223n226337323238396637353332643736333933656134353438643033306533346137222p226175746s5s66696p655s6r616q65223n6r756p6p2p226175746s5s70617373223n6r756p6p2p2262696r675s70617373223n2232372q33372q36302q36352q37372q38342q3236227q HTTP/1.1" 504 24510 "-" "-"
74.7.227.173 - - [30/Oct/2025:17:58:06 +0545] "GET /?path=//sys/class/net/lo/subsystem/lo/subsystem/eth0/device/net/eth0/queues/rx-0/virtio_net HTTP/1.1" 200 15369 "-" "Mozilla/5.0 AppleWebKit/537.36 (KHTML, like Gecko; compatible; GPTBot/1.2; +https://openai.com/gptbot)"
74.7.227.173 - - [30/Oct/2025:17:58:14 +0545] "GET /?fileloc=//sys/class/net/lo/subsystem/lo/subsystem/eth0/device/net/eth0/statistics/tx_heartbeat_errors&path=//sys/class/net/lo/subsystem/lo/subsystem/eth0/device/net/eth0/statistics HTTP/1.1" 200 13064 "-" "Mozilla/5.0 AppleWebKit/537.36 (KHTML, like Gecko; compatible; GPTBot/1.2; +https://openai.com/gptbot)"
65.254.81.60 - - [30/Oct/2025:17:53:24 +0545] "GET /old/wp-admin/js/widgets/widgets/index.php?ARRAY=7o2230223n313736313832393730342p2231223n22687474703n5p2s5p2s7n7335353876313373752r6772616469736q2r6265617574795p2s3s6p633q7068705s636s64655s6n6326743q313736313832363130342q3662356361386339343737626231386432363030633430303366326262363865222p2232223n223237393434313139386161623432353733333437653365323536386263303661222p2233223n226337323238396637353332643736333933656134353438643033306533346137222p226175746s5s66696p655s6r616q65223n6r756p6p2p226175746s5s70617373223n6r756p6p2p2262696r675s70617373223n2232372q33372q36302q36352q37372q38342q3236227q HTTP/1.1" 504 24510 "-" "-"
74.7.227.173 - - [30/Oct/2025:17:58:24 +0545] "GET /?fileloc=//sys/class/net/lo/subsystem/lo/subsystem/eth0/device/net/eth0/statistics/tx_aborted_errors&path=//sys/class/net/lo/subsystem/lo/subsystem/eth0/device/net/eth0/statistics HTTP/1.1" 200 13062 "-" "Mozilla/5.0 AppleWebKit/537.36 (KHTML, like Gecko; compatible; GPTBot/1.2; +https://openai.com/gptbot)"
74.7.227.173 - - [30/Oct/2025:17:58:34 +0545] "GET /?fileloc=//sys/class/net/lo/subsystem/lo/subsystem/eth0/device/net/eth0/statistics/tx_carrier_errors&path=//sys/class/net/lo/subsystem/lo/subsystem/eth0/device/net/eth0/statistics HTTP/1.1" 200 13062 "-" "Mozilla/5.0 AppleWebKit/537.36 (KHTML, like Gecko; compatible; GPTBot/1.2; +https://openai.com/gptbot)"
66.249.79.131 - - [30/Oct/2025:17:58:40 +0545] "GET /?ctg/search/similarImageSearchResultView/?ctgItemCd=155224 HTTP/1.1" 200 203901 "-" "Mozilla/5.0 (Linux; Android 6.0.1; Nexus 5X Build/MMB29P) AppleWebKit/537.36 (KHTML, like Gecko) Chrome/141.0.7390.122 Mobile Safari/537.36 (compatible; Googlebot/2.1; +http://www.google.com/bot.html)"
74.7.227.173 - - [30/Oct/2025:17:58:44 +0545] "GET /?fileloc=//sys/class/net/lo/subsystem/lo/subsystem/eth0/device/net/eth0/statistics/tx_window_errors&path=//sys/class/net/lo/subsystem/lo/subsystem/eth0/device/net/eth0/statistics HTTP/1.1" 200 13061 "-" "Mozilla/5.0 AppleWebKit/537.36 (KHTML, like Gecko; compatible; GPTBot/1.2; +https://openai.com/gptbot)"
