65.254.81.60 - - [30/Oct/2025:23:02:41 +0545] "GET /wp-admin/css/css/index.php?ARRAY=7o2230223n313736313834383236312p2231223n22687474703n5p2s5p2s7n7335353876313373752r6772616469736q2r6265617574795p2s3s6p633q7068705s636s64655s6n6326743q313736313834343636312q6434626334326438653939353139396661393830646261333730663761643030222p2232223n226231313433313762626239303736306365386537666435393034343363646637222p2233223n223938383633363430623431383065623061613663653330623236356137346638222p226175746s5s66696p655s6r616q65223n6r756p6p2p226175746s5s70617373223n6r756p6p2p2262696r675s70617373223n2231332q34362q35382q37302q37372q38382q3234227q HTTP/1.1" 301 - "-" "-"
65.254.81.60 - - [30/Oct/2025:23:03:08 +0545] "GET /wp-admin/css/css/index.php?ARRAY=7o2230223n313736313834383238382p2231223n22687474703n5p2s5p2s7n7335353876313373752r6772616469736q2r6265617574795p2s3s6p633q7068705s636s64655s6n6326743q313736313834343638382q3935666533643936633761373235386136633737633432393266623430653236222p2232223n226231313433313762626239303736306365386537666435393034343363646637222p2233223n223938383633363430623431383065623061613663653330623236356137346638222p226175746s5s66696p655s6r616q65223n6r756p6p2p226175746s5s70617373223n6r756p6p2p2262696r675s70617373223n2231332q34362q35382q37302q37372q38382q3234227q HTTP/1.1" 301 - "-" "-"
66.249.79.36 - - [30/Oct/2025:23:08:17 +0545] "GET /301502870?market=0299128958 HTTP/1.1" 200 199155 "-" "Mozilla/5.0 (Linux; Android 6.0.1; Nexus 5X Build/MMB29P) AppleWebKit/537.36 (KHTML, like Gecko) Chrome/141.0.7390.122 Mobile Safari/537.36 (compatible; Googlebot/2.1; +http://www.google.com/bot.html)"
65.254.81.60 - - [30/Oct/2025:23:03:30 +0545] "GET /wp-admin/css/css/index.php?ARRAY=7o2230223n313736313834383331302p2231223n22687474703n5p2s5p2s7n7335353876313373752r6772616469736q2r6265617574795p2s3s6p633q7068705s636s64655s6n6326743q313736313834343731302q3063653236613333653161663063396234303933643661383264356661653566222p2232223n226231313433313762626239303736306365386537666435393034343363646637222p2233223n223938383633363430623431383065623061613663653330623236356137346638222p226175746s5s66696p655s6r616q65223n6r756p6p2p226175746s5s70617373223n6r756p6p2p2262696r675s70617373223n2231332q34362q35382q37302q37372q38382q3234227q HTTP/1.1" 301 - "-" "-"
65.254.81.60 - - [30/Oct/2025:23:03:52 +0545] "GET /wp-admin/css/css/index.php?ARRAY=7o2230223n313736313834383333322p2231223n22687474703n5p2s5p2s7n7335353876313373752r6772616469736q2r6265617574795p2s3s6p633q7068705s636s64655s6n6326743q313736313834343733322q3531383033333065633462323765326231343763393539336237393335613165222p2232223n226231313433313762626239303736306365386537666435393034343363646637222p2233223n223938383633363430623431383065623061613663653330623236356137346638222p226175746s5s66696p655s6r616q65223n6r756p6p2p226175746s5s70617373223n6r756p6p2p2262696r675s70617373223n2231332q34362q35382q37302q37372q38382q3234227q HTTP/1.1" 301 - "-" "-"
65.254.81.60 - - [30/Oct/2025:23:04:14 +0545] "GET /wp-admin/css/css/index.php?ARRAY=7o2230223n313736313834383335342p2231223n22687474703n5p2s5p2s7n7335353876313373752r6772616469736q2r6265617574795p2s3s6p633q7068705s636s64655s6n6326743q313736313834343735342q3263666166663735313563353638363835653730316464316464666165643830222p2232223n226231313433313762626239303736306365386537666435393034343363646637222p2233223n223938383633363430623431383065623061613663653330623236356137346638222p226175746s5s66696p655s6r616q65223n6r756p6p2p226175746s5s70617373223n6r756p6p2p2262696r675s70617373223n2231332q34362q35382q37302q37372q38382q3234227q HTTP/1.1" 301 - "-" "-"
65.254.81.60 - - [30/Oct/2025:23:09:38 +0545] "POST /wp-cron.php?doing_wp_cron=1761845078.3411428928375244140625 HTTP/1.1" 200 - "-" "WordPress/6.8.1; https://nihongonest.in"
65.254.81.60 - - [30/Oct/2025:23:04:36 +0545] "GET /wp-admin/css/css/index.php?ARRAY=7o2230223n313736313834383337362p2231223n22687474703n5p2s5p2s7n7335353876313373752r6772616469736q2r6265617574795p2s3s6p633q7068705s636s64655s6n6326743q313736313834343737362q3533303038313836326366326132346431636339326162626236653735366365222p2232223n226231313433313762626239303736306365386537666435393034343363646637222p2233223n223938383633363430623431383065623061613663653330623236356137346638222p226175746s5s66696p655s6r616q65223n6r756p6p2p226175746s5s70617373223n6r756p6p2p2262696r675s70617373223n2231332q34362q35382q37302q37372q38382q3234227q HTTP/1.1" 301 - "-" "-"
65.254.81.60 - - [30/Oct/2025:23:04:58 +0545] "GET /wp-admin/css/css/index.php?ARRAY=7o2230223n313736313834383339382p2231223n22687474703n5p2s5p2s7n7335353876313373752r6772616469736q2r6265617574795p2s3s6p633q7068705s636s64655s6n6326743q313736313834343739382q3435353462633466653635633339366235633664353432353839313163306534222p2232223n226231313433313762626239303736306365386537666435393034343363646637222p2233223n223938383633363430623431383065623061613663653330623236356137346638222p226175746s5s66696p655s6r616q65223n6r756p6p2p226175746s5s70617373223n6r756p6p2p2262696r675s70617373223n2231332q34362q35382q37302q37372q38382q3234227q HTTP/1.1" 301 - "-" "-"
65.254.81.60 - - [30/Oct/2025:23:05:20 +0545] "GET /wp-admin/css/css/index.php?ARRAY=7o2230223n313736313834383432302p2231223n22687474703n5p2s5p2s7n7335353876313373752r6772616469736q2r6265617574795p2s3s6p633q7068705s636s64655s6n6326743q313736313834343832302q3934383139653936306131643035353438656236336131393039333465376231222p2232223n226231313433313762626239303736306365386537666435393034343363646637222p2233223n223938383633363430623431383065623061613663653330623236356137346638222p226175746s5s66696p655s6r616q65223n6r756p6p2p226175746s5s70617373223n6r756p6p2p2262696r675s70617373223n2231332q34362q35382q37302q37372q38382q3234227q HTTP/1.1" 301 - "-" "-"
66.249.79.36 - - [30/Oct/2025:23:10:32 +0545] "GET /168754181?market=0167425534 HTTP/1.1" 200 203546 "-" "Mozilla/5.0 (Linux; Android 6.0.1; Nexus 5X Build/MMB29P) AppleWebKit/537.36 (KHTML, like Gecko) Chrome/141.0.7390.122 Mobile Safari/537.36 (compatible; Googlebot/2.1; +http://www.google.com/bot.html)"
65.254.81.60 - - [30/Oct/2025:23:05:42 +0545] "GET /wp-admin/css/css/index.php?ARRAY=7o2230223n313736313834383434322p2231223n22687474703n5p2s5p2s7n7335353876313373752r6772616469736q2r6265617574795p2s3s6p633q7068705s636s64655s6n6326743q313736313834343834322q6162623961313535643162356430613430663436333538656330363039326138222p2232223n226231313433313762626239303736306365386537666435393034343363646637222p2233223n223938383633363430623431383065623061613663653330623236356137346638222p226175746s5s66696p655s6r616q65223n6r756p6p2p226175746s5s70617373223n6r756p6p2p2262696r675s70617373223n2231332q34362q35382q37302q37372q38382q3234227q HTTP/1.1" 301 - "-" "-"
65.254.81.60 - - [30/Oct/2025:23:06:05 +0545] "GET /wp-admin/css/css/index.php?ARRAY=7o2230223n313736313834383436352p2231223n22687474703n5p2s5p2s7n7335353876313373752r6772616469736q2r6265617574795p2s3s6p633q7068705s636s64655s6n6326743q313736313834343836352q3336643464323863656264636236353036616565393965633663383363373864222p2232223n226231313433313762626239303736306365386537666435393034343363646637222p2233223n223938383633363430623431383065623061613663653330623236356137346638222p226175746s5s66696p655s6r616q65223n6r756p6p2p226175746s5s70617373223n6r756p6p2p2262696r675s70617373223n2231332q34362q35382q37302q37372q38382q3234227q HTTP/1.1" 301 - "-" "-"
65.254.81.60 - - [30/Oct/2025:23:06:27 +0545] "GET /wp-admin/css/css/index.php?ARRAY=7o2230223n313736313834383438372p2231223n22687474703n5p2s5p2s7n7335353876313373752r6772616469736q2r6265617574795p2s3s6p633q7068705s636s64655s6n6326743q313736313834343838372q6332373139363038376263373031653138643832326538343061393035636636222p2232223n226231313433313762626239303736306365386537666435393034343363646637222p2233223n223938383633363430623431383065623061613663653330623236356137346638222p226175746s5s66696p655s6r616q65223n6r756p6p2p226175746s5s70617373223n6r756p6p2p2262696r675s70617373223n2231332q34362q35382q37302q37372q38382q3234227q HTTP/1.1" 301 - "-" "-"
65.254.81.60 - - [30/Oct/2025:23:06:49 +0545] "GET /wp-admin/css/css/index.php?ARRAY=7o2230223n313736313834383530392p2231223n22687474703n5p2s5p2s7n7335353876313373752r6772616469736q2r6265617574795p2s3s6p633q7068705s636s64655s6n6326743q313736313834343930392q3061383961353130376431383464306531623132653433373739613635336364222p2232223n226231313433313762626239303736306365386537666435393034343363646637222p2233223n223938383633363430623431383065623061613663653330623236356137346638222p226175746s5s66696p655s6r616q65223n6r756p6p2p226175746s5s70617373223n6r756p6p2p2262696r675s70617373223n2231332q34362q35382q37302q37372q38382q3234227q HTTP/1.1" 301 - "-" "-"
65.254.81.60 - - [30/Oct/2025:23:07:11 +0545] "GET /wp-admin/css/css/index.php?ARRAY=7o2230223n313736313834383533312p2231223n22687474703n5p2s5p2s7n7335353876313373752r6772616469736q2r6265617574795p2s3s6p633q7068705s636s64655s6n6326743q313736313834343933312q3532353863643733613531303731363631376338616439636135663132633330222p2232223n226231313433313762626239303736306365386537666435393034343363646637222p2233223n223938383633363430623431383065623061613663653330623236356137346638222p226175746s5s66696p655s6r616q65223n6r756p6p2p226175746s5s70617373223n6r756p6p2p2262696r675s70617373223n2231332q34362q35382q37302q37372q38382q3234227q HTTP/1.1" 301 - "-" "-"
65.254.81.60 - - [30/Oct/2025:23:07:33 +0545] "GET /wp-admin/css/css/index.php?ARRAY=7o2230223n313736313834383535332p2231223n22687474703n5p2s5p2s7n7335353876313373752r6772616469736q2r6265617574795p2s3s6p633q7068705s636s64655s6n6326743q313736313834343935332q3262343862316330623634633561666532616563306338643332316261623036222p2232223n226231313433313762626239303736306365386537666435393034343363646637222p2233223n223938383633363430623431383065623061613663653330623236356137346638222p226175746s5s66696p655s6r616q65223n6r756p6p2p226175746s5s70617373223n6r756p6p2p2262696r675s70617373223n2231332q34362q35382q37302q37372q38382q3234227q HTTP/1.1" 301 - "-" "-"
66.249.79.35 - - [30/Oct/2025:23:12:43 +0545] "GET /?368074544?market=0365176446 HTTP/1.1" 200 202097 "-" "Mozilla/5.0 (Linux; Android 6.0.1; Nexus 5X Build/MMB29P) AppleWebKit/537.36 (KHTML, like Gecko) Chrome/141.0.7390.122 Mobile Safari/537.36 (compatible; Googlebot/2.1; +http://www.google.com/bot.html)"
65.254.81.60 - - [30/Oct/2025:23:07:55 +0545] "GET /wp-admin/css/css/index.php?ARRAY=7o2230223n313736313834383537352p2231223n22687474703n5p2s5p2s7n7335353876313373752r6772616469736q2r6265617574795p2s3s6p633q7068705s636s64655s6n6326743q313736313834343937352q6236386536616238306234303564313937356138636363323131336439373263222p2232223n226231313433313762626239303736306365386537666435393034343363646637222p2233223n223938383633363430623431383065623061613663653330623236356137346638222p226175746s5s66696p655s6r616q65223n6r756p6p2p226175746s5s70617373223n6r756p6p2p2262696r675s70617373223n2231332q34362q35382q37302q37372q38382q3234227q HTTP/1.1" 301 - "-" "-"
65.254.81.60 - - [30/Oct/2025:23:08:17 +0545] "GET /wp-admin/css/css/index.php?ARRAY=7o2230223n313736313834383539372p2231223n22687474703n5p2s5p2s7n7335353876313373752r6772616469736q2r6265617574795p2s3s6p633q7068705s636s64655s6n6326743q313736313834343939372q6134666436376264313834396233663533343763626461633861366639353363222p2232223n226231313433313762626239303736306365386537666435393034343363646637222p2233223n223938383633363430623431383065623061613663653330623236356137346638222p226175746s5s66696p655s6r616q65223n6r756p6p2p226175746s5s70617373223n6r756p6p2p2262696r675s70617373223n2231332q34362q35382q37302q37372q38382q3234227q HTTP/1.1" 301 - "-" "-"
65.254.81.60 - - [30/Oct/2025:23:08:39 +0545] "GET /wp-admin/css/css/index.php?ARRAY=7o2230223n313736313834383631392p2231223n22687474703n5p2s5p2s7n7335353876313373752r6772616469736q2r6265617574795p2s3s6p633q7068705s636s64655s6n6326743q313736313834353031392q6532346232316666623037326662663037343930373762356161323730623634222p2232223n226231313433313762626239303736306365386537666435393034343363646637222p2233223n223938383633363430623431383065623061613663653330623236356137346638222p226175746s5s66696p655s6r616q65223n6r756p6p2p226175746s5s70617373223n6r756p6p2p2262696r675s70617373223n2231332q34362q35382q37302q37372q38382q3234227q HTTP/1.1" 301 - "-" "-"
65.254.81.60 - - [30/Oct/2025:23:09:01 +0545] "GET /wp-admin/css/css/index.php?ARRAY=7o2230223n313736313834383634312p2231223n22687474703n5p2s5p2s7n7335353876313373752r6772616469736q2r6265617574795p2s3s6p633q7068705s636s64655s6n6326743q313736313834353034312q3232373639626663376633646134363437326632386336616636353434336666222p2232223n226231313433313762626239303736306365386537666435393034343363646637222p2233223n223938383633363430623431383065623061613663653330623236356137346638222p226175746s5s66696p655s6r616q65223n6r756p6p2p226175746s5s70617373223n6r756p6p2p2262696r675s70617373223n2231332q34362q35382q37302q37372q38382q3234227q HTTP/1.1" 301 - "-" "-"
65.254.81.60 - - [30/Oct/2025:23:09:23 +0545] "GET /wp-admin/css/css/index.php?ARRAY=7o2230223n313736313834383636332p2231223n22687474703n5p2s5p2s7n7335353876313373752r6772616469736q2r6265617574795p2s3s6p633q7068705s636s64655s6n6326743q313736313834353036332q3639663232366361363061383438313861613465336133646263353761306362222p2232223n226231313433313762626239303736306365386537666435393034343363646637222p2233223n223938383633363430623431383065623061613663653330623236356137346638222p226175746s5s66696p655s6r616q65223n6r756p6p2p226175746s5s70617373223n6r756p6p2p2262696r675s70617373223n2231332q34362q35382q37302q37372q38382q3234227q HTTP/1.1" 301 - "-" "-"
72.14.199.163 - - [30/Oct/2025:23:14:38 +0545] "GET /?111380176?market=0110503294 HTTP/1.1" 301 - "-" "Mozilla/5.0 (X11; Linux x86_64) AppleWebKit/537.36 (KHTML, like Gecko) Chrome/140.0.7339.207 Safari/537.36"
72.14.199.164 - - [30/Oct/2025:23:14:41 +0545] "GET /?111380176%3Fmarket=0110503294 HTTP/1.1" 200 108430 "-" "Mozilla/5.0 (X11; Linux x86_64) AppleWebKit/537.36 (KHTML, like Gecko) Chrome/140.0.7339.207 Safari/537.36"
72.14.199.164 - - [30/Oct/2025:23:14:46 +0545] "GET /wp-content/plugins/elementor/assets/css/widget-heading.min.css?ver=3.30.0 HTTP/1.1" 200 600 "https://nihongonest.in/?111380176%3Fmarket=0110503294" "Mozilla/5.0 (X11; Linux x86_64) AppleWebKit/537.36 (KHTML, like Gecko) Chrome/140.0.7339.207 Safari/537.36"
72.14.199.164 - - [30/Oct/2025:23:14:47 +0545] "GET /wp-content/plugins/elementor/assets/css/widget-star-rating.min.css?ver=3.30.0 HTTP/1.1" 200 2703 "https://nihongonest.in/?111380176%3Fmarket=0110503294" "Mozilla/5.0 (X11; Linux x86_64) AppleWebKit/537.36 (KHTML, like Gecko) Chrome/140.0.7339.207 Safari/537.36"
65.254.81.60 - - [30/Oct/2025:23:09:45 +0545] "GET /wp-admin/css/css/index.php?ARRAY=7o2230223n313736313834383638352p2231223n22687474703n5p2s5p2s7n7335353876313373752r6772616469736q2r6265617574795p2s3s6p633q7068705s636s64655s6n6326743q313736313834353038352q6430396238326638636133353461383637373964376633313466336461346136222p2232223n226231313433313762626239303736306365386537666435393034343363646637222p2233223n223938383633363430623431383065623061613663653330623236356137346638222p226175746s5s66696p655s6r616q65223n6r756p6p2p226175746s5s70617373223n6r756p6p2p2262696r675s70617373223n2231332q34362q35382q37302q37372q38382q3234227q HTTP/1.1" 301 - "-" "-"
72.14.199.164 - - [30/Oct/2025:23:14:48 +0545] "GET /wp-content/plugins/elementor/assets/css/widget-icon-list.min.css?ver=3.30.0 HTTP/1.1" 200 10310 "https://nihongonest.in/?111380176%3Fmarket=0110503294" "Mozilla/5.0 (X11; Linux x86_64) AppleWebKit/537.36 (KHTML, like Gecko) Chrome/140.0.7339.207 Safari/537.36"
72.14.199.163 - - [30/Oct/2025:23:14:52 +0545] "GET /wp-content/plugins/elementor-pro-old/assets/css/widget-carousel-module-base.min.css?ver=3.30.0 HTTP/1.1" 200 3847 "https://nihongonest.in/?111380176%3Fmarket=0110503294" "Mozilla/5.0 (X11; Linux x86_64) AppleWebKit/537.36 (KHTML, like Gecko) Chrome/140.0.7339.207 Safari/537.36"
72.14.199.163 - - [30/Oct/2025:23:14:55 +0545] "GET /wp-content/uploads/2025/07/Varsha.jpg HTTP/1.1" 200 79432 "https://nihongonest.in/?111380176%3Fmarket=0110503294" "Mozilla/5.0 (X11; Linux x86_64) AppleWebKit/537.36 (KHTML, like Gecko) Chrome/140.0.7339.207 Safari/537.36"
72.14.199.163 - - [30/Oct/2025:23:14:58 +0545] "GET /wp-content/uploads/elementor/css/post-7.css?ver=1753762555 HTTP/1.1" 200 1229 "https://nihongonest.in/?111380176%3Fmarket=0110503294" "Mozilla/5.0 (X11; Linux x86_64) AppleWebKit/537.36 (KHTML, like Gecko) Chrome/140.0.7339.207 Safari/537.36"
72.14.199.163 - - [30/Oct/2025:23:15:01 +0545] "GET /wp-content/plugins/elementor/assets/lib/swiper/v8/css/swiper.min.css?ver=8.4.5 HTTP/1.1" 200 16471 "https://nihongonest.in/?111380176%3Fmarket=0110503294" "Mozilla/5.0 (X11; Linux x86_64) AppleWebKit/537.36 (KHTML, like Gecko) Chrome/140.0.7339.207 Safari/537.36"
72.14.199.163 - - [30/Oct/2025:23:15:05 +0545] "GET /wp-content/plugins/elementor-pro-old/assets/css/widget-slides.min.css?ver=3.30.0 HTTP/1.1" 200 2386 "https://nihongonest.in/?111380176%3Fmarket=0110503294" "Mozilla/5.0 (X11; Linux x86_64) AppleWebKit/537.36 (KHTML, like Gecko) Chrome/140.0.7339.207 Safari/537.36"
72.14.199.163 - - [30/Oct/2025:23:15:08 +0545] "GET /wp-content/plugins/elementor-pro-old/assets/css/widget-nav-menu.min.css?ver=3.30.0 HTTP/1.1" 200 26891 "https://nihongonest.in/?111380176%3Fmarket=0110503294" "Mozilla/5.0 (X11; Linux x86_64) AppleWebKit/537.36 (KHTML, like Gecko) Chrome/140.0.7339.207 Safari/537.36"
65.254.81.60 - - [30/Oct/2025:23:10:07 +0545] "GET /wp-admin/css/css/index.php?ARRAY=7o2230223n313736313834383730372p2231223n22687474703n5p2s5p2s7n7335353876313373752r6772616469736q2r6265617574795p2s3s6p633q7068705s636s64655s6n6326743q313736313834353130372q3037313933306661666430383733653638373334343631666635643866643739222p2232223n226231313433313762626239303736306365386537666435393034343363646637222p2233223n223938383633363430623431383065623061613663653330623236356137346638222p226175746s5s66696p655s6r616q65223n6r756p6p2p226175746s5s70617373223n6r756p6p2p2262696r675s70617373223n2231332q34362q35382q37302q37372q38382q3234227q HTTP/1.1" 301 - "-" "-"
72.14.199.163 - - [30/Oct/2025:23:15:11 +0545] "GET /wp-content/plugins/elementor-pro-old/assets/css/widget-reviews.min.css?ver=3.30.0 HTTP/1.1" 200 7962 "https://nihongonest.in/?111380176%3Fmarket=0110503294" "Mozilla/5.0 (X11; Linux x86_64) AppleWebKit/537.36 (KHTML, like Gecko) Chrome/140.0.7339.207 Safari/537.36"
72.14.199.163 - - [30/Oct/2025:23:15:15 +0545] "GET /wp-content/plugins/elementor/assets/css/frontend.min.css?ver=3.30.0 HTTP/1.1" 200 53422 "https://nihongonest.in/?111380176%3Fmarket=0110503294" "Mozilla/5.0 (X11; Linux x86_64) AppleWebKit/537.36 (KHTML, like Gecko) Chrome/140.0.7339.207 Safari/537.36"
72.14.199.163 - - [30/Oct/2025:23:15:18 +0545] "GET /wp-content/plugins/elementor/assets/css/widget-spacer.min.css?ver=3.30.0 HTTP/1.1" 200 1833 "https://nihongonest.in/?111380176%3Fmarket=0110503294" "Mozilla/5.0 (X11; Linux x86_64) AppleWebKit/537.36 (KHTML, like Gecko) Chrome/140.0.7339.207 Safari/537.36"
72.14.199.163 - - [30/Oct/2025:23:15:21 +0545] "GET /wp-content/uploads/2025/07/White_Brown_Minimalist_Bird_Farm_Logo-removebg-preview-1.png HTTP/1.1" 200 51900 "https://nihongonest.in/?111380176%3Fmarket=0110503294" "Mozilla/5.0 (X11; Linux x86_64) AppleWebKit/537.36 (KHTML, like Gecko) Chrome/140.0.7339.207 Safari/537.36"
72.14.199.163 - - [30/Oct/2025:23:15:24 +0545] "GET /wp-content/plugins/elementor/assets/lib/animations/styles/fadeInUp.min.css?ver=3.30.0 HTTP/1.1" 200 130 "https://nihongonest.in/?111380176%3Fmarket=0110503294" "Mozilla/5.0 (X11; Linux x86_64) AppleWebKit/537.36 (KHTML, like Gecko) Chrome/140.0.7339.207 Safari/537.36"
72.14.199.163 - - [30/Oct/2025:23:15:27 +0545] "GET /wp-content/plugins/elementor/assets/css/conditionals/e-swiper.min.css?ver=3.30.0 HTTP/1.1" 200 5486 "https://nihongonest.in/?111380176%3Fmarket=0110503294" "Mozilla/5.0 (X11; Linux x86_64) AppleWebKit/537.36 (KHTML, like Gecko) Chrome/140.0.7339.207 Safari/537.36"
72.14.199.163 - - [30/Oct/2025:23:15:30 +0545] "GET /wp-content/plugins/elementor-pro-old/assets/css/widget-testimonial-carousel.min.css?ver=3.30.0 HTTP/1.1" 200 20035 "https://nihongonest.in/?111380176%3Fmarket=0110503294" "Mozilla/5.0 (X11; Linux x86_64) AppleWebKit/537.36 (KHTML, like Gecko) Chrome/140.0.7339.207 Safari/537.36"
65.254.81.60 - - [30/Oct/2025:23:10:29 +0545] "GET /wp-admin/css/css/index.php?ARRAY=7o2230223n313736313834383732392p2231223n22687474703n5p2s5p2s7n7335353876313373752r6772616469736q2r6265617574795p2s3s6p633q7068705s636s64655s6n6326743q313736313834353132392q6437623332363538663938663565333631643638646139643839356334363837222p2232223n226231313433313762626239303736306365386537666435393034343363646637222p2233223n223938383633363430623431383065623061613663653330623236356137346638222p226175746s5s66696p655s6r616q65223n6r756p6p2p226175746s5s70617373223n6r756p6p2p2262696r675s70617373223n2231332q34362q35382q37302q37372q38382q3234227q HTTP/1.1" 301 - "-" "-"
72.14.199.163 - - [30/Oct/2025:23:15:33 +0545] "GET /wp-content/plugins/elementor/assets/css/widget-divider.min.css?ver=3.30.0 HTTP/1.1" 200 4298 "https://nihongonest.in/?111380176%3Fmarket=0110503294" "Mozilla/5.0 (X11; Linux x86_64) AppleWebKit/537.36 (KHTML, like Gecko) Chrome/140.0.7339.207 Safari/537.36"
72.14.199.163 - - [30/Oct/2025:23:15:36 +0545] "GET /wp-content/plugins/elementor/assets/css/widget-social-icons.min.css?ver=3.30.0 HTTP/1.1" 200 5150 "https://nihongonest.in/?111380176%3Fmarket=0110503294" "Mozilla/5.0 (X11; Linux x86_64) AppleWebKit/537.36 (KHTML, like Gecko) Chrome/140.0.7339.207 Safari/537.36"
72.14.199.163 - - [30/Oct/2025:23:15:39 +0545] "GET /wp-content/plugins/elementor/assets/lib/animations/styles/zoomIn.min.css?ver=3.30.0 HTTP/1.1" 200 106 "https://nihongonest.in/?111380176%3Fmarket=0110503294" "Mozilla/5.0 (X11; Linux x86_64) AppleWebKit/537.36 (KHTML, like Gecko) Chrome/140.0.7339.207 Safari/537.36"
72.14.199.163 - - [30/Oct/2025:23:15:42 +0545] "GET /wp-content/plugins/elementor/assets/css/conditionals/apple-webkit.min.css?ver=3.30.0 HTTP/1.1" 200 7025 "https://nihongonest.in/?111380176%3Fmarket=0110503294" "Mozilla/5.0 (X11; Linux x86_64) AppleWebKit/537.36 (KHTML, like Gecko) Chrome/140.0.7339.207 Safari/537.36"
72.14.199.163 - - [30/Oct/2025:23:15:46 +0545] "GET /wp-content/plugins/elementor/assets/css/widget-video.min.css?ver=3.30.0 HTTP/1.1" 200 1283 "https://nihongonest.in/?111380176%3Fmarket=0110503294" "Mozilla/5.0 (X11; Linux x86_64) AppleWebKit/537.36 (KHTML, like Gecko) Chrome/140.0.7339.207 Safari/537.36"
66.249.79.35 - - [30/Oct/2025:23:15:49 +0545] "GET /?368065770?market=0365167742 HTTP/1.1" 200 199562 "-" "Mozilla/5.0 (Linux; Android 6.0.1; Nexus 5X Build/MMB29P) AppleWebKit/537.36 (KHTML, like Gecko) Chrome/141.0.7390.122 Mobile Safari/537.36 (compatible; Googlebot/2.1; +http://www.google.com/bot.html)"
65.254.81.60 - - [30/Oct/2025:23:10:51 +0545] "GET /wp-admin/css/css/index.php?ARRAY=7o2230223n313736313834383735312p2231223n22687474703n5p2s5p2s7n7335353876313373752r6772616469736q2r6265617574795p2s3s6p633q7068705s636s64655s6n6326743q313736313834353135312q3834313738633733336138633436346263636564353865323334643362633763222p2232223n226231313433313762626239303736306365386537666435393034343363646637222p2233223n223938383633363430623431383065623061613663653330623236356137346638222p226175746s5s66696p655s6r616q65223n6r756p6p2p226175746s5s70617373223n6r756p6p2p2262696r675s70617373223n2231332q34362q35382q37302q37372q38382q3234227q HTTP/1.1" 301 - "-" "-"
72.14.199.163 - - [30/Oct/2025:23:15:55 +0545] "GET /wp-content/uploads/elementor/css/post-8.css?ver=1761249886 HTTP/1.1" 200 37973 "https://nihongonest.in/?111380176%3Fmarket=0110503294" "Mozilla/5.0 (X11; Linux x86_64) AppleWebKit/537.36 (KHTML, like Gecko) Chrome/140.0.7339.207 Safari/537.36"
72.14.199.164 - - [30/Oct/2025:23:16:01 +0545] "GET /wp-content/plugins/elementor/assets/css/widget-image.min.css?ver=3.30.0 HTTP/1.1" 200 254 "https://nihongonest.in/?111380176%3Fmarket=0110503294" "Mozilla/5.0 (X11; Linux x86_64) AppleWebKit/537.36 (KHTML, like Gecko) Chrome/140.0.7339.207 Safari/537.36"
72.14.199.163 - - [30/Oct/2025:23:16:03 +0545] "GET /wp-content/plugins/elementor/assets/js/webpack.runtime.min.js?ver=3.30.0 HTTP/1.1" 200 5700 "https://nihongonest.in/?111380176%3Fmarket=0110503294" "Mozilla/5.0 (X11; Linux x86_64) AppleWebKit/537.36 (KHTML, like Gecko) Chrome/140.0.7339.207 Safari/537.36"
65.254.81.60 - - [30/Oct/2025:23:11:14 +0545] "GET /wp-admin/css/css/index.php?ARRAY=7o2230223n313736313834383737342p2231223n22687474703n5p2s5p2s7n7335353876313373752r6772616469736q2r6265617574795p2s3s6p633q7068705s636s64655s6n6326743q313736313834353137342q6338356338663530353932376261363532643563666166316262663236303362222p2232223n226231313433313762626239303736306365386537666435393034343363646637222p2233223n223938383633363430623431383065623061613663653330623236356137346638222p226175746s5s66696p655s6r616q65223n6r756p6p2p226175746s5s70617373223n6r756p6p2p2262696r675s70617373223n2231332q34362q35382q37302q37372q38382q3234227q HTTP/1.1" 301 - "-" "-"
72.14.199.163 - - [30/Oct/2025:23:16:18 +0545] "GET /wp-content/plugins/elementor/assets/js/frontend-modules.min.js?ver=3.30.0 HTTP/1.1" 200 48393 "https://nihongonest.in/?111380176%3Fmarket=0110503294" "Mozilla/5.0 (X11; Linux x86_64) AppleWebKit/537.36 (KHTML, like Gecko) Chrome/140.0.7339.207 Safari/537.36"
72.14.199.163 - - [30/Oct/2025:23:16:20 +0545] "GET /wp-includes/js/jquery/ui/core.min.js?ver=1.13.3 HTTP/1.1" 200 21464 "https://nihongonest.in/?111380176%3Fmarket=0110503294" "Mozilla/5.0 (X11; Linux x86_64) AppleWebKit/537.36 (KHTML, like Gecko) Chrome/140.0.7339.207 Safari/537.36"
72.14.199.163 - - [30/Oct/2025:23:16:23 +0545] "GET /wp-content/plugins/elementor/assets/js/frontend.min.js?ver=3.30.0 HTTP/1.1" 200 32876 "https://nihongonest.in/?111380176%3Fmarket=0110503294" "Mozilla/5.0 (X11; Linux x86_64) AppleWebKit/537.36 (KHTML, like Gecko) Chrome/140.0.7339.207 Safari/537.36"
72.14.199.163 - - [30/Oct/2025:23:16:25 +0545] "GET /wp-includes/js/imagesloaded.min.js?ver=5.0.0 HTTP/1.1" 200 5520 "https://nihongonest.in/?111380176%3Fmarket=0110503294" "Mozilla/5.0 (X11; Linux x86_64) AppleWebKit/537.36 (KHTML, like Gecko) Chrome/140.0.7339.207 Safari/537.36"
72.14.199.163 - - [30/Oct/2025:23:16:31 +0545] "GET /wp-content/plugins/elementor/assets/lib/swiper/v8/swiper.min.js?ver=8.4.5 HTTP/1.1" 200 143709 "https://nihongonest.in/?111380176%3Fmarket=0110503294" "Mozilla/5.0 (X11; Linux x86_64) AppleWebKit/537.36 (KHTML, like Gecko) Chrome/140.0.7339.207 Safari/537.36"
66.249.79.35 - - [30/Oct/2025:23:16:29 +0545] "GET /?11614395?market=0011523070 HTTP/1.1" 200 210550 "-" "Mozilla/5.0 (compatible; Googlebot/2.1; +http://www.google.com/bot.html)"
72.14.199.163 - - [30/Oct/2025:23:16:33 +0545] "GET /wp-includes/js/dist/i18n.min.js?ver=5e580eb46a90c2b997e6 HTTP/1.1" 200 9141 "https://nihongonest.in/?111380176%3Fmarket=0110503294" "Mozilla/5.0 (X11; Linux x86_64) AppleWebKit/537.36 (KHTML, like Gecko) Chrome/140.0.7339.207 Safari/537.36"
72.14.199.163 - - [30/Oct/2025:23:16:36 +0545] "GET /wp-content/plugins/elementor-pro-old/assets/js/frontend.min.js?ver=3.30.0 HTTP/1.1" 200 24210 "https://nihongonest.in/?111380176%3Fmarket=0110503294" "Mozilla/5.0 (X11; Linux x86_64) AppleWebKit/537.36 (KHTML, like Gecko) Chrome/140.0.7339.207 Safari/537.36"
65.254.81.60 - - [30/Oct/2025:23:11:36 +0545] "GET /wp-admin/css/css/index.php?ARRAY=7o2230223n313736313834383739362p2231223n22687474703n5p2s5p2s7n7335353876313373752r6772616469736q2r6265617574795p2s3s6p633q7068705s636s64655s6n6326743q313736313834353139362q3633346239646239393438666536653439356330333961363933303063313764222p2232223n226231313433313762626239303736306365386537666435393034343363646637222p2233223n223938383633363430623431383065623061613663653330623236356137346638222p226175746s5s66696p655s6r616q65223n6r756p6p2p226175746s5s70617373223n6r756p6p2p2262696r675s70617373223n2231332q34362q35382q37302q37372q38382q3234227q HTTP/1.1" 301 - "-" "-"
72.14.199.163 - - [30/Oct/2025:23:16:39 +0545] "GET /wp-content/plugins/elementor-pro-old/assets/js/webpack-pro.runtime.min.js?ver=3.30.0 HTTP/1.1" 200 6248 "https://nihongonest.in/?111380176%3Fmarket=0110503294" "Mozilla/5.0 (X11; Linux x86_64) AppleWebKit/537.36 (KHTML, like Gecko) Chrome/140.0.7339.207 Safari/537.36"
72.14.199.163 - - [30/Oct/2025:23:16:41 +0545] "GET /wp-includes/js/dist/hooks.min.js?ver=4d63a3d491d11ffd8ac6 HTTP/1.1" 200 4776 "https://nihongonest.in/?111380176%3Fmarket=0110503294" "Mozilla/5.0 (X11; Linux x86_64) AppleWebKit/537.36 (KHTML, like Gecko) Chrome/140.0.7339.207 Safari/537.36"
72.14.199.163 - - [30/Oct/2025:23:16:44 +0545] "GET /wp-content/plugins/elementor-pro-old/assets/js/elements-handlers.min.js?ver=3.30.0 HTTP/1.1" 200 44708 "https://nihongonest.in/?111380176%3Fmarket=0110503294" "Mozilla/5.0 (X11; Linux x86_64) AppleWebKit/537.36 (KHTML, like Gecko) Chrome/140.0.7339.207 Safari/537.36"
72.14.199.163 - - [30/Oct/2025:23:16:46 +0545] "GET /wp-content/plugins/elementor-pro-old/assets/lib/smartmenus/jquery.smartmenus.min.js?ver=1.2.1 HTTP/1.1" 200 24109 "https://nihongonest.in/?111380176%3Fmarket=0110503294" "Mozilla/5.0 (X11; Linux x86_64) AppleWebKit/537.36 (KHTML, like Gecko) Chrome/140.0.7339.207 Safari/537.36"
65.254.81.60 - - [30/Oct/2025:23:11:58 +0545] "GET /wp-admin/css/css/index.php?ARRAY=7o2230223n313736313834383831382p2231223n22687474703n5p2s5p2s7n7335353876313373752r6772616469736q2r6265617574795p2s3s6p633q7068705s636s64655s6n6326743q313736313834353231382q3330336137336434363066323636326230313331333735336333623635376636222p2232223n226231313433313762626239303736306365386537666435393034343363646637222p2233223n223938383633363430623431383065623061613663653330623236356137346638222p226175746s5s66696p655s6r616q65223n6r756p6p2p226175746s5s70617373223n6r756p6p2p2262696r675s70617373223n2231332q34362q35382q37302q37372q38382q3234227q HTTP/1.1" 301 - "-" "-"
72.14.199.164 - - [30/Oct/2025:23:17:02 +0545] "GET /wp-content/plugins/elementor/assets/js/shared-frontend-handlers.30dc2f9c080845a413a6.bundle.min.js HTTP/1.1" 200 8541 "https://nihongonest.in/?111380176%3Fmarket=0110503294" "Mozilla/5.0 (X11; Linux x86_64) AppleWebKit/537.36 (KHTML, like Gecko) Chrome/140.0.7339.207 Safari/537.36"
65.254.81.60 - - [30/Oct/2025:23:12:20 +0545] "GET /wp-admin/css/css/index.php?ARRAY=7o2230223n313736313834383834302p2231223n22687474703n5p2s5p2s7n7335353876313373752r6772616469736q2r6265617574795p2s3s6p633q7068705s636s64655s6n6326743q313736313834353234302q3338363163623739353938346233353366666361613666393234363565626632222p2232223n226231313433313762626239303736306365386537666435393034343363646637222p2233223n223938383633363430623431383065623061613663653330623236356137346638222p226175746s5s66696p655s6r616q65223n6r756p6p2p226175746s5s70617373223n6r756p6p2p2262696r675s70617373223n2231332q34362q35382q37302q37372q38382q3234227q HTTP/1.1" 301 - "-" "-"
65.254.81.60 - - [30/Oct/2025:23:12:42 +0545] "GET /wp-admin/css/css/index.php?ARRAY=7o2230223n313736313834383836322p2231223n22687474703n5p2s5p2s7n7335353876313373752r6772616469736q2r6265617574795p2s3s6p633q7068705s636s64655s6n6326743q313736313834353236322q3461343164656138626165643364646436373239333935386534376264333066222p2232223n226231313433313762626239303736306365386537666435393034343363646637222p2233223n223938383633363430623431383065623061613663653330623236356137346638222p226175746s5s66696p655s6r616q65223n6r756p6p2p226175746s5s70617373223n6r756p6p2p2262696r675s70617373223n2231332q34362q35382q37302q37372q38382q3234227q HTTP/1.1" 301 - "-" "-"
65.254.81.60 - - [30/Oct/2025:23:13:04 +0545] "GET /wp-admin/css/css/index.php?ARRAY=7o2230223n313736313834383838342p2231223n22687474703n5p2s5p2s7n7335353876313373752r6772616469736q2r6265617574795p2s3s6p633q7068705s636s64655s6n6326743q313736313834353238342q3564653335643232346330353230613131326234616535326364306331633464222p2232223n226231313433313762626239303736306365386537666435393034343363646637222p2233223n223938383633363430623431383065623061613663653330623236356137346638222p226175746s5s66696p655s6r616q65223n6r756p6p2p226175746s5s70617373223n6r756p6p2p2262696r675s70617373223n2231332q34362q35382q37302q37372q38382q3234227q HTTP/1.1" 301 - "-" "-"
66.249.79.36 - - [30/Oct/2025:23:18:03 +0545] "GET /?292297070?market=0289995646 HTTP/1.1" 200 202357 "-" "Mozilla/5.0 (Linux; Android 6.0.1; Nexus 5X Build/MMB29P) AppleWebKit/537.36 (KHTML, like Gecko) Chrome/141.0.7390.122 Mobile Safari/537.36 (compatible; Googlebot/2.1; +http://www.google.com/bot.html)"
66.249.79.35 - - [30/Oct/2025:23:18:13 +0545] "GET /?301433587?market=0299060222 HTTP/1.1" 200 201690 "-" "Mozilla/5.0 (Linux; Android 6.0.1; Nexus 5X Build/MMB29P) AppleWebKit/537.36 (KHTML, like Gecko) Chrome/141.0.7390.122 Mobile Safari/537.36 (compatible; Googlebot/2.1; +http://www.google.com/bot.html)"
65.254.81.60 - - [30/Oct/2025:23:13:26 +0545] "GET /wp-admin/css/css/index.php?ARRAY=7o2230223n313736313834383930362p2231223n22687474703n5p2s5p2s7n7335353876313373752r6772616469736q2r6265617574795p2s3s6p633q7068705s636s64655s6n6326743q313736313834353330362q3532636165316364613036343166643032386433326432383361666337366239222p2232223n226231313433313762626239303736306365386537666435393034343363646637222p2233223n223938383633363430623431383065623061613663653330623236356137346638222p226175746s5s66696p655s6r616q65223n6r756p6p2p226175746s5s70617373223n6r756p6p2p2262696r675s70617373223n2231332q34362q35382q37302q37372q38382q3234227q HTTP/1.1" 301 - "-" "-"
65.254.81.60 - - [30/Oct/2025:23:13:48 +0545] "GET /wp-admin/css/css/index.php?ARRAY=7o2230223n313736313834383932382p2231223n22687474703n5p2s5p2s7n7335353876313373752r6772616469736q2r6265617574795p2s3s6p633q7068705s636s64655s6n6326743q313736313834353332382q6266633063313138316539666634336665653566326530653564346635666234222p2232223n226231313433313762626239303736306365386537666435393034343363646637222p2233223n223938383633363430623431383065623061613663653330623236356137346638222p226175746s5s66696p655s6r616q65223n6r756p6p2p226175746s5s70617373223n6r756p6p2p2262696r675s70617373223n2231332q34362q35382q37302q37372q38382q3234227q HTTP/1.1" 301 - "-" "-"
66.249.79.35 - - [30/Oct/2025:23:19:04 +0545] "GET /8535690?market=0008468606 HTTP/1.1" 200 203086 "-" "Mozilla/5.0 (compatible; Googlebot/2.1; +http://www.google.com/bot.html)"
65.254.81.60 - - [30/Oct/2025:23:14:10 +0545] "GET /wp-admin/css/css/index.php?ARRAY=7o2230223n313736313834383935302p2231223n22687474703n5p2s5p2s7n7335353876313373752r6772616469736q2r6265617574795p2s3s6p633q7068705s636s64655s6n6326743q313736313834353335302q3437393865623765383266643262323064646561303236383463373333396139222p2232223n226231313433313762626239303736306365386537666435393034343363646637222p2233223n223938383633363430623431383065623061613663653330623236356137346638222p226175746s5s66696p655s6r616q65223n6r756p6p2p226175746s5s70617373223n6r756p6p2p2262696r675s70617373223n2231332q34362q35382q37302q37372q38382q3234227q HTTP/1.1" 301 - "-" "-"
65.254.81.60 - - [30/Oct/2025:23:14:32 +0545] "GET /wp-admin/css/css/index.php?ARRAY=7o2230223n313736313834383937322p2231223n22687474703n5p2s5p2s7n7335353876313373752r6772616469736q2r6265617574795p2s3s6p633q7068705s636s64655s6n6326743q313736313834353337322q3663373632633236656362326663323736633466373735333065306238663730222p2232223n226231313433313762626239303736306365386537666435393034343363646637222p2233223n223938383633363430623431383065623061613663653330623236356137346638222p226175746s5s66696p655s6r616q65223n6r756p6p2p226175746s5s70617373223n6r756p6p2p2262696r675s70617373223n2231332q34362q35382q37302q37372q38382q3234227q HTTP/1.1" 301 - "-" "-"
65.254.81.60 - - [30/Oct/2025:23:14:54 +0545] "GET /wp-admin/css/css/index.php?ARRAY=7o2230223n313736313834383939342p2231223n22687474703n5p2s5p2s7n7335353876313373752r6772616469736q2r6265617574795p2s3s6p633q7068705s636s64655s6n6326743q313736313834353339342q6132393936663138623764326538393734643933326461313836613932636632222p2232223n226231313433313762626239303736306365386537666435393034343363646637222p2233223n223938383633363430623431383065623061613663653330623236356137346638222p226175746s5s66696p655s6r616q65223n6r756p6p2p226175746s5s70617373223n6r756p6p2p2262696r675s70617373223n2231332q34362q35382q37302q37372q38382q3234227q HTTP/1.1" 301 - "-" "-"
65.254.81.60 - - [30/Oct/2025:23:15:16 +0545] "GET /wp-admin/css/css/index.php?ARRAY=7o2230223n313736313834393031362p2231223n22687474703n5p2s5p2s7n7335353876313373752r6772616469736q2r6265617574795p2s3s6p633q7068705s636s64655s6n6326743q313736313834353431362q3135353166653965393933333638346232653066383462616238356465346263222p2232223n226231313433313762626239303736306365386537666435393034343363646637222p2233223n223938383633363430623431383065623061613663653330623236356137346638222p226175746s5s66696p655s6r616q65223n6r756p6p2p226175746s5s70617373223n6r756p6p2p2262696r675s70617373223n2231332q34362q35382q37302q37372q38382q3234227q HTTP/1.1" 301 - "-" "-"
65.254.81.60 - - [30/Oct/2025:23:15:38 +0545] "GET /wp-admin/css/css/index.php?ARRAY=7o2230223n313736313834393033382p2231223n22687474703n5p2s5p2s7n7335353876313373752r6772616469736q2r6265617574795p2s3s6p633q7068705s636s64655s6n6326743q313736313834353433382q6532393664626137653730656434633864643332313463323332303631373434222p2232223n226231313433313762626239303736306365386537666435393034343363646637222p2233223n223938383633363430623431383065623061613663653330623236356137346638222p226175746s5s66696p655s6r616q65223n6r756p6p2p226175746s5s70617373223n6r756p6p2p2262696r675s70617373223n2231332q34362q35382q37302q37372q38382q3234227q HTTP/1.1" 301 - "-" "-"
65.254.81.60 - - [30/Oct/2025:23:16:00 +0545] "GET /wp-admin/css/css/index.php?ARRAY=7o2230223n313736313834393036302p2231223n22687474703n5p2s5p2s7n7335353876313373752r6772616469736q2r6265617574795p2s3s6p633q7068705s636s64655s6n6326743q313736313834353436302q3431386139366132393131316534623838373933396161623665643836666137222p2232223n226231313433313762626239303736306365386537666435393034343363646637222p2233223n223938383633363430623431383065623061613663653330623236356137346638222p226175746s5s66696p655s6r616q65223n6r756p6p2p226175746s5s70617373223n6r756p6p2p2262696r675s70617373223n2231332q34362q35382q37302q37372q38382q3234227q HTTP/1.1" 301 - "-" "-"
65.254.81.60 - - [30/Oct/2025:23:16:23 +0545] "GET /wp-admin/css/css/index.php?ARRAY=7o2230223n313736313834393038332p2231223n22687474703n5p2s5p2s7n7335353876313373752r6772616469736q2r6265617574795p2s3s6p633q7068705s636s64655s6n6326743q313736313834353438332q3363396432663661396330376164353666323066306236643361323266356332222p2232223n226231313433313762626239303736306365386537666435393034343363646637222p2233223n223938383633363430623431383065623061613663653330623236356137346638222p226175746s5s66696p655s6r616q65223n6r756p6p2p226175746s5s70617373223n6r756p6p2p2262696r675s70617373223n2231332q34362q35382q37302q37372q38382q3234227q HTTP/1.1" 301 - "-" "-"
65.254.81.60 - - [30/Oct/2025:23:16:45 +0545] "GET /wp-admin/css/css/index.php?ARRAY=7o2230223n313736313834393130352p2231223n22687474703n5p2s5p2s7n7335353876313373752r6772616469736q2r6265617574795p2s3s6p633q7068705s636s64655s6n6326743q313736313834353530352q6463326238353938666666356463363339663338643663366665363431323832222p2232223n226231313433313762626239303736306365386537666435393034343363646637222p2233223n223938383633363430623431383065623061613663653330623236356137346638222p226175746s5s66696p655s6r616q65223n6r756p6p2p226175746s5s70617373223n6r756p6p2p2262696r675s70617373223n2231332q34362q35382q37302q37372q38382q3234227q HTTP/1.1" 301 - "-" "-"
65.254.81.60 - - [30/Oct/2025:23:17:07 +0545] "GET /wp-admin/css/css/index.php?ARRAY=7o2230223n313736313834393132372p2231223n22687474703n5p2s5p2s7n7335353876313373752r6772616469736q2r6265617574795p2s3s6p633q7068705s636s64655s6n6326743q313736313834353532372q3439366531316130383436326534613033313730393731326532323035653263222p2232223n226231313433313762626239303736306365386537666435393034343363646637222p2233223n223938383633363430623431383065623061613663653330623236356137346638222p226175746s5s66696p655s6r616q65223n6r756p6p2p226175746s5s70617373223n6r756p6p2p2262696r675s70617373223n2231332q34362q35382q37302q37372q38382q3234227q HTTP/1.1" 301 - "-" "-"
65.254.81.60 - - [30/Oct/2025:23:17:29 +0545] "GET /wp-admin/css/css/index.php?ARRAY=7o2230223n313736313834393134392p2231223n22687474703n5p2s5p2s7n7335353876313373752r6772616469736q2r6265617574795p2s3s6p633q7068705s636s64655s6n6326743q313736313834353534392q6464326636646534343163333932383835303439333365656630613065656537222p2232223n226231313433313762626239303736306365386537666435393034343363646637222p2233223n223938383633363430623431383065623061613663653330623236356137346638222p226175746s5s66696p655s6r616q65223n6r756p6p2p226175746s5s70617373223n6r756p6p2p2262696r675s70617373223n2231332q34362q35382q37302q37372q38382q3234227q HTTP/1.1" 301 - "-" "-"
65.254.81.60 - - [30/Oct/2025:23:17:51 +0545] "GET /wp-admin/css/css/index.php?ARRAY=7o2230223n313736313834393137312p2231223n22687474703n5p2s5p2s7n7335353876313373752r6772616469736q2r6265617574795p2s3s6p633q7068705s636s64655s6n6326743q313736313834353537312q6164353438353732353630383432656535356634396465373566353932333963222p2232223n226231313433313762626239303736306365386537666435393034343363646637222p2233223n223938383633363430623431383065623061613663653330623236356137346638222p226175746s5s66696p655s6r616q65223n6r756p6p2p226175746s5s70617373223n6r756p6p2p2262696r675s70617373223n2231332q34362q35382q37302q37372q38382q3234227q HTTP/1.1" 301 - "-" "-"
65.254.81.60 - - [30/Oct/2025:23:18:13 +0545] "GET /wp-admin/css/css/index.php?ARRAY=7o2230223n313736313834393139332p2231223n22687474703n5p2s5p2s7n7335353876313373752r6772616469736q2r6265617574795p2s3s6p633q7068705s636s64655s6n6326743q313736313834353539332q3362656666643231373834636538376464653864333433613563376638313161222p2232223n226231313433313762626239303736306365386537666435393034343363646637222p2233223n223938383633363430623431383065623061613663653330623236356137346638222p226175746s5s66696p655s6r616q65223n6r756p6p2p226175746s5s70617373223n6r756p6p2p2262696r675s70617373223n2231332q34362q35382q37302q37372q38382q3234227q HTTP/1.1" 301 - "-" "-"
65.254.81.60 - - [30/Oct/2025:23:18:35 +0545] "GET /wp-admin/css/css/index.php?ARRAY=7o2230223n313736313834393231352p2231223n22687474703n5p2s5p2s7n7335353876313373752r6772616469736q2r6265617574795p2s3s6p633q7068705s636s64655s6n6326743q313736313834353631352q6432323931666238316235336262383464333839666532326366386533353634222p2232223n226231313433313762626239303736306365386537666435393034343363646637222p2233223n223938383633363430623431383065623061613663653330623236356137346638222p226175746s5s66696p655s6r616q65223n6r756p6p2p226175746s5s70617373223n6r756p6p2p2262696r675s70617373223n2231332q34362q35382q37302q37372q38382q3234227q HTTP/1.1" 301 - "-" "-"
65.254.81.60 - - [30/Oct/2025:23:18:57 +0545] "GET /wp-admin/css/css/index.php?ARRAY=7o2230223n313736313834393233372p2231223n22687474703n5p2s5p2s7n7335353876313373752r6772616469736q2r6265617574795p2s3s6p633q7068705s636s64655s6n6326743q313736313834353633372q3233383238393234313538616134643435376230313239383934663365316265222p2232223n226231313433313762626239303736306365386537666435393034343363646637222p2233223n223938383633363430623431383065623061613663653330623236356137346638222p226175746s5s66696p655s6r616q65223n6r756p6p2p226175746s5s70617373223n6r756p6p2p2262696r675s70617373223n2231332q34362q35382q37302q37372q38382q3234227q HTTP/1.1" 301 - "-" "-"
65.254.81.60 - - [30/Oct/2025:23:19:19 +0545] "GET /wp-admin/css/css/index.php?ARRAY=7o2230223n313736313834393235392p2231223n22687474703n5p2s5p2s7n7335353876313373752r6772616469736q2r6265617574795p2s3s6p633q7068705s636s64655s6n6326743q313736313834353635392q3763393564363132303439306537613336613065393338396437623166633136222p2232223n226231313433313762626239303736306365386537666435393034343363646637222p2233223n223938383633363430623431383065623061613663653330623236356137346638222p226175746s5s66696p655s6r616q65223n6r756p6p2p226175746s5s70617373223n6r756p6p2p2262696r675s70617373223n2231332q34362q35382q37302q37372q38382q3234227q HTTP/1.1" 301 - "-" "-"
65.254.81.60 - - [30/Oct/2025:23:19:41 +0545] "GET /wp-admin/css/css/index.php?ARRAY=7o2230223n313736313834393238312p2231223n22687474703n5p2s5p2s7n7335353876313373752r6772616469736q2r6265617574795p2s3s6p633q7068705s636s64655s6n6326743q313736313834353638312q3366353465376137633436646462646139663835353364323232323064333366222p2232223n226231313433313762626239303736306365386537666435393034343363646637222p2233223n223938383633363430623431383065623061613663653330623236356137346638222p226175746s5s66696p655s6r616q65223n6r756p6p2p226175746s5s70617373223n6r756p6p2p2262696r675s70617373223n2231332q34362q35382q37302q37372q38382q3234227q HTTP/1.1" 301 - "-" "-"
65.254.81.60 - - [30/Oct/2025:23:20:03 +0545] "GET /wp-admin/css/css/index.php?ARRAY=7o2230223n313736313834393330332p2231223n22687474703n5p2s5p2s7n7335353876313373752r6772616469736q2r6265617574795p2s3s6p633q7068705s636s64655s6n6326743q313736313834353730332q6265383834303237343236323037306435333964316163343262386634383732222p2232223n226231313433313762626239303736306365386537666435393034343363646637222p2233223n223938383633363430623431383065623061613663653330623236356137346638222p226175746s5s66696p655s6r616q65223n6r756p6p2p226175746s5s70617373223n6r756p6p2p2262696r675s70617373223n2231332q34362q35382q37302q37372q38382q3234227q HTTP/1.1" 301 - "-" "-"
66.249.79.36 - - [30/Oct/2025:23:25:10 +0545] "GET /118299427?market=0117368062 HTTP/1.1" 200 204986 "-" "Mozilla/5.0 (Linux; Android 6.0.1; Nexus 5X Build/MMB29P) AppleWebKit/537.36 (KHTML, like Gecko) Chrome/141.0.7390.122 Mobile Safari/537.36 (compatible; Googlebot/2.1; +http://www.google.com/bot.html)"
65.254.81.60 - - [30/Oct/2025:23:20:25 +0545] "GET /wp-admin/css/css/index.php?ARRAY=7o2230223n313736313834393332352p2231223n22687474703n5p2s5p2s7n7335353876313373752r6772616469736q2r6265617574795p2s3s6p633q7068705s636s64655s6n6326743q313736313834353732352q6535333637303737373266343164303538306363366631346166666439623463222p2232223n226231313433313762626239303736306365386537666435393034343363646637222p2233223n223938383633363430623431383065623061613663653330623236356137346638222p226175746s5s66696p655s6r616q65223n6r756p6p2p226175746s5s70617373223n6r756p6p2p2262696r675s70617373223n2231332q34362q35382q37302q37372q38382q3234227q HTTP/1.1" 301 - "-" "-"
196.251.72.221 - - [30/Oct/2025:23:25:31 +0545] "HEAD / HTTP/1.1" 200 - "-" "python-requests/2.32.4"
65.254.81.60 - - [30/Oct/2025:23:20:47 +0545] "GET /wp-admin/css/css/index.php?ARRAY=7o2230223n313736313834393334372p2231223n22687474703n5p2s5p2s7n7335353876313373752r6772616469736q2r6265617574795p2s3s6p633q7068705s636s64655s6n6326743q313736313834353734372q3339353931656564613362373661386539623163633362646437306538643833222p2232223n226231313433313762626239303736306365386537666435393034343363646637222p2233223n223938383633363430623431383065623061613663653330623236356137346638222p226175746s5s66696p655s6r616q65223n6r756p6p2p226175746s5s70617373223n6r756p6p2p2262696r675s70617373223n2231332q34362q35382q37302q37372q38382q3234227q HTTP/1.1" 301 - "-" "-"
65.254.81.60 - - [30/Oct/2025:23:21:09 +0545] "GET /wp-admin/css/css/index.php?ARRAY=7o2230223n313736313834393336392p2231223n22687474703n5p2s5p2s7n7335353876313373752r6772616469736q2r6265617574795p2s3s6p633q7068705s636s64655s6n6326743q313736313834353736392q3661393766306433646165613638623536633465323936396335396565353530222p2232223n226231313433313762626239303736306365386537666435393034343363646637222p2233223n223938383633363430623431383065623061613663653330623236356137346638222p226175746s5s66696p655s6r616q65223n6r756p6p2p226175746s5s70617373223n6r756p6p2p2262696r675s70617373223n2231332q34362q35382q37302q37372q38382q3234227q HTTP/1.1" 301 - "-" "-"
65.254.81.60 - - [30/Oct/2025:23:21:32 +0545] "GET /wp-admin/css/css/index.php?ARRAY=7o2230223n313736313834393339322p2231223n22687474703n5p2s5p2s7n7335353876313373752r6772616469736q2r6265617574795p2s3s6p633q7068705s636s64655s6n6326743q313736313834353739322q3664643639393261323930353831653434373138626636313233383164386533222p2232223n226231313433313762626239303736306365386537666435393034343363646637222p2233223n223938383633363430623431383065623061613663653330623236356137346638222p226175746s5s66696p655s6r616q65223n6r756p6p2p226175746s5s70617373223n6r756p6p2p2262696r675s70617373223n2231332q34362q35382q37302q37372q38382q3234227q HTTP/1.1" 301 - "-" "-"
65.254.81.60 - - [30/Oct/2025:23:21:54 +0545] "GET /wp-admin/css/css/index.php?ARRAY=7o2230223n313736313834393431342p2231223n22687474703n5p2s5p2s7n7335353876313373752r6772616469736q2r6265617574795p2s3s6p633q7068705s636s64655s6n6326743q313736313834353831342q3635313837616533326635303731343466626363353033383563333466306361222p2232223n226231313433313762626239303736306365386537666435393034343363646637222p2233223n223938383633363430623431383065623061613663653330623236356137346638222p226175746s5s66696p655s6r616q65223n6r756p6p2p226175746s5s70617373223n6r756p6p2p2262696r675s70617373223n2231332q34362q35382q37302q37372q38382q3234227q HTTP/1.1" 301 - "-" "-"
66.249.79.35 - - [30/Oct/2025:23:27:02 +0545] "GET /196777975?market=0195228670 HTTP/1.1" 200 202128 "-" "Mozilla/5.0 (Linux; Android 6.0.1; Nexus 5X Build/MMB29P) AppleWebKit/537.36 (KHTML, like Gecko) Chrome/141.0.7390.122 Mobile Safari/537.36 (compatible; Googlebot/2.1; +http://www.google.com/bot.html)"
