64.227.183.177 - - [31/Oct/2025:18:48:00 +0545] "GET /wp-content/uploads/ HTTP/1.1" 301 252 "-" "Mozilla/5.0 (X11; Linux x86_64) AppleWebKit/537.36 (KHTML, like Gecko) Chrome/111.0.0.0 Safari/537.36"
64.227.183.177 - - [31/Oct/2025:18:48:05 +0545] "GET /wp-content/uploads/ HTTP/1.1" 301 252 "-" "Mozilla/5.0 (iPad; CPU OS 16_4 like Mac OS X) AppleWebKit/605.1.15 (KHTML, like Gecko) Version/16.4 Mobile/15E148 Safari/604.1"
103.65.237.158 - - [31/Oct/2025:18:48:05 +0545] "GET /experts-api/ HTTP/1.1" 301 249 "-" "Mozilla/5.0 (Windows NT 10.0; Win64; x64) AppleWebKit/537.36 (KHTML, like Gecko) Chrome/91.0.4472.124 Safari/537.36"
64.227.183.177 - - [31/Oct/2025:18:48:10 +0545] "GET /wp-content/uploads/ HTTP/1.1" 301 252 "-" "Mozilla/5.0 (Macintosh; Intel Mac OS X 10_15_7) AppleWebKit/605.1.15 (KHTML, like Gecko) Version/16.4 Safari/605.1.15"
64.227.183.177 - - [31/Oct/2025:18:48:14 +0545] "GET /wp-content/uploads/ HTTP/1.1" 301 252 "-" "Mozilla/5.0 (Windows NT 10.0; Win64; x64) AppleWebKit/537.36 (KHTML, like Gecko) Chrome/114.0.0.0 Safari/537.36"
64.227.183.177 - - [31/Oct/2025:18:48:17 +0545] "GET /wp-content/uploads/ HTTP/1.1" 301 252 "-" "Mozilla/5.0 (Windows NT 10.0; Win64; x64) AppleWebKit/537.36 (KHTML, like Gecko) Chrome/110.0.0.0 Safari/537.36"
64.227.183.177 - - [31/Oct/2025:18:48:22 +0545] "GET /wp-content/uploads/ HTTP/1.1" 301 252 "-" "Mozilla/5.0 (Macintosh; Intel Mac OS X 10_15_7) AppleWebKit/605.1.15 (KHTML, like Gecko) Version/16.4 Safari/605.1.15"
64.227.183.177 - - [31/Oct/2025:18:48:30 +0545] "GET /wp-content/uploads/ HTTP/1.1" 301 252 "-" "Mozilla/5.0 (Macintosh; Intel Mac OS X 10_15_7) AppleWebKit/605.1.15 (KHTML, like Gecko) Version/16.4 Safari/605.1.15"
103.65.237.158 - - [31/Oct/2025:18:48:31 +0545] "GET /exapi/ HTTP/1.1" 301 243 "-" "Mozilla/5.0 (Windows NT 10.0; Win64; x64) AppleWebKit/537.36 (KHTML, like Gecko) Chrome/91.0.4472.124 Safari/537.36"
64.227.183.177 - - [31/Oct/2025:18:48:35 +0545] "GET /wp-content/uploads/ HTTP/1.1" 301 252 "-" "Mozilla/5.0 (iPad; CPU OS 16_4 like Mac OS X) AppleWebKit/605.1.15 (KHTML, like Gecko) Version/16.4 Mobile/15E148 Safari/604.1"
64.227.183.177 - - [31/Oct/2025:18:48:43 +0545] "GET /wp-content/uploads/ HTTP/1.1" 301 252 "-" "Mozilla/5.0 (Macintosh; Intel Mac OS X 10_15_7) AppleWebKit/605.1.15 (KHTML, like Gecko) Version/16.4 Safari/605.1.15"
103.65.237.158 - - [31/Oct/2025:18:48:50 +0545] "GET /enventa/ HTTP/1.1" 301 245 "-" "Mozilla/5.0 (Windows NT 10.0; Win64; x64) AppleWebKit/537.36 (KHTML, like Gecko) Chrome/91.0.4472.124 Safari/537.36"
64.227.183.177 - - [31/Oct/2025:18:48:51 +0545] "GET /wp-content/uploads/ HTTP/1.1" 301 252 "-" "Mozilla/5.0 (X11; Linux x86_64) AppleWebKit/537.36 (KHTML, like Gecko) Chrome/111.0.0.0 Safari/537.36"
64.227.183.177 - - [31/Oct/2025:18:48:54 +0545] "GET /wp-content/uploads/ HTTP/1.1" 301 252 "-" "Mozilla/5.0 (X11; Linux x86_64) AppleWebKit/537.36 (KHTML, like Gecko) Chrome/111.0.0.0 Safari/537.36"
64.227.183.177 - - [31/Oct/2025:18:49:04 +0545] "GET /wp-content/uploads/ HTTP/1.1" 301 252 "-" "Mozilla/5.0 (Windows NT 10.0; Win64; x64) AppleWebKit/537.36 (KHTML, like Gecko) Chrome/110.0.0.0 Safari/537.36"
64.227.183.177 - - [31/Oct/2025:18:49:09 +0545] "GET /wp-content/uploads/ HTTP/1.1" 301 252 "-" "Mozilla/5.0 (iPad; CPU OS 16_4 like Mac OS X) AppleWebKit/605.1.15 (KHTML, like Gecko) Version/16.4 Mobile/15E148 Safari/604.1"
103.65.237.158 - - [31/Oct/2025:18:49:11 +0545] "GET /epayco-php/ HTTP/1.1" 301 248 "-" "Mozilla/5.0 (Windows NT 10.0; Win64; x64) AppleWebKit/537.36 (KHTML, like Gecko) Chrome/91.0.4472.124 Safari/537.36"
64.227.183.177 - - [31/Oct/2025:18:49:14 +0545] "GET /wp-content/uploads/ HTTP/1.1" 301 252 "-" "Mozilla/5.0 (iPad; CPU OS 16_4 like Mac OS X) AppleWebKit/605.1.15 (KHTML, like Gecko) Version/16.4 Mobile/15E148 Safari/604.1"
64.227.183.177 - - [31/Oct/2025:18:49:19 +0545] "GET /wp-content/uploads/ HTTP/1.1" 301 252 "-" "Mozilla/5.0 (Windows NT 10.0; Win64; x64) AppleWebKit/537.36 (KHTML, like Gecko) Chrome/110.0.0.0 Safari/537.36"
64.227.183.177 - - [31/Oct/2025:18:49:23 +0545] "GET /wp-content/uploads/ HTTP/1.1" 301 252 "-" "Mozilla/5.0 (iPad; CPU OS 16_4 like Mac OS X) AppleWebKit/605.1.15 (KHTML, like Gecko) Version/16.4 Mobile/15E148 Safari/604.1"
64.227.183.177 - - [31/Oct/2025:18:49:29 +0545] "GET /wp-content/uploads/ HTTP/1.1" 301 252 "-" "Mozilla/5.0 (X11; Linux x86_64) AppleWebKit/537.36 (KHTML, like Gecko) Chrome/111.0.0.0 Safari/537.36"
64.227.183.177 - - [31/Oct/2025:18:49:33 +0545] "GET /wp-content/uploads/ HTTP/1.1" 301 252 "-" "Mozilla/5.0 (Windows NT 10.0; Win64; x64) AppleWebKit/537.36 (KHTML, like Gecko) Chrome/114.0.0.0 Safari/537.36"
103.65.237.158 - - [31/Oct/2025:18:49:35 +0545] "GET /epayco/ HTTP/1.1" 301 244 "-" "Mozilla/5.0 (Windows NT 10.0; Win64; x64) AppleWebKit/537.36 (KHTML, like Gecko) Chrome/91.0.4472.124 Safari/537.36"
64.227.183.177 - - [31/Oct/2025:18:49:38 +0545] "GET /wp-content/uploads/ HTTP/1.1" 301 252 "-" "Mozilla/5.0 (iPad; CPU OS 16_4 like Mac OS X) AppleWebKit/605.1.15 (KHTML, like Gecko) Version/16.4 Mobile/15E148 Safari/604.1"
64.227.183.177 - - [31/Oct/2025:18:49:42 +0545] "GET /wp-content/uploads/ HTTP/1.1" 301 252 "-" "Mozilla/5.0 (Windows NT 10.0; Win64; x64; rv:110.0) Gecko/20100101 Firefox/110.0"
64.227.183.177 - - [31/Oct/2025:18:49:46 +0545] "GET /wp-content/uploads/ HTTP/1.1" 301 252 "-" "Mozilla/5.0 (X11; Linux x86_64) AppleWebKit/537.36 (KHTML, like Gecko) Chrome/111.0.0.0 Safari/537.36"
64.227.183.177 - - [31/Oct/2025:18:49:51 +0545] "GET /wp-content/uploads/ HTTP/1.1" 301 252 "-" "Mozilla/5.0 (X11; Linux x86_64) AppleWebKit/537.36 (KHTML, like Gecko) Chrome/111.0.0.0 Safari/537.36"
64.227.183.177 - - [31/Oct/2025:18:49:56 +0545] "GET /wp-content/uploads/ HTTP/1.1" 301 252 "-" "Mozilla/5.0 (iPad; CPU OS 16_4 like Mac OS X) AppleWebKit/605.1.15 (KHTML, like Gecko) Version/16.4 Mobile/15E148 Safari/604.1"
64.227.183.177 - - [31/Oct/2025:18:50:00 +0545] "GET /wp-content/uploads/ HTTP/1.1" 301 252 "-" "Mozilla/5.0 (Windows NT 10.0; Win64; x64) AppleWebKit/537.36 (KHTML, like Gecko) Chrome/114.0.0.0 Safari/537.36"
103.65.237.158 - - [31/Oct/2025:18:50:01 +0545] "GET /epos/ HTTP/1.1" 301 242 "-" "Mozilla/5.0 (Windows NT 10.0; Win64; x64) AppleWebKit/537.36 (KHTML, like Gecko) Chrome/91.0.4472.124 Safari/537.36"
64.227.183.177 - - [31/Oct/2025:18:50:05 +0545] "GET /wp-content/uploads/ HTTP/1.1" 301 252 "-" "Mozilla/5.0 (Macintosh; Intel Mac OS X 10_15_7) AppleWebKit/605.1.15 (KHTML, like Gecko) Version/16.4 Safari/605.1.15"
64.227.183.177 - - [31/Oct/2025:18:50:10 +0545] "GET /wp-content/uploads/ HTTP/1.1" 301 252 "-" "Mozilla/5.0 (Windows NT 10.0; Win64; x64) AppleWebKit/537.36 (KHTML, like Gecko) Chrome/110.0.0.0 Safari/537.36"
64.227.183.177 - - [31/Oct/2025:18:50:21 +0545] "GET /wp-content/uploads/ HTTP/1.1" 301 252 "-" "Mozilla/5.0 (Windows NT 10.0; Win64; x64; rv:110.0) Gecko/20100101 Firefox/110.0"
64.227.183.177 - - [31/Oct/2025:18:50:26 +0545] "GET /wp-content/uploads/ HTTP/1.1" 301 252 "-" "Mozilla/5.0 (Windows NT 10.0; Win64; x64) AppleWebKit/537.36 (KHTML, like Gecko) Chrome/110.0.0.0 Safari/537.36"
103.65.237.158 - - [31/Oct/2025:18:50:28 +0545] "GET /espanadigital/ HTTP/1.1" 301 251 "-" "Mozilla/5.0 (Windows NT 10.0; Win64; x64) AppleWebKit/537.36 (KHTML, like Gecko) Chrome/91.0.4472.124 Safari/537.36"
64.227.183.177 - - [31/Oct/2025:18:50:31 +0545] "GET /wp-content/uploads/ HTTP/1.1" 301 252 "-" "Mozilla/5.0 (Windows NT 10.0; Win64; x64; rv:110.0) Gecko/20100101 Firefox/110.0"
64.227.183.177 - - [31/Oct/2025:18:50:34 +0545] "GET /wp-content/uploads/ HTTP/1.1" 301 252 "-" "Mozilla/5.0 (Windows NT 10.0; Win64; x64) AppleWebKit/537.36 (KHTML, like Gecko) Chrome/114.0.0.0 Safari/537.36"
64.227.183.177 - - [31/Oct/2025:18:50:39 +0545] "GET /wp-content/uploads/ HTTP/1.1" 301 252 "-" "Mozilla/5.0 (Macintosh; Intel Mac OS X 10_15_7) AppleWebKit/605.1.15 (KHTML, like Gecko) Version/16.4 Safari/605.1.15"
64.227.183.177 - - [31/Oct/2025:18:50:44 +0545] "GET /wp-content/uploads/ HTTP/1.1" 301 252 "-" "Mozilla/5.0 (Windows NT 10.0; Win64; x64) AppleWebKit/537.36 (KHTML, like Gecko) Chrome/114.0.0.0 Safari/537.36"
64.227.183.177 - - [31/Oct/2025:18:50:48 +0545] "GET /wp-content/uploads/ HTTP/1.1" 301 252 "-" "Mozilla/5.0 (X11; Linux x86_64) AppleWebKit/537.36 (KHTML, like Gecko) Chrome/111.0.0.0 Safari/537.36"
64.227.183.177 - - [31/Oct/2025:18:50:52 +0545] "GET /wp-content/uploads/ HTTP/1.1" 301 252 "-" "Mozilla/5.0 (X11; Linux x86_64) AppleWebKit/537.36 (KHTML, like Gecko) Chrome/111.0.0.0 Safari/537.36"
103.65.237.158 - - [31/Oct/2025:18:50:57 +0545] "GET /denuncias/ HTTP/1.1" 301 247 "-" "Mozilla/5.0 (Windows NT 10.0; Win64; x64) AppleWebKit/537.36 (KHTML, like Gecko) Chrome/91.0.4472.124 Safari/537.36"
64.227.183.177 - - [31/Oct/2025:18:50:57 +0545] "GET /wp-content/uploads/ HTTP/1.1" 301 252 "-" "Mozilla/5.0 (iPad; CPU OS 16_4 like Mac OS X) AppleWebKit/605.1.15 (KHTML, like Gecko) Version/16.4 Mobile/15E148 Safari/604.1"
64.227.183.177 - - [31/Oct/2025:18:51:01 +0545] "GET /wp-content/uploads/ HTTP/1.1" 301 252 "-" "Mozilla/5.0 (Windows NT 10.0; Win64; x64) AppleWebKit/537.36 (KHTML, like Gecko) Chrome/110.0.0.0 Safari/537.36"
64.227.183.177 - - [31/Oct/2025:18:51:05 +0545] "GET /wp-content/uploads/ HTTP/1.1" 301 252 "-" "Mozilla/5.0 (Macintosh; Intel Mac OS X 10_15_7) AppleWebKit/605.1.15 (KHTML, like Gecko) Version/16.4 Safari/605.1.15"
64.227.183.177 - - [31/Oct/2025:18:51:10 +0545] "GET /wp-content/uploads/ HTTP/1.1" 301 252 "-" "Mozilla/5.0 (Macintosh; Intel Mac OS X 10_15_7) AppleWebKit/605.1.15 (KHTML, like Gecko) Version/16.4 Safari/605.1.15"
64.227.183.177 - - [31/Oct/2025:18:51:14 +0545] "GET /wp-content/uploads/ HTTP/1.1" 301 252 "-" "Mozilla/5.0 (X11; Linux x86_64) AppleWebKit/537.36 (KHTML, like Gecko) Chrome/111.0.0.0 Safari/537.36"
64.227.183.177 - - [31/Oct/2025:18:51:18 +0545] "GET /wp-content/uploads/ HTTP/1.1" 301 252 "-" "Mozilla/5.0 (Macintosh; Intel Mac OS X 10_15_7) AppleWebKit/605.1.15 (KHTML, like Gecko) Version/16.4 Safari/605.1.15"
64.227.183.177 - - [31/Oct/2025:18:51:21 +0545] "GET /wp-content/uploads/ HTTP/1.1" 301 252 "-" "Mozilla/5.0 (Windows NT 10.0; Win64; x64) AppleWebKit/537.36 (KHTML, like Gecko) Chrome/110.0.0.0 Safari/537.36"
103.65.237.158 - - [31/Oct/2025:18:51:25 +0545] "GET /drupal/ HTTP/1.1" 301 244 "-" "Mozilla/5.0 (Windows NT 10.0; Win64; x64) AppleWebKit/537.36 (KHTML, like Gecko) Chrome/91.0.4472.124 Safari/537.36"
64.227.183.177 - - [31/Oct/2025:18:51:26 +0545] "GET /wp-content/uploads/ HTTP/1.1" 301 252 "-" "Mozilla/5.0 (Windows NT 10.0; Win64; x64) AppleWebKit/537.36 (KHTML, like Gecko) Chrome/110.0.0.0 Safari/537.36"
64.227.183.177 - - [31/Oct/2025:18:51:31 +0545] "GET /wp-content/uploads/ HTTP/1.1" 301 252 "-" "Mozilla/5.0 (Windows NT 10.0; Win64; x64; rv:110.0) Gecko/20100101 Firefox/110.0"
64.227.183.177 - - [31/Oct/2025:18:51:38 +0545] "GET /wp-content/uploads/ HTTP/1.1" 301 252 "-" "Mozilla/5.0 (Windows NT 10.0; Win64; x64; rv:110.0) Gecko/20100101 Firefox/110.0"
64.227.183.177 - - [31/Oct/2025:18:51:45 +0545] "GET /wp-content/uploads/ HTTP/1.1" 301 252 "-" "Mozilla/5.0 (Windows NT 10.0; Win64; x64) AppleWebKit/537.36 (KHTML, like Gecko) Chrome/110.0.0.0 Safari/537.36"
103.65.237.158 - - [31/Oct/2025:18:51:46 +0545] "GET /e_detector/ HTTP/1.1" 301 248 "-" "Mozilla/5.0 (Windows NT 10.0; Win64; x64) AppleWebKit/537.36 (KHTML, like Gecko) Chrome/91.0.4472.124 Safari/537.36"
64.227.183.177 - - [31/Oct/2025:18:51:51 +0545] "GET /wp-content/uploads/ HTTP/1.1" 301 252 "-" "Mozilla/5.0 (Windows NT 10.0; Win64; x64) AppleWebKit/537.36 (KHTML, like Gecko) Chrome/110.0.0.0 Safari/537.36"
64.227.183.177 - - [31/Oct/2025:18:51:59 +0545] "GET /wp-content/uploads/ HTTP/1.1" 301 252 "-" "Mozilla/5.0 (Windows NT 10.0; Win64; x64) AppleWebKit/537.36 (KHTML, like Gecko) Chrome/110.0.0.0 Safari/537.36"
64.227.183.177 - - [31/Oct/2025:18:52:04 +0545] "GET /wp-content/uploads/ HTTP/1.1" 301 252 "-" "Mozilla/5.0 (X11; Linux x86_64) AppleWebKit/537.36 (KHTML, like Gecko) Chrome/111.0.0.0 Safari/537.36"
64.227.183.177 - - [31/Oct/2025:18:52:08 +0545] "GET /wp-content/uploads/ HTTP/1.1" 301 252 "-" "Mozilla/5.0 (Windows NT 10.0; Win64; x64) AppleWebKit/537.36 (KHTML, like Gecko) Chrome/114.0.0.0 Safari/537.36"
64.227.183.177 - - [31/Oct/2025:18:52:13 +0545] "GET /wp-content/uploads/ HTTP/1.1" 301 252 "-" "Mozilla/5.0 (Windows NT 10.0; Win64; x64; rv:110.0) Gecko/20100101 Firefox/110.0"
103.65.237.158 - - [31/Oct/2025:18:52:15 +0545] "GET /ec/ HTTP/1.1" 301 240 "-" "Mozilla/5.0 (Windows NT 10.0; Win64; x64) AppleWebKit/537.36 (KHTML, like Gecko) Chrome/91.0.4472.124 Safari/537.36"
64.227.183.177 - - [31/Oct/2025:18:52:18 +0545] "GET /wp-content/uploads/ HTTP/1.1" 301 252 "-" "Mozilla/5.0 (Windows NT 10.0; Win64; x64; rv:110.0) Gecko/20100101 Firefox/110.0"
64.227.183.177 - - [31/Oct/2025:18:52:22 +0545] "GET /wp-content/uploads/ HTTP/1.1" 301 252 "-" "Mozilla/5.0 (iPad; CPU OS 16_4 like Mac OS X) AppleWebKit/605.1.15 (KHTML, like Gecko) Version/16.4 Mobile/15E148 Safari/604.1"
64.227.183.177 - - [31/Oct/2025:18:52:27 +0545] "GET /wp-content/uploads/ HTTP/1.1" 301 252 "-" "Mozilla/5.0 (Windows NT 10.0; Win64; x64; rv:110.0) Gecko/20100101 Firefox/110.0"
64.227.183.177 - - [31/Oct/2025:18:52:32 +0545] "GET /wp-content/uploads/ HTTP/1.1" 301 252 "-" "Mozilla/5.0 (Macintosh; Intel Mac OS X 10_15_7) AppleWebKit/605.1.15 (KHTML, like Gecko) Version/16.4 Safari/605.1.15"
64.227.183.177 - - [31/Oct/2025:18:52:36 +0545] "GET /wp-content/uploads/ HTTP/1.1" 301 252 "-" "Mozilla/5.0 (Windows NT 10.0; Win64; x64; rv:110.0) Gecko/20100101 Firefox/110.0"
64.227.183.177 - - [31/Oct/2025:18:52:41 +0545] "GET /wp-content/uploads/ HTTP/1.1" 301 252 "-" "Mozilla/5.0 (iPad; CPU OS 16_4 like Mac OS X) AppleWebKit/605.1.15 (KHTML, like Gecko) Version/16.4 Mobile/15E148 Safari/604.1"
64.227.183.177 - - [31/Oct/2025:18:52:46 +0545] "GET /wp-content/uploads/ HTTP/1.1" 301 252 "-" "Mozilla/5.0 (Macintosh; Intel Mac OS X 10_15_7) AppleWebKit/605.1.15 (KHTML, like Gecko) Version/16.4 Safari/605.1.15"
64.227.183.177 - - [31/Oct/2025:18:52:50 +0545] "GET /wp-content/uploads/ HTTP/1.1" 301 252 "-" "Mozilla/5.0 (Windows NT 10.0; Win64; x64; rv:110.0) Gecko/20100101 Firefox/110.0"
64.227.183.177 - - [31/Oct/2025:18:52:54 +0545] "GET /wp-content/uploads/ HTTP/1.1" 301 252 "-" "Mozilla/5.0 (Windows NT 10.0; Win64; x64) AppleWebKit/537.36 (KHTML, like Gecko) Chrome/110.0.0.0 Safari/537.36"
103.65.237.158 - - [31/Oct/2025:18:52:57 +0545] "GET /emrDataGenerator/ HTTP/1.1" 301 254 "-" "Mozilla/5.0 (Windows NT 10.0; Win64; x64) AppleWebKit/537.36 (KHTML, like Gecko) Chrome/91.0.4472.124 Safari/537.36"
64.227.183.177 - - [31/Oct/2025:18:52:58 +0545] "GET /wp-content/uploads/ HTTP/1.1" 301 252 "-" "Mozilla/5.0 (Windows NT 10.0; Win64; x64) AppleWebKit/537.36 (KHTML, like Gecko) Chrome/110.0.0.0 Safari/537.36"
64.227.183.177 - - [31/Oct/2025:18:53:03 +0545] "GET /wp-content/uploads/ HTTP/1.1" 301 252 "-" "Mozilla/5.0 (Windows NT 10.0; Win64; x64; rv:110.0) Gecko/20100101 Firefox/110.0"
64.227.183.177 - - [31/Oct/2025:18:53:07 +0545] "GET /wp-content/uploads/ HTTP/1.1" 301 252 "-" "Mozilla/5.0 (Windows NT 10.0; Win64; x64; rv:110.0) Gecko/20100101 Firefox/110.0"
64.227.183.177 - - [31/Oct/2025:18:53:11 +0545] "GET /wp-content/uploads/ HTTP/1.1" 301 252 "-" "Mozilla/5.0 (Macintosh; Intel Mac OS X 10_15_7) AppleWebKit/605.1.15 (KHTML, like Gecko) Version/16.4 Safari/605.1.15"
64.227.183.177 - - [31/Oct/2025:18:53:16 +0545] "GET /wp-content/uploads/ HTTP/1.1" 301 252 "-" "Mozilla/5.0 (iPad; CPU OS 16_4 like Mac OS X) AppleWebKit/605.1.15 (KHTML, like Gecko) Version/16.4 Mobile/15E148 Safari/604.1"
64.227.183.177 - - [31/Oct/2025:18:53:21 +0545] "GET /wp-content/uploads/ HTTP/1.1" 301 252 "-" "Mozilla/5.0 (Windows NT 10.0; Win64; x64; rv:110.0) Gecko/20100101 Firefox/110.0"
64.227.183.177 - - [31/Oct/2025:18:53:27 +0545] "GET /wp-content/uploads/ HTTP/1.1" 301 252 "-" "Mozilla/5.0 (Windows NT 10.0; Win64; x64) AppleWebKit/537.36 (KHTML, like Gecko) Chrome/110.0.0.0 Safari/537.36"
103.65.237.158 - - [31/Oct/2025:18:53:32 +0545] "GET /ecc/ HTTP/1.1" 301 241 "-" "Mozilla/5.0 (Windows NT 10.0; Win64; x64) AppleWebKit/537.36 (KHTML, like Gecko) Chrome/91.0.4472.124 Safari/537.36"
64.227.183.177 - - [31/Oct/2025:18:53:33 +0545] "GET /wp-content/uploads/ HTTP/1.1" 301 252 "-" "Mozilla/5.0 (X11; Linux x86_64) AppleWebKit/537.36 (KHTML, like Gecko) Chrome/111.0.0.0 Safari/537.36"
64.227.183.177 - - [31/Oct/2025:18:53:42 +0545] "GET /wp-content/uploads/ HTTP/1.1" 301 252 "-" "Mozilla/5.0 (iPad; CPU OS 16_4 like Mac OS X) AppleWebKit/605.1.15 (KHTML, like Gecko) Version/16.4 Mobile/15E148 Safari/604.1"
64.227.183.177 - - [31/Oct/2025:18:53:49 +0545] "GET /wp-content/uploads/ HTTP/1.1" 301 252 "-" "Mozilla/5.0 (iPad; CPU OS 16_4 like Mac OS X) AppleWebKit/605.1.15 (KHTML, like Gecko) Version/16.4 Mobile/15E148 Safari/604.1"
64.227.183.177 - - [31/Oct/2025:18:53:56 +0545] "GET /wp-content/uploads/ HTTP/1.1" 301 252 "-" "Mozilla/5.0 (X11; Linux x86_64) AppleWebKit/537.36 (KHTML, like Gecko) Chrome/111.0.0.0 Safari/537.36"
64.227.183.177 - - [31/Oct/2025:18:54:05 +0545] "GET /wp-content/uploads/ HTTP/1.1" 301 252 "-" "Mozilla/5.0 (X11; Linux x86_64) AppleWebKit/537.36 (KHTML, like Gecko) Chrome/111.0.0.0 Safari/537.36"
103.65.237.158 - - [31/Oct/2025:18:54:09 +0545] "GET /deportes/ HTTP/1.1" 301 246 "-" "Mozilla/5.0 (Windows NT 10.0; Win64; x64) AppleWebKit/537.36 (KHTML, like Gecko) Chrome/91.0.4472.124 Safari/537.36"
64.227.183.177 - - [31/Oct/2025:18:54:10 +0545] "GET /wp-content/uploads/ HTTP/1.1" 301 252 "-" "Mozilla/5.0 (X11; Linux x86_64) AppleWebKit/537.36 (KHTML, like Gecko) Chrome/111.0.0.0 Safari/537.36"
64.227.183.177 - - [31/Oct/2025:18:54:19 +0545] "GET /wp-content/uploads/ HTTP/1.1" 301 252 "-" "Mozilla/5.0 (Windows NT 10.0; Win64; x64) AppleWebKit/537.36 (KHTML, like Gecko) Chrome/114.0.0.0 Safari/537.36"
64.227.183.177 - - [31/Oct/2025:18:54:26 +0545] "GET /wp-content/uploads/ HTTP/1.1" 301 252 "-" "Mozilla/5.0 (Windows NT 10.0; Win64; x64) AppleWebKit/537.36 (KHTML, like Gecko) Chrome/114.0.0.0 Safari/537.36"
64.227.183.177 - - [31/Oct/2025:18:54:30 +0545] "GET /wp-content/uploads/ HTTP/1.1" 301 252 "-" "Mozilla/5.0 (Windows NT 10.0; Win64; x64; rv:110.0) Gecko/20100101 Firefox/110.0"
64.227.183.177 - - [31/Oct/2025:18:54:36 +0545] "GET /wp-content/uploads/ HTTP/1.1" 301 252 "-" "Mozilla/5.0 (Windows NT 10.0; Win64; x64; rv:110.0) Gecko/20100101 Firefox/110.0"
64.227.183.177 - - [31/Oct/2025:18:54:42 +0545] "GET /wp-content/uploads/ HTTP/1.1" 301 252 "-" "Mozilla/5.0 (Windows NT 10.0; Win64; x64; rv:110.0) Gecko/20100101 Firefox/110.0"
103.65.237.158 - - [31/Oct/2025:18:54:46 +0545] "GET /elections/ HTTP/1.1" 301 247 "-" "Mozilla/5.0 (Windows NT 10.0; Win64; x64) AppleWebKit/537.36 (KHTML, like Gecko) Chrome/91.0.4472.124 Safari/537.36"
64.227.183.177 - - [31/Oct/2025:18:54:49 +0545] "GET /wp-content/uploads/ HTTP/1.1" 301 252 "-" "Mozilla/5.0 (iPad; CPU OS 16_4 like Mac OS X) AppleWebKit/605.1.15 (KHTML, like Gecko) Version/16.4 Mobile/15E148 Safari/604.1"
64.227.183.177 - - [31/Oct/2025:18:54:53 +0545] "GET /wp-content/uploads/ HTTP/1.1" 301 252 "-" "Mozilla/5.0 (Windows NT 10.0; Win64; x64) AppleWebKit/537.36 (KHTML, like Gecko) Chrome/114.0.0.0 Safari/537.36"
64.227.183.177 - - [31/Oct/2025:18:54:58 +0545] "GET /wp-content/uploads/ HTTP/1.1" 301 252 "-" "Mozilla/5.0 (iPad; CPU OS 16_4 like Mac OS X) AppleWebKit/605.1.15 (KHTML, like Gecko) Version/16.4 Mobile/15E148 Safari/604.1"
64.227.183.177 - - [31/Oct/2025:18:55:03 +0545] "GET /wp-content/uploads/ HTTP/1.1" 301 252 "-" "Mozilla/5.0 (Macintosh; Intel Mac OS X 10_15_7) AppleWebKit/605.1.15 (KHTML, like Gecko) Version/16.4 Safari/605.1.15"
64.227.183.177 - - [31/Oct/2025:18:55:07 +0545] "GET /wp-content/uploads/ HTTP/1.1" 301 252 "-" "Mozilla/5.0 (Windows NT 10.0; Win64; x64) AppleWebKit/537.36 (KHTML, like Gecko) Chrome/114.0.0.0 Safari/537.36"
64.227.183.177 - - [31/Oct/2025:18:55:12 +0545] "GET /wp-content/uploads/ HTTP/1.1" 301 252 "-" "Mozilla/5.0 (Macintosh; Intel Mac OS X 10_15_7) AppleWebKit/605.1.15 (KHTML, like Gecko) Version/16.4 Safari/605.1.15"
103.65.237.158 - - [31/Oct/2025:18:55:14 +0545] "GET /dev_grupo_total/ HTTP/1.1" 301 253 "-" "Mozilla/5.0 (Windows NT 10.0; Win64; x64) AppleWebKit/537.36 (KHTML, like Gecko) Chrome/91.0.4472.124 Safari/537.36"
64.227.183.177 - - [31/Oct/2025:18:55:16 +0545] "GET /wp-content/uploads/ HTTP/1.1" 301 252 "-" "Mozilla/5.0 (Windows NT 10.0; Win64; x64) AppleWebKit/537.36 (KHTML, like Gecko) Chrome/110.0.0.0 Safari/537.36"
64.227.183.177 - - [31/Oct/2025:18:55:21 +0545] "GET /wp-content/uploads/ HTTP/1.1" 301 252 "-" "Mozilla/5.0 (Windows NT 10.0; Win64; x64) AppleWebKit/537.36 (KHTML, like Gecko) Chrome/114.0.0.0 Safari/537.36"
64.227.183.177 - - [31/Oct/2025:18:55:24 +0545] "GET /wp-content/uploads/ HTTP/1.1" 301 252 "-" "Mozilla/5.0 (Windows NT 10.0; Win64; x64) AppleWebKit/537.36 (KHTML, like Gecko) Chrome/114.0.0.0 Safari/537.36"
64.227.183.177 - - [31/Oct/2025:18:55:29 +0545] "GET /wp-content/uploads/ HTTP/1.1" 301 252 "-" "Mozilla/5.0 (iPad; CPU OS 16_4 like Mac OS X) AppleWebKit/605.1.15 (KHTML, like Gecko) Version/16.4 Mobile/15E148 Safari/604.1"
64.227.183.177 - - [31/Oct/2025:18:55:34 +0545] "GET /wp-content/uploads/ HTTP/1.1" 301 252 "-" "Mozilla/5.0 (Macintosh; Intel Mac OS X 10_15_7) AppleWebKit/605.1.15 (KHTML, like Gecko) Version/16.4 Safari/605.1.15"
64.227.183.177 - - [31/Oct/2025:18:55:38 +0545] "GET /wp-content/uploads/ HTTP/1.1" 301 252 "-" "Mozilla/5.0 (Windows NT 10.0; Win64; x64; rv:110.0) Gecko/20100101 Firefox/110.0"
64.227.183.177 - - [31/Oct/2025:18:55:43 +0545] "GET /wp-content/uploads/ HTTP/1.1" 301 252 "-" "Mozilla/5.0 (Windows NT 10.0; Win64; x64) AppleWebKit/537.36 (KHTML, like Gecko) Chrome/110.0.0.0 Safari/537.36"
103.65.237.158 - - [31/Oct/2025:18:55:44 +0545] "GET /develop/ HTTP/1.1" 301 245 "-" "Mozilla/5.0 (Windows NT 10.0; Win64; x64) AppleWebKit/537.36 (KHTML, like Gecko) Chrome/91.0.4472.124 Safari/537.36"
64.227.183.177 - - [31/Oct/2025:18:55:48 +0545] "GET /wp-content/uploads/ HTTP/1.1" 301 252 "-" "Mozilla/5.0 (Windows NT 10.0; Win64; x64) AppleWebKit/537.36 (KHTML, like Gecko) Chrome/114.0.0.0 Safari/537.36"
64.227.183.177 - - [31/Oct/2025:18:55:56 +0545] "GET /wp-content/uploads/ HTTP/1.1" 301 252 "-" "Mozilla/5.0 (Macintosh; Intel Mac OS X 10_15_7) AppleWebKit/605.1.15 (KHTML, like Gecko) Version/16.4 Safari/605.1.15"
64.227.183.177 - - [31/Oct/2025:18:56:00 +0545] "GET /wp-content/uploads/ HTTP/1.1" 301 252 "-" "Mozilla/5.0 (Windows NT 10.0; Win64; x64; rv:110.0) Gecko/20100101 Firefox/110.0"
103.65.237.158 - - [31/Oct/2025:18:56:07 +0545] "GET /dev_zarrel/ HTTP/1.1" 301 248 "-" "Mozilla/5.0 (Windows NT 10.0; Win64; x64) AppleWebKit/537.36 (KHTML, like Gecko) Chrome/91.0.4472.124 Safari/537.36"
64.227.183.177 - - [31/Oct/2025:18:56:17 +0545] "GET /wp-content/uploads/ HTTP/1.1" 301 252 "-" "Mozilla/5.0 (Windows NT 10.0; Win64; x64) AppleWebKit/537.36 (KHTML, like Gecko) Chrome/110.0.0.0 Safari/537.36"
64.227.183.177 - - [31/Oct/2025:18:56:20 +0545] "GET /wp-content/uploads/ HTTP/1.1" 301 252 "-" "Mozilla/5.0 (Windows NT 10.0; Win64; x64; rv:110.0) Gecko/20100101 Firefox/110.0"
64.227.183.177 - - [31/Oct/2025:18:56:25 +0545] "GET /wp-content/uploads/ HTTP/1.1" 301 252 "-" "Mozilla/5.0 (Windows NT 10.0; Win64; x64) AppleWebKit/537.36 (KHTML, like Gecko) Chrome/114.0.0.0 Safari/537.36"
64.227.183.177 - - [31/Oct/2025:18:56:30 +0545] "GET /wp-content/uploads/ HTTP/1.1" 301 252 "-" "Mozilla/5.0 (Macintosh; Intel Mac OS X 10_15_7) AppleWebKit/605.1.15 (KHTML, like Gecko) Version/16.4 Safari/605.1.15"
64.227.183.177 - - [31/Oct/2025:18:56:34 +0545] "GET /wp-content/uploads/ HTTP/1.1" 301 252 "-" "Mozilla/5.0 (X11; Linux x86_64) AppleWebKit/537.36 (KHTML, like Gecko) Chrome/111.0.0.0 Safari/537.36"
103.65.237.158 - - [31/Oct/2025:18:56:37 +0545] "GET /cmstaskenv/ HTTP/1.1" 301 248 "-" "Mozilla/5.0 (Windows NT 10.0; Win64; x64) AppleWebKit/537.36 (KHTML, like Gecko) Chrome/91.0.4472.124 Safari/537.36"
64.227.183.177 - - [31/Oct/2025:18:56:43 +0545] "GET /wp-content/uploads/ HTTP/1.1" 301 252 "-" "Mozilla/5.0 (Windows NT 10.0; Win64; x64) AppleWebKit/537.36 (KHTML, like Gecko) Chrome/110.0.0.0 Safari/537.36"
64.227.183.177 - - [31/Oct/2025:18:56:51 +0545] "GET /wp-content/uploads/ HTTP/1.1" 301 252 "-" "Mozilla/5.0 (Macintosh; Intel Mac OS X 10_15_7) AppleWebKit/605.1.15 (KHTML, like Gecko) Version/16.4 Safari/605.1.15"
64.227.183.177 - - [31/Oct/2025:18:56:57 +0545] "GET /wp-content/uploads/ HTTP/1.1" 301 252 "-" "Mozilla/5.0 (Macintosh; Intel Mac OS X 10_15_7) AppleWebKit/605.1.15 (KHTML, like Gecko) Version/16.4 Safari/605.1.15"
103.65.237.158 - - [31/Oct/2025:18:57:01 +0545] "GET /config/ HTTP/1.1" 301 244 "-" "Mozilla/5.0 (Windows NT 10.0; Win64; x64) AppleWebKit/537.36 (KHTML, like Gecko) Chrome/91.0.4472.124 Safari/537.36"
64.227.183.177 - - [31/Oct/2025:18:57:05 +0545] "GET /wp-content/uploads/ HTTP/1.1" 301 252 "-" "Mozilla/5.0 (Windows NT 10.0; Win64; x64; rv:110.0) Gecko/20100101 Firefox/110.0"
103.65.237.158 - - [31/Oct/2025:18:57:22 +0545] "GET /database/ HTTP/1.1" 301 246 "-" "Mozilla/5.0 (Windows NT 10.0; Win64; x64) AppleWebKit/537.36 (KHTML, like Gecko) Chrome/91.0.4472.124 Safari/537.36"
103.65.237.158 - - [31/Oct/2025:18:57:42 +0545] "GET /composer-master/ HTTP/1.1" 301 253 "-" "Mozilla/5.0 (Windows NT 10.0; Win64; x64) AppleWebKit/537.36 (KHTML, like Gecko) Chrome/91.0.4472.124 Safari/537.36"
103.65.237.158 - - [31/Oct/2025:18:58:19 +0545] "GET /userfiles/ HTTP/1.1" 301 247 "-" "Mozilla/5.0 (Windows NT 10.0; Win64; x64) AppleWebKit/537.36 (KHTML, like Gecko) Chrome/91.0.4472.124 Safari/537.36"
103.65.237.158 - - [31/Oct/2025:18:58:43 +0545] "GET /apps/ HTTP/1.1" 301 242 "-" "Mozilla/5.0 (Windows NT 10.0; Win64; x64) AppleWebKit/537.36 (KHTML, like Gecko) Chrome/91.0.4472.124 Safari/537.36"
103.65.237.158 - - [31/Oct/2025:18:59:16 +0545] "GET /absen/ HTTP/1.1" 301 243 "-" "Mozilla/5.0 (Windows NT 10.0; Win64; x64) AppleWebKit/537.36 (KHTML, like Gecko) Chrome/91.0.4472.124 Safari/537.36"
103.65.237.158 - - [31/Oct/2025:18:59:33 +0545] "GET /ebook/ HTTP/1.1" 301 243 "-" "Mozilla/5.0 (Windows NT 10.0; Win64; x64) AppleWebKit/537.36 (KHTML, like Gecko) Chrome/91.0.4472.124 Safari/537.36"
64.227.183.177 - - [31/Oct/2025:18:59:34 +0545] "GET /wp-content/uploads/ HTTP/1.1" 301 252 "-" "Mozilla/5.0 (iPad; CPU OS 16_4 like Mac OS X) AppleWebKit/605.1.15 (KHTML, like Gecko) Version/16.4 Mobile/15E148 Safari/604.1"
64.227.183.177 - - [31/Oct/2025:18:59:38 +0545] "GET /wp-content/uploads/ HTTP/1.1" 301 252 "-" "Mozilla/5.0 (iPad; CPU OS 16_4 like Mac OS X) AppleWebKit/605.1.15 (KHTML, like Gecko) Version/16.4 Mobile/15E148 Safari/604.1"
64.227.183.177 - - [31/Oct/2025:18:59:42 +0545] "GET /wp-content/uploads/ HTTP/1.1" 301 252 "-" "Mozilla/5.0 (iPad; CPU OS 16_4 like Mac OS X) AppleWebKit/605.1.15 (KHTML, like Gecko) Version/16.4 Mobile/15E148 Safari/604.1"
64.227.183.177 - - [31/Oct/2025:18:59:46 +0545] "GET /wp-content/uploads/ HTTP/1.1" 301 252 "-" "Mozilla/5.0 (X11; Linux x86_64) AppleWebKit/537.36 (KHTML, like Gecko) Chrome/111.0.0.0 Safari/537.36"
64.227.183.177 - - [31/Oct/2025:18:59:49 +0545] "GET /wp-content/uploads/ HTTP/1.1" 301 252 "-" "Mozilla/5.0 (Windows NT 10.0; Win64; x64) AppleWebKit/537.36 (KHTML, like Gecko) Chrome/114.0.0.0 Safari/537.36"
64.227.183.177 - - [31/Oct/2025:18:59:53 +0545] "GET /wp-content/uploads/ HTTP/1.1" 301 252 "-" "Mozilla/5.0 (iPad; CPU OS 16_4 like Mac OS X) AppleWebKit/605.1.15 (KHTML, like Gecko) Version/16.4 Mobile/15E148 Safari/604.1"
103.65.237.158 - - [31/Oct/2025:18:59:55 +0545] "GET /elfinder/ HTTP/1.1" 301 246 "-" "Mozilla/5.0 (Windows NT 10.0; Win64; x64) AppleWebKit/537.36 (KHTML, like Gecko) Chrome/91.0.4472.124 Safari/537.36"
64.227.183.177 - - [31/Oct/2025:18:59:57 +0545] "GET /wp-content/uploads/ HTTP/1.1" 301 252 "-" "Mozilla/5.0 (X11; Linux x86_64) AppleWebKit/537.36 (KHTML, like Gecko) Chrome/111.0.0.0 Safari/537.36"
64.227.183.177 - - [31/Oct/2025:19:00:02 +0545] "GET /wp-content/uploads/ HTTP/1.1" 301 252 "-" "Mozilla/5.0 (Windows NT 10.0; Win64; x64; rv:110.0) Gecko/20100101 Firefox/110.0"
64.227.183.177 - - [31/Oct/2025:19:00:05 +0545] "GET /wp-content/uploads/ HTTP/1.1" 301 252 "-" "Mozilla/5.0 (X11; Linux x86_64) AppleWebKit/537.36 (KHTML, like Gecko) Chrome/111.0.0.0 Safari/537.36"
64.227.183.177 - - [31/Oct/2025:19:00:10 +0545] "GET /wp-content/uploads/ HTTP/1.1" 301 252 "-" "Mozilla/5.0 (Windows NT 10.0; Win64; x64; rv:110.0) Gecko/20100101 Firefox/110.0"
64.227.183.177 - - [31/Oct/2025:19:00:15 +0545] "GET /wp-content/uploads/ HTTP/1.1" 301 252 "-" "Mozilla/5.0 (iPad; CPU OS 16_4 like Mac OS X) AppleWebKit/605.1.15 (KHTML, like Gecko) Version/16.4 Mobile/15E148 Safari/604.1"
64.227.183.177 - - [31/Oct/2025:19:00:20 +0545] "GET /wp-content/uploads/ HTTP/1.1" 301 252 "-" "Mozilla/5.0 (Windows NT 10.0; Win64; x64) AppleWebKit/537.36 (KHTML, like Gecko) Chrome/110.0.0.0 Safari/537.36"
64.227.183.177 - - [31/Oct/2025:19:00:26 +0545] "GET /wp-content/uploads/ HTTP/1.1" 301 252 "-" "Mozilla/5.0 (X11; Linux x86_64) AppleWebKit/537.36 (KHTML, like Gecko) Chrome/111.0.0.0 Safari/537.36"
64.227.183.177 - - [31/Oct/2025:19:00:32 +0545] "GET /wp-content/plugins/ HTTP/1.1" 301 252 "-" "Mozilla/5.0 (X11; Linux x86_64) AppleWebKit/537.36 (KHTML, like Gecko) Chrome/111.0.0.0 Safari/537.36"
103.65.237.158 - - [31/Oct/2025:19:00:35 +0545] "GET /db/ HTTP/1.1" 301 240 "-" "Mozilla/5.0 (Windows NT 10.0; Win64; x64) AppleWebKit/537.36 (KHTML, like Gecko) Chrome/91.0.4472.124 Safari/537.36"
64.227.183.177 - - [31/Oct/2025:19:00:35 +0545] "GET /wp-content/plugins/contact-form-7/ HTTP/1.1" 301 267 "-" "Mozilla/5.0 (Windows NT 10.0; Win64; x64) AppleWebKit/537.36 (KHTML, like Gecko) Chrome/114.0.0.0 Safari/537.36"
64.227.183.177 - - [31/Oct/2025:19:00:38 +0545] "GET /wp-content/themes/twentytwentythree/ HTTP/1.1" 301 269 "-" "Mozilla/5.0 (Macintosh; Intel Mac OS X 10_15_7) AppleWebKit/605.1.15 (KHTML, like Gecko) Version/16.4 Safari/605.1.15"
64.227.183.177 - - [31/Oct/2025:19:00:42 +0545] "GET /wp-content/themes/twentytwentythree/ HTTP/1.1" 301 269 "-" "Mozilla/5.0 (Windows NT 10.0; Win64; x64) AppleWebKit/537.36 (KHTML, like Gecko) Chrome/114.0.0.0 Safari/537.36"
64.227.183.177 - - [31/Oct/2025:19:00:46 +0545] "GET /wp-content/themes/twentytwentythree/ HTTP/1.1" 301 269 "-" "Mozilla/5.0 (iPad; CPU OS 16_4 like Mac OS X) AppleWebKit/605.1.15 (KHTML, like Gecko) Version/16.4 Mobile/15E148 Safari/604.1"
64.227.183.177 - - [31/Oct/2025:19:00:50 +0545] "GET /wp-content/themes/twentytwentythree/ HTTP/1.1" 301 269 "-" "Mozilla/5.0 (Windows NT 10.0; Win64; x64) AppleWebKit/537.36 (KHTML, like Gecko) Chrome/114.0.0.0 Safari/537.36"
64.227.183.177 - - [31/Oct/2025:19:00:53 +0545] "GET /wp-content/themes/twentytwentythree/ HTTP/1.1" 301 269 "-" "Mozilla/5.0 (Windows NT 10.0; Win64; x64; rv:110.0) Gecko/20100101 Firefox/110.0"
64.227.183.177 - - [31/Oct/2025:19:00:56 +0545] "GET /wp-content/themes/twentytwentythree/ HTTP/1.1" 301 269 "-" "Mozilla/5.0 (Macintosh; Intel Mac OS X 10_15_7) AppleWebKit/605.1.15 (KHTML, like Gecko) Version/16.4 Safari/605.1.15"
64.227.183.177 - - [31/Oct/2025:19:01:00 +0545] "GET /wp-content/themes/twentytwentythree/ HTTP/1.1" 301 269 "-" "Mozilla/5.0 (Windows NT 10.0; Win64; x64; rv:110.0) Gecko/20100101 Firefox/110.0"
103.65.237.158 - - [31/Oct/2025:19:01:00 +0545] "GET /kumpulan_api/ HTTP/1.1" 301 250 "-" "Mozilla/5.0 (Windows NT 10.0; Win64; x64) AppleWebKit/537.36 (KHTML, like Gecko) Chrome/91.0.4472.124 Safari/537.36"
64.227.183.177 - - [31/Oct/2025:19:01:04 +0545] "GET /wp-content/themes/twentytwentythree/ HTTP/1.1" 301 269 "-" "Mozilla/5.0 (Windows NT 10.0; Win64; x64) AppleWebKit/537.36 (KHTML, like Gecko) Chrome/110.0.0.0 Safari/537.36"
64.227.183.177 - - [31/Oct/2025:19:01:08 +0545] "GET /wp-content/themes/twentytwentythree/ HTTP/1.1" 301 269 "-" "Mozilla/5.0 (Windows NT 10.0; Win64; x64) AppleWebKit/537.36 (KHTML, like Gecko) Chrome/110.0.0.0 Safari/537.36"
64.227.183.177 - - [31/Oct/2025:19:01:11 +0545] "GET /wp-content/themes/twentytwentythree/ HTTP/1.1" 301 269 "-" "Mozilla/5.0 (Windows NT 10.0; Win64; x64) AppleWebKit/537.36 (KHTML, like Gecko) Chrome/114.0.0.0 Safari/537.36"
64.227.183.177 - - [31/Oct/2025:19:01:15 +0545] "GET /wp-content/themes/twentytwentythree/ HTTP/1.1" 301 269 "-" "Mozilla/5.0 (iPad; CPU OS 16_4 like Mac OS X) AppleWebKit/605.1.15 (KHTML, like Gecko) Version/16.4 Mobile/15E148 Safari/604.1"
64.227.183.177 - - [31/Oct/2025:19:01:18 +0545] "GET /wp-content/themes/twentytwentythree/ HTTP/1.1" 301 269 "-" "Mozilla/5.0 (Windows NT 10.0; Win64; x64) AppleWebKit/537.36 (KHTML, like Gecko) Chrome/114.0.0.0 Safari/537.36"
64.227.183.177 - - [31/Oct/2025:19:01:22 +0545] "GET /wp-content/themes/twentytwentythree/ HTTP/1.1" 301 269 "-" "Mozilla/5.0 (Windows NT 10.0; Win64; x64; rv:110.0) Gecko/20100101 Firefox/110.0"
64.227.183.177 - - [31/Oct/2025:19:01:26 +0545] "GET /wp-content/themes/twentytwentythree/ HTTP/1.1" 301 269 "-" "Mozilla/5.0 (Windows NT 10.0; Win64; x64) AppleWebKit/537.36 (KHTML, like Gecko) Chrome/110.0.0.0 Safari/537.36"
103.65.237.158 - - [31/Oct/2025:19:01:27 +0545] "GET /filemanager/ HTTP/1.1" 301 249 "-" "Mozilla/5.0 (Windows NT 10.0; Win64; x64) AppleWebKit/537.36 (KHTML, like Gecko) Chrome/91.0.4472.124 Safari/537.36"
64.227.183.177 - - [31/Oct/2025:19:01:30 +0545] "GET /wp-content/themes/twentytwentythree/ HTTP/1.1" 301 269 "-" "Mozilla/5.0 (Windows NT 10.0; Win64; x64) AppleWebKit/537.36 (KHTML, like Gecko) Chrome/114.0.0.0 Safari/537.36"
64.227.183.177 - - [31/Oct/2025:19:01:41 +0545] "GET /wp-content/themes/twentytwentythree/ HTTP/1.1" 301 269 "-" "Mozilla/5.0 (Windows NT 10.0; Win64; x64) AppleWebKit/537.36 (KHTML, like Gecko) Chrome/114.0.0.0 Safari/537.36"
103.65.237.158 - - [31/Oct/2025:19:01:56 +0545] "GET /kcfinder/ HTTP/1.1" 301 246 "-" "Mozilla/5.0 (Windows NT 10.0; Win64; x64) AppleWebKit/537.36 (KHTML, like Gecko) Chrome/91.0.4472.124 Safari/537.36"
64.227.183.177 - - [31/Oct/2025:19:01:57 +0545] "GET /wp-content/themes/twentytwentythree/ HTTP/1.1" 301 269 "-" "Mozilla/5.0 (iPad; CPU OS 16_4 like Mac OS X) AppleWebKit/605.1.15 (KHTML, like Gecko) Version/16.4 Mobile/15E148 Safari/604.1"
64.227.183.177 - - [31/Oct/2025:19:02:05 +0545] "GET /wp-content/themes/twentytwentythree/ HTTP/1.1" 301 269 "-" "Mozilla/5.0 (iPad; CPU OS 16_4 like Mac OS X) AppleWebKit/605.1.15 (KHTML, like Gecko) Version/16.4 Mobile/15E148 Safari/604.1"
64.227.183.177 - - [31/Oct/2025:19:02:10 +0545] "GET /wp-content/themes/twentytwentythree/ HTTP/1.1" 301 269 "-" "Mozilla/5.0 (Macintosh; Intel Mac OS X 10_15_7) AppleWebKit/605.1.15 (KHTML, like Gecko) Version/16.4 Safari/605.1.15"
64.227.183.177 - - [31/Oct/2025:19:02:16 +0545] "GET /wp-content/themes/twentytwentythree/ HTTP/1.1" 301 269 "-" "Mozilla/5.0 (iPad; CPU OS 16_4 like Mac OS X) AppleWebKit/605.1.15 (KHTML, like Gecko) Version/16.4 Mobile/15E148 Safari/604.1"
64.227.183.177 - - [31/Oct/2025:19:02:22 +0545] "GET /wp-content/themes/twentytwentythree/ HTTP/1.1" 301 269 "-" "Mozilla/5.0 (Windows NT 10.0; Win64; x64) AppleWebKit/537.36 (KHTML, like Gecko) Chrome/110.0.0.0 Safari/537.36"
103.65.237.158 - - [31/Oct/2025:19:02:26 +0545] "GET /descarga/ HTTP/1.1" 301 246 "-" "Mozilla/5.0 (Windows NT 10.0; Win64; x64) AppleWebKit/537.36 (KHTML, like Gecko) Chrome/91.0.4472.124 Safari/537.36"
64.227.183.177 - - [31/Oct/2025:19:02:28 +0545] "GET /wp-content/themes/twentytwentythree/ HTTP/1.1" 301 269 "-" "Mozilla/5.0 (Windows NT 10.0; Win64; x64) AppleWebKit/537.36 (KHTML, like Gecko) Chrome/114.0.0.0 Safari/537.36"
64.227.183.177 - - [31/Oct/2025:19:02:33 +0545] "GET /wp-content/themes/twentytwentythree/ HTTP/1.1" 301 269 "-" "Mozilla/5.0 (Macintosh; Intel Mac OS X 10_15_7) AppleWebKit/605.1.15 (KHTML, like Gecko) Version/16.4 Safari/605.1.15"
64.227.183.177 - - [31/Oct/2025:19:02:39 +0545] "GET /wp-content/themes/twentytwentythree/ HTTP/1.1" 301 269 "-" "Mozilla/5.0 (X11; Linux x86_64) AppleWebKit/537.36 (KHTML, like Gecko) Chrome/111.0.0.0 Safari/537.36"
103.65.237.158 - - [31/Oct/2025:19:02:47 +0545] "GET /gambar/ HTTP/1.1" 301 244 "-" "Mozilla/5.0 (Windows NT 10.0; Win64; x64) AppleWebKit/537.36 (KHTML, like Gecko) Chrome/91.0.4472.124 Safari/537.36"
64.227.183.177 - - [31/Oct/2025:19:02:47 +0545] "GET /wp-content/themes/twentytwentythree/ HTTP/1.1" 301 269 "-" "Mozilla/5.0 (Windows NT 10.0; Win64; x64) AppleWebKit/537.36 (KHTML, like Gecko) Chrome/114.0.0.0 Safari/537.36"
64.227.183.177 - - [31/Oct/2025:19:02:55 +0545] "GET /wp-content/themes/twentytwentythree/ HTTP/1.1" 301 269 "-" "Mozilla/5.0 (Windows NT 10.0; Win64; x64) AppleWebKit/537.36 (KHTML, like Gecko) Chrome/114.0.0.0 Safari/537.36"
64.227.183.177 - - [31/Oct/2025:19:03:01 +0545] "GET /wp-content/themes/twentytwentythree/ HTTP/1.1" 301 269 "-" "Mozilla/5.0 (Macintosh; Intel Mac OS X 10_15_7) AppleWebKit/605.1.15 (KHTML, like Gecko) Version/16.4 Safari/605.1.15"
64.227.183.177 - - [31/Oct/2025:19:03:07 +0545] "GET /wp-content/themes/twentytwentythree/ HTTP/1.1" 301 269 "-" "Mozilla/5.0 (Macintosh; Intel Mac OS X 10_15_7) AppleWebKit/605.1.15 (KHTML, like Gecko) Version/16.4 Safari/605.1.15"
103.65.237.158 - - [31/Oct/2025:19:03:10 +0545] "GET /.quarantine/ HTTP/1.1" 301 249 "-" "Mozilla/5.0 (Windows NT 10.0; Win64; x64) AppleWebKit/537.36 (KHTML, like Gecko) Chrome/91.0.4472.124 Safari/537.36"
64.227.183.177 - - [31/Oct/2025:19:03:18 +0545] "GET /wp-content/themes/twentytwentythree/ HTTP/1.1" 301 269 "-" "Mozilla/5.0 (iPad; CPU OS 16_4 like Mac OS X) AppleWebKit/605.1.15 (KHTML, like Gecko) Version/16.4 Mobile/15E148 Safari/604.1"
64.227.183.177 - - [31/Oct/2025:19:03:25 +0545] "GET /wp-content/themes/twentytwentythree/ HTTP/1.1" 301 269 "-" "Mozilla/5.0 (X11; Linux x86_64) AppleWebKit/537.36 (KHTML, like Gecko) Chrome/111.0.0.0 Safari/537.36"
64.227.183.177 - - [31/Oct/2025:19:03:31 +0545] "GET /wp-content/themes/twentytwentythree/ HTTP/1.1" 301 269 "-" "Mozilla/5.0 (X11; Linux x86_64) AppleWebKit/537.36 (KHTML, like Gecko) Chrome/111.0.0.0 Safari/537.36"
64.227.183.177 - - [31/Oct/2025:19:03:42 +0545] "GET /wp-content/themes/twentytwentythree/ HTTP/1.1" 301 269 "-" "Mozilla/5.0 (Windows NT 10.0; Win64; x64; rv:110.0) Gecko/20100101 Firefox/110.0"
103.65.237.158 - - [31/Oct/2025:19:03:43 +0545] "GET /shopify/ HTTP/1.1" 301 245 "-" "Mozilla/5.0 (Windows NT 10.0; Win64; x64) AppleWebKit/537.36 (KHTML, like Gecko) Chrome/91.0.4472.124 Safari/537.36"
64.227.183.177 - - [31/Oct/2025:19:03:50 +0545] "GET /wp-content/themes/twentytwentythree/ HTTP/1.1" 301 269 "-" "Mozilla/5.0 (Windows NT 10.0; Win64; x64) AppleWebKit/537.36 (KHTML, like Gecko) Chrome/110.0.0.0 Safari/537.36"
64.227.183.177 - - [31/Oct/2025:19:03:55 +0545] "GET /wp-content/themes/twentytwentythree/ HTTP/1.1" 301 269 "-" "Mozilla/5.0 (iPad; CPU OS 16_4 like Mac OS X) AppleWebKit/605.1.15 (KHTML, like Gecko) Version/16.4 Mobile/15E148 Safari/604.1"
64.227.183.177 - - [31/Oct/2025:19:03:59 +0545] "GET /wp-content/themes/twentytwentythree/ HTTP/1.1" 301 269 "-" "Mozilla/5.0 (Windows NT 10.0; Win64; x64; rv:110.0) Gecko/20100101 Firefox/110.0"
64.227.183.177 - - [31/Oct/2025:19:04:07 +0545] "GET /wp-content/themes/twentytwentythree/ HTTP/1.1" 301 269 "-" "Mozilla/5.0 (iPad; CPU OS 16_4 like Mac OS X) AppleWebKit/605.1.15 (KHTML, like Gecko) Version/16.4 Mobile/15E148 Safari/604.1"
64.227.183.177 - - [31/Oct/2025:19:04:12 +0545] "GET /wp-content/themes/twentytwentythree/ HTTP/1.1" 301 269 "-" "Mozilla/5.0 (Windows NT 10.0; Win64; x64; rv:110.0) Gecko/20100101 Firefox/110.0"
64.227.183.177 - - [31/Oct/2025:19:04:17 +0545] "GET /wp-content/themes/twentytwentythree/ HTTP/1.1" 301 269 "-" "Mozilla/5.0 (Windows NT 10.0; Win64; x64) AppleWebKit/537.36 (KHTML, like Gecko) Chrome/110.0.0.0 Safari/537.36"
103.65.237.158 - - [31/Oct/2025:19:04:20 +0545] "GET /avastar/ HTTP/1.1" 301 245 "-" "Mozilla/5.0 (Windows NT 10.0; Win64; x64) AppleWebKit/537.36 (KHTML, like Gecko) Chrome/91.0.4472.124 Safari/537.36"
64.227.183.177 - - [31/Oct/2025:19:04:22 +0545] "GET /wp-content/themes/twentytwentythree/ HTTP/1.1" 301 269 "-" "Mozilla/5.0 (iPad; CPU OS 16_4 like Mac OS X) AppleWebKit/605.1.15 (KHTML, like Gecko) Version/16.4 Mobile/15E148 Safari/604.1"
64.227.183.177 - - [31/Oct/2025:19:04:26 +0545] "GET /wp-content/themes/twentytwentythree/ HTTP/1.1" 301 269 "-" "Mozilla/5.0 (Macintosh; Intel Mac OS X 10_15_7) AppleWebKit/605.1.15 (KHTML, like Gecko) Version/16.4 Safari/605.1.15"
64.227.183.177 - - [31/Oct/2025:19:04:32 +0545] "GET /wp-content/themes/twentytwentythree/ HTTP/1.1" 301 269 "-" "Mozilla/5.0 (Windows NT 10.0; Win64; x64) AppleWebKit/537.36 (KHTML, like Gecko) Chrome/114.0.0.0 Safari/537.36"
64.227.183.177 - - [31/Oct/2025:19:04:36 +0545] "GET /wp-content/themes/twentytwentythree/ HTTP/1.1" 301 269 "-" "Mozilla/5.0 (X11; Linux x86_64) AppleWebKit/537.36 (KHTML, like Gecko) Chrome/111.0.0.0 Safari/537.36"
64.227.183.177 - - [31/Oct/2025:19:04:41 +0545] "GET /wp-content/themes/twentytwentythree/ HTTP/1.1" 301 269 "-" "Mozilla/5.0 (X11; Linux x86_64) AppleWebKit/537.36 (KHTML, like Gecko) Chrome/111.0.0.0 Safari/537.36"
103.65.237.158 - - [31/Oct/2025:19:04:44 +0545] "GET /catalogo/ HTTP/1.1" 301 246 "-" "Mozilla/5.0 (Windows NT 10.0; Win64; x64) AppleWebKit/537.36 (KHTML, like Gecko) Chrome/91.0.4472.124 Safari/537.36"
64.227.183.177 - - [31/Oct/2025:19:04:45 +0545] "GET /wp-content/themes/twentytwentythree/ HTTP/1.1" 301 269 "-" "Mozilla/5.0 (Windows NT 10.0; Win64; x64) AppleWebKit/537.36 (KHTML, like Gecko) Chrome/110.0.0.0 Safari/537.36"
64.227.183.177 - - [31/Oct/2025:19:04:50 +0545] "GET /wp-content/themes/twentytwentythree/ HTTP/1.1" 301 269 "-" "Mozilla/5.0 (iPad; CPU OS 16_4 like Mac OS X) AppleWebKit/605.1.15 (KHTML, like Gecko) Version/16.4 Mobile/15E148 Safari/604.1"
64.227.183.177 - - [31/Oct/2025:19:04:54 +0545] "GET /wp-content/themes/twentytwentythree/ HTTP/1.1" 301 269 "-" "Mozilla/5.0 (iPad; CPU OS 16_4 like Mac OS X) AppleWebKit/605.1.15 (KHTML, like Gecko) Version/16.4 Mobile/15E148 Safari/604.1"
103.65.237.158 - - [31/Oct/2025:19:05:08 +0545] "GET /php/ HTTP/1.1" 301 241 "-" "Mozilla/5.0 (Windows NT 10.0; Win64; x64) AppleWebKit/537.36 (KHTML, like Gecko) Chrome/91.0.4472.124 Safari/537.36"
64.227.183.177 - - [31/Oct/2025:19:05:11 +0545] "GET /wp-content/themes/twentytwentythree/ HTTP/1.1" 301 269 "-" "Mozilla/5.0 (iPad; CPU OS 16_4 like Mac OS X) AppleWebKit/605.1.15 (KHTML, like Gecko) Version/16.4 Mobile/15E148 Safari/604.1"
64.227.183.177 - - [31/Oct/2025:19:05:15 +0545] "GET /wp-content/themes/twentytwentythree/ HTTP/1.1" 301 269 "-" "Mozilla/5.0 (Macintosh; Intel Mac OS X 10_15_7) AppleWebKit/605.1.15 (KHTML, like Gecko) Version/16.4 Safari/605.1.15"
64.227.183.177 - - [31/Oct/2025:19:05:20 +0545] "GET /wp-content/themes/twentytwentythree/ HTTP/1.1" 301 269 "-" "Mozilla/5.0 (X11; Linux x86_64) AppleWebKit/537.36 (KHTML, like Gecko) Chrome/111.0.0.0 Safari/537.36"
64.227.183.177 - - [31/Oct/2025:19:05:37 +0545] "GET /wp-content/themes/twentytwentythree/ HTTP/1.1" 301 269 "-" "Mozilla/5.0 (iPad; CPU OS 16_4 like Mac OS X) AppleWebKit/605.1.15 (KHTML, like Gecko) Version/16.4 Mobile/15E148 Safari/604.1"
103.65.237.158 - - [31/Oct/2025:19:05:43 +0545] "GET /foto/ HTTP/1.1" 301 242 "-" "Mozilla/5.0 (Windows NT 10.0; Win64; x64) AppleWebKit/537.36 (KHTML, like Gecko) Chrome/91.0.4472.124 Safari/537.36"
64.227.183.177 - - [31/Oct/2025:19:05:44 +0545] "GET /wp-content/themes/twentytwentythree/ HTTP/1.1" 301 269 "-" "Mozilla/5.0 (iPad; CPU OS 16_4 like Mac OS X) AppleWebKit/605.1.15 (KHTML, like Gecko) Version/16.4 Mobile/15E148 Safari/604.1"
64.227.183.177 - - [31/Oct/2025:19:05:49 +0545] "GET /wp-content/themes/twentytwentythree/ HTTP/1.1" 301 269 "-" "Mozilla/5.0 (Macintosh; Intel Mac OS X 10_15_7) AppleWebKit/605.1.15 (KHTML, like Gecko) Version/16.4 Safari/605.1.15"
64.227.183.177 - - [31/Oct/2025:19:05:53 +0545] "GET /wp-content/themes/twentytwentythree/ HTTP/1.1" 301 269 "-" "Mozilla/5.0 (Windows NT 10.0; Win64; x64) AppleWebKit/537.36 (KHTML, like Gecko) Chrome/110.0.0.0 Safari/537.36"
64.227.183.177 - - [31/Oct/2025:19:05:58 +0545] "GET /wp-content/themes/twentytwentythree/ HTTP/1.1" 301 269 "-" "Mozilla/5.0 (Macintosh; Intel Mac OS X 10_15_7) AppleWebKit/605.1.15 (KHTML, like Gecko) Version/16.4 Safari/605.1.15"
103.65.237.158 - - [31/Oct/2025:19:06:04 +0545] "GET /etc/ HTTP/1.1" 301 241 "-" "Mozilla/5.0 (Windows NT 10.0; Win64; x64) AppleWebKit/537.36 (KHTML, like Gecko) Chrome/91.0.4472.124 Safari/537.36"
64.227.183.177 - - [31/Oct/2025:19:06:05 +0545] "GET /wp-content/themes/twentytwentythree/ HTTP/1.1" 301 269 "-" "Mozilla/5.0 (X11; Linux x86_64) AppleWebKit/537.36 (KHTML, like Gecko) Chrome/111.0.0.0 Safari/537.36"
64.227.183.177 - - [31/Oct/2025:19:06:08 +0545] "GET /wp-content/themes/twentytwentythree/ HTTP/1.1" 301 269 "-" "Mozilla/5.0 (iPad; CPU OS 16_4 like Mac OS X) AppleWebKit/605.1.15 (KHTML, like Gecko) Version/16.4 Mobile/15E148 Safari/604.1"
64.227.183.177 - - [31/Oct/2025:19:06:12 +0545] "GET /wp-content/themes/twentytwentythree/ HTTP/1.1" 301 269 "-" "Mozilla/5.0 (Macintosh; Intel Mac OS X 10_15_7) AppleWebKit/605.1.15 (KHTML, like Gecko) Version/16.4 Safari/605.1.15"
64.227.183.177 - - [31/Oct/2025:19:06:17 +0545] "GET /wp-content/themes/twentytwentythree/ HTTP/1.1" 301 269 "-" "Mozilla/5.0 (Windows NT 10.0; Win64; x64; rv:110.0) Gecko/20100101 Firefox/110.0"
64.227.183.177 - - [31/Oct/2025:19:06:26 +0545] "GET /wp-content/themes/twentytwentythree/ HTTP/1.1" 301 269 "-" "Mozilla/5.0 (X11; Linux x86_64) AppleWebKit/537.36 (KHTML, like Gecko) Chrome/111.0.0.0 Safari/537.36"
103.65.237.158 - - [31/Oct/2025:19:06:31 +0545] "GET /aset/ HTTP/1.1" 301 242 "-" "Mozilla/5.0 (Windows NT 10.0; Win64; x64) AppleWebKit/537.36 (KHTML, like Gecko) Chrome/91.0.4472.124 Safari/537.36"
64.227.183.177 - - [31/Oct/2025:19:06:38 +0545] "GET /wp-content/themes/twentytwentythree/ HTTP/1.1" 301 269 "-" "Mozilla/5.0 (Windows NT 10.0; Win64; x64) AppleWebKit/537.36 (KHTML, like Gecko) Chrome/110.0.0.0 Safari/537.36"
64.227.183.177 - - [31/Oct/2025:19:06:45 +0545] "GET /wp-content/themes/twentytwentythree/ HTTP/1.1" 301 269 "-" "Mozilla/5.0 (iPad; CPU OS 16_4 like Mac OS X) AppleWebKit/605.1.15 (KHTML, like Gecko) Version/16.4 Mobile/15E148 Safari/604.1"
64.227.183.177 - - [31/Oct/2025:19:06:53 +0545] "GET /wp-content/themes/twentytwentythree/ HTTP/1.1" 301 269 "-" "Mozilla/5.0 (Macintosh; Intel Mac OS X 10_15_7) AppleWebKit/605.1.15 (KHTML, like Gecko) Version/16.4 Safari/605.1.15"
103.65.237.158 - - [31/Oct/2025:19:06:56 +0545] "GET /application/ HTTP/1.1" 301 249 "-" "Mozilla/5.0 (Windows NT 10.0; Win64; x64) AppleWebKit/537.36 (KHTML, like Gecko) Chrome/91.0.4472.124 Safari/537.36"
64.227.183.177 - - [31/Oct/2025:19:07:00 +0545] "GET /wp-content/themes/twentytwentythree/ HTTP/1.1" 301 269 "-" "Mozilla/5.0 (Windows NT 10.0; Win64; x64) AppleWebKit/537.36 (KHTML, like Gecko) Chrome/110.0.0.0 Safari/537.36"
64.227.183.177 - - [31/Oct/2025:19:07:10 +0545] "GET /wp-content/themes/twentytwentythree/ HTTP/1.1" 301 269 "-" "Mozilla/5.0 (Windows NT 10.0; Win64; x64) AppleWebKit/537.36 (KHTML, like Gecko) Chrome/110.0.0.0 Safari/537.36"
64.227.183.177 - - [31/Oct/2025:19:07:16 +0545] "GET /wp-content/themes/twentytwentythree/ HTTP/1.1" 301 269 "-" "Mozilla/5.0 (X11; Linux x86_64) AppleWebKit/537.36 (KHTML, like Gecko) Chrome/111.0.0.0 Safari/537.36"
103.65.237.158 - - [31/Oct/2025:19:07:20 +0545] "GET /user_guide/ HTTP/1.1" 301 248 "-" "Mozilla/5.0 (Windows NT 10.0; Win64; x64) AppleWebKit/537.36 (KHTML, like Gecko) Chrome/91.0.4472.124 Safari/537.36"
64.227.183.177 - - [31/Oct/2025:19:07:22 +0545] "GET /wp-content/themes/twentytwentythree/ HTTP/1.1" 301 269 "-" "Mozilla/5.0 (Windows NT 10.0; Win64; x64) AppleWebKit/537.36 (KHTML, like Gecko) Chrome/110.0.0.0 Safari/537.36"
64.227.183.177 - - [31/Oct/2025:19:07:27 +0545] "GET /wp-content/themes/twentytwentythree/ HTTP/1.1" 301 269 "-" "Mozilla/5.0 (Windows NT 10.0; Win64; x64) AppleWebKit/537.36 (KHTML, like Gecko) Chrome/114.0.0.0 Safari/537.36"
64.227.183.177 - - [31/Oct/2025:19:07:32 +0545] "GET /wp-content/themes/twentytwentythree/ HTTP/1.1" 301 269 "-" "Mozilla/5.0 (Windows NT 10.0; Win64; x64) AppleWebKit/537.36 (KHTML, like Gecko) Chrome/110.0.0.0 Safari/537.36"
64.227.183.177 - - [31/Oct/2025:19:07:40 +0545] "GET /wp-content/themes/twentytwentythree/ HTTP/1.1" 301 269 "-" "Mozilla/5.0 (Windows NT 10.0; Win64; x64; rv:110.0) Gecko/20100101 Firefox/110.0"
103.65.237.158 - - [31/Oct/2025:19:07:43 +0545] "GET /.tmb/ HTTP/1.1" 301 242 "-" "Mozilla/5.0 (Windows NT 10.0; Win64; x64) AppleWebKit/537.36 (KHTML, like Gecko) Chrome/91.0.4472.124 Safari/537.36"
64.227.183.177 - - [31/Oct/2025:19:07:45 +0545] "GET /wp-content/themes/twentytwentythree/ HTTP/1.1" 301 269 "-" "Mozilla/5.0 (Windows NT 10.0; Win64; x64; rv:110.0) Gecko/20100101 Firefox/110.0"
64.227.183.177 - - [31/Oct/2025:19:07:51 +0545] "GET /wp-content/themes/twentytwentythree/ HTTP/1.1" 301 269 "-" "Mozilla/5.0 (X11; Linux x86_64) AppleWebKit/537.36 (KHTML, like Gecko) Chrome/111.0.0.0 Safari/537.36"
64.227.183.177 - - [31/Oct/2025:19:07:55 +0545] "GET /wp-content/themes/twentytwentythree/ HTTP/1.1" 301 269 "-" "Mozilla/5.0 (Macintosh; Intel Mac OS X 10_15_7) AppleWebKit/605.1.15 (KHTML, like Gecko) Version/16.4 Safari/605.1.15"
64.227.183.177 - - [31/Oct/2025:19:08:03 +0545] "GET /wp-content/themes/twentytwentythree/ HTTP/1.1" 301 269 "-" "Mozilla/5.0 (Macintosh; Intel Mac OS X 10_15_7) AppleWebKit/605.1.15 (KHTML, like Gecko) Version/16.4 Safari/605.1.15"
64.227.183.177 - - [31/Oct/2025:19:08:07 +0545] "GET /wp-content/themes/twentytwentythree/ HTTP/1.1" 301 269 "-" "Mozilla/5.0 (iPad; CPU OS 16_4 like Mac OS X) AppleWebKit/605.1.15 (KHTML, like Gecko) Version/16.4 Mobile/15E148 Safari/604.1"
