64.227.183.177 - - [31/Oct/2025:19:08:11 +0545] "GET /wp-content/themes/twentytwentythree/ HTTP/1.1" 301 269 "-" "Mozilla/5.0 (Macintosh; Intel Mac OS X 10_15_7) AppleWebKit/605.1.15 (KHTML, like Gecko) Version/16.4 Safari/605.1.15"
103.65.237.158 - - [31/Oct/2025:19:08:13 +0545] "GET /docs/ HTTP/1.1" 301 242 "-" "Mozilla/5.0 (Windows NT 10.0; Win64; x64) AppleWebKit/537.36 (KHTML, like Gecko) Chrome/91.0.4472.124 Safari/537.36"
64.227.183.177 - - [31/Oct/2025:19:08:15 +0545] "GET /wp-content/themes/twentytwentythree/ HTTP/1.1" 301 269 "-" "Mozilla/5.0 (X11; Linux x86_64) AppleWebKit/537.36 (KHTML, like Gecko) Chrome/111.0.0.0 Safari/537.36"
64.227.183.177 - - [31/Oct/2025:19:08:19 +0545] "GET /wp-content/themes/twentytwentythree/ HTTP/1.1" 301 269 "-" "Mozilla/5.0 (Windows NT 10.0; Win64; x64) AppleWebKit/537.36 (KHTML, like Gecko) Chrome/114.0.0.0 Safari/537.36"
64.227.183.177 - - [31/Oct/2025:19:08:23 +0545] "GET /wp-content/themes/twentytwentythree/ HTTP/1.1" 301 269 "-" "Mozilla/5.0 (Macintosh; Intel Mac OS X 10_15_7) AppleWebKit/605.1.15 (KHTML, like Gecko) Version/16.4 Safari/605.1.15"
64.227.183.177 - - [31/Oct/2025:19:08:27 +0545] "GET /wp-content/themes/twentytwentythree/ HTTP/1.1" 301 269 "-" "Mozilla/5.0 (Windows NT 10.0; Win64; x64; rv:110.0) Gecko/20100101 Firefox/110.0"
64.227.183.177 - - [31/Oct/2025:19:08:31 +0545] "GET /wp-content/themes/twentytwentythree/ HTTP/1.1" 301 269 "-" "Mozilla/5.0 (Windows NT 10.0; Win64; x64) AppleWebKit/537.36 (KHTML, like Gecko) Chrome/114.0.0.0 Safari/537.36"
64.227.183.177 - - [31/Oct/2025:19:08:36 +0545] "GET /wp-content/themes/twentytwentythree/ HTTP/1.1" 301 269 "-" "Mozilla/5.0 (X11; Linux x86_64) AppleWebKit/537.36 (KHTML, like Gecko) Chrome/111.0.0.0 Safari/537.36"
64.227.183.177 - - [31/Oct/2025:19:08:40 +0545] "GET /wp-content/themes/twentytwentythree/ HTTP/1.1" 301 269 "-" "Mozilla/5.0 (iPad; CPU OS 16_4 like Mac OS X) AppleWebKit/605.1.15 (KHTML, like Gecko) Version/16.4 Mobile/15E148 Safari/604.1"
103.65.237.158 - - [31/Oct/2025:19:08:47 +0545] "GET /pages/ HTTP/1.1" 301 243 "-" "Mozilla/5.0 (Windows NT 10.0; Win64; x64) AppleWebKit/537.36 (KHTML, like Gecko) Chrome/91.0.4472.124 Safari/537.36"
64.227.183.177 - - [31/Oct/2025:19:08:51 +0545] "GET /wp-content/themes/twentytwentythree/ HTTP/1.1" 301 269 "-" "Mozilla/5.0 (Windows NT 10.0; Win64; x64; rv:110.0) Gecko/20100101 Firefox/110.0"
64.227.183.177 - - [31/Oct/2025:19:08:56 +0545] "GET /wp-content/themes/twentytwentythree/ HTTP/1.1" 301 269 "-" "Mozilla/5.0 (Windows NT 10.0; Win64; x64) AppleWebKit/537.36 (KHTML, like Gecko) Chrome/114.0.0.0 Safari/537.36"
64.227.183.177 - - [31/Oct/2025:19:09:01 +0545] "GET /wp-content/themes/twentytwentythree/ HTTP/1.1" 301 269 "-" "Mozilla/5.0 (iPad; CPU OS 16_4 like Mac OS X) AppleWebKit/605.1.15 (KHTML, like Gecko) Version/16.4 Mobile/15E148 Safari/604.1"
64.227.183.177 - - [31/Oct/2025:19:09:06 +0545] "GET /wp-content/themes/twentytwentythree/ HTTP/1.1" 301 269 "-" "Mozilla/5.0 (Macintosh; Intel Mac OS X 10_15_7) AppleWebKit/605.1.15 (KHTML, like Gecko) Version/16.4 Safari/605.1.15"
103.65.237.158 - - [31/Oct/2025:19:09:14 +0545] "GET /keluarga/ HTTP/1.1" 301 246 "-" "Mozilla/5.0 (Windows NT 10.0; Win64; x64) AppleWebKit/537.36 (KHTML, like Gecko) Chrome/91.0.4472.124 Safari/537.36"
64.227.183.177 - - [31/Oct/2025:19:09:15 +0545] "GET /wp-content/themes/twentytwentythree/ HTTP/1.1" 301 269 "-" "Mozilla/5.0 (Windows NT 10.0; Win64; x64; rv:110.0) Gecko/20100101 Firefox/110.0"
64.227.183.177 - - [31/Oct/2025:19:09:22 +0545] "GET /wp-content/themes/twentytwentythree/ HTTP/1.1" 301 269 "-" "Mozilla/5.0 (Windows NT 10.0; Win64; x64; rv:110.0) Gecko/20100101 Firefox/110.0"
64.227.183.177 - - [31/Oct/2025:19:09:35 +0545] "GET /wp-content/themes/twentytwentythree/ HTTP/1.1" 301 269 "-" "Mozilla/5.0 (iPad; CPU OS 16_4 like Mac OS X) AppleWebKit/605.1.15 (KHTML, like Gecko) Version/16.4 Mobile/15E148 Safari/604.1"
103.65.237.158 - - [31/Oct/2025:19:09:40 +0545] "GET /aplikasi/ HTTP/1.1" 301 246 "-" "Mozilla/5.0 (Windows NT 10.0; Win64; x64) AppleWebKit/537.36 (KHTML, like Gecko) Chrome/91.0.4472.124 Safari/537.36"
64.227.183.177 - - [31/Oct/2025:19:09:42 +0545] "GET /wp-content/themes/twentytwentythree/ HTTP/1.1" 301 269 "-" "Mozilla/5.0 (X11; Linux x86_64) AppleWebKit/537.36 (KHTML, like Gecko) Chrome/111.0.0.0 Safari/537.36"
103.65.237.158 - - [31/Oct/2025:19:10:22 +0545] "GET /index_files/ HTTP/1.1" 301 249 "-" "Mozilla/5.0 (Windows NT 10.0; Win64; x64) AppleWebKit/537.36 (KHTML, like Gecko) Chrome/91.0.4472.124 Safari/537.36"
103.65.237.158 - - [31/Oct/2025:19:10:55 +0545] "GET /staff/ HTTP/1.1" 301 243 "-" "Mozilla/5.0 (Windows NT 10.0; Win64; x64) AppleWebKit/537.36 (KHTML, like Gecko) Chrome/91.0.4472.124 Safari/537.36"
103.65.237.158 - - [31/Oct/2025:19:11:26 +0545] "GET /scripts/ HTTP/1.1" 301 245 "-" "Mozilla/5.0 (Windows NT 10.0; Win64; x64) AppleWebKit/537.36 (KHTML, like Gecko) Chrome/91.0.4472.124 Safari/537.36"
103.65.237.158 - - [31/Oct/2025:19:12:07 +0545] "GET /script/ HTTP/1.1" 301 244 "-" "Mozilla/5.0 (Windows NT 10.0; Win64; x64) AppleWebKit/537.36 (KHTML, like Gecko) Chrome/91.0.4472.124 Safari/537.36"
64.227.183.177 - - [31/Oct/2025:19:12:15 +0545] "GET /wp-content/themes/twentytwentythree/ HTTP/1.1" 301 269 "-" "Mozilla/5.0 (X11; Linux x86_64) AppleWebKit/537.36 (KHTML, like Gecko) Chrome/111.0.0.0 Safari/537.36"
64.227.183.177 - - [31/Oct/2025:19:12:19 +0545] "GET /wp-content/themes/twentytwentythree/ HTTP/1.1" 301 269 "-" "Mozilla/5.0 (Windows NT 10.0; Win64; x64; rv:110.0) Gecko/20100101 Firefox/110.0"
64.227.183.177 - - [31/Oct/2025:19:12:24 +0545] "GET /wp-content/themes/twentytwentythree/ HTTP/1.1" 301 269 "-" "Mozilla/5.0 (iPad; CPU OS 16_4 like Mac OS X) AppleWebKit/605.1.15 (KHTML, like Gecko) Version/16.4 Mobile/15E148 Safari/604.1"
103.65.237.158 - - [31/Oct/2025:19:12:28 +0545] "GET /css/ HTTP/1.1" 301 241 "-" "Mozilla/5.0 (Windows NT 10.0; Win64; x64) AppleWebKit/537.36 (KHTML, like Gecko) Chrome/91.0.4472.124 Safari/537.36"
64.227.183.177 - - [31/Oct/2025:19:12:29 +0545] "GET /wp-content/themes/twentytwentythree/ HTTP/1.1" 301 269 "-" "Mozilla/5.0 (Windows NT 10.0; Win64; x64) AppleWebKit/537.36 (KHTML, like Gecko) Chrome/110.0.0.0 Safari/537.36"
64.227.183.177 - - [31/Oct/2025:19:12:33 +0545] "GET /wp-content/themes/twentytwentythree/ HTTP/1.1" 301 269 "-" "Mozilla/5.0 (Windows NT 10.0; Win64; x64) AppleWebKit/537.36 (KHTML, like Gecko) Chrome/114.0.0.0 Safari/537.36"
64.227.183.177 - - [31/Oct/2025:19:12:38 +0545] "GET /wp-content/themes/twentytwentythree/ HTTP/1.1" 301 269 "-" "Mozilla/5.0 (X11; Linux x86_64) AppleWebKit/537.36 (KHTML, like Gecko) Chrome/111.0.0.0 Safari/537.36"
64.227.183.177 - - [31/Oct/2025:19:12:46 +0545] "GET /wp-content/themes/twentytwentythree/ HTTP/1.1" 301 269 "-" "Mozilla/5.0 (Windows NT 10.0; Win64; x64; rv:110.0) Gecko/20100101 Firefox/110.0"
64.227.183.177 - - [31/Oct/2025:19:12:54 +0545] "GET /wp-content/themes/twentytwentythree/ HTTP/1.1" 301 269 "-" "Mozilla/5.0 (Windows NT 10.0; Win64; x64) AppleWebKit/537.36 (KHTML, like Gecko) Chrome/114.0.0.0 Safari/537.36"
64.227.183.177 - - [31/Oct/2025:19:12:58 +0545] "GET /wp-content/themes/twentytwentythree/ HTTP/1.1" 301 269 "-" "Mozilla/5.0 (Macintosh; Intel Mac OS X 10_15_7) AppleWebKit/605.1.15 (KHTML, like Gecko) Version/16.4 Safari/605.1.15"
103.65.237.158 - - [31/Oct/2025:19:13:02 +0545] "GET /node_modules/ HTTP/1.1" 301 250 "-" "Mozilla/5.0 (Windows NT 10.0; Win64; x64) AppleWebKit/537.36 (KHTML, like Gecko) Chrome/91.0.4472.124 Safari/537.36"
64.227.183.177 - - [31/Oct/2025:19:13:03 +0545] "GET /wp-content/themes/twentytwentythree/ HTTP/1.1" 301 269 "-" "Mozilla/5.0 (Windows NT 10.0; Win64; x64) AppleWebKit/537.36 (KHTML, like Gecko) Chrome/114.0.0.0 Safari/537.36"
64.227.183.177 - - [31/Oct/2025:19:13:14 +0545] "GET /wp-content/themes/twentytwentythree/ HTTP/1.1" 301 269 "-" "Mozilla/5.0 (Windows NT 10.0; Win64; x64) AppleWebKit/537.36 (KHTML, like Gecko) Chrome/114.0.0.0 Safari/537.36"
64.227.183.177 - - [31/Oct/2025:19:13:22 +0545] "GET /wp-content/themes/twentytwentythree/ HTTP/1.1" 301 269 "-" "Mozilla/5.0 (Windows NT 10.0; Win64; x64) AppleWebKit/537.36 (KHTML, like Gecko) Chrome/110.0.0.0 Safari/537.36"
103.65.237.158 - - [31/Oct/2025:19:13:32 +0545] "GET /wp/ HTTP/1.1" 301 240 "-" "Mozilla/5.0 (Windows NT 10.0; Win64; x64) AppleWebKit/537.36 (KHTML, like Gecko) Chrome/91.0.4472.124 Safari/537.36"
64.227.183.177 - - [31/Oct/2025:19:13:40 +0545] "GET /wp-content/themes/twentytwentythree/ HTTP/1.1" 301 269 "-" "Mozilla/5.0 (Macintosh; Intel Mac OS X 10_15_7) AppleWebKit/605.1.15 (KHTML, like Gecko) Version/16.4 Safari/605.1.15"
64.227.183.177 - - [31/Oct/2025:19:13:45 +0545] "GET /wp-content/themes/twentytwentythree/ HTTP/1.1" 301 269 "-" "Mozilla/5.0 (X11; Linux x86_64) AppleWebKit/537.36 (KHTML, like Gecko) Chrome/111.0.0.0 Safari/537.36"
64.227.183.177 - - [31/Oct/2025:19:13:53 +0545] "GET /wp-content/themes/twentytwentythree/ HTTP/1.1" 301 269 "-" "Mozilla/5.0 (iPad; CPU OS 16_4 like Mac OS X) AppleWebKit/605.1.15 (KHTML, like Gecko) Version/16.4 Mobile/15E148 Safari/604.1"
64.227.183.177 - - [31/Oct/2025:19:14:01 +0545] "GET /wp-content/themes/twentytwentythree/ HTTP/1.1" 301 269 "-" "Mozilla/5.0 (Windows NT 10.0; Win64; x64) AppleWebKit/537.36 (KHTML, like Gecko) Chrome/110.0.0.0 Safari/537.36"
103.65.237.158 - - [31/Oct/2025:19:14:02 +0545] "GET /uploadfile/ HTTP/1.1" 301 248 "-" "Mozilla/5.0 (Windows NT 10.0; Win64; x64) AppleWebKit/537.36 (KHTML, like Gecko) Chrome/91.0.4472.124 Safari/537.36"
64.227.183.177 - - [31/Oct/2025:19:14:09 +0545] "GET /wp-content/themes/twentytwentythree/ HTTP/1.1" 301 269 "-" "Mozilla/5.0 (Windows NT 10.0; Win64; x64; rv:110.0) Gecko/20100101 Firefox/110.0"
64.227.183.177 - - [31/Oct/2025:19:14:13 +0545] "GET /wp-content/themes/twentytwentythree/ HTTP/1.1" 301 269 "-" "Mozilla/5.0 (X11; Linux x86_64) AppleWebKit/537.36 (KHTML, like Gecko) Chrome/111.0.0.0 Safari/537.36"
64.227.183.177 - - [31/Oct/2025:19:14:18 +0545] "GET /wp-content/themes/twentytwentythree/ HTTP/1.1" 301 269 "-" "Mozilla/5.0 (Windows NT 10.0; Win64; x64) AppleWebKit/537.36 (KHTML, like Gecko) Chrome/110.0.0.0 Safari/537.36"
64.227.183.177 - - [31/Oct/2025:19:14:26 +0545] "GET /wp-content/themes/twentytwentythree/ HTTP/1.1" 301 269 "-" "Mozilla/5.0 (Windows NT 10.0; Win64; x64) AppleWebKit/537.36 (KHTML, like Gecko) Chrome/110.0.0.0 Safari/537.36"
64.227.183.177 - - [31/Oct/2025:19:14:30 +0545] "GET /wp-content/themes/twentytwentythree/ HTTP/1.1" 301 269 "-" "Mozilla/5.0 (iPad; CPU OS 16_4 like Mac OS X) AppleWebKit/605.1.15 (KHTML, like Gecko) Version/16.4 Mobile/15E148 Safari/604.1"
64.227.183.177 - - [31/Oct/2025:19:14:34 +0545] "GET /wp-content/themes/twentytwentythree/ HTTP/1.1" 301 269 "-" "Mozilla/5.0 (Macintosh; Intel Mac OS X 10_15_7) AppleWebKit/605.1.15 (KHTML, like Gecko) Version/16.4 Safari/605.1.15"
64.227.183.177 - - [31/Oct/2025:19:14:38 +0545] "GET /wp-content/themes/twentytwentythree/ HTTP/1.1" 301 269 "-" "Mozilla/5.0 (X11; Linux x86_64) AppleWebKit/537.36 (KHTML, like Gecko) Chrome/111.0.0.0 Safari/537.36"
103.65.237.158 - - [31/Oct/2025:19:14:39 +0545] "GET /slider/ HTTP/1.1" 301 244 "-" "Mozilla/5.0 (Windows NT 10.0; Win64; x64) AppleWebKit/537.36 (KHTML, like Gecko) Chrome/91.0.4472.124 Safari/537.36"
64.227.183.177 - - [31/Oct/2025:19:14:46 +0545] "GET /wp-content/themes/twentytwentythree/ HTTP/1.1" 301 269 "-" "Mozilla/5.0 (iPad; CPU OS 16_4 like Mac OS X) AppleWebKit/605.1.15 (KHTML, like Gecko) Version/16.4 Mobile/15E148 Safari/604.1"
64.227.183.177 - - [31/Oct/2025:19:14:51 +0545] "GET /wp-content/themes/twentytwentythree/ HTTP/1.1" 301 269 "-" "Mozilla/5.0 (X11; Linux x86_64) AppleWebKit/537.36 (KHTML, like Gecko) Chrome/111.0.0.0 Safari/537.36"
48.218.171.150 - - [31/Oct/2025:19:14:55 +0545] "GET /wp-content/plugins/hellopress/wp_filemanager.php HTTP/1.1" 301 281 "-" "-"
64.227.183.177 - - [31/Oct/2025:19:14:56 +0545] "GET /wp-content/themes/twentytwentythree/ HTTP/1.1" 301 269 "-" "Mozilla/5.0 (iPad; CPU OS 16_4 like Mac OS X) AppleWebKit/605.1.15 (KHTML, like Gecko) Version/16.4 Mobile/15E148 Safari/604.1"
103.65.237.158 - - [31/Oct/2025:19:15:01 +0545] "GET /documents/ HTTP/1.1" 301 247 "-" "Mozilla/5.0 (Windows NT 10.0; Win64; x64) AppleWebKit/537.36 (KHTML, like Gecko) Chrome/91.0.4472.124 Safari/537.36"
64.227.183.177 - - [31/Oct/2025:19:15:01 +0545] "GET /wp-content/themes/twentytwentythree/ HTTP/1.1" 301 269 "-" "Mozilla/5.0 (X11; Linux x86_64) AppleWebKit/537.36 (KHTML, like Gecko) Chrome/111.0.0.0 Safari/537.36"
64.227.183.177 - - [31/Oct/2025:19:15:06 +0545] "GET /wp-content/themes/twentytwentythree/ HTTP/1.1" 301 269 "-" "Mozilla/5.0 (Windows NT 10.0; Win64; x64) AppleWebKit/537.36 (KHTML, like Gecko) Chrome/110.0.0.0 Safari/537.36"
64.227.183.177 - - [31/Oct/2025:19:15:10 +0545] "GET /wp-content/themes/twentytwentythree/ HTTP/1.1" 301 269 "-" "Mozilla/5.0 (Windows NT 10.0; Win64; x64; rv:110.0) Gecko/20100101 Firefox/110.0"
64.227.183.177 - - [31/Oct/2025:19:15:16 +0545] "GET /wp-content/themes/twentytwentythree/ HTTP/1.1" 301 269 "-" "Mozilla/5.0 (Windows NT 10.0; Win64; x64) AppleWebKit/537.36 (KHTML, like Gecko) Chrome/110.0.0.0 Safari/537.36"
64.227.183.177 - - [31/Oct/2025:19:15:20 +0545] "GET /wp-content/themes/twentytwentythree/ HTTP/1.1" 301 269 "-" "Mozilla/5.0 (iPad; CPU OS 16_4 like Mac OS X) AppleWebKit/605.1.15 (KHTML, like Gecko) Version/16.4 Mobile/15E148 Safari/604.1"
64.227.183.177 - - [31/Oct/2025:19:15:25 +0545] "GET /wp-content/themes/twentytwentythree/ HTTP/1.1" 301 269 "-" "Mozilla/5.0 (Windows NT 10.0; Win64; x64) AppleWebKit/537.36 (KHTML, like Gecko) Chrome/114.0.0.0 Safari/537.36"
103.65.237.158 - - [31/Oct/2025:19:15:25 +0545] "GET /main_file/ HTTP/1.1" 301 247 "-" "Mozilla/5.0 (Windows NT 10.0; Win64; x64) AppleWebKit/537.36 (KHTML, like Gecko) Chrome/91.0.4472.124 Safari/537.36"
64.227.183.177 - - [31/Oct/2025:19:15:29 +0545] "GET /wp-content/themes/twentytwentythree/ HTTP/1.1" 301 269 "-" "Mozilla/5.0 (iPad; CPU OS 16_4 like Mac OS X) AppleWebKit/605.1.15 (KHTML, like Gecko) Version/16.4 Mobile/15E148 Safari/604.1"
64.227.183.177 - - [31/Oct/2025:19:15:34 +0545] "GET /wp-content/themes/twentytwentythree/ HTTP/1.1" 301 269 "-" "Mozilla/5.0 (X11; Linux x86_64) AppleWebKit/537.36 (KHTML, like Gecko) Chrome/111.0.0.0 Safari/537.36"
64.227.183.177 - - [31/Oct/2025:19:15:39 +0545] "GET /wp-content/themes/twentytwentythree/ HTTP/1.1" 301 269 "-" "Mozilla/5.0 (Macintosh; Intel Mac OS X 10_15_7) AppleWebKit/605.1.15 (KHTML, like Gecko) Version/16.4 Safari/605.1.15"
64.227.183.177 - - [31/Oct/2025:19:15:46 +0545] "GET /wp-content/themes/twentytwentythree/ HTTP/1.1" 301 269 "-" "Mozilla/5.0 (Windows NT 10.0; Win64; x64; rv:110.0) Gecko/20100101 Firefox/110.0"
103.65.237.158 - - [31/Oct/2025:19:15:49 +0545] "GET /settings/ HTTP/1.1" 301 246 "-" "Mozilla/5.0 (Windows NT 10.0; Win64; x64) AppleWebKit/537.36 (KHTML, like Gecko) Chrome/91.0.4472.124 Safari/537.36"
64.227.183.177 - - [31/Oct/2025:19:15:49 +0545] "GET /wp-content/themes/twentytwentythree/ HTTP/1.1" 301 269 "-" "Mozilla/5.0 (Windows NT 10.0; Win64; x64) AppleWebKit/537.36 (KHTML, like Gecko) Chrome/114.0.0.0 Safari/537.36"
64.227.183.177 - - [31/Oct/2025:19:15:53 +0545] "GET /wp-content/themes/twentytwentythree/ HTTP/1.1" 301 269 "-" "Mozilla/5.0 (Macintosh; Intel Mac OS X 10_15_7) AppleWebKit/605.1.15 (KHTML, like Gecko) Version/16.4 Safari/605.1.15"
64.227.183.177 - - [31/Oct/2025:19:15:57 +0545] "GET /wp-content/themes/twentytwentythree/ HTTP/1.1" 301 269 "-" "Mozilla/5.0 (iPad; CPU OS 16_4 like Mac OS X) AppleWebKit/605.1.15 (KHTML, like Gecko) Version/16.4 Mobile/15E148 Safari/604.1"
64.227.183.177 - - [31/Oct/2025:19:16:01 +0545] "GET /wp-content/themes/twentytwentythree/ HTTP/1.1" 301 269 "-" "Mozilla/5.0 (Windows NT 10.0; Win64; x64) AppleWebKit/537.36 (KHTML, like Gecko) Chrome/114.0.0.0 Safari/537.36"
64.227.183.177 - - [31/Oct/2025:19:16:06 +0545] "GET /wp-content/themes/twentytwentythree/ HTTP/1.1" 301 269 "-" "Mozilla/5.0 (Windows NT 10.0; Win64; x64; rv:110.0) Gecko/20100101 Firefox/110.0"
64.227.183.177 - - [31/Oct/2025:19:16:09 +0545] "GET /wp-content/themes/twentytwentythree/ HTTP/1.1" 301 269 "-" "Mozilla/5.0 (Windows NT 10.0; Win64; x64; rv:110.0) Gecko/20100101 Firefox/110.0"
64.227.183.177 - - [31/Oct/2025:19:16:14 +0545] "GET /wp-content/themes/twentytwentythree/ HTTP/1.1" 301 269 "-" "Mozilla/5.0 (iPad; CPU OS 16_4 like Mac OS X) AppleWebKit/605.1.15 (KHTML, like Gecko) Version/16.4 Mobile/15E148 Safari/604.1"
103.65.237.158 - - [31/Oct/2025:19:16:17 +0545] "GET /admin/img/ HTTP/1.1" 301 247 "-" "Mozilla/5.0 (Windows NT 10.0; Win64; x64) AppleWebKit/537.36 (KHTML, like Gecko) Chrome/91.0.4472.124 Safari/537.36"
64.227.183.177 - - [31/Oct/2025:19:16:18 +0545] "GET /wp-content/themes/twentytwentythree/ HTTP/1.1" 301 269 "-" "Mozilla/5.0 (Macintosh; Intel Mac OS X 10_15_7) AppleWebKit/605.1.15 (KHTML, like Gecko) Version/16.4 Safari/605.1.15"
64.227.183.177 - - [31/Oct/2025:19:16:22 +0545] "GET /wp-content/themes/twentytwentythree/ HTTP/1.1" 301 269 "-" "Mozilla/5.0 (Windows NT 10.0; Win64; x64) AppleWebKit/537.36 (KHTML, like Gecko) Chrome/110.0.0.0 Safari/537.36"
64.227.183.177 - - [31/Oct/2025:19:16:27 +0545] "GET /wp-content/themes/twentytwentythree/ HTTP/1.1" 301 269 "-" "Mozilla/5.0 (Windows NT 10.0; Win64; x64) AppleWebKit/537.36 (KHTML, like Gecko) Chrome/110.0.0.0 Safari/537.36"
64.227.183.177 - - [31/Oct/2025:19:16:31 +0545] "GET /wp-content/themes/twentytwentythree/ HTTP/1.1" 301 269 "-" "Mozilla/5.0 (Macintosh; Intel Mac OS X 10_15_7) AppleWebKit/605.1.15 (KHTML, like Gecko) Version/16.4 Safari/605.1.15"
64.227.183.177 - - [31/Oct/2025:19:16:36 +0545] "GET /wp-content/themes/twentytwentythree/ HTTP/1.1" 301 269 "-" "Mozilla/5.0 (Windows NT 10.0; Win64; x64) AppleWebKit/537.36 (KHTML, like Gecko) Chrome/114.0.0.0 Safari/537.36"
64.227.183.177 - - [31/Oct/2025:19:16:40 +0545] "GET /wp-content/themes/twentytwentythree/ HTTP/1.1" 301 269 "-" "Mozilla/5.0 (Macintosh; Intel Mac OS X 10_15_7) AppleWebKit/605.1.15 (KHTML, like Gecko) Version/16.4 Safari/605.1.15"
103.65.237.158 - - [31/Oct/2025:19:16:42 +0545] "GET /dashboard/ HTTP/1.1" 301 247 "-" "Mozilla/5.0 (Windows NT 10.0; Win64; x64) AppleWebKit/537.36 (KHTML, like Gecko) Chrome/91.0.4472.124 Safari/537.36"
64.227.183.177 - - [31/Oct/2025:19:16:44 +0545] "GET /wp-content/themes/twentytwentythree/ HTTP/1.1" 301 269 "-" "Mozilla/5.0 (Windows NT 10.0; Win64; x64) AppleWebKit/537.36 (KHTML, like Gecko) Chrome/110.0.0.0 Safari/537.36"
64.227.183.177 - - [31/Oct/2025:19:16:48 +0545] "GET /wp-content/themes/twentytwentythree/ HTTP/1.1" 301 269 "-" "Mozilla/5.0 (iPad; CPU OS 16_4 like Mac OS X) AppleWebKit/605.1.15 (KHTML, like Gecko) Version/16.4 Mobile/15E148 Safari/604.1"
64.227.183.177 - - [31/Oct/2025:19:16:52 +0545] "GET /wp-content/themes/twentytwentythree/ HTTP/1.1" 301 269 "-" "Mozilla/5.0 (Windows NT 10.0; Win64; x64) AppleWebKit/537.36 (KHTML, like Gecko) Chrome/110.0.0.0 Safari/537.36"
64.227.183.177 - - [31/Oct/2025:19:16:55 +0545] "GET /wp-content/themes/twentytwentythree/ HTTP/1.1" 301 269 "-" "Mozilla/5.0 (X11; Linux x86_64) AppleWebKit/537.36 (KHTML, like Gecko) Chrome/111.0.0.0 Safari/537.36"
64.227.183.177 - - [31/Oct/2025:19:17:00 +0545] "GET /wp-content/themes/twentytwentythree/ HTTP/1.1" 301 269 "-" "Mozilla/5.0 (X11; Linux x86_64) AppleWebKit/537.36 (KHTML, like Gecko) Chrome/111.0.0.0 Safari/537.36"
64.227.183.177 - - [31/Oct/2025:19:17:04 +0545] "GET /wp-content/themes/twentytwentythree/ HTTP/1.1" 301 269 "-" "Mozilla/5.0 (Windows NT 10.0; Win64; x64) AppleWebKit/537.36 (KHTML, like Gecko) Chrome/110.0.0.0 Safari/537.36"
64.227.183.177 - - [31/Oct/2025:19:17:08 +0545] "GET /wp-content/themes/twentytwentythree/ HTTP/1.1" 301 269 "-" "Mozilla/5.0 (iPad; CPU OS 16_4 like Mac OS X) AppleWebKit/605.1.15 (KHTML, like Gecko) Version/16.4 Mobile/15E148 Safari/604.1"
64.227.183.177 - - [31/Oct/2025:19:17:12 +0545] "GET /wp-content/themes/twentytwentythree/ HTTP/1.1" 301 269 "-" "Mozilla/5.0 (Windows NT 10.0; Win64; x64) AppleWebKit/537.36 (KHTML, like Gecko) Chrome/110.0.0.0 Safari/537.36"
103.65.237.158 - - [31/Oct/2025:19:17:13 +0545] "GET /layouts/ HTTP/1.1" 301 245 "-" "Mozilla/5.0 (Windows NT 10.0; Win64; x64) AppleWebKit/537.36 (KHTML, like Gecko) Chrome/91.0.4472.124 Safari/537.36"
64.227.183.177 - - [31/Oct/2025:19:17:17 +0545] "GET /wp-content/themes/twentytwentythree/ HTTP/1.1" 301 269 "-" "Mozilla/5.0 (X11; Linux x86_64) AppleWebKit/537.36 (KHTML, like Gecko) Chrome/111.0.0.0 Safari/537.36"
64.227.183.177 - - [31/Oct/2025:19:17:21 +0545] "GET /wp-content/themes/twentytwentythree/ HTTP/1.1" 301 269 "-" "Mozilla/5.0 (Macintosh; Intel Mac OS X 10_15_7) AppleWebKit/605.1.15 (KHTML, like Gecko) Version/16.4 Safari/605.1.15"
64.227.183.177 - - [31/Oct/2025:19:17:25 +0545] "GET /wp-content/themes/twentytwentythree/ HTTP/1.1" 301 269 "-" "Mozilla/5.0 (Windows NT 10.0; Win64; x64) AppleWebKit/537.36 (KHTML, like Gecko) Chrome/114.0.0.0 Safari/537.36"
64.227.183.177 - - [31/Oct/2025:19:17:29 +0545] "GET /wp-content/themes/twentytwentythree/ HTTP/1.1" 301 269 "-" "Mozilla/5.0 (iPad; CPU OS 16_4 like Mac OS X) AppleWebKit/605.1.15 (KHTML, like Gecko) Version/16.4 Mobile/15E148 Safari/604.1"
64.227.183.177 - - [31/Oct/2025:19:17:35 +0545] "GET /wp-content/themes/twentytwentythree/ HTTP/1.1" 301 269 "-" "Mozilla/5.0 (Windows NT 10.0; Win64; x64) AppleWebKit/537.36 (KHTML, like Gecko) Chrome/114.0.0.0 Safari/537.36"
64.227.183.177 - - [31/Oct/2025:19:17:39 +0545] "GET /wp-content/themes/twentytwentythree/ HTTP/1.1" 301 269 "-" "Mozilla/5.0 (X11; Linux x86_64) AppleWebKit/537.36 (KHTML, like Gecko) Chrome/111.0.0.0 Safari/537.36"
103.65.237.158 - - [31/Oct/2025:19:17:42 +0545] "GET /adminweb/ HTTP/1.1" 301 246 "-" "Mozilla/5.0 (Windows NT 10.0; Win64; x64) AppleWebKit/537.36 (KHTML, like Gecko) Chrome/91.0.4472.124 Safari/537.36"
64.227.183.177 - - [31/Oct/2025:19:17:43 +0545] "GET /wp-content/themes/twentytwentythree/ HTTP/1.1" 301 269 "-" "Mozilla/5.0 (Macintosh; Intel Mac OS X 10_15_7) AppleWebKit/605.1.15 (KHTML, like Gecko) Version/16.4 Safari/605.1.15"
64.227.183.177 - - [31/Oct/2025:19:17:47 +0545] "GET /wp-content/themes/twentytwentythree/ HTTP/1.1" 301 269 "-" "Mozilla/5.0 (Macintosh; Intel Mac OS X 10_15_7) AppleWebKit/605.1.15 (KHTML, like Gecko) Version/16.4 Safari/605.1.15"
64.227.183.177 - - [31/Oct/2025:19:17:52 +0545] "GET /wp-content/themes/twentytwentythree/ HTTP/1.1" 301 269 "-" "Mozilla/5.0 (Windows NT 10.0; Win64; x64) AppleWebKit/537.36 (KHTML, like Gecko) Chrome/114.0.0.0 Safari/537.36"
64.227.183.177 - - [31/Oct/2025:19:17:57 +0545] "GET /wp-content/themes/twentytwentythree/ HTTP/1.1" 301 269 "-" "Mozilla/5.0 (X11; Linux x86_64) AppleWebKit/537.36 (KHTML, like Gecko) Chrome/111.0.0.0 Safari/537.36"
103.65.237.158 - - [31/Oct/2025:19:17:58 +0545] "GET /dist/ HTTP/1.1" 301 242 "-" "Mozilla/5.0 (Windows NT 10.0; Win64; x64) AppleWebKit/537.36 (KHTML, like Gecko) Chrome/91.0.4472.124 Safari/537.36"
64.227.183.177 - - [31/Oct/2025:19:18:01 +0545] "GET /wp-content/themes/twentytwentythree/ HTTP/1.1" 301 269 "-" "Mozilla/5.0 (X11; Linux x86_64) AppleWebKit/537.36 (KHTML, like Gecko) Chrome/111.0.0.0 Safari/537.36"
64.227.183.177 - - [31/Oct/2025:19:18:06 +0545] "GET /wp-content/themes/twentytwentythree/ HTTP/1.1" 301 269 "-" "Mozilla/5.0 (Windows NT 10.0; Win64; x64; rv:110.0) Gecko/20100101 Firefox/110.0"
64.227.183.177 - - [31/Oct/2025:19:18:10 +0545] "GET /wp-content/themes/twentytwentythree/ HTTP/1.1" 301 269 "-" "Mozilla/5.0 (Windows NT 10.0; Win64; x64; rv:110.0) Gecko/20100101 Firefox/110.0"
64.227.183.177 - - [31/Oct/2025:19:18:14 +0545] "GET /wp-content/themes/twentytwentythree/ HTTP/1.1" 301 269 "-" "Mozilla/5.0 (Windows NT 10.0; Win64; x64) AppleWebKit/537.36 (KHTML, like Gecko) Chrome/110.0.0.0 Safari/537.36"
64.227.183.177 - - [31/Oct/2025:19:18:19 +0545] "GET /wp-content/themes/twentytwentythree/ HTTP/1.1" 301 269 "-" "Mozilla/5.0 (Windows NT 10.0; Win64; x64) AppleWebKit/537.36 (KHTML, like Gecko) Chrome/110.0.0.0 Safari/537.36"
103.65.237.158 - - [31/Oct/2025:19:18:21 +0545] "GET /Winrar/ HTTP/1.1" 301 244 "-" "Mozilla/5.0 (Windows NT 10.0; Win64; x64) AppleWebKit/537.36 (KHTML, like Gecko) Chrome/91.0.4472.124 Safari/537.36"
64.227.183.177 - - [31/Oct/2025:19:18:22 +0545] "GET /wp-content/themes/twentytwentythree/ HTTP/1.1" 301 269 "-" "Mozilla/5.0 (Windows NT 10.0; Win64; x64; rv:110.0) Gecko/20100101 Firefox/110.0"
64.227.183.177 - - [31/Oct/2025:19:18:27 +0545] "GET /wp-content/themes/twentytwentythree/ HTTP/1.1" 301 269 "-" "Mozilla/5.0 (Windows NT 10.0; Win64; x64) AppleWebKit/537.36 (KHTML, like Gecko) Chrome/114.0.0.0 Safari/537.36"
64.227.183.177 - - [31/Oct/2025:19:18:31 +0545] "GET /wp-content/themes/twentytwentythree/ HTTP/1.1" 301 269 "-" "Mozilla/5.0 (Windows NT 10.0; Win64; x64; rv:110.0) Gecko/20100101 Firefox/110.0"
64.227.183.177 - - [31/Oct/2025:19:18:35 +0545] "GET /wp-content/themes/twentytwentythree/ HTTP/1.1" 301 269 "-" "Mozilla/5.0 (Macintosh; Intel Mac OS X 10_15_7) AppleWebKit/605.1.15 (KHTML, like Gecko) Version/16.4 Safari/605.1.15"
64.227.183.177 - - [31/Oct/2025:19:18:42 +0545] "GET /wp-content/themes/twentytwentythree/ HTTP/1.1" 301 269 "-" "Mozilla/5.0 (iPad; CPU OS 16_4 like Mac OS X) AppleWebKit/605.1.15 (KHTML, like Gecko) Version/16.4 Mobile/15E148 Safari/604.1"
103.65.237.158 - - [31/Oct/2025:19:18:45 +0545] "GET /pas/ HTTP/1.1" 301 241 "-" "Mozilla/5.0 (Windows NT 10.0; Win64; x64) AppleWebKit/537.36 (KHTML, like Gecko) Chrome/91.0.4472.124 Safari/537.36"
64.227.183.177 - - [31/Oct/2025:19:18:50 +0545] "GET /wp-content/themes/twentytwentythree/ HTTP/1.1" 301 269 "-" "Mozilla/5.0 (Windows NT 10.0; Win64; x64) AppleWebKit/537.36 (KHTML, like Gecko) Chrome/114.0.0.0 Safari/537.36"
64.227.183.177 - - [31/Oct/2025:19:18:55 +0545] "GET /wp-content/themes/twentytwentythree/ HTTP/1.1" 301 269 "-" "Mozilla/5.0 (Windows NT 10.0; Win64; x64; rv:110.0) Gecko/20100101 Firefox/110.0"
64.227.183.177 - - [31/Oct/2025:19:18:59 +0545] "GET /wp-content/themes/twentytwentythree/ HTTP/1.1" 301 269 "-" "Mozilla/5.0 (Windows NT 10.0; Win64; x64) AppleWebKit/537.36 (KHTML, like Gecko) Chrome/114.0.0.0 Safari/537.36"
103.65.237.158 - - [31/Oct/2025:19:19:09 +0545] "GET /2017/ HTTP/1.1" 301 242 "-" "Mozilla/5.0 (Windows NT 10.0; Win64; x64) AppleWebKit/537.36 (KHTML, like Gecko) Chrome/91.0.4472.124 Safari/537.36"
64.227.183.177 - - [31/Oct/2025:19:19:10 +0545] "GET /wp-content/themes/twentytwentythree/ HTTP/1.1" 301 269 "-" "Mozilla/5.0 (Windows NT 10.0; Win64; x64) AppleWebKit/537.36 (KHTML, like Gecko) Chrome/114.0.0.0 Safari/537.36"
64.227.183.177 - - [31/Oct/2025:19:19:14 +0545] "GET /wp-content/themes/twentytwentythree/ HTTP/1.1" 301 269 "-" "Mozilla/5.0 (Windows NT 10.0; Win64; x64; rv:110.0) Gecko/20100101 Firefox/110.0"
64.227.183.177 - - [31/Oct/2025:19:19:19 +0545] "GET /wp-content/themes/twentytwentythree/ HTTP/1.1" 301 269 "-" "Mozilla/5.0 (Windows NT 10.0; Win64; x64; rv:110.0) Gecko/20100101 Firefox/110.0"
64.227.183.177 - - [31/Oct/2025:19:19:23 +0545] "GET /wp-content/themes/twentytwentythree/ HTTP/1.1" 301 269 "-" "Mozilla/5.0 (X11; Linux x86_64) AppleWebKit/537.36 (KHTML, like Gecko) Chrome/111.0.0.0 Safari/537.36"
64.227.183.177 - - [31/Oct/2025:19:19:30 +0545] "GET /wp-content/themes/twentytwentythree/ HTTP/1.1" 301 269 "-" "Mozilla/5.0 (Windows NT 10.0; Win64; x64) AppleWebKit/537.36 (KHTML, like Gecko) Chrome/114.0.0.0 Safari/537.36"
103.65.237.158 - - [31/Oct/2025:19:19:32 +0545] "GET /2018/ HTTP/1.1" 301 242 "-" "Mozilla/5.0 (Windows NT 10.0; Win64; x64) AppleWebKit/537.36 (KHTML, like Gecko) Chrome/91.0.4472.124 Safari/537.36"
64.227.183.177 - - [31/Oct/2025:19:19:35 +0545] "GET /wp-content/themes/twentytwentythree/ HTTP/1.1" 301 269 "-" "Mozilla/5.0 (Macintosh; Intel Mac OS X 10_15_7) AppleWebKit/605.1.15 (KHTML, like Gecko) Version/16.4 Safari/605.1.15"
103.65.237.158 - - [31/Oct/2025:19:19:55 +0545] "GET /2019/ HTTP/1.1" 301 242 "-" "Mozilla/5.0 (Windows NT 10.0; Win64; x64) AppleWebKit/537.36 (KHTML, like Gecko) Chrome/91.0.4472.124 Safari/537.36"
103.65.237.158 - - [31/Oct/2025:19:20:16 +0545] "GET /2020/ HTTP/1.1" 301 242 "-" "Mozilla/5.0 (Windows NT 10.0; Win64; x64) AppleWebKit/537.36 (KHTML, like Gecko) Chrome/91.0.4472.124 Safari/537.36"
103.65.237.158 - - [31/Oct/2025:19:20:37 +0545] "GET /2021/ HTTP/1.1" 301 242 "-" "Mozilla/5.0 (Windows NT 10.0; Win64; x64) AppleWebKit/537.36 (KHTML, like Gecko) Chrome/91.0.4472.124 Safari/537.36"
103.65.237.158 - - [31/Oct/2025:19:21:01 +0545] "GET /2022/ HTTP/1.1" 301 242 "-" "Mozilla/5.0 (Windows NT 10.0; Win64; x64) AppleWebKit/537.36 (KHTML, like Gecko) Chrome/91.0.4472.124 Safari/537.36"
103.65.237.158 - - [31/Oct/2025:19:21:24 +0545] "GET /2023/ HTTP/1.1" 301 242 "-" "Mozilla/5.0 (Windows NT 10.0; Win64; x64) AppleWebKit/537.36 (KHTML, like Gecko) Chrome/91.0.4472.124 Safari/537.36"
103.65.237.158 - - [31/Oct/2025:19:21:50 +0545] "GET /2024/ HTTP/1.1" 301 242 "-" "Mozilla/5.0 (Windows NT 10.0; Win64; x64) AppleWebKit/537.36 (KHTML, like Gecko) Chrome/91.0.4472.124 Safari/537.36"
103.65.237.158 - - [31/Oct/2025:19:22:14 +0545] "GET /2025/ HTTP/1.1" 301 242 "-" "Mozilla/5.0 (Windows NT 10.0; Win64; x64) AppleWebKit/537.36 (KHTML, like Gecko) Chrome/91.0.4472.124 Safari/537.36"
103.65.237.158 - - [31/Oct/2025:19:22:36 +0545] "GET /logo/ HTTP/1.1" 301 242 "-" "Mozilla/5.0 (Windows NT 10.0; Win64; x64) AppleWebKit/537.36 (KHTML, like Gecko) Chrome/91.0.4472.124 Safari/537.36"
103.65.237.158 - - [31/Oct/2025:19:22:58 +0545] "GET /ppdb/ HTTP/1.1" 301 242 "-" "Mozilla/5.0 (Windows NT 10.0; Win64; x64) AppleWebKit/537.36 (KHTML, like Gecko) Chrome/91.0.4472.124 Safari/537.36"
103.65.237.158 - - [31/Oct/2025:19:23:20 +0545] "GET /services/ HTTP/1.1" 301 246 "-" "Mozilla/5.0 (Windows NT 10.0; Win64; x64) AppleWebKit/537.36 (KHTML, like Gecko) Chrome/91.0.4472.124 Safari/537.36"
103.65.237.158 - - [31/Oct/2025:19:23:48 +0545] "GET /basil/ HTTP/1.1" 301 243 "-" "Mozilla/5.0 (Windows NT 10.0; Win64; x64) AppleWebKit/537.36 (KHTML, like Gecko) Chrome/91.0.4472.124 Safari/537.36"
103.65.237.158 - - [31/Oct/2025:19:24:14 +0545] "GET /brand/ HTTP/1.1" 301 243 "-" "Mozilla/5.0 (Windows NT 10.0; Win64; x64) AppleWebKit/537.36 (KHTML, like Gecko) Chrome/91.0.4472.124 Safari/537.36"
103.65.237.158 - - [31/Oct/2025:19:24:38 +0545] "GET /csr/ HTTP/1.1" 301 241 "-" "Mozilla/5.0 (Windows NT 10.0; Win64; x64) AppleWebKit/537.36 (KHTML, like Gecko) Chrome/91.0.4472.124 Safari/537.36"
103.65.237.158 - - [31/Oct/2025:19:25:05 +0545] "GET /media_library/ HTTP/1.1" 301 251 "-" "Mozilla/5.0 (Windows NT 10.0; Win64; x64) AppleWebKit/537.36 (KHTML, like Gecko) Chrome/91.0.4472.124 Safari/537.36"
103.65.237.158 - - [31/Oct/2025:19:25:32 +0545] "GET /favicon/ HTTP/1.1" 301 245 "-" "Mozilla/5.0 (Windows NT 10.0; Win64; x64) AppleWebKit/537.36 (KHTML, like Gecko) Chrome/91.0.4472.124 Safari/537.36"
103.65.237.158 - - [31/Oct/2025:19:25:59 +0545] "GET /footer/ HTTP/1.1" 301 244 "-" "Mozilla/5.0 (Windows NT 10.0; Win64; x64) AppleWebKit/537.36 (KHTML, like Gecko) Chrome/91.0.4472.124 Safari/537.36"
103.65.237.158 - - [31/Oct/2025:19:26:23 +0545] "GET /filter/ HTTP/1.1" 301 244 "-" "Mozilla/5.0 (Windows NT 10.0; Win64; x64) AppleWebKit/537.36 (KHTML, like Gecko) Chrome/91.0.4472.124 Safari/537.36"
103.65.237.158 - - [31/Oct/2025:19:26:44 +0545] "GET /pattern/ HTTP/1.1" 301 245 "-" "Mozilla/5.0 (Windows NT 10.0; Win64; x64) AppleWebKit/537.36 (KHTML, like Gecko) Chrome/91.0.4472.124 Safari/537.36"
103.65.237.158 - - [31/Oct/2025:19:26:59 +0545] "GET /grade/ HTTP/1.1" 301 243 "-" "Mozilla/5.0 (Windows NT 10.0; Win64; x64) AppleWebKit/537.36 (KHTML, like Gecko) Chrome/91.0.4472.124 Safari/537.36"
103.65.237.158 - - [31/Oct/2025:19:27:18 +0545] "GET /home-pages/ HTTP/1.1" 301 248 "-" "Mozilla/5.0 (Windows NT 10.0; Win64; x64) AppleWebKit/537.36 (KHTML, like Gecko) Chrome/91.0.4472.124 Safari/537.36"
103.65.237.158 - - [31/Oct/2025:19:27:31 +0545] "GET /projects/ HTTP/1.1" 301 246 "-" "Mozilla/5.0 (Windows NT 10.0; Win64; x64) AppleWebKit/537.36 (KHTML, like Gecko) Chrome/91.0.4472.124 Safari/537.36"
103.65.237.158 - - [31/Oct/2025:19:27:43 +0545] "GET /sidebar/ HTTP/1.1" 301 245 "-" "Mozilla/5.0 (Windows NT 10.0; Win64; x64) AppleWebKit/537.36 (KHTML, like Gecko) Chrome/91.0.4472.124 Safari/537.36"
103.65.237.158 - - [31/Oct/2025:19:27:57 +0545] "GET /slides/ HTTP/1.1" 301 244 "-" "Mozilla/5.0 (Windows NT 10.0; Win64; x64) AppleWebKit/537.36 (KHTML, like Gecko) Chrome/91.0.4472.124 Safari/537.36"
103.65.237.158 - - [31/Oct/2025:19:28:26 +0545] "GET /favourites/ HTTP/1.1" 301 248 "-" "Mozilla/5.0 (Windows NT 10.0; Win64; x64) AppleWebKit/537.36 (KHTML, like Gecko) Chrome/91.0.4472.124 Safari/537.36"
103.65.237.158 - - [31/Oct/2025:19:28:40 +0545] "GET /testimonial/ HTTP/1.1" 301 249 "-" "Mozilla/5.0 (Windows NT 10.0; Win64; x64) AppleWebKit/537.36 (KHTML, like Gecko) Chrome/91.0.4472.124 Safari/537.36"
103.65.237.158 - - [31/Oct/2025:19:28:53 +0545] "GET /bank/ HTTP/1.1" 301 242 "-" "Mozilla/5.0 (Windows NT 10.0; Win64; x64) AppleWebKit/537.36 (KHTML, like Gecko) Chrome/91.0.4472.124 Safari/537.36"
103.65.237.158 - - [31/Oct/2025:19:29:06 +0545] "GET /batin24/ HTTP/1.1" 301 245 "-" "Mozilla/5.0 (Windows NT 10.0; Win64; x64) AppleWebKit/537.36 (KHTML, like Gecko) Chrome/91.0.4472.124 Safari/537.36"
103.65.237.158 - - [31/Oct/2025:19:29:17 +0545] "GET /beatricce/ HTTP/1.1" 301 247 "-" "Mozilla/5.0 (Windows NT 10.0; Win64; x64) AppleWebKit/537.36 (KHTML, like Gecko) Chrome/91.0.4472.124 Safari/537.36"
103.65.237.158 - - [31/Oct/2025:19:29:29 +0545] "GET /buddha/ HTTP/1.1" 301 244 "-" "Mozilla/5.0 (Windows NT 10.0; Win64; x64) AppleWebKit/537.36 (KHTML, like Gecko) Chrome/91.0.4472.124 Safari/537.36"
103.65.237.158 - - [31/Oct/2025:19:29:43 +0545] "GET /byroernne/ HTTP/1.1" 301 247 "-" "Mozilla/5.0 (Windows NT 10.0; Win64; x64) AppleWebKit/537.36 (KHTML, like Gecko) Chrome/91.0.4472.124 Safari/537.36"
103.65.237.158 - - [31/Oct/2025:19:30:00 +0545] "GET /clinicasoftware/ HTTP/1.1" 301 253 "-" "Mozilla/5.0 (Windows NT 10.0; Win64; x64) AppleWebKit/537.36 (KHTML, like Gecko) Chrome/91.0.4472.124 Safari/537.36"
103.65.237.158 - - [31/Oct/2025:19:30:17 +0545] "GET /casadosvidros/ HTTP/1.1" 301 251 "-" "Mozilla/5.0 (Windows NT 10.0; Win64; x64) AppleWebKit/537.36 (KHTML, like Gecko) Chrome/91.0.4472.124 Safari/537.36"
103.65.237.158 - - [31/Oct/2025:19:30:39 +0545] "GET /careers/ HTTP/1.1" 301 245 "-" "Mozilla/5.0 (Windows NT 10.0; Win64; x64) AppleWebKit/537.36 (KHTML, like Gecko) Chrome/91.0.4472.124 Safari/537.36"
103.65.237.158 - - [31/Oct/2025:19:30:56 +0545] "GET /campuslag/ HTTP/1.1" 301 247 "-" "Mozilla/5.0 (Windows NT 10.0; Win64; x64) AppleWebKit/537.36 (KHTML, like Gecko) Chrome/91.0.4472.124 Safari/537.36"
103.65.237.158 - - [31/Oct/2025:19:31:10 +0545] "GET /bowenpayments/ HTTP/1.1" 301 251 "-" "Mozilla/5.0 (Windows NT 10.0; Win64; x64) AppleWebKit/537.36 (KHTML, like Gecko) Chrome/91.0.4472.124 Safari/537.36"
103.65.237.158 - - [31/Oct/2025:19:31:28 +0545] "GET /client_billing/ HTTP/1.1" 301 252 "-" "Mozilla/5.0 (Windows NT 10.0; Win64; x64) AppleWebKit/537.36 (KHTML, like Gecko) Chrome/91.0.4472.124 Safari/537.36"
103.65.237.158 - - [31/Oct/2025:19:31:39 +0545] "GET /dists/ HTTP/1.1" 301 243 "-" "Mozilla/5.0 (Windows NT 10.0; Win64; x64) AppleWebKit/537.36 (KHTML, like Gecko) Chrome/91.0.4472.124 Safari/537.36"
103.65.237.158 - - [31/Oct/2025:19:31:52 +0545] "GET /bugtracker HTTP/1.1" 301 247 "-" "Mozilla/5.0 (Windows NT 10.0; Win64; x64) AppleWebKit/537.36 (KHTML, like Gecko) Chrome/91.0.4472.124 Safari/537.36"
178.159.37.44 - - [31/Oct/2025:19:32:00 +0545] "POST /consultants/xmlrpc.php HTTP/1.1" 301 255 "-" "Mozilla/5.0 (Windows NT 10.0; Win64; x64) AppleWebKit/537.36 (KHTML, like Gecko) Chrome/79.0.3945.130 Safari/537.36"
103.65.237.158 - - [31/Oct/2025:19:32:05 +0545] "GET /error/ HTTP/1.1" 301 243 "-" "Mozilla/5.0 (Windows NT 10.0; Win64; x64) AppleWebKit/537.36 (KHTML, like Gecko) Chrome/91.0.4472.124 Safari/537.36"
178.159.37.44 - - [31/Oct/2025:19:32:07 +0545] "POST /consultants/xmlrpc.php HTTP/1.1" 301 255 "-" "Mozilla/5.0 (Windows NT 10.0; Win64; x64) AppleWebKit/537.36 (KHTML, like Gecko) Chrome/79.0.3945.130 Safari/537.36"
178.159.37.44 - - [31/Oct/2025:19:32:11 +0545] "POST /consultants/xmlrpc.php HTTP/1.1" 301 255 "-" "Mozilla/5.0 (Windows NT 10.0; Win64; x64) AppleWebKit/537.36 (KHTML, like Gecko) Chrome/79.0.3945.130 Safari/537.36"
178.159.37.44 - - [31/Oct/2025:19:32:13 +0545] "POST /consultants/xmlrpc.php HTTP/1.1" 301 255 "-" "Mozilla/5.0 (Windows NT 10.0; Win64; x64) AppleWebKit/537.36 (KHTML, like Gecko) Chrome/79.0.3945.130 Safari/537.36"
103.65.237.158 - - [31/Oct/2025:19:32:17 +0545] "GET /bots/ HTTP/1.1" 301 242 "-" "Mozilla/5.0 (Windows NT 10.0; Win64; x64) AppleWebKit/537.36 (KHTML, like Gecko) Chrome/91.0.4472.124 Safari/537.36"
103.65.237.158 - - [31/Oct/2025:19:32:31 +0545] "GET /enrol/ HTTP/1.1" 301 243 "-" "Mozilla/5.0 (Windows NT 10.0; Win64; x64) AppleWebKit/537.36 (KHTML, like Gecko) Chrome/91.0.4472.124 Safari/537.36"
103.65.237.158 - - [31/Oct/2025:19:32:49 +0545] "GET /contentbank/ HTTP/1.1" 301 249 "-" "Mozilla/5.0 (Windows NT 10.0; Win64; x64) AppleWebKit/537.36 (KHTML, like Gecko) Chrome/91.0.4472.124 Safari/537.36"
74.234.86.205 - - [31/Oct/2025:19:32:53 +0545] "GET /wp-content/plugins/hellopress/wp_filemanager.php HTTP/1.1" 301 285 "-" "-"
74.234.86.205 - - [31/Oct/2025:19:32:58 +0545] "GET /m.php HTTP/1.1" 301 242 "-" "-"
74.234.86.205 - - [31/Oct/2025:19:32:59 +0545] "GET /admin.php HTTP/1.1" 301 246 "-" "-"
74.234.86.205 - - [31/Oct/2025:19:33:02 +0545] "GET /marijuana.php HTTP/1.1" 301 250 "-" "-"
103.65.237.158 - - [31/Oct/2025:19:33:04 +0545] "GET /customfield/ HTTP/1.1" 301 249 "-" "Mozilla/5.0 (Windows NT 10.0; Win64; x64) AppleWebKit/537.36 (KHTML, like Gecko) Chrome/91.0.4472.124 Safari/537.36"
74.234.86.205 - - [31/Oct/2025:19:33:04 +0545] "GET /modules/mod_simplefileuploadv1.3/elements/filemanager.php HTTP/1.1" 301 294 "-" "-"
74.234.86.205 - - [31/Oct/2025:19:33:05 +0545] "GET /readme.php HTTP/1.1" 301 247 "-" "-"
74.234.86.205 - - [31/Oct/2025:19:33:08 +0545] "GET /gmo.php HTTP/1.1" 301 244 "-" "-"
74.234.86.205 - - [31/Oct/2025:19:33:10 +0545] "GET /autoload_classmap.php HTTP/1.1" 301 258 "-" "-"
74.234.86.205 - - [31/Oct/2025:19:33:12 +0545] "GET /wp-includes/html-api/wp-conflg.php HTTP/1.1" 301 271 "-" "-"
74.234.86.205 - - [31/Oct/2025:19:33:14 +0545] "GET /wp-content/BypassBest.php HTTP/1.1" 301 262 "-" "-"
74.234.86.205 - - [31/Oct/2025:19:33:16 +0545] "GET /nc4.php HTTP/1.1" 301 244 "-" "-"
74.234.86.205 - - [31/Oct/2025:19:33:18 +0545] "GET /wp-content/themes/wp-pridmag/init.php HTTP/1.1" 301 274 "-" "-"
103.65.237.158 - - [31/Oct/2025:19:33:19 +0545] "GET /dataformat/ HTTP/1.1" 301 248 "-" "Mozilla/5.0 (Windows NT 10.0; Win64; x64) AppleWebKit/537.36 (KHTML, like Gecko) Chrome/91.0.4472.124 Safari/537.36"
74.234.86.205 - - [31/Oct/2025:19:33:20 +0545] "GET /g.php HTTP/1.1" 301 242 "-" "-"
74.234.86.205 - - [31/Oct/2025:19:33:23 +0545] "GET /13.php HTTP/1.1" 301 243 "-" "-"
74.234.86.205 - - [31/Oct/2025:19:33:25 +0545] "GET /wp-admin/maint/about.php HTTP/1.1" 301 261 "-" "-"
74.234.86.205 - - [31/Oct/2025:19:33:27 +0545] "GET /adminer.php HTTP/1.1" 301 248 "-" "-"
74.234.86.205 - - [31/Oct/2025:19:33:29 +0545] "GET /wp-admin/images/wp-ksv1i.php HTTP/1.1" 301 265 "-" "-"
103.65.237.158 - - [31/Oct/2025:19:33:30 +0545] "GET /course/ HTTP/1.1" 301 244 "-" "Mozilla/5.0 (Windows NT 10.0; Win64; x64) AppleWebKit/537.36 (KHTML, like Gecko) Chrome/91.0.4472.124 Safari/537.36"
74.234.86.205 - - [31/Oct/2025:19:33:31 +0545] "GET /wp-includes/js/crop/zmFM.php HTTP/1.1" 301 265 "-" "-"
74.234.86.205 - - [31/Oct/2025:19:33:33 +0545] "GET /.well-known/acme-challenge/admin.php HTTP/1.1" 301 273 "-" "-"
74.234.86.205 - - [31/Oct/2025:19:33:35 +0545] "GET /wp-includes/0.php HTTP/1.1" 301 254 "-" "-"
74.234.86.205 - - [31/Oct/2025:19:33:37 +0545] "GET /plugins/Cache/footer.php HTTP/1.1" 301 261 "-" "-"
74.234.86.205 - - [31/Oct/2025:19:33:40 +0545] "GET /wp-includes/style-engine/about.php HTTP/1.1" 301 271 "-" "-"
74.234.86.205 - - [31/Oct/2025:19:33:42 +0545] "GET /404.php?fm=true HTTP/1.1" 301 252 "-" "-"
74.234.86.205 - - [31/Oct/2025:19:33:44 +0545] "GET /i1.php HTTP/1.1" 301 243 "-" "-"
74.234.86.205 - - [31/Oct/2025:19:33:46 +0545] "GET /link.php HTTP/1.1" 301 245 "-" "-"
103.65.237.158 - - [31/Oct/2025:19:33:46 +0545] "GET /badges/ HTTP/1.1" 301 244 "-" "Mozilla/5.0 (Windows NT 10.0; Win64; x64) AppleWebKit/537.36 (KHTML, like Gecko) Chrome/91.0.4472.124 Safari/537.36"
74.234.86.205 - - [31/Oct/2025:19:33:48 +0545] "GET /images/m.php HTTP/1.1" 301 249 "-" "-"
74.234.86.205 - - [31/Oct/2025:19:33:50 +0545] "GET /wp-admin/js/themes.php HTTP/1.1" 301 259 "-" "-"
74.234.86.205 - - [31/Oct/2025:19:33:53 +0545] "GET /xx.php HTTP/1.1" 301 243 "-" "-"
74.234.86.205 - - [31/Oct/2025:19:33:55 +0545] "GET /mail.php? HTTP/1.1" 301 246 "-" "-"
74.234.86.205 - - [31/Oct/2025:19:33:58 +0545] "GET /.well-known/fm.php HTTP/1.1" 301 255 "-" "-"
103.65.237.158 - - [31/Oct/2025:19:33:59 +0545] "GET /sbp/ HTTP/1.1" 301 241 "-" "Mozilla/5.0 (Windows NT 10.0; Win64; x64) AppleWebKit/537.36 (KHTML, like Gecko) Chrome/91.0.4472.124 Safari/537.36"
74.234.86.205 - - [31/Oct/2025:19:34:00 +0545] "GET /17.php HTTP/1.1" 301 243 "-" "-"
74.234.86.205 - - [31/Oct/2025:19:34:02 +0545] "GET /0.php HTTP/1.1" 301 242 "-" "-"
74.234.86.205 - - [31/Oct/2025:19:34:04 +0545] "GET /wp-admin/maint/Mailer.php HTTP/1.1" 301 262 "-" "-"
74.234.86.205 - - [31/Oct/2025:19:34:07 +0545] "GET /wp-configs.php? HTTP/1.1" 301 252 "-" "-"
74.234.86.205 - - [31/Oct/2025:19:34:09 +0545] "GET /wp-includes/js/codemirror/index.php HTTP/1.1" 301 272 "-" "-"
74.234.86.205 - - [31/Oct/2025:19:34:11 +0545] "GET /click.php HTTP/1.1" 301 246 "-" "-"
74.234.86.205 - - [31/Oct/2025:19:34:13 +0545] "GET /install.php HTTP/1.1" 301 248 "-" "-"
74.234.86.205 - - [31/Oct/2025:19:34:15 +0545] "GET /10.php HTTP/1.1" 301 243 "-" "-"
74.234.86.205 - - [31/Oct/2025:19:34:18 +0545] "GET /goat1.php HTTP/1.1" 301 246 "-" "-"
74.234.86.205 - - [31/Oct/2025:19:34:21 +0545] "GET /yu.php HTTP/1.1" 301 243 "-" "-"
74.234.86.205 - - [31/Oct/2025:19:34:22 +0545] "GET /images/Marvins.php HTTP/1.1" 301 255 "-" "-"
103.65.237.158 - - [31/Oct/2025:19:34:23 +0545] "GET /competency/ HTTP/1.1" 301 248 "-" "Mozilla/5.0 (Windows NT 10.0; Win64; x64) AppleWebKit/537.36 (KHTML, like Gecko) Chrome/91.0.4472.124 Safari/537.36"
74.234.86.205 - - [31/Oct/2025:19:34:24 +0545] "GET /.well-known/admin.php HTTP/1.1" 301 258 "-" "-"
74.234.86.205 - - [31/Oct/2025:19:34:27 +0545] "GET /124.php HTTP/1.1" 301 244 "-" "-"
74.234.86.205 - - [31/Oct/2025:19:34:30 +0545] "GET /wp-admin/maint/index.php HTTP/1.1" 301 261 "-" "-"
74.234.86.205 - - [31/Oct/2025:19:34:34 +0545] "GET /q.php HTTP/1.1" 301 242 "-" "-"
74.234.86.205 - - [31/Oct/2025:19:34:37 +0545] "GET /123.php HTTP/1.1" 301 244 "-" "-"
74.234.86.205 - - [31/Oct/2025:19:34:39 +0545] "GET /wp-content/themes/seotheme/mar.php HTTP/1.1" 301 271 "-" "-"
74.234.86.205 - - [31/Oct/2025:19:34:42 +0545] "GET /aa.php HTTP/1.1" 301 243 "-" "-"
103.65.237.158 - - [31/Oct/2025:19:34:44 +0545] "GET /sandbox/ HTTP/1.1" 301 245 "-" "Mozilla/5.0 (Windows NT 10.0; Win64; x64) AppleWebKit/537.36 (KHTML, like Gecko) Chrome/91.0.4472.124 Safari/537.36"
74.234.86.205 - - [31/Oct/2025:19:34:44 +0545] "GET /uploads/multi.php HTTP/1.1" 301 254 "-" "-"
74.234.86.205 - - [31/Oct/2025:19:34:46 +0545] "GET /3.php?p= HTTP/1.1" 301 245 "-" "-"
74.234.86.205 - - [31/Oct/2025:19:34:48 +0545] "GET /admin/uploads/images/autoload_classmap.php HTTP/1.1" 301 279 "-" "-"
74.234.86.205 - - [31/Oct/2025:19:34:51 +0545] "GET /sk.php HTTP/1.1" 301 243 "-" "-"
74.234.86.205 - - [31/Oct/2025:19:34:54 +0545] "GET /wp-crom.php HTTP/1.1" 301 248 "-" "-"
74.234.86.205 - - [31/Oct/2025:19:34:56 +0545] "GET /max.php HTTP/1.1" 301 244 "-" "-"
74.234.86.205 - - [31/Oct/2025:19:34:58 +0545] "GET /wp-admin/about.php HTTP/1.1" 301 255 "-" "-"
103.65.237.158 - - [31/Oct/2025:19:35:07 +0545] "GET /scholarship/ HTTP/1.1" 301 249 "-" "Mozilla/5.0 (Windows NT 10.0; Win64; x64) AppleWebKit/537.36 (KHTML, like Gecko) Chrome/91.0.4472.124 Safari/537.36"
74.234.86.205 - - [31/Oct/2025:19:35:10 +0545] "GET /1100.php HTTP/1.1" 301 245 "-" "-"
74.234.86.205 - - [31/Oct/2025:19:35:21 +0545] "GET /wp-content/403.php HTTP/1.1" 301 255 "-" "-"
103.65.237.158 - - [31/Oct/2025:19:35:26 +0545] "GET /myAdmin/ HTTP/1.1" 301 245 "-" "Mozilla/5.0 (Windows NT 10.0; Win64; x64) AppleWebKit/537.36 (KHTML, like Gecko) Chrome/91.0.4472.124 Safari/537.36"
74.234.86.205 - - [31/Oct/2025:19:35:29 +0545] "GET /.well-known/gecko-litespeed.php HTTP/1.1" 301 268 "-" "-"
74.234.86.205 - - [31/Oct/2025:19:35:32 +0545] "GET /lock360.php HTTP/1.1" 301 248 "-" "-"
74.234.86.205 - - [31/Oct/2025:19:35:35 +0545] "GET /up.php?x= HTTP/1.1" 301 246 "-" "-"
74.234.86.205 - - [31/Oct/2025:19:35:38 +0545] "GET /sim.php HTTP/1.1" 301 244 "-" "-"
74.234.86.205 - - [31/Oct/2025:19:35:41 +0545] "GET /ioxi-o.php HTTP/1.1" 301 247 "-" "-"
74.234.86.205 - - [31/Oct/2025:19:35:42 +0545] "GET /oo.php HTTP/1.1" 301 243 "-" "-"
74.234.86.205 - - [31/Oct/2025:19:35:45 +0545] "GET /alfanew.php HTTP/1.1" 301 248 "-" "-"
103.65.237.158 - - [31/Oct/2025:19:35:47 +0545] "GET /saml/ HTTP/1.1" 301 242 "-" "Mozilla/5.0 (Windows NT 10.0; Win64; x64) AppleWebKit/537.36 (KHTML, like Gecko) Chrome/91.0.4472.124 Safari/537.36"
74.234.86.205 - - [31/Oct/2025:19:35:48 +0545] "GET /wp-includes/js/codemirror/about.php HTTP/1.1" 301 272 "-" "-"
74.234.86.205 - - [31/Oct/2025:19:35:49 +0545] "GET /themes/twentytwentytwo/index.php HTTP/1.1" 301 269 "-" "-"
74.234.86.205 - - [31/Oct/2025:19:35:51 +0545] "GET /ll.php HTTP/1.1" 301 243 "-" "-"
74.234.86.205 - - [31/Oct/2025:19:35:53 +0545] "GET /wp-includes/wp-class.php HTTP/1.1" 301 261 "-" "-"
74.234.86.205 - - [31/Oct/2025:19:35:55 +0545] "GET /ee.php HTTP/1.1" 301 243 "-" "-"
74.234.86.205 - - [31/Oct/2025:19:35:58 +0545] "GET /wp-content/product.php HTTP/1.1" 301 259 "-" "-"
74.234.86.205 - - [31/Oct/2025:19:36:00 +0545] "GET /wi.php HTTP/1.1" 301 243 "-" "-"
74.234.86.205 - - [31/Oct/2025:19:36:04 +0545] "GET /mms.php HTTP/1.1" 301 244 "-" "-"
74.234.86.205 - - [31/Oct/2025:19:36:06 +0545] "GET /wp-includes/Requests/about.php HTTP/1.1" 301 267 "-" "-"
103.65.237.158 - - [31/Oct/2025:19:36:07 +0545] "GET /data/ HTTP/1.1" 301 242 "-" "Mozilla/5.0 (Windows NT 10.0; Win64; x64) AppleWebKit/537.36 (KHTML, like Gecko) Chrome/91.0.4472.124 Safari/537.36"
74.234.86.205 - - [31/Oct/2025:19:36:09 +0545] "GET /v4.php HTTP/1.1" 301 243 "-" "-"
74.234.86.205 - - [31/Oct/2025:19:36:12 +0545] "GET /wp-mn.php HTTP/1.1" 301 246 "-" "-"
74.234.86.205 - - [31/Oct/2025:19:36:14 +0545] "GET /222.php HTTP/1.1" 301 244 "-" "-"
74.234.86.205 - - [31/Oct/2025:19:36:16 +0545] "GET /ALFA_DATA/index.php HTTP/1.1" 301 256 "-" "-"
74.234.86.205 - - [31/Oct/2025:19:36:19 +0545] "GET /lock360.php?p= HTTP/1.1" 301 251 "-" "-"
74.234.86.205 - - [31/Oct/2025:19:36:23 +0545] "GET /wp-includes/autoload_classmap.php HTTP/1.1" 301 270 "-" "-"
103.65.237.158 - - [31/Oct/2025:19:36:26 +0545] "GET /extlib/ HTTP/1.1" 301 244 "-" "Mozilla/5.0 (Windows NT 10.0; Win64; x64) AppleWebKit/537.36 (KHTML, like Gecko) Chrome/91.0.4472.124 Safari/537.36"
74.234.86.205 - - [31/Oct/2025:19:36:26 +0545] "GET /po.php HTTP/1.1" 301 243 "-" "-"
74.234.86.205 - - [31/Oct/2025:19:36:28 +0545] "GET /zews.php HTTP/1.1" 301 245 "-" "-"
74.234.86.205 - - [31/Oct/2025:19:36:32 +0545] "GET /wp-admin/wp-conflg.php?p= HTTP/1.1" 301 262 "-" "-"
74.234.86.205 - - [31/Oct/2025:19:36:35 +0545] "GET /usage-file.php HTTP/1.1" 301 251 "-" "-"
74.234.86.205 - - [31/Oct/2025:19:36:40 +0545] "GET /assets/js/wp-config.php HTTP/1.1" 301 260 "-" "-"
74.234.86.205 - - [31/Oct/2025:19:36:43 +0545] "GET /Js.php HTTP/1.1" 301 243 "-" "-"
74.234.86.205 - - [31/Oct/2025:19:36:46 +0545] "GET /menu.php HTTP/1.1" 301 245 "-" "-"
74.234.86.205 - - [31/Oct/2025:19:36:50 +0545] "GET /bs1.php HTTP/1.1" 301 244 "-" "-"
74.234.86.205 - - [31/Oct/2025:19:36:52 +0545] "GET /build.php HTTP/1.1" 301 246 "-" "-"
74.234.86.205 - - [31/Oct/2025:19:36:54 +0545] "GET /ab.php HTTP/1.1" 301 243 "-" "-"
103.65.237.158 - - [31/Oct/2025:19:36:56 +0545] "GET /simplesamlphp/ HTTP/1.1" 301 251 "-" "Mozilla/5.0 (Windows NT 10.0; Win64; x64) AppleWebKit/537.36 (KHTML, like Gecko) Chrome/91.0.4472.124 Safari/537.36"
74.234.86.205 - - [31/Oct/2025:19:36:57 +0545] "GET /ahax.php HTTP/1.1" 301 245 "-" "-"
103.65.237.158 - - [31/Oct/2025:19:37:31 +0545] "GET /completion/ HTTP/1.1" 301 248 "-" "Mozilla/5.0 (Windows NT 10.0; Win64; x64) AppleWebKit/537.36 (KHTML, like Gecko) Chrome/91.0.4472.124 Safari/537.36"
103.65.237.158 - - [31/Oct/2025:19:37:48 +0545] "GET /raphaelfonseca/ HTTP/1.1" 301 252 "-" "Mozilla/5.0 (Windows NT 10.0; Win64; x64) AppleWebKit/537.36 (KHTML, like Gecko) Chrome/91.0.4472.124 Safari/537.36"
103.65.237.158 - - [31/Oct/2025:19:38:13 +0545] "GET /comment/ HTTP/1.1" 301 245 "-" "Mozilla/5.0 (Windows NT 10.0; Win64; x64) AppleWebKit/537.36 (KHTML, like Gecko) Chrome/91.0.4472.124 Safari/537.36"
103.65.237.158 - - [31/Oct/2025:19:38:29 +0545] "GET /calendar/ HTTP/1.1" 301 246 "-" "Mozilla/5.0 (Windows NT 10.0; Win64; x64) AppleWebKit/537.36 (KHTML, like Gecko) Chrome/91.0.4472.124 Safari/537.36"
103.65.237.158 - - [31/Oct/2025:19:38:50 +0545] "GET /order/ HTTP/1.1" 301 243 "-" "Mozilla/5.0 (Windows NT 10.0; Win64; x64) AppleWebKit/537.36 (KHTML, like Gecko) Chrome/91.0.4472.124 Safari/537.36"
103.65.237.158 - - [31/Oct/2025:19:39:07 +0545] "GET /sirim/ HTTP/1.1" 301 243 "-" "Mozilla/5.0 (Windows NT 10.0; Win64; x64) AppleWebKit/537.36 (KHTML, like Gecko) Chrome/91.0.4472.124 Safari/537.36"
