103.65.237.158 - - [31/Oct/2025:01:19:40 +0545] "GET /dev_grupo_total/ HTTP/1.1" 301 253 "-" "Mozilla/5.0 (Windows NT 10.0; Win64; x64) AppleWebKit/537.36 (KHTML, like Gecko) Chrome/91.0.4472.124 Safari/537.36"
103.65.237.158 - - [31/Oct/2025:01:20:06 +0545] "GET /develop/ HTTP/1.1" 301 245 "-" "Mozilla/5.0 (Windows NT 10.0; Win64; x64) AppleWebKit/537.36 (KHTML, like Gecko) Chrome/91.0.4472.124 Safari/537.36"
103.65.237.158 - - [31/Oct/2025:01:20:30 +0545] "GET /dev_zarrel/ HTTP/1.1" 301 248 "-" "Mozilla/5.0 (Windows NT 10.0; Win64; x64) AppleWebKit/537.36 (KHTML, like Gecko) Chrome/91.0.4472.124 Safari/537.36"
103.65.237.158 - - [31/Oct/2025:01:20:52 +0545] "GET /cmstaskenv/ HTTP/1.1" 301 248 "-" "Mozilla/5.0 (Windows NT 10.0; Win64; x64) AppleWebKit/537.36 (KHTML, like Gecko) Chrome/91.0.4472.124 Safari/537.36"
103.65.237.158 - - [31/Oct/2025:01:21:20 +0545] "GET /config/ HTTP/1.1" 301 244 "-" "Mozilla/5.0 (Windows NT 10.0; Win64; x64) AppleWebKit/537.36 (KHTML, like Gecko) Chrome/91.0.4472.124 Safari/537.36"
103.65.237.158 - - [31/Oct/2025:01:21:45 +0545] "GET /database/ HTTP/1.1" 301 246 "-" "Mozilla/5.0 (Windows NT 10.0; Win64; x64) AppleWebKit/537.36 (KHTML, like Gecko) Chrome/91.0.4472.124 Safari/537.36"
103.65.237.158 - - [31/Oct/2025:01:22:14 +0545] "GET /composer-master/ HTTP/1.1" 301 253 "-" "Mozilla/5.0 (Windows NT 10.0; Win64; x64) AppleWebKit/537.36 (KHTML, like Gecko) Chrome/91.0.4472.124 Safari/537.36"
103.65.237.158 - - [31/Oct/2025:01:22:39 +0545] "GET /userfiles/ HTTP/1.1" 301 247 "-" "Mozilla/5.0 (Windows NT 10.0; Win64; x64) AppleWebKit/537.36 (KHTML, like Gecko) Chrome/91.0.4472.124 Safari/537.36"
114.119.136.95 - - [31/Oct/2025:01:22:53 +0545] "GET /index.php/shop/eebfca/fit=230654769crd7f651au4hbLhmad39d7fw.shtml HTTP/1.1" 301 298 "-" "Mozilla/5.0 (Linux; Android 7.0;) AppleWebKit/537.36 (KHTML, like Gecko) Mobile Safari/537.36 (compatible; PetalBot;+https://webmaster.petalsearch.com/site/petalbot)"
103.65.237.158 - - [31/Oct/2025:01:23:02 +0545] "GET /apps/ HTTP/1.1" 301 242 "-" "Mozilla/5.0 (Windows NT 10.0; Win64; x64) AppleWebKit/537.36 (KHTML, like Gecko) Chrome/91.0.4472.124 Safari/537.36"
103.65.237.158 - - [31/Oct/2025:01:23:28 +0545] "GET /absen/ HTTP/1.1" 301 243 "-" "Mozilla/5.0 (Windows NT 10.0; Win64; x64) AppleWebKit/537.36 (KHTML, like Gecko) Chrome/91.0.4472.124 Safari/537.36"
103.65.237.158 - - [31/Oct/2025:01:23:52 +0545] "GET /ebook/ HTTP/1.1" 301 243 "-" "Mozilla/5.0 (Windows NT 10.0; Win64; x64) AppleWebKit/537.36 (KHTML, like Gecko) Chrome/91.0.4472.124 Safari/537.36"
103.65.237.158 - - [31/Oct/2025:01:24:21 +0545] "GET /elfinder/ HTTP/1.1" 301 246 "-" "Mozilla/5.0 (Windows NT 10.0; Win64; x64) AppleWebKit/537.36 (KHTML, like Gecko) Chrome/91.0.4472.124 Safari/537.36"
103.65.237.158 - - [31/Oct/2025:01:24:43 +0545] "GET /db/ HTTP/1.1" 301 240 "-" "Mozilla/5.0 (Windows NT 10.0; Win64; x64) AppleWebKit/537.36 (KHTML, like Gecko) Chrome/91.0.4472.124 Safari/537.36"
103.65.237.158 - - [31/Oct/2025:01:25:11 +0545] "GET /kumpulan_api/ HTTP/1.1" 301 250 "-" "Mozilla/5.0 (Windows NT 10.0; Win64; x64) AppleWebKit/537.36 (KHTML, like Gecko) Chrome/91.0.4472.124 Safari/537.36"
103.65.237.158 - - [31/Oct/2025:01:25:36 +0545] "GET /filemanager/ HTTP/1.1" 301 249 "-" "Mozilla/5.0 (Windows NT 10.0; Win64; x64) AppleWebKit/537.36 (KHTML, like Gecko) Chrome/91.0.4472.124 Safari/537.36"
103.65.237.158 - - [31/Oct/2025:01:26:00 +0545] "GET /kcfinder/ HTTP/1.1" 301 246 "-" "Mozilla/5.0 (Windows NT 10.0; Win64; x64) AppleWebKit/537.36 (KHTML, like Gecko) Chrome/91.0.4472.124 Safari/537.36"
103.65.237.158 - - [31/Oct/2025:01:26:27 +0545] "GET /descarga/ HTTP/1.1" 301 246 "-" "Mozilla/5.0 (Windows NT 10.0; Win64; x64) AppleWebKit/537.36 (KHTML, like Gecko) Chrome/91.0.4472.124 Safari/537.36"
103.65.237.158 - - [31/Oct/2025:01:26:54 +0545] "GET /gambar/ HTTP/1.1" 301 244 "-" "Mozilla/5.0 (Windows NT 10.0; Win64; x64) AppleWebKit/537.36 (KHTML, like Gecko) Chrome/91.0.4472.124 Safari/537.36"
103.65.237.158 - - [31/Oct/2025:01:27:18 +0545] "GET /.quarantine/ HTTP/1.1" 301 249 "-" "Mozilla/5.0 (Windows NT 10.0; Win64; x64) AppleWebKit/537.36 (KHTML, like Gecko) Chrome/91.0.4472.124 Safari/537.36"
103.65.237.158 - - [31/Oct/2025:01:27:42 +0545] "GET /shopify/ HTTP/1.1" 301 245 "-" "Mozilla/5.0 (Windows NT 10.0; Win64; x64) AppleWebKit/537.36 (KHTML, like Gecko) Chrome/91.0.4472.124 Safari/537.36"
103.65.237.158 - - [31/Oct/2025:01:28:06 +0545] "GET /avastar/ HTTP/1.1" 301 245 "-" "Mozilla/5.0 (Windows NT 10.0; Win64; x64) AppleWebKit/537.36 (KHTML, like Gecko) Chrome/91.0.4472.124 Safari/537.36"
103.65.237.158 - - [31/Oct/2025:01:28:28 +0545] "GET /catalogo/ HTTP/1.1" 301 246 "-" "Mozilla/5.0 (Windows NT 10.0; Win64; x64) AppleWebKit/537.36 (KHTML, like Gecko) Chrome/91.0.4472.124 Safari/537.36"
103.65.237.158 - - [31/Oct/2025:01:28:54 +0545] "GET /php/ HTTP/1.1" 301 241 "-" "Mozilla/5.0 (Windows NT 10.0; Win64; x64) AppleWebKit/537.36 (KHTML, like Gecko) Chrome/91.0.4472.124 Safari/537.36"
103.65.237.158 - - [31/Oct/2025:01:29:21 +0545] "GET /foto/ HTTP/1.1" 301 242 "-" "Mozilla/5.0 (Windows NT 10.0; Win64; x64) AppleWebKit/537.36 (KHTML, like Gecko) Chrome/91.0.4472.124 Safari/537.36"
103.65.237.158 - - [31/Oct/2025:01:29:45 +0545] "GET /etc/ HTTP/1.1" 301 241 "-" "Mozilla/5.0 (Windows NT 10.0; Win64; x64) AppleWebKit/537.36 (KHTML, like Gecko) Chrome/91.0.4472.124 Safari/537.36"
103.65.237.158 - - [31/Oct/2025:01:30:13 +0545] "GET /aset/ HTTP/1.1" 301 242 "-" "Mozilla/5.0 (Windows NT 10.0; Win64; x64) AppleWebKit/537.36 (KHTML, like Gecko) Chrome/91.0.4472.124 Safari/537.36"
103.65.237.158 - - [31/Oct/2025:01:30:38 +0545] "GET /application/ HTTP/1.1" 301 249 "-" "Mozilla/5.0 (Windows NT 10.0; Win64; x64) AppleWebKit/537.36 (KHTML, like Gecko) Chrome/91.0.4472.124 Safari/537.36"
103.65.237.158 - - [31/Oct/2025:01:31:03 +0545] "GET /user_guide/ HTTP/1.1" 301 248 "-" "Mozilla/5.0 (Windows NT 10.0; Win64; x64) AppleWebKit/537.36 (KHTML, like Gecko) Chrome/91.0.4472.124 Safari/537.36"
103.65.237.158 - - [31/Oct/2025:01:31:27 +0545] "GET /.tmb/ HTTP/1.1" 301 242 "-" "Mozilla/5.0 (Windows NT 10.0; Win64; x64) AppleWebKit/537.36 (KHTML, like Gecko) Chrome/91.0.4472.124 Safari/537.36"
114.119.155.70 - - [31/Oct/2025:01:31:41 +0545] "GET /index.php/shop/edcddd/fit=061328002cr84a6074jd2iYf2784aw.shtml HTTP/1.1" 301 295 "-" "Mozilla/5.0 (Linux; Android 7.0;) AppleWebKit/537.36 (KHTML, like Gecko) Mobile Safari/537.36 (compatible; PetalBot;+https://webmaster.petalsearch.com/site/petalbot)"
103.65.237.158 - - [31/Oct/2025:01:31:53 +0545] "GET /docs/ HTTP/1.1" 301 242 "-" "Mozilla/5.0 (Windows NT 10.0; Win64; x64) AppleWebKit/537.36 (KHTML, like Gecko) Chrome/91.0.4472.124 Safari/537.36"
103.65.237.158 - - [31/Oct/2025:01:32:19 +0545] "GET /pages/ HTTP/1.1" 301 243 "-" "Mozilla/5.0 (Windows NT 10.0; Win64; x64) AppleWebKit/537.36 (KHTML, like Gecko) Chrome/91.0.4472.124 Safari/537.36"
103.65.237.158 - - [31/Oct/2025:01:32:40 +0545] "GET /keluarga/ HTTP/1.1" 301 246 "-" "Mozilla/5.0 (Windows NT 10.0; Win64; x64) AppleWebKit/537.36 (KHTML, like Gecko) Chrome/91.0.4472.124 Safari/537.36"
103.65.237.158 - - [31/Oct/2025:01:33:03 +0545] "GET /aplikasi/ HTTP/1.1" 301 246 "-" "Mozilla/5.0 (Windows NT 10.0; Win64; x64) AppleWebKit/537.36 (KHTML, like Gecko) Chrome/91.0.4472.124 Safari/537.36"
103.65.237.158 - - [31/Oct/2025:01:33:24 +0545] "GET /index_files/ HTTP/1.1" 301 249 "-" "Mozilla/5.0 (Windows NT 10.0; Win64; x64) AppleWebKit/537.36 (KHTML, like Gecko) Chrome/91.0.4472.124 Safari/537.36"
103.65.237.158 - - [31/Oct/2025:01:33:46 +0545] "GET /staff/ HTTP/1.1" 301 243 "-" "Mozilla/5.0 (Windows NT 10.0; Win64; x64) AppleWebKit/537.36 (KHTML, like Gecko) Chrome/91.0.4472.124 Safari/537.36"
103.65.237.158 - - [31/Oct/2025:01:34:12 +0545] "GET /scripts/ HTTP/1.1" 301 245 "-" "Mozilla/5.0 (Windows NT 10.0; Win64; x64) AppleWebKit/537.36 (KHTML, like Gecko) Chrome/91.0.4472.124 Safari/537.36"
103.65.237.158 - - [31/Oct/2025:01:34:30 +0545] "GET /script/ HTTP/1.1" 301 244 "-" "Mozilla/5.0 (Windows NT 10.0; Win64; x64) AppleWebKit/537.36 (KHTML, like Gecko) Chrome/91.0.4472.124 Safari/537.36"
103.65.237.158 - - [31/Oct/2025:01:34:48 +0545] "GET /css/ HTTP/1.1" 301 241 "-" "Mozilla/5.0 (Windows NT 10.0; Win64; x64) AppleWebKit/537.36 (KHTML, like Gecko) Chrome/91.0.4472.124 Safari/537.36"
103.65.237.158 - - [31/Oct/2025:01:35:11 +0545] "GET /node_modules/ HTTP/1.1" 301 250 "-" "Mozilla/5.0 (Windows NT 10.0; Win64; x64) AppleWebKit/537.36 (KHTML, like Gecko) Chrome/91.0.4472.124 Safari/537.36"
103.65.237.158 - - [31/Oct/2025:01:35:33 +0545] "GET /wp/ HTTP/1.1" 301 240 "-" "Mozilla/5.0 (Windows NT 10.0; Win64; x64) AppleWebKit/537.36 (KHTML, like Gecko) Chrome/91.0.4472.124 Safari/537.36"
103.65.237.158 - - [31/Oct/2025:01:35:52 +0545] "GET /uploadfile/ HTTP/1.1" 301 248 "-" "Mozilla/5.0 (Windows NT 10.0; Win64; x64) AppleWebKit/537.36 (KHTML, like Gecko) Chrome/91.0.4472.124 Safari/537.36"
103.65.237.158 - - [31/Oct/2025:01:36:14 +0545] "GET /slider/ HTTP/1.1" 301 244 "-" "Mozilla/5.0 (Windows NT 10.0; Win64; x64) AppleWebKit/537.36 (KHTML, like Gecko) Chrome/91.0.4472.124 Safari/537.36"
103.65.237.158 - - [31/Oct/2025:01:36:38 +0545] "GET /documents/ HTTP/1.1" 301 247 "-" "Mozilla/5.0 (Windows NT 10.0; Win64; x64) AppleWebKit/537.36 (KHTML, like Gecko) Chrome/91.0.4472.124 Safari/537.36"
103.65.237.158 - - [31/Oct/2025:01:36:59 +0545] "GET /main_file/ HTTP/1.1" 301 247 "-" "Mozilla/5.0 (Windows NT 10.0; Win64; x64) AppleWebKit/537.36 (KHTML, like Gecko) Chrome/91.0.4472.124 Safari/537.36"
103.65.237.158 - - [31/Oct/2025:01:37:20 +0545] "GET /settings/ HTTP/1.1" 301 246 "-" "Mozilla/5.0 (Windows NT 10.0; Win64; x64) AppleWebKit/537.36 (KHTML, like Gecko) Chrome/91.0.4472.124 Safari/537.36"
103.65.237.158 - - [31/Oct/2025:01:37:41 +0545] "GET /admin/img/ HTTP/1.1" 301 247 "-" "Mozilla/5.0 (Windows NT 10.0; Win64; x64) AppleWebKit/537.36 (KHTML, like Gecko) Chrome/91.0.4472.124 Safari/537.36"
103.65.237.158 - - [31/Oct/2025:01:38:00 +0545] "GET /dashboard/ HTTP/1.1" 301 247 "-" "Mozilla/5.0 (Windows NT 10.0; Win64; x64) AppleWebKit/537.36 (KHTML, like Gecko) Chrome/91.0.4472.124 Safari/537.36"
103.65.237.158 - - [31/Oct/2025:01:38:25 +0545] "GET /layouts/ HTTP/1.1" 301 245 "-" "Mozilla/5.0 (Windows NT 10.0; Win64; x64) AppleWebKit/537.36 (KHTML, like Gecko) Chrome/91.0.4472.124 Safari/537.36"
103.65.237.158 - - [31/Oct/2025:01:38:55 +0545] "GET /adminweb/ HTTP/1.1" 301 246 "-" "Mozilla/5.0 (Windows NT 10.0; Win64; x64) AppleWebKit/537.36 (KHTML, like Gecko) Chrome/91.0.4472.124 Safari/537.36"
103.65.237.158 - - [31/Oct/2025:01:39:15 +0545] "GET /dist/ HTTP/1.1" 301 242 "-" "Mozilla/5.0 (Windows NT 10.0; Win64; x64) AppleWebKit/537.36 (KHTML, like Gecko) Chrome/91.0.4472.124 Safari/537.36"
103.65.237.158 - - [31/Oct/2025:01:39:46 +0545] "GET /Winrar/ HTTP/1.1" 301 244 "-" "Mozilla/5.0 (Windows NT 10.0; Win64; x64) AppleWebKit/537.36 (KHTML, like Gecko) Chrome/91.0.4472.124 Safari/537.36"
103.65.237.158 - - [31/Oct/2025:01:40:15 +0545] "GET /pas/ HTTP/1.1" 301 241 "-" "Mozilla/5.0 (Windows NT 10.0; Win64; x64) AppleWebKit/537.36 (KHTML, like Gecko) Chrome/91.0.4472.124 Safari/537.36"
103.65.237.158 - - [31/Oct/2025:01:40:35 +0545] "GET /2017/ HTTP/1.1" 301 242 "-" "Mozilla/5.0 (Windows NT 10.0; Win64; x64) AppleWebKit/537.36 (KHTML, like Gecko) Chrome/91.0.4472.124 Safari/537.36"
114.119.158.36 - - [31/Oct/2025:01:40:42 +0545] "GET /index.php/shop/eafefa/fit=404589530crf474941quxSjp81vtb48f47w.shtml HTTP/1.1" 301 300 "-" "Mozilla/5.0 (Linux; Android 7.0;) AppleWebKit/537.36 (KHTML, like Gecko) Mobile Safari/537.36 (compatible; PetalBot;+https://webmaster.petalsearch.com/site/petalbot)"
103.65.237.158 - - [31/Oct/2025:01:41:05 +0545] "GET /2018/ HTTP/1.1" 301 242 "-" "Mozilla/5.0 (Windows NT 10.0; Win64; x64) AppleWebKit/537.36 (KHTML, like Gecko) Chrome/91.0.4472.124 Safari/537.36"
103.65.237.158 - - [31/Oct/2025:01:42:02 +0545] "GET /2021/ HTTP/1.1" 301 242 "-" "Mozilla/5.0 (Windows NT 10.0; Win64; x64) AppleWebKit/537.36 (KHTML, like Gecko) Chrome/91.0.4472.124 Safari/537.36"
103.65.237.158 - - [31/Oct/2025:01:42:29 +0545] "GET /2022/ HTTP/1.1" 301 242 "-" "Mozilla/5.0 (Windows NT 10.0; Win64; x64) AppleWebKit/537.36 (KHTML, like Gecko) Chrome/91.0.4472.124 Safari/537.36"
103.65.237.158 - - [31/Oct/2025:01:42:54 +0545] "GET /2023/ HTTP/1.1" 301 242 "-" "Mozilla/5.0 (Windows NT 10.0; Win64; x64) AppleWebKit/537.36 (KHTML, like Gecko) Chrome/91.0.4472.124 Safari/537.36"
103.65.237.158 - - [31/Oct/2025:01:43:23 +0545] "GET /2024/ HTTP/1.1" 301 242 "-" "Mozilla/5.0 (Windows NT 10.0; Win64; x64) AppleWebKit/537.36 (KHTML, like Gecko) Chrome/91.0.4472.124 Safari/537.36"
103.65.237.158 - - [31/Oct/2025:01:43:48 +0545] "GET /2025/ HTTP/1.1" 301 242 "-" "Mozilla/5.0 (Windows NT 10.0; Win64; x64) AppleWebKit/537.36 (KHTML, like Gecko) Chrome/91.0.4472.124 Safari/537.36"
103.65.237.158 - - [31/Oct/2025:01:44:19 +0545] "GET /logo/ HTTP/1.1" 301 242 "-" "Mozilla/5.0 (Windows NT 10.0; Win64; x64) AppleWebKit/537.36 (KHTML, like Gecko) Chrome/91.0.4472.124 Safari/537.36"
103.65.237.158 - - [31/Oct/2025:01:44:48 +0545] "GET /ppdb/ HTTP/1.1" 301 242 "-" "Mozilla/5.0 (Windows NT 10.0; Win64; x64) AppleWebKit/537.36 (KHTML, like Gecko) Chrome/91.0.4472.124 Safari/537.36"
103.65.237.158 - - [31/Oct/2025:01:45:35 +0545] "GET /basil/ HTTP/1.1" 301 243 "-" "Mozilla/5.0 (Windows NT 10.0; Win64; x64) AppleWebKit/537.36 (KHTML, like Gecko) Chrome/91.0.4472.124 Safari/537.36"
103.65.237.158 - - [31/Oct/2025:01:46:19 +0545] "GET /csr/ HTTP/1.1" 301 241 "-" "Mozilla/5.0 (Windows NT 10.0; Win64; x64) AppleWebKit/537.36 (KHTML, like Gecko) Chrome/91.0.4472.124 Safari/537.36"
103.65.237.158 - - [31/Oct/2025:01:47:02 +0545] "GET /favicon/ HTTP/1.1" 301 245 "-" "Mozilla/5.0 (Windows NT 10.0; Win64; x64) AppleWebKit/537.36 (KHTML, like Gecko) Chrome/91.0.4472.124 Safari/537.36"
103.65.237.158 - - [31/Oct/2025:01:47:26 +0545] "GET /footer/ HTTP/1.1" 301 244 "-" "Mozilla/5.0 (Windows NT 10.0; Win64; x64) AppleWebKit/537.36 (KHTML, like Gecko) Chrome/91.0.4472.124 Safari/537.36"
103.65.237.158 - - [31/Oct/2025:01:48:10 +0545] "GET /pattern/ HTTP/1.1" 301 245 "-" "Mozilla/5.0 (Windows NT 10.0; Win64; x64) AppleWebKit/537.36 (KHTML, like Gecko) Chrome/91.0.4472.124 Safari/537.36"
103.65.237.158 - - [31/Oct/2025:01:48:36 +0545] "GET /grade/ HTTP/1.1" 301 243 "-" "Mozilla/5.0 (Windows NT 10.0; Win64; x64) AppleWebKit/537.36 (KHTML, like Gecko) Chrome/91.0.4472.124 Safari/537.36"
114.119.156.146 - - [31/Oct/2025:01:49:24 +0545] "GET /index.php/shop/dfcfaf/fit=062811802crfafdd95vmr4dfafw.shtml HTTP/1.1" 301 292 "-" "Mozilla/5.0 (Linux; Android 7.0;) AppleWebKit/537.36 (KHTML, like Gecko) Mobile Safari/537.36 (compatible; PetalBot;+https://webmaster.petalsearch.com/site/petalbot)"
103.65.237.158 - - [31/Oct/2025:01:49:37 +0545] "GET /sidebar/ HTTP/1.1" 301 245 "-" "Mozilla/5.0 (Windows NT 10.0; Win64; x64) AppleWebKit/537.36 (KHTML, like Gecko) Chrome/91.0.4472.124 Safari/537.36"
103.65.237.158 - - [31/Oct/2025:01:50:04 +0545] "GET /slides/ HTTP/1.1" 301 244 "-" "Mozilla/5.0 (Windows NT 10.0; Win64; x64) AppleWebKit/537.36 (KHTML, like Gecko) Chrome/91.0.4472.124 Safari/537.36"
103.65.237.158 - - [31/Oct/2025:01:50:49 +0545] "GET /testimonial/ HTTP/1.1" 301 249 "-" "Mozilla/5.0 (Windows NT 10.0; Win64; x64) AppleWebKit/537.36 (KHTML, like Gecko) Chrome/91.0.4472.124 Safari/537.36"
103.65.237.158 - - [31/Oct/2025:01:51:40 +0545] "GET /beatricce/ HTTP/1.1" 301 247 "-" "Mozilla/5.0 (Windows NT 10.0; Win64; x64) AppleWebKit/537.36 (KHTML, like Gecko) Chrome/91.0.4472.124 Safari/537.36"
103.65.237.158 - - [31/Oct/2025:01:52:04 +0545] "GET /buddha/ HTTP/1.1" 301 244 "-" "Mozilla/5.0 (Windows NT 10.0; Win64; x64) AppleWebKit/537.36 (KHTML, like Gecko) Chrome/91.0.4472.124 Safari/537.36"
103.65.237.158 - - [31/Oct/2025:01:52:48 +0545] "GET /clinicasoftware/ HTTP/1.1" 301 253 "-" "Mozilla/5.0 (Windows NT 10.0; Win64; x64) AppleWebKit/537.36 (KHTML, like Gecko) Chrome/91.0.4472.124 Safari/537.36"
103.65.237.158 - - [31/Oct/2025:01:53:16 +0545] "GET /casadosvidros/ HTTP/1.1" 301 251 "-" "Mozilla/5.0 (Windows NT 10.0; Win64; x64) AppleWebKit/537.36 (KHTML, like Gecko) Chrome/91.0.4472.124 Safari/537.36"
180.153.236.60 - - [31/Oct/2025:01:53:45 +0545] "GET / HTTP/1.1" 301 237 "http://www.roshanchandy.com/" "Mozilla/5.0 (Windows NT 10.0; Win64; x64) AppleWebKit/537.36 (KHTML, like Gecko) Chrome/140.0.0.0 Safari/537.36 Edg/140.0.0.0; 360Spider"
103.65.237.158 - - [31/Oct/2025:01:54:19 +0545] "GET /bowenpayments/ HTTP/1.1" 301 251 "-" "Mozilla/5.0 (Windows NT 10.0; Win64; x64) AppleWebKit/537.36 (KHTML, like Gecko) Chrome/91.0.4472.124 Safari/537.36"
103.65.237.158 - - [31/Oct/2025:01:54:46 +0545] "GET /client_billing/ HTTP/1.1" 301 252 "-" "Mozilla/5.0 (Windows NT 10.0; Win64; x64) AppleWebKit/537.36 (KHTML, like Gecko) Chrome/91.0.4472.124 Safari/537.36"
103.65.237.158 - - [31/Oct/2025:01:55:13 +0545] "GET /dists/ HTTP/1.1" 301 243 "-" "Mozilla/5.0 (Windows NT 10.0; Win64; x64) AppleWebKit/537.36 (KHTML, like Gecko) Chrome/91.0.4472.124 Safari/537.36"
103.65.237.158 - - [31/Oct/2025:01:55:56 +0545] "GET /error/ HTTP/1.1" 301 243 "-" "Mozilla/5.0 (Windows NT 10.0; Win64; x64) AppleWebKit/537.36 (KHTML, like Gecko) Chrome/91.0.4472.124 Safari/537.36"
103.65.237.158 - - [31/Oct/2025:01:56:20 +0545] "GET /bots/ HTTP/1.1" 301 242 "-" "Mozilla/5.0 (Windows NT 10.0; Win64; x64) AppleWebKit/537.36 (KHTML, like Gecko) Chrome/91.0.4472.124 Safari/537.36"
103.65.237.158 - - [31/Oct/2025:01:57:05 +0545] "GET /contentbank/ HTTP/1.1" 301 249 "-" "Mozilla/5.0 (Windows NT 10.0; Win64; x64) AppleWebKit/537.36 (KHTML, like Gecko) Chrome/91.0.4472.124 Safari/537.36"
103.65.237.158 - - [31/Oct/2025:01:57:31 +0545] "GET /customfield/ HTTP/1.1" 301 249 "-" "Mozilla/5.0 (Windows NT 10.0; Win64; x64) AppleWebKit/537.36 (KHTML, like Gecko) Chrome/91.0.4472.124 Safari/537.36"
121.50.177.38 - - [31/Oct/2025:01:57:52 +0545] "GET /consultants/descobrindo-as-probabilidades-no-pagolbet/ HTTP/1.0" 301 287 "https://roshanchandy.com/" "Mozilla/5.0 (X11; Linux i686) AppleWebKit/537.36 (KHTML, like Gecko) Chrome/114.0.0.0 Safari/537.36 Vivaldi/5.3.2679.68"
121.50.177.32 - - [31/Oct/2025:01:57:53 +0545] "GET /consultants/descobrindo-as-probabilidades-no-pagolbet/ HTTP/1.0" 301 287 "https://roshanchandy.com/" "Mozilla/5.0 (X11; Linux i686) AppleWebKit/537.36 (KHTML, like Gecko) Chrome/114.0.0.0 Safari/537.36 Vivaldi/5.3.2679.68"
103.65.237.158 - - [31/Oct/2025:01:58:17 +0545] "GET /course/ HTTP/1.1" 301 244 "-" "Mozilla/5.0 (Windows NT 10.0; Win64; x64) AppleWebKit/537.36 (KHTML, like Gecko) Chrome/91.0.4472.124 Safari/537.36"
114.119.135.30 - - [31/Oct/2025:01:58:24 +0545] "GET /index.php/shop/dedead/fit=965562714crd7493bcicko6f3d74w.shtml HTTP/1.1" 301 294 "-" "Mozilla/5.0 (Linux; Android 7.0;) AppleWebKit/537.36 (KHTML, like Gecko) Mobile Safari/537.36 (compatible; PetalBot;+https://webmaster.petalsearch.com/site/petalbot)"
103.65.237.158 - - [31/Oct/2025:01:58:43 +0545] "GET /badges/ HTTP/1.1" 301 244 "-" "Mozilla/5.0 (Windows NT 10.0; Win64; x64) AppleWebKit/537.36 (KHTML, like Gecko) Chrome/91.0.4472.124 Safari/537.36"
34.22.183.34 - - [31/Oct/2025:01:59:20 +0545] "GET /wp-login.php HTTP/1.1" 301 245 "" "Mozilla/5.0 (Windows NT 10.0; Win64; x64; rv:144.0) Gecko/20100101 Firefox/144.0"
103.65.237.158 - - [31/Oct/2025:01:59:30 +0545] "GET /competency/ HTTP/1.1" 301 248 "-" "Mozilla/5.0 (Windows NT 10.0; Win64; x64) AppleWebKit/537.36 (KHTML, like Gecko) Chrome/91.0.4472.124 Safari/537.36"
103.65.237.158 - - [31/Oct/2025:02:00:23 +0545] "GET /myAdmin/ HTTP/1.1" 301 245 "-" "Mozilla/5.0 (Windows NT 10.0; Win64; x64) AppleWebKit/537.36 (KHTML, like Gecko) Chrome/91.0.4472.124 Safari/537.36"
103.65.237.158 - - [31/Oct/2025:02:01:06 +0545] "GET /data/ HTTP/1.1" 301 242 "-" "Mozilla/5.0 (Windows NT 10.0; Win64; x64) AppleWebKit/537.36 (KHTML, like Gecko) Chrome/91.0.4472.124 Safari/537.36"
103.65.237.158 - - [31/Oct/2025:02:01:31 +0545] "GET /extlib/ HTTP/1.1" 301 244 "-" "Mozilla/5.0 (Windows NT 10.0; Win64; x64) AppleWebKit/537.36 (KHTML, like Gecko) Chrome/91.0.4472.124 Safari/537.36"
103.65.237.158 - - [31/Oct/2025:02:02:00 +0545] "GET /simplesamlphp/ HTTP/1.1" 301 251 "-" "Mozilla/5.0 (Windows NT 10.0; Win64; x64) AppleWebKit/537.36 (KHTML, like Gecko) Chrome/91.0.4472.124 Safari/537.36"
103.65.237.158 - - [31/Oct/2025:02:02:44 +0545] "GET /raphaelfonseca/ HTTP/1.1" 301 252 "-" "Mozilla/5.0 (Windows NT 10.0; Win64; x64) AppleWebKit/537.36 (KHTML, like Gecko) Chrome/91.0.4472.124 Safari/537.36"
103.65.237.158 - - [31/Oct/2025:02:03:38 +0545] "GET /order/ HTTP/1.1" 301 243 "-" "Mozilla/5.0 (Windows NT 10.0; Win64; x64) AppleWebKit/537.36 (KHTML, like Gecko) Chrome/91.0.4472.124 Safari/537.36"
103.65.237.158 - - [31/Oct/2025:02:04:04 +0545] "GET /sirim/ HTTP/1.1" 301 243 "-" "Mozilla/5.0 (Windows NT 10.0; Win64; x64) AppleWebKit/537.36 (KHTML, like Gecko) Chrome/91.0.4472.124 Safari/537.36"
103.65.237.158 - - [31/Oct/2025:02:04:44 +0545] "GET /sistema/ HTTP/1.1" 301 245 "-" "Mozilla/5.0 (Windows NT 10.0; Win64; x64) AppleWebKit/537.36 (KHTML, like Gecko) Chrome/91.0.4472.124 Safari/537.36"
103.65.237.158 - - [31/Oct/2025:02:05:14 +0545] "GET /siswas/ HTTP/1.1" 301 244 "-" "Mozilla/5.0 (Windows NT 10.0; Win64; x64) AppleWebKit/537.36 (KHTML, like Gecko) Chrome/91.0.4472.124 Safari/537.36"
103.65.237.158 - - [31/Oct/2025:02:06:14 +0545] "GET /blocks/ HTTP/1.1" 301 244 "-" "Mozilla/5.0 (Windows NT 10.0; Win64; x64) AppleWebKit/537.36 (KHTML, like Gecko) Chrome/91.0.4472.124 Safari/537.36"
4.216.91.190 - - [31/Oct/2025:02:06:33 +0545] "GET //wp-content/plugins/fix/up.php HTTP/1.1" 301 262 "-" "Mozilla/5.0 (Windows NT 10.0; Win64; x64) AppleWebKit/537.36 (KHTML, like Gecko) Chrome/85.0.4183.102 Safari/537.36"
103.65.237.158 - - [31/Oct/2025:02:06:45 +0545] "GET /lang/ HTTP/1.1" 301 242 "-" "Mozilla/5.0 (Windows NT 10.0; Win64; x64) AppleWebKit/537.36 (KHTML, like Gecko) Chrome/91.0.4472.124 Safari/537.36"
114.119.153.158 - - [31/Oct/2025:02:07:06 +0545] "GET /index.php/shop/decafe/fit=661317274cr992cf3d7tw70ee4a992w.shtml HTTP/1.1" 301 296 "-" "Mozilla/5.0 (Linux; Android 7.0;) AppleWebKit/537.36 (KHTML, like Gecko) Mobile Safari/537.36 (compatible; PetalBot;+https://webmaster.petalsearch.com/site/petalbot)"
103.65.237.158 - - [31/Oct/2025:02:07:17 +0545] "GET /auth/ HTTP/1.1" 301 242 "-" "Mozilla/5.0 (Windows NT 10.0; Win64; x64) AppleWebKit/537.36 (KHTML, like Gecko) Chrome/91.0.4472.124 Safari/537.36"
103.65.237.158 - - [31/Oct/2025:02:07:40 +0545] "GET /backup/ HTTP/1.1" 301 244 "-" "Mozilla/5.0 (Windows NT 10.0; Win64; x64) AppleWebKit/537.36 (KHTML, like Gecko) Chrome/91.0.4472.124 Safari/537.36"
103.65.237.158 - - [31/Oct/2025:02:08:24 +0545] "GET /css_dash/ HTTP/1.1" 301 246 "-" "Mozilla/5.0 (Windows NT 10.0; Win64; x64) AppleWebKit/537.36 (KHTML, like Gecko) Chrome/91.0.4472.124 Safari/537.36"
103.65.237.158 - - [31/Oct/2025:02:08:49 +0545] "GET /group/ HTTP/1.1" 301 243 "-" "Mozilla/5.0 (Windows NT 10.0; Win64; x64) AppleWebKit/537.36 (KHTML, like Gecko) Chrome/91.0.4472.124 Safari/537.36"
103.65.237.158 - - [31/Oct/2025:02:09:18 +0545] "GET /h5p/ HTTP/1.1" 301 241 "-" "Mozilla/5.0 (Windows NT 10.0; Win64; x64) AppleWebKit/537.36 (KHTML, like Gecko) Chrome/91.0.4472.124 Safari/537.36"
103.65.237.158 - - [31/Oct/2025:02:09:42 +0545] "GET /message/ HTTP/1.1" 301 245 "-" "Mozilla/5.0 (Windows NT 10.0; Win64; x64) AppleWebKit/537.36 (KHTML, like Gecko) Chrome/91.0.4472.124 Safari/537.36"
103.65.237.158 - - [31/Oct/2025:02:10:13 +0545] "GET /mod/ HTTP/1.1" 301 241 "-" "Mozilla/5.0 (Windows NT 10.0; Win64; x64) AppleWebKit/537.36 (KHTML, like Gecko) Chrome/91.0.4472.124 Safari/537.36"
103.65.237.158 - - [31/Oct/2025:02:11:01 +0545] "GET /report/ HTTP/1.1" 301 244 "-" "Mozilla/5.0 (Windows NT 10.0; Win64; x64) AppleWebKit/537.36 (KHTML, like Gecko) Chrome/91.0.4472.124 Safari/537.36"
103.65.237.158 - - [31/Oct/2025:02:11:44 +0545] "GET /backend/ HTTP/1.1" 301 245 "-" "Mozilla/5.0 (Windows NT 10.0; Win64; x64) AppleWebKit/537.36 (KHTML, like Gecko) Chrome/91.0.4472.124 Safari/537.36"
103.65.237.158 - - [31/Oct/2025:02:12:10 +0545] "GET /back/ HTTP/1.1" 301 242 "-" "Mozilla/5.0 (Windows NT 10.0; Win64; x64) AppleWebKit/537.36 (KHTML, like Gecko) Chrome/91.0.4472.124 Safari/537.36"
103.65.237.158 - - [31/Oct/2025:02:12:41 +0545] "GET /repository/ HTTP/1.1" 301 248 "-" "Mozilla/5.0 (Windows NT 10.0; Win64; x64) AppleWebKit/537.36 (KHTML, like Gecko) Chrome/91.0.4472.124 Safari/537.36"
103.65.237.158 - - [31/Oct/2025:02:13:09 +0545] "GET /rss/ HTTP/1.1" 301 241 "-" "Mozilla/5.0 (Windows NT 10.0; Win64; x64) AppleWebKit/537.36 (KHTML, like Gecko) Chrome/91.0.4472.124 Safari/537.36"
103.65.237.158 - - [31/Oct/2025:02:13:38 +0545] "GET /search/ HTTP/1.1" 301 244 "-" "Mozilla/5.0 (Windows NT 10.0; Win64; x64) AppleWebKit/537.36 (KHTML, like Gecko) Chrome/91.0.4472.124 Safari/537.36"
103.65.237.158 - - [31/Oct/2025:02:14:05 +0545] "GET /tag/ HTTP/1.1" 301 241 "-" "Mozilla/5.0 (Windows NT 10.0; Win64; x64) AppleWebKit/537.36 (KHTML, like Gecko) Chrome/91.0.4472.124 Safari/537.36"
103.65.237.158 - - [31/Oct/2025:02:14:32 +0545] "GET /_errorpages/ HTTP/1.1" 301 249 "-" "Mozilla/5.0 (Windows NT 10.0; Win64; x64) AppleWebKit/537.36 (KHTML, like Gecko) Chrome/91.0.4472.124 Safari/537.36"
103.65.237.158 - - [31/Oct/2025:02:14:59 +0545] "GET /gallery/ HTTP/1.1" 301 245 "-" "Mozilla/5.0 (Windows NT 10.0; Win64; x64) AppleWebKit/537.36 (KHTML, like Gecko) Chrome/91.0.4472.124 Safari/537.36"
103.65.237.158 - - [31/Oct/2025:02:15:41 +0545] "GET /upload-calender/ HTTP/1.1" 301 253 "-" "Mozilla/5.0 (Windows NT 10.0; Win64; x64) AppleWebKit/537.36 (KHTML, like Gecko) Chrome/91.0.4472.124 Safari/537.36"
103.65.237.158 - - [31/Oct/2025:02:16:05 +0545] "GET /upload-datesheet/ HTTP/1.1" 301 254 "-" "Mozilla/5.0 (Windows NT 10.0; Win64; x64) AppleWebKit/537.36 (KHTML, like Gecko) Chrome/91.0.4472.124 Safari/537.36"
114.119.158.36 - - [31/Oct/2025:02:16:14 +0545] "GET /index.php/shop/ddcddc/fit=270693139cr6979bd7kv3yJvN915b5697w.shtml HTTP/1.1" 301 299 "-" "Mozilla/5.0 (Linux; Android 7.0;) AppleWebKit/537.36 (KHTML, like Gecko) Mobile Safari/537.36 (compatible; PetalBot;+https://webmaster.petalsearch.com/site/petalbot)"
103.65.237.158 - - [31/Oct/2025:02:17:21 +0545] "GET /upload-result/ HTTP/1.1" 301 251 "-" "Mozilla/5.0 (Windows NT 10.0; Win64; x64) AppleWebKit/537.36 (KHTML, like Gecko) Chrome/91.0.4472.124 Safari/537.36"
103.65.237.158 - - [31/Oct/2025:02:18:06 +0545] "GET /upload_files/ HTTP/1.1" 301 250 "-" "Mozilla/5.0 (Windows NT 10.0; Win64; x64) AppleWebKit/537.36 (KHTML, like Gecko) Chrome/91.0.4472.124 Safari/537.36"
103.65.237.158 - - [31/Oct/2025:02:19:15 +0545] "GET /uploaddocumentrequired/ HTTP/1.1" 301 260 "-" "Mozilla/5.0 (Windows NT 10.0; Win64; x64) AppleWebKit/537.36 (KHTML, like Gecko) Chrome/91.0.4472.124 Safari/537.36"
103.65.237.158 - - [31/Oct/2025:02:19:44 +0545] "GET /uploadfacilities/ HTTP/1.1" 301 254 "-" "Mozilla/5.0 (Windows NT 10.0; Win64; x64) AppleWebKit/537.36 (KHTML, like Gecko) Chrome/91.0.4472.124 Safari/537.36"
103.65.237.158 - - [31/Oct/2025:02:20:19 +0545] "GET /uploadfeestructure/ HTTP/1.1" 301 256 "-" "Mozilla/5.0 (Windows NT 10.0; Win64; x64) AppleWebKit/537.36 (KHTML, like Gecko) Chrome/91.0.4472.124 Safari/537.36"
103.65.237.158 - - [31/Oct/2025:02:21:04 +0545] "GET /uploadpdf/ HTTP/1.1" 301 247 "-" "Mozilla/5.0 (Windows NT 10.0; Win64; x64) AppleWebKit/537.36 (KHTML, like Gecko) Chrome/91.0.4472.124 Safari/537.36"
103.65.237.158 - - [31/Oct/2025:02:21:32 +0545] "GET /ppid/ HTTP/1.1" 301 242 "-" "Mozilla/5.0 (Windows NT 10.0; Win64; x64) AppleWebKit/537.36 (KHTML, like Gecko) Chrome/91.0.4472.124 Safari/537.36"
185.2.4.79 - - [31/Oct/2025:02:22:55 +0545] "GET /wp-login.php HTTP/1.1" 301 245 "" "Mozilla/5.0 (Windows NT 10.0; Win64; x64; rv:144.0) Gecko/20100101 Firefox/144.0"
114.119.135.30 - - [31/Oct/2025:02:24:57 +0545] "GET /index.php/shop/dcfbbc/fit=455601045crb5fb3aar8p4326b5fw.shtml HTTP/1.1" 301 294 "-" "Mozilla/5.0 (Linux; Android 7.0;) AppleWebKit/537.36 (KHTML, like Gecko) Mobile Safari/537.36 (compatible; PetalBot;+https://webmaster.petalsearch.com/site/petalbot)"
223.91.90.111 - - [31/Oct/2025:02:32:04 +0545] "GET / HTTP/1.1" 301 233 "http://roshanchandy.com/" "Mozilla/5.0 (Windows NT 6.1; WOW64) AppleWebKit/537.36 (KHTML, like Gecko) Chrome/50.0.2661.102 Safari/537.36"
114.119.155.70 - - [31/Oct/2025:02:33:40 +0545] "GET /index.php/shop/dabcdf/fit=544987866cr0ab045886hx493ud80abw.shtml HTTP/1.1" 301 297 "-" "Mozilla/5.0 (Linux; Android 7.0;) AppleWebKit/537.36 (KHTML, like Gecko) Mobile Safari/537.36 (compatible; PetalBot;+https://webmaster.petalsearch.com/site/petalbot)"
114.119.156.146 - - [31/Oct/2025:02:42:36 +0545] "GET /index.php/shop/cfffbc/fit=194967322crc7e31bcz8z16c7ew.shtml HTTP/1.1" 301 292 "-" "Mozilla/5.0 (Linux; Android 7.0;) AppleWebKit/537.36 (KHTML, like Gecko) Mobile Safari/537.36 (compatible; PetalBot;+https://webmaster.petalsearch.com/site/petalbot)"
114.119.144.176 - - [31/Oct/2025:02:51:34 +0545] "GET /index.php/shop/cebffa/fit=706608877cr0d409b5z1e2d80d4w.shtml HTTP/1.1" 301 293 "-" "Mozilla/5.0 (Linux; Android 7.0;) AppleWebKit/537.36 (KHTML, like Gecko) Mobile Safari/537.36 (compatible; PetalBot;+https://webmaster.petalsearch.com/site/petalbot)"
114.119.135.30 - - [31/Oct/2025:03:00:15 +0545] "GET /index.php/shop/cbebcc/fit=028519761cr8005b8bwzoZ2ff800w.shtml HTTP/1.1" 301 294 "-" "Mozilla/5.0 (Linux; Android 7.0;) AppleWebKit/537.36 (KHTML, like Gecko) Mobile Safari/537.36 (compatible; PetalBot;+https://webmaster.petalsearch.com/site/petalbot)"
114.119.155.70 - - [31/Oct/2025:03:09:07 +0545] "GET /index.php/shop/cafefe/fit=943300483cr350fd5c6Rioubjte8350w.shtml HTTP/1.1" 301 297 "-" "Mozilla/5.0 (Linux; Android 7.0;) AppleWebKit/537.36 (KHTML, like Gecko) Mobile Safari/537.36 (compatible; PetalBot;+https://webmaster.petalsearch.com/site/petalbot)"
114.119.153.158 - - [31/Oct/2025:03:18:03 +0545] "GET /index.php/shop/cafcca/fit=945651676cr45a1eb8153mj9y9p9145aw.shtml HTTP/1.1" 301 298 "-" "Mozilla/5.0 (Linux; Android 7.0;) AppleWebKit/537.36 (KHTML, like Gecko) Mobile Safari/537.36 (compatible; PetalBot;+https://webmaster.petalsearch.com/site/petalbot)"
114.119.158.28 - - [31/Oct/2025:03:26:49 +0545] "GET /index.php/shop/caecbd/fit=747523592cr1bd25e5Wdvb5d1bdw.shtml HTTP/1.1" 301 293 "-" "Mozilla/5.0 (Linux; Android 7.0;) AppleWebKit/537.36 (KHTML, like Gecko) Mobile Safari/537.36 (compatible; PetalBot;+https://webmaster.petalsearch.com/site/petalbot)"
114.119.155.70 - - [31/Oct/2025:03:35:39 +0545] "GET /index.php/shop/befebc/fit=171021534cr841a4b2iom8vahyp6a841w.shtml HTTP/1.1" 301 298 "-" "Mozilla/5.0 (Linux; Android 7.0;) AppleWebKit/537.36 (KHTML, like Gecko) Mobile Safari/537.36 (compatible; PetalBot;+https://webmaster.petalsearch.com/site/petalbot)"
114.119.136.95 - - [31/Oct/2025:03:44:33 +0545] "GET /index.php/shop/beccea/fit=432138825crcc49ad2465l6ju9wb9cc4w.shtml HTTP/1.1" 301 298 "-" "Mozilla/5.0 (Linux; Android 7.0;) AppleWebKit/537.36 (KHTML, like Gecko) Mobile Safari/537.36 (compatible; PetalBot;+https://webmaster.petalsearch.com/site/petalbot)"
45.80.158.88 - - [31/Oct/2025:03:52:12 +0545] "POST /ALFA_DATA/alfacgiapi/perl.alfa HTTP/1.1" 301 263 "www.google.com" "Mozlila/5.0 (Linux; Android 7.0; SM-G892A Bulid/NRD90M; wv) AppleWebKit/537.36 (KHTML, like Gecko) Version/4.0 Chrome/60.0.3112.107 Moblie Safari/537.36"
45.80.158.88 - - [31/Oct/2025:03:52:12 +0545] "GET / HTTP/1.1" 301 233 "-" "Mozlila/5.0 (Linux; Android 7.0; SM-G892A Bulid/NRD90M; wv) AppleWebKit/537.36 (KHTML, like Gecko) Version/4.0 Chrome/60.0.3112.107 Moblie Safari/537.36"
45.80.158.88 - - [31/Oct/2025:03:52:12 +0545] "POST /wp-plain.php HTTP/1.1" 301 245 "www.google.com" "Mozilla/5.0 (Linux; Android 7.0; SM-G892A Bulid/NRD90M; wv) AppleWebKit/537.36 (KHTML, like Gecko) Version/4.0 Chrome/60.0.3112.107 Moblie Safari/537.36"
45.80.158.88 - - [31/Oct/2025:03:52:12 +0545] "GET /wp-content/themes/seotheme/db.php?u HTTP/1.1" 301 268 "www.google.com" "Mozlila/5.0 (Linux; Android 7.0; SM-G892A Bulid/NRD90M; wv) AppleWebKit/537.36 (KHTML, like Gecko) Version/4.0 Chrome/60.0.3112.107 Moblie Safari/537.36"
45.80.158.88 - - [31/Oct/2025:03:52:12 +0545] "GET /wp-content/plugins/fix/up.php HTTP/1.1" 301 262 "-" "Mozilla/5.0 (Windows NT 10.0; Win64; x64) AppleWebKit/537.36 (KHTML, like Gecko) Chrome/85.0.4183.102 Safari/537.36"
45.80.158.88 - - [31/Oct/2025:03:52:13 +0545] "POST /alfacgiapi/perl.alfa HTTP/1.1" 301 253 "www.google.com" "Mozlila/5.0 (Linux; Android 7.0; SM-G892A Bulid/NRD90M; wv) AppleWebKit/537.36 (KHTML, like Gecko) Version/4.0 Chrome/60.0.3112.107 Moblie Safari/537.36"
114.119.136.95 - - [31/Oct/2025:03:53:25 +0545] "GET /index.php/shop/beabbc/fit=556091072cr579d4c2ifn9hfha0579w.shtml HTTP/1.1" 301 296 "-" "Mozilla/5.0 (Linux; Android 7.0;) AppleWebKit/537.36 (KHTML, like Gecko) Mobile Safari/537.36 (compatible; PetalBot;+https://webmaster.petalsearch.com/site/petalbot)"
185.39.19.34 - - [31/Oct/2025:03:57:28 +0545] "GET / HTTP/1.0" 301 233 "http://roshanchandy.com/" "Mozilla/5.0 (Windows NT 10.0; Win64; x64) AppleWebKit/537.36 (KHTML, like Gecko) Chrome/131.0.0.0 Safari/537.36"
114.119.136.95 - - [31/Oct/2025:04:02:16 +0545] "GET /index.php/shop/bddbfd/fit=455965854crd136efehlzurULc9d13w.shtml HTTP/1.1" 301 296 "-" "Mozilla/5.0 (Linux; Android 7.0;) AppleWebKit/537.36 (KHTML, like Gecko) Mobile Safari/537.36 (compatible; PetalBot;+https://webmaster.petalsearch.com/site/petalbot)"
114.119.136.95 - - [31/Oct/2025:04:11:05 +0545] "GET /index.php/shop/bcbfad/fit=533342998cr60f08887688x3260fw.shtml HTTP/1.1" 301 294 "-" "Mozilla/5.0 (Linux; Android 7.0;) AppleWebKit/537.36 (KHTML, like Gecko) Mobile Safari/537.36 (compatible; PetalBot;+https://webmaster.petalsearch.com/site/petalbot)"
114.119.158.36 - - [31/Oct/2025:04:21:00 +0545] "GET /index.php/shop/bbdfeb/fit=738651831cr46ee71e0was2046ew.shtml HTTP/1.1" 301 293 "-" "Mozilla/5.0 (Linux; Android 7.0;) AppleWebKit/537.36 (KHTML, like Gecko) Mobile Safari/537.36 (compatible; PetalBot;+https://webmaster.petalsearch.com/site/petalbot)"
114.119.153.158 - - [31/Oct/2025:04:31:13 +0545] "GET /index.php/shop/bbaafd/fit=434678255cr3002d08F5gE6b300w.shtml HTTP/1.1" 301 293 "-" "Mozilla/5.0 (Linux; Android 7.0;) AppleWebKit/537.36 (KHTML, like Gecko) Mobile Safari/537.36 (compatible; PetalBot;+https://webmaster.petalsearch.com/site/petalbot)"
114.96.103.33 - - [31/Oct/2025:04:37:34 +0545] "GET / HTTP/1.1" 301 233 "-" "Mozilla/5.0 (iPhone; CPU iPhone OS 13_2_3 like Mac OS X) AppleWebKit/605.1.15 (KHTML, like Gecko) Version/13.0.3 Mobile/15E148 Safari/604.1"
114.119.135.30 - - [31/Oct/2025:04:40:36 +0545] "GET /index.php/shop/baacec/fit=835917100cr36d926772ql30936dw.shtml HTTP/1.1" 301 294 "-" "Mozilla/5.0 (Linux; Android 7.0;) AppleWebKit/537.36 (KHTML, like Gecko) Mobile Safari/537.36 (compatible; PetalBot;+https://webmaster.petalsearch.com/site/petalbot)"
202.172.28.58 - - [31/Oct/2025:04:41:37 +0545] "GET /wp-login.php HTTP/1.1" 301 245 "" "Mozilla/5.0 (Windows NT 10.0; Win64; x64; rv:144.0) Gecko/20100101 Firefox/144.0"
114.119.144.176 - - [31/Oct/2025:04:50:27 +0545] "GET /index.php/shop/baacad/fit=126870893cr2b5bbecdseUIrK6f312b5w.shtml HTTP/1.1" 301 298 "-" "Mozilla/5.0 (Linux; Android 7.0;) AppleWebKit/537.36 (KHTML, like Gecko) Mobile Safari/537.36 (compatible; PetalBot;+https://webmaster.petalsearch.com/site/petalbot)"
114.119.156.146 - - [31/Oct/2025:05:00:17 +0545] "GET /index.php/shop/affabb/fit=702414788cr4969a85c1oh0Uvi7a496w.shtml HTTP/1.1" 301 297 "-" "Mozilla/5.0 (Linux; Android 7.0;) AppleWebKit/537.36 (KHTML, like Gecko) Mobile Safari/537.36 (compatible; PetalBot;+https://webmaster.petalsearch.com/site/petalbot)"
46.101.9.216 - - [31/Oct/2025:05:05:57 +0545] "GET / HTTP/1.1" 301 233 "-" "Mozilla/5.0 (Windows NT 10.0; Win64; x64) AppleWebKit/537.36 (KHTML, like Gecko) Chrome/124.0.0.0 Safari/537.36"
114.119.158.36 - - [31/Oct/2025:05:10:07 +0545] "GET /index.php/shop/afeabd/fit=133774008cra1abe0agu6um7qpI473a1aw.shtml HTTP/1.1" 301 299 "-" "Mozilla/5.0 (Linux; Android 7.0;) AppleWebKit/537.36 (KHTML, like Gecko) Mobile Safari/537.36 (compatible; PetalBot;+https://webmaster.petalsearch.com/site/petalbot)"
163.172.106.185 - - [31/Oct/2025:05:15:36 +0545] "GET /wp-login.php HTTP/1.1" 301 245 "" "Mozilla/5.0 (Windows NT 10.0; Win64; x64; rv:144.0) Gecko/20100101 Firefox/144.0"
114.119.158.28 - - [31/Oct/2025:05:19:57 +0545] "GET /index.php/shop/afbbce/fit=667508089cre06c4aarloR8uxf7ae06w.shtml HTTP/1.1" 301 297 "-" "Mozilla/5.0 (Linux; Android 7.0;) AppleWebKit/537.36 (KHTML, like Gecko) Mobile Safari/537.36 (compatible; PetalBot;+https://webmaster.petalsearch.com/site/petalbot)"
114.119.136.95 - - [31/Oct/2025:05:29:49 +0545] "GET /index.php/shop/aeeeea/fit=329483815cr04645defN30u545046w.shtml HTTP/1.1" 301 295 "-" "Mozilla/5.0 (Linux; Android 7.0;) AppleWebKit/537.36 (KHTML, like Gecko) Mobile Safari/537.36 (compatible; PetalBot;+https://webmaster.petalsearch.com/site/petalbot)"
122.114.59.75 - - [31/Oct/2025:05:35:48 +0545] "GET /wp-login.php HTTP/1.1" 301 245 "" "Mozilla/5.0 (Windows NT 10.0; Win64; x64; rv:144.0) Gecko/20100101 Firefox/144.0"
114.119.135.30 - - [31/Oct/2025:05:39:38 +0545] "GET /index.php/shop/aebfdc/fit=155887631cr7874f8a6cc5vemOm2d787w.shtml HTTP/1.1" 301 298 "-" "Mozilla/5.0 (Linux; Android 7.0;) AppleWebKit/537.36 (KHTML, like Gecko) Mobile Safari/537.36 (compatible; PetalBot;+https://webmaster.petalsearch.com/site/petalbot)"
114.119.155.70 - - [31/Oct/2025:05:49:31 +0545] "GET /index.php/shop/aebfaa/fit=025231798cr9a36fccwsxec39a3w.shtml HTTP/1.1" 301 293 "-" "Mozilla/5.0 (Linux; Android 7.0;) AppleWebKit/537.36 (KHTML, like Gecko) Mobile Safari/537.36 (compatible; PetalBot;+https://webmaster.petalsearch.com/site/petalbot)"
66.249.68.32 - - [31/Oct/2025:05:53:31 +0545] "GET /robots.txt HTTP/1.1" 301 243 "-" "Mozilla/5.0 (compatible; Googlebot/2.1; +http://www.google.com/bot.html)"
66.249.68.39 - - [31/Oct/2025:05:53:33 +0545] "GET /wp-content/plugins/apikey/2dxac/0wxy.php?osch=emscripten-examples HTTP/1.1" 301 298 "-" "Mozilla/5.0 (Linux; Android 6.0.1; Nexus 5X Build/MMB29P) AppleWebKit/537.36 (KHTML, like Gecko) Chrome/141.0.7390.122 Mobile Safari/537.36 (compatible; Googlebot/2.1; +http://www.google.com/bot.html)"
114.119.144.176 - - [31/Oct/2025:05:59:17 +0545] "GET /index.php/shop/adecba/fit=712895762cr380dc51rz9r3k4vc9380w.shtml HTTP/1.1" 301 297 "-" "Mozilla/5.0 (Linux; Android 7.0;) AppleWebKit/537.36 (KHTML, like Gecko) Mobile Safari/537.36 (compatible; PetalBot;+https://webmaster.petalsearch.com/site/petalbot)"
114.119.155.70 - - [31/Oct/2025:06:09:11 +0545] "GET /index.php/shop/acecfa/fit=150470253cr07a186b3ilb8307aw.shtml HTTP/1.1" 301 293 "-" "Mozilla/5.0 (Linux; Android 7.0;) AppleWebKit/537.36 (KHTML, like Gecko) Mobile Safari/537.36 (compatible; PetalBot;+https://webmaster.petalsearch.com/site/petalbot)"
114.119.156.146 - - [31/Oct/2025:06:18:58 +0545] "GET /index.php/shop/abfbfc/fit=342943211cr88c0857yybOxb8188cw.shtml HTTP/1.1" 301 295 "-" "Mozilla/5.0 (Linux; Android 7.0;) AppleWebKit/537.36 (KHTML, like Gecko) Mobile Safari/537.36 (compatible; PetalBot;+https://webmaster.petalsearch.com/site/petalbot)"
45.149.173.225 - - [31/Oct/2025:06:21:24 +0545] "GET / HTTP/1.1" 301 233 "-" "Mozilla/5.0 (Windows NT 10.0; Win64; x64) AppleWebKit/537.36 (KHTML, like Gecko) Chrome/78.0.3904.108 Safari/537.36"
121.50.177.50 - - [31/Oct/2025:06:26:02 +0545] "GET /consultants/evaluation-approfondie-de-leovegas/ HTTP/1.0" 301 280 "https://roshanchandy.com/" "Mozilla/5.0 (Windows NT 10.0; Win64; x64) AppleWebKit/537.36 (KHTML, like Gecko) Chrome/114.0.0.0 Safari/537.36 OPR/89.0.4447.51"
114.119.158.28 - - [31/Oct/2025:06:28:48 +0545] "GET /index.php/shop/abfbab/fit=114252946crdcbcdfdKntu2d58dcbw.shtml HTTP/1.1" 301 295 "-" "Mozilla/5.0 (Linux; Android 7.0;) AppleWebKit/537.36 (KHTML, like Gecko) Mobile Safari/537.36 (compatible; PetalBot;+https://webmaster.petalsearch.com/site/petalbot)"
114.119.155.70 - - [31/Oct/2025:06:38:39 +0545] "GET /index.php/shop/aaabfc/fit=325177866crde104f7st5zbaf6de1w.shtml HTTP/1.1" 301 295 "-" "Mozilla/5.0 (Linux; Android 7.0;) AppleWebKit/537.36 (KHTML, like Gecko) Mobile Safari/537.36 (compatible; PetalBot;+https://webmaster.petalsearch.com/site/petalbot)"
1.53.226.237 - - [31/Oct/2025:06:41:49 +0545] "GET /wp-json/wp/v2/posts HTTP/1.1" 301 252 "-" "Mozilla/5.0 (Windows NT 10.0; Win64; x64) AppleWebKit/537.36 (KHTML, like Gecko) Chrome/120.0.0.0 Safari/537.36"
110.49.126.114 - - [31/Oct/2025:06:47:02 +0545] "GET /wp-login.php HTTP/1.1" 301 245 "" "Mozilla/5.0 (Windows NT 10.0; Win64; x64; rv:144.0) Gecko/20100101 Firefox/144.0"
114.119.135.30 - - [31/Oct/2025:06:48:29 +0545] "GET /?shop/ffcdfa/fit=136321195crf4e2e42AsfvOlxv977f4ew.shtml HTTP/1.1" 301 289 "-" "Mozilla/5.0 (Linux; Android 7.0;) AppleWebKit/537.36 (KHTML, like Gecko) Mobile Safari/537.36 (compatible; PetalBot;+https://webmaster.petalsearch.com/site/petalbot)"
114.119.158.28 - - [31/Oct/2025:06:58:20 +0545] "GET /?shop/ffbefe/fit=411172236crc372d135nmdi506c37w.shtml HTTP/1.1" 301 286 "-" "Mozilla/5.0 (Linux; Android 7.0;) AppleWebKit/537.36 (KHTML, like Gecko) Mobile Safari/537.36 (compatible; PetalBot;+https://webmaster.petalsearch.com/site/petalbot)"
114.119.135.30 - - [31/Oct/2025:07:08:09 +0545] "GET /?shop/ffafec/fit=692810791cr49be6d0tnxJ57049bw.shtml HTTP/1.1" 301 285 "-" "Mozilla/5.0 (Linux; Android 7.0;) AppleWebKit/537.36 (KHTML, like Gecko) Mobile Safari/537.36 (compatible; PetalBot;+https://webmaster.petalsearch.com/site/petalbot)"
39.146.41.141 - - [31/Oct/2025:07:09:02 +0545] "GET / HTTP/1.1" 301 237 "http://www.roshanchandy.com/" "Mozilla/5.0 (Windows NT 6.1; WOW64) AppleWebKit/537.36 (KHTML, like Gecko) Chrome/50.0.2661.102 Safari/537.36"
114.119.158.36 - - [31/Oct/2025:07:17:59 +0545] "GET /?shop/febfed/fit=100837248cr1f554776kKmc01f5w.shtml HTTP/1.1" 301 284 "-" "Mozilla/5.0 (Linux; Android 7.0;) AppleWebKit/537.36 (KHTML, like Gecko) Mobile Safari/537.36 (compatible; PetalBot;+https://webmaster.petalsearch.com/site/petalbot)"
171.234.131.187 - - [31/Oct/2025:07:24:29 +0545] "GET /wp-json/wp/v2/posts HTTP/1.1" 301 252 "-" "Mozilla/5.0 (Windows NT 10.0; Win64; x64) AppleWebKit/537.36 (KHTML, like Gecko) Chrome/120.0.0.0 Safari/537.36"
114.119.156.146 - - [31/Oct/2025:07:27:53 +0545] "GET /?shop/febafb/fit=200407228cre383703d84agvu6ae38w.shtml HTTP/1.1" 301 287 "-" "Mozilla/5.0 (Linux; Android 7.0;) AppleWebKit/537.36 (KHTML, like Gecko) Mobile Safari/537.36 (compatible; PetalBot;+https://webmaster.petalsearch.com/site/petalbot)"
114.119.158.28 - - [31/Oct/2025:07:37:42 +0545] "GET /?shop/fdbefa/fit=267398471cr574c1ddVdz1a574w.shtml HTTP/1.1" 301 283 "-" "Mozilla/5.0 (Linux; Android 7.0;) AppleWebKit/537.36 (KHTML, like Gecko) Mobile Safari/537.36 (compatible; PetalBot;+https://webmaster.petalsearch.com/site/petalbot)"
114.119.135.30 - - [31/Oct/2025:07:47:32 +0545] "GET /?shop/fdabfa/fit=877016078cr06e76baSpxajk9706ew.shtml HTTP/1.1" 301 286 "-" "Mozilla/5.0 (Linux; Android 7.0;) AppleWebKit/537.36 (KHTML, like Gecko) Mobile Safari/537.36 (compatible; PetalBot;+https://webmaster.petalsearch.com/site/petalbot)"
216.244.66.196 - - [31/Oct/2025:07:48:59 +0545] "GET /robots.txt HTTP/1.1" 301 243 "-" "Mozilla/5.0 (compatible; DotBot/1.2; +https://opensiteexplorer.org/dotbot; help@moz.com)"
114.119.144.176 - - [31/Oct/2025:07:57:21 +0545] "GET /?shop/fdaaef/fit=455938797crbf277164tfshzb1bf2w.shtml HTTP/1.1" 301 286 "-" "Mozilla/5.0 (Linux; Android 7.0;) AppleWebKit/537.36 (KHTML, like Gecko) Mobile Safari/537.36 (compatible; PetalBot;+https://webmaster.petalsearch.com/site/petalbot)"
163.204.216.92 - - [31/Oct/2025:08:01:25 +0545] "GET / HTTP/1.1" 301 237 "https://www.whole-search.com/cache/Google/roshanchandy.com?q=Google+global+ranking+site%3Awww.whole-search.com" "Mozilla/4.0 (compatible; MSIE 6.0; Windows NT 5.1; SV1)"
100.26.221.144 - - [31/Oct/2025:08:16:03 +0545] "GET / HTTP/1.1" 301 233 "-" "Mozilla/4.0 (PSP (PlayStation Portable); 2.00)"
62.171.143.144 - - [31/Oct/2025:08:18:06 +0545] "GET /wp-admin/css/ HTTP/1.1" 301 246 "binance.com" "Mozilla/5.0 (Windows NT 10.0; Win64; x64) AppleWebKit/537.36 (KHTML, like Gecko) Chrome/90.0.4430.85 Safari/537.36"
45.86.202.149 - - [31/Oct/2025:08:24:34 +0545] "GET /phpinfo HTTP/1.1" 301 240 "-" "Mozilla/5.0 (Windows NT 10.0; Win64; x64) AppleWebKit/537.36 (KHTML, like Gecko) Chrome/120.0.0.0 Safari/537.36"
45.86.202.107 - - [31/Oct/2025:08:24:34 +0545] "GET /phpinfo.php HTTP/1.1" 301 244 "-" "Mozilla/5.0 (X11; Linux x86_64) AppleWebKit/537.36 (KHTML, like Gecko) Firefox/119.0"
45.86.202.108 - - [31/Oct/2025:08:24:36 +0545] "GET /test.php HTTP/1.1" 301 241 "-" "Mozilla/5.0 (Macintosh; Intel Mac OS X 10_15_7) AppleWebKit/537.36 (KHTML, like Gecko) Chrome/118.0.0.0 Safari/537.36"
45.86.202.135 - - [31/Oct/2025:08:24:37 +0545] "GET /_profiler/phpinfo HTTP/1.1" 301 250 "-" "Mozilla/5.0 (Macintosh; Intel Mac OS X 10_15_7) AppleWebKit/537.36 (KHTML, like Gecko) Chrome/118.0.0.0 Safari/537.36"
45.86.202.132 - - [31/Oct/2025:08:24:39 +0545] "GET /info.php HTTP/1.1" 301 241 "-" "Mozilla/5.0 (X11; Linux x86_64) AppleWebKit/537.36 (KHTML, like Gecko) Firefox/119.0"
45.86.202.121 - - [31/Oct/2025:08:24:41 +0545] "GET /i.php HTTP/1.1" 301 238 "-" "Mozilla/5.0 (Windows NT 10.0; Win64; x64) AppleWebKit/537.36 (KHTML, like Gecko) Chrome/120.0.0.0 Safari/537.36"
45.86.202.147 - - [31/Oct/2025:08:24:44 +0545] "GET /pi.php HTTP/1.1" 301 239 "-" "Mozilla/5.0 (Windows NT 10.0; Win64; x64) AppleWebKit/537.36 (KHTML, like Gecko) Chrome/120.0.0.0 Safari/537.36"
45.86.202.130 - - [31/Oct/2025:08:24:46 +0545] "GET /php.php HTTP/1.1" 301 240 "-" "Mozilla/5.0 (Windows NT 10.0; Win64; x64) AppleWebKit/537.36 (KHTML, like Gecko) Chrome/120.0.0.0 Safari/537.36"
4.217.235.135 - - [31/Oct/2025:08:31:53 +0545] "POST /wp-plain.php HTTP/1.1" 301 245 "www.google.com" "Mozilla/5.0 (Linux; Android 7.0; SM-G892A Bulid/NRD90M; wv) AppleWebKit/537.36 (KHTML, like Gecko) Version/4.0 Chrome/60.0.3112.107 Moblie Safari/537.36"
4.217.235.135 - - [31/Oct/2025:08:31:53 +0545] "GET /wp-content/themes/seotheme/db.php?u HTTP/1.1" 301 268 "www.google.com" "Mozlila/5.0 (Linux; Android 7.0; SM-G892A Bulid/NRD90M; wv) AppleWebKit/537.36 (KHTML, like Gecko) Version/4.0 Chrome/60.0.3112.107 Moblie Safari/537.36"
4.217.235.135 - - [31/Oct/2025:08:31:53 +0545] "POST /ALFA_DATA/alfacgiapi/perl.alfa HTTP/1.1" 301 263 "www.google.com" "Mozlila/5.0 (Linux; Android 7.0; SM-G892A Bulid/NRD90M; wv) AppleWebKit/537.36 (KHTML, like Gecko) Version/4.0 Chrome/60.0.3112.107 Moblie Safari/537.36"
4.217.235.135 - - [31/Oct/2025:08:31:53 +0545] "GET / HTTP/1.1" 301 233 "-" "Mozlila/5.0 (Linux; Android 7.0; SM-G892A Bulid/NRD90M; wv) AppleWebKit/537.36 (KHTML, like Gecko) Version/4.0 Chrome/60.0.3112.107 Moblie Safari/537.36"
4.217.235.135 - - [31/Oct/2025:08:31:54 +0545] "POST /alfacgiapi/perl.alfa HTTP/1.1" 301 253 "www.google.com" "Mozlila/5.0 (Linux; Android 7.0; SM-G892A Bulid/NRD90M; wv) AppleWebKit/537.36 (KHTML, like Gecko) Version/4.0 Chrome/60.0.3112.107 Moblie Safari/537.36"
36.41.75.167 - - [31/Oct/2025:10:39:42 +0545] "GET / HTTP/1.1" 301 237 "-" "Mozilla/5.0 (iPhone; CPU iPhone OS 13_2_3 like Mac OS X) AppleWebKit/605.1.15 (KHTML, like Gecko) Version/13.0.3 Mobile/15E148 Safari/604.1"
203.19.38.114 - - [31/Oct/2025:10:48:33 +0545] "GET /consultants/super-casino-les-probabilites-au-coeur-du-succes/ HTTP/1.1" 301 294 "https://roshanchandy.com/" "Mozilla/5.0 (X11; Linux i686; rv:114.0) Gecko/20100101 Firefox/114.0"
45.83.31.80 - - [31/Oct/2025:11:32:18 +0545] "GET / HTTP/1.1" 301 233 "-" "Mozilla/5.0 (Windows NT 10.0; Win64; x64) AppleWebKit/537.36 (KHTML, like Gecko) Chrome/93.0.4577.63 Safari/537.36"
47.91.65.23 - - [31/Oct/2025:11:46:27 +0545] "GET /consultants/maitriser-les-jeux-au-julius-casino-grace-a-une-approche-probabiliste/ HTTP/1.1" 301 315 "https://roshanchandy.com/" "Mozilla/5.0 (Macintosh; Intel Mac OS X 12_5) AppleWebKit/537.36 (KHTML, like Gecko) Chrome/114.0.0.0 YaBrowser/22.7.0 Yowser/2.5 Safari/537.36"
47.91.65.23 - - [31/Oct/2025:11:46:34 +0545] "GET /consultants/maitriser-les-jeux-au-julius-casino-grace-a-une-approche-probabiliste/ HTTP/1.1" 301 315 "https://roshanchandy.com/consultants/maitriser-les-jeux-au-julius-casino-grace-a-une-approche-probabiliste/" "Mozilla/5.0 (Macintosh; Intel Mac OS X 12_5) AppleWebKit/537.36 (KHTML, like Gecko) Chrome/114.0.0.0 YaBrowser/22.7.0 Yowser/2.5 Safari/537.36"
170.238.198.229 - - [31/Oct/2025:11:51:08 +0545] "GET / HTTP/1.1" 301 233 "-" "Mozilla/5.0 (Macintosh; Intel Mac OS X 12_3_1) AppleWebKit/537.36 (KHTML, like Gecko) Chrome/100.0.4896.88 Safari/537.36"
201.138.130.21 - - [31/Oct/2025:11:51:13 +0545] "GET / HTTP/1.1" 301 233 "-" "Mozilla/5.0 (Macintosh; Intel Mac OS X 12_3_1) AppleWebKit/537.36 (KHTML, like Gecko) Chrome/100.0.4896.88 Safari/537.36"
223.206.155.39 - - [31/Oct/2025:12:02:16 +0545] "GET /wp-json/wp/v2/posts HTTP/1.1" 301 252 "-" "Mozilla/5.0 (Windows NT 10.0; Win64; x64) AppleWebKit/537.36 (KHTML, like Gecko) Chrome/120.0.0.0 Safari/537.36"
170.106.181.163 - - [31/Oct/2025:12:37:12 +0545] "GET / HTTP/1.1" 301 233 "-" "Mozilla/5.0 (iPhone; CPU iPhone OS 13_2_3 like Mac OS X) AppleWebKit/605.1.15 (KHTML, like Gecko) Version/13.0.3 Mobile/15E148 Safari/604.1"
4.217.235.135 - - [31/Oct/2025:13:16:55 +0545] "GET /wp-content/themes/seotheme/db.php?u HTTP/1.1" 301 268 "www.google.com" "Mozlila/5.0 (Linux; Android 7.0; SM-G892A Bulid/NRD90M; wv) AppleWebKit/537.36 (KHTML, like Gecko) Version/4.0 Chrome/60.0.3112.107 Moblie Safari/537.36"
4.217.235.135 - - [31/Oct/2025:13:16:55 +0545] "POST /ALFA_DATA/alfacgiapi/perl.alfa HTTP/1.1" 301 263 "www.google.com" "Mozlila/5.0 (Linux; Android 7.0; SM-G892A Bulid/NRD90M; wv) AppleWebKit/537.36 (KHTML, like Gecko) Version/4.0 Chrome/60.0.3112.107 Moblie Safari/537.36"
