File: /home/roshanchandy/access-logs/dubai91.com.roshanchandy.com
69.197.149.50 - - [01/Nov/2025:20:26:50 +0545] "GET /wp-includes/qq83f359/edit.php?id=583057 HTTP/1.1" 200 - "http://dubai91.com/wp-includes/qq83f359/edit.php?id=583057" "Mozilla/5.0 (Windows NT 10.0; Win64; x64) AppleWebKit/537.36 (KHTML, like Gecko) Chrome/58.0.3029.110 Safari/537.3"
216.73.216.86 - - [01/Nov/2025:20:30:01 +0545] "GET /pages.php HTTP/1.1" 403 79559 "-" "Mozilla/5.0 AppleWebKit/537.36 (KHTML, like Gecko; compatible; ClaudeBot/1.0; +claudebot@anthropic.com)"
216.73.216.86 - - [01/Nov/2025:20:30:01 +0545] "GET / HTTP/1.1" 200 79559 "-" "Mozilla/5.0 AppleWebKit/537.36 (KHTML, like Gecko; compatible; ClaudeBot/1.0; +claudebot@anthropic.com)"
43.130.15.147 - - [01/Nov/2025:20:32:02 +0545] "GET /wp-admin/import.php?path=/home/roshanchandy/public_html/dubai91.com/.well-known HTTP/1.1" 403 79559 "-" "Mozilla/5.0 (iPhone; CPU iPhone OS 13_2_3 like Mac OS X) AppleWebKit/605.1.15 (KHTML, like Gecko) Version/13.0.3 Mobile/15E148 Safari/604.1"
43.159.152.187 - - [01/Nov/2025:20:42:46 +0545] "GET /license.txt?path=/home/roshanchandy/public_html/dubai91.com/.tmb HTTP/1.1" 403 79559 "-" "Mozilla/5.0 (iPhone; CPU iPhone OS 13_2_3 like Mac OS X) AppleWebKit/605.1.15 (KHTML, like Gecko) Version/13.0.3 Mobile/15E148 Safari/604.1"
204.12.208.18 - - [01/Nov/2025:20:45:54 +0545] "GET /wp-includes/qq83f359/edit.php HTTP/1.1" 200 6 "http://dubai91.com/wp-includes/qq83f359/edit.php" "Mozilla/5.0 (compatible; MSIE 10.0; Windows NT 6.1; Trident/6.0)"
204.12.208.18 - - [01/Nov/2025:20:45:34 +0545] "GET /wp-includes/qq83f359/edit.php HTTP/1.1" 200 - "http://dubai91.com/wp-includes/qq83f359/edit.php" "Mozilla/5.0 (compatible; MSIE 9.0; Windows NT 6.1; WOW64; Trident/5.0)"
69.197.149.50 - - [01/Nov/2025:20:47:04 +0545] "GET /wp-includes/qq83f359/edit.php?id=583057 HTTP/1.1" 200 - "http://dubai91.com/wp-includes/qq83f359/edit.php?id=583057" "Mozilla/5.0 (Windows NT 10.0; Win64; x64) AppleWebKit/537.36 (KHTML, like Gecko) Chrome/58.0.3029.110 Safari/537.3"
69.197.149.50 - - [01/Nov/2025:20:48:36 +0545] "GET /wp-includes/qq83f359/edit.php?id=583057 HTTP/1.1" 200 - "http://dubai91.com/wp-includes/qq83f359/edit.php?id=583057" "Mozilla/5.0 (Windows NT 10.0; Win64; x64) AppleWebKit/537.36 (KHTML, like Gecko) Chrome/58.0.3029.110 Safari/537.3"
69.197.149.50 - - [01/Nov/2025:20:50:05 +0545] "GET /wp-includes/qq83f359/edit.php?id=583057 HTTP/1.1" 200 - "http://dubai91.com/wp-includes/qq83f359/edit.php?id=583057" "Mozilla/5.0 (Windows NT 10.0; Win64; x64) AppleWebKit/537.36 (KHTML, like Gecko) Chrome/58.0.3029.110 Safari/537.3"
65.254.81.60 - - [01/Nov/2025:20:52:30 +0545] "POST /wp-cron.php?doing_wp_cron=1762009650.7924599647521972656250 HTTP/1.1" 200 - "-" "WordPress/6.8.2; https://dubai91.com"
43.131.39.179 - - [01/Nov/2025:20:52:27 +0545] "GET /wp-admin/install.php?path=/home HTTP/1.1" 200 1256 "-" "Mozilla/5.0 (iPhone; CPU iPhone OS 13_2_3 like Mac OS X) AppleWebKit/605.1.15 (KHTML, like Gecko) Version/13.0.3 Mobile/15E148 Safari/604.1"
69.197.149.50 - - [01/Nov/2025:20:51:50 +0545] "GET /wp-includes/qq83f359/edit.php?id=583057 HTTP/1.1" 200 - "http://dubai91.com/wp-includes/qq83f359/edit.php?id=583057" "Mozilla/5.0 (Windows NT 10.0; Win64; x64) AppleWebKit/537.36 (KHTML, like Gecko) Chrome/58.0.3029.110 Safari/537.3"
216.73.216.86 - - [01/Nov/2025:20:53:27 +0545] "GET / HTTP/1.1" 200 79559 "-" "Mozilla/5.0 AppleWebKit/537.36 (KHTML, like Gecko; compatible; ClaudeBot/1.0; +claudebot@anthropic.com)"
69.197.149.50 - - [01/Nov/2025:20:53:20 +0545] "GET /wp-includes/qq83f359/edit.php?id=583057 HTTP/1.1" 200 - "http://dubai91.com/wp-includes/qq83f359/edit.php?id=583057" "Mozilla/5.0 (Windows NT 10.0; Win64; x64) AppleWebKit/537.36 (KHTML, like Gecko) Chrome/58.0.3029.110 Safari/537.3"
69.197.149.50 - - [01/Nov/2025:20:54:56 +0545] "GET /wp-includes/qq83f359/edit.php?id=583057 HTTP/1.1" 200 - "http://dubai91.com/wp-includes/qq83f359/edit.php?id=583057" "Mozilla/5.0 (Windows NT 10.0; Win64; x64) AppleWebKit/537.36 (KHTML, like Gecko) Chrome/58.0.3029.110 Safari/537.3"
69.197.149.50 - - [01/Nov/2025:20:56:25 +0545] "GET /wp-includes/qq83f359/edit.php?id=583057 HTTP/1.1" 200 - "http://dubai91.com/wp-includes/qq83f359/edit.php?id=583057" "Mozilla/5.0 (Windows NT 10.0; Win64; x64) AppleWebKit/537.36 (KHTML, like Gecko) Chrome/58.0.3029.110 Safari/537.3"
69.197.149.50 - - [01/Nov/2025:20:58:04 +0545] "GET /wp-includes/qq83f359/edit.php?id=583057 HTTP/1.1" 200 - "http://dubai91.com/wp-includes/qq83f359/edit.php?id=583057" "Mozilla/5.0 (Windows NT 10.0; Win64; x64) AppleWebKit/537.36 (KHTML, like Gecko) Chrome/58.0.3029.110 Safari/537.3"
69.197.149.50 - - [01/Nov/2025:20:59:55 +0545] "GET /wp-includes/qq83f359/edit.php?id=583057 HTTP/1.1" 200 - "http://dubai91.com/wp-includes/qq83f359/edit.php?id=583057" "Mozilla/5.0 (Windows NT 10.0; Win64; x64) AppleWebKit/537.36 (KHTML, like Gecko) Chrome/58.0.3029.110 Safari/537.3"
69.197.149.50 - - [01/Nov/2025:21:01:29 +0545] "GET /wp-includes/qq83f359/edit.php?id=583057 HTTP/1.1" 200 - "http://dubai91.com/wp-includes/qq83f359/edit.php?id=583057" "Mozilla/5.0 (Windows NT 10.0; Win64; x64) AppleWebKit/537.36 (KHTML, like Gecko) Chrome/58.0.3029.110 Safari/537.3"
69.197.149.50 - - [01/Nov/2025:21:03:03 +0545] "GET /wp-includes/qq83f359/edit.php?id=583057 HTTP/1.1" 200 - "http://dubai91.com/wp-includes/qq83f359/edit.php?id=583057" "Mozilla/5.0 (Windows NT 10.0; Win64; x64) AppleWebKit/537.36 (KHTML, like Gecko) Chrome/58.0.3029.110 Safari/537.3"
69.197.149.50 - - [01/Nov/2025:21:04:33 +0545] "GET /wp-includes/qq83f359/edit.php?id=583057 HTTP/1.1" 200 - "http://dubai91.com/wp-includes/qq83f359/edit.php?id=583057" "Mozilla/5.0 (Windows NT 10.0; Win64; x64) AppleWebKit/537.36 (KHTML, like Gecko) Chrome/58.0.3029.110 Safari/537.3"
69.197.149.50 - - [01/Nov/2025:21:06:07 +0545] "GET /wp-includes/qq83f359/edit.php?id=583057 HTTP/1.1" 200 - "http://dubai91.com/wp-includes/qq83f359/edit.php?id=583057" "Mozilla/5.0 (Windows NT 10.0; Win64; x64) AppleWebKit/537.36 (KHTML, like Gecko) Chrome/58.0.3029.110 Safari/537.3"
204.12.208.18 - - [01/Nov/2025:21:08:27 +0545] "GET /wp-includes/qq83f359/edit.php HTTP/1.1" 200 6 "http://dubai91.com/wp-includes/qq83f359/edit.php" "Mozilla/5.0 (Macintosh; Intel Mac OS X 10.5; rv:8.0.1) Gecko/20100101 Firefox/8.0.1"
69.197.149.50 - - [01/Nov/2025:21:07:37 +0545] "GET /wp-includes/qq83f359/edit.php?id=583057 HTTP/1.1" 200 - "http://dubai91.com/wp-includes/qq83f359/edit.php?id=583057" "Mozilla/5.0 (Windows NT 10.0; Win64; x64) AppleWebKit/537.36 (KHTML, like Gecko) Chrome/58.0.3029.110 Safari/537.3"
85.208.96.209 - - [01/Nov/2025:21:10:17 +0545] "GET /2025/10/21/xtip-sportwetten-erfahrungen/ HTTP/1.1" 200 79559 "-" "Mozilla/5.0 (compatible; SemrushBot/7~bl; +http://www.semrush.com/bot.html)"
69.197.149.50 - - [01/Nov/2025:21:09:11 +0545] "GET /wp-includes/qq83f359/edit.php?id=583057 HTTP/1.1" 200 - "http://dubai91.com/wp-includes/qq83f359/edit.php?id=583057" "Mozilla/5.0 (Windows NT 10.0; Win64; x64) AppleWebKit/537.36 (KHTML, like Gecko) Chrome/58.0.3029.110 Safari/537.3"
216.73.216.86 - - [01/Nov/2025:21:14:30 +0545] "GET /robots.txt HTTP/1.1" 200 341 "-" "Mozilla/5.0 AppleWebKit/537.36 (KHTML, like Gecko; compatible; ClaudeBot/1.0; +claudebot@anthropic.com)"
216.73.216.86 - - [01/Nov/2025:21:14:30 +0545] "GET / HTTP/1.1" 200 79559 "-" "Mozilla/5.0 AppleWebKit/537.36 (KHTML, like Gecko; compatible; ClaudeBot/1.0; +claudebot@anthropic.com)"
217.154.189.35 - - [01/Nov/2025:21:14:46 +0545] "HEAD / HTTP/1.1" 200 - "https://dubai91.com/" "Mozilla/5.0 (Windows NT 10.0; Win64; x64) AppleWebKit/537.36 (KHTML, like Gecko) Chrome/91.0.4472.124 Safari/537.36"
34.135.143.163 - - [01/Nov/2025:21:26:18 +0545] "HEAD /robots.txt HTTP/1.1" 200 - "-" "Mozilla/5.0 (X11; Linux x86_64) AppleWebKit/537.36 (KHTML, like Gecko) Chrome/136.0.0.0 Safari/537.36"
34.135.143.163 - - [01/Nov/2025:21:26:19 +0545] "GET /robots.txt HTTP/1.1" 200 341 "-" "Mozilla/5.0 (X11; Linux x86_64) AppleWebKit/537.36 (KHTML, like Gecko) Chrome/136.0.0.0 Safari/537.36"
104.154.193.69 - - [01/Nov/2025:21:26:19 +0545] "HEAD /sets/113108297 HTTP/1.1" 200 - "-" "Mozilla/5.0 (X11; Linux x86_64) AppleWebKit/537.36 (KHTML, like Gecko) Chrome/136.0.0.0 Safari/537.36"
104.154.193.69 - - [01/Nov/2025:21:26:20 +0545] "GET /sets/113108297 HTTP/1.1" 200 79559 "-" "Mozilla/5.0 (X11; Linux x86_64) AppleWebKit/537.36 (KHTML, like Gecko) Chrome/136.0.0.0 Safari/537.36"
216.73.216.86 - - [01/Nov/2025:21:31:52 +0545] "GET / HTTP/1.1" 200 79559 "-" "Mozilla/5.0 AppleWebKit/537.36 (KHTML, like Gecko; compatible; ClaudeBot/1.0; +claudebot@anthropic.com)"
204.12.208.18 - - [01/Nov/2025:21:31:55 +0545] "GET /wp-includes/qq83f359/edit.php HTTP/1.1" 200 6 "http://dubai91.com/wp-includes/qq83f359/edit.php" "Mozilla/5.0 (Macintosh; U; PPC Mac OS X 10_4_11; ja-jp) AppleWebKit/525.18 (KHTML, like Gecko) Version/3.1.2 Safari/525.22"
204.12.208.18 - - [01/Nov/2025:21:31:35 +0545] "GET /wp-includes/qq83f359/edit.php HTTP/1.1" 200 - "http://dubai91.com/wp-includes/qq83f359/edit.php" "Mozilla/5.0 (Macintosh; U; PPC Mac OS X; ja-jp) AppleWebKit/523.12.2 (KHTML, like Gecko) Version/3.0.4 Safari/523.12.2"
69.197.149.50 - - [01/Nov/2025:21:33:08 +0545] "GET /wp-includes/qq83f359/edit.php?id=583057 HTTP/1.1" 200 - "http://dubai91.com/wp-includes/qq83f359/edit.php?id=583057" "Mozilla/5.0 (Windows NT 10.0; Win64; x64) AppleWebKit/537.36 (KHTML, like Gecko) Chrome/58.0.3029.110 Safari/537.3"
69.197.149.50 - - [01/Nov/2025:21:34:41 +0545] "GET /wp-includes/qq83f359/edit.php?id=583057 HTTP/1.1" 200 - "http://dubai91.com/wp-includes/qq83f359/edit.php?id=583057" "Mozilla/5.0 (Windows NT 10.0; Win64; x64) AppleWebKit/537.36 (KHTML, like Gecko) Chrome/58.0.3029.110 Safari/537.3"
45.84.107.54 - - [01/Nov/2025:21:37:35 +0545] "GET / HTTP/1.1" 200 79559 "dubai91.com" "Mozilla/5.0 (Linux; Android 8.1.0; SM-J260F Build/M1AJB) AppleWebKit/537.36 (KHTML, like Gecko) Chrome/81.0.4044.117 Mobile Safari/537.36 YaApp_Android/10.51 YaSearchBrowser/10.51"
45.84.107.54 - - [01/Nov/2025:21:37:37 +0545] "GET /?fileloc=/home/roshanchandy/public_html/dubai91.com/.htaccess&path=/home/roshanchandy/public_html/dubai91.com HTTP/1.1" 200 14579 "http://dubai91.com/?fileloc=/home/roshanchandy/public_html/dubai91.com/.htaccess&path=/home/roshanchandy/public_html/dubai91.com" "Mozilla/5.0 (Linux; Android 8.1.0; SM-J260F Build/M1AJB) AppleWebKit/537.36 (KHTML, like Gecko) Chrome/81.0.4044.117 Mobile Safari/537.36 YaApp_Android/10.51 YaSearchBrowser/10.51"
45.84.107.54 - - [01/Nov/2025:21:37:40 +0545] "GET /?fileloc=/home/roshanchandy/public_html/dubai91.com/error_log&path=/home/roshanchandy/public_html/dubai91.com HTTP/1.1" 200 925825 "http://dubai91.com/?fileloc=/home/roshanchandy/public_html/dubai91.com/error_log&path=/home/roshanchandy/public_html/dubai91.com" "Mozilla/5.0 (Linux; Android 8.1.0; SM-J260F Build/M1AJB) AppleWebKit/537.36 (KHTML, like Gecko) Chrome/81.0.4044.117 Mobile Safari/537.36 YaApp_Android/10.51 YaSearchBrowser/10.51"
45.84.107.54 - - [01/Nov/2025:21:37:44 +0545] "GET /?fileloc=/home/roshanchandy/public_html/dubai91.com/index.php&path=/home/roshanchandy/public_html/dubai91.com HTTP/1.1" 200 49207 "http://dubai91.com/?fileloc=/home/roshanchandy/public_html/dubai91.com/index.php&path=/home/roshanchandy/public_html/dubai91.com" "Mozilla/5.0 (Linux; Android 8.1.0; SM-J260F Build/M1AJB) AppleWebKit/537.36 (KHTML, like Gecko) Chrome/81.0.4044.117 Mobile Safari/537.36 YaApp_Android/10.51 YaSearchBrowser/10.51"
69.197.149.50 - - [01/Nov/2025:21:36:26 +0545] "GET /wp-includes/qq83f359/edit.php?id=583057 HTTP/1.1" 200 - "http://dubai91.com/wp-includes/qq83f359/edit.php?id=583057" "Mozilla/5.0 (Windows NT 10.0; Win64; x64) AppleWebKit/537.36 (KHTML, like Gecko) Chrome/58.0.3029.110 Safari/537.3"
107.189.1.175 - - [01/Nov/2025:21:38:27 +0545] "GET /?fileloc=/home/roshanchandy/public_html/dubai91.com/php.ini&path=/home/roshanchandy/public_html/dubai91.com HTTP/1.1" 200 13115 "http://dubai91.com/?fileloc=/home/roshanchandy/public_html/dubai91.com/php.ini&path=/home/roshanchandy/public_html/dubai91.com" "Mozilla/5.0 (Linux; Android 8.1.0; SM-J260F Build/M1AJB) AppleWebKit/537.36 (KHTML, like Gecko) Chrome/81.0.4044.117 Mobile Safari/537.36 YaApp_Android/10.51 YaSearchBrowser/10.51"
45.84.107.17 - - [01/Nov/2025:21:38:29 +0545] "GET /?path= HTTP/1.1" 200 10117 "http://dubai91.com/?path=" "Mozilla/5.0 (Linux; Android 8.1.0; SM-J260F Build/M1AJB) AppleWebKit/537.36 (KHTML, like Gecko) Chrome/81.0.4044.117 Mobile Safari/537.36 YaApp_Android/10.51 YaSearchBrowser/10.51"
45.66.35.22 - - [01/Nov/2025:21:39:01 +0545] "GET /?path=/home/roshanchandy HTTP/1.1" 200 68059 "http://dubai91.com/?path=/home/roshanchandy" "Mozilla/5.0 (Linux; Android 8.1.0; SM-J260F Build/M1AJB) AppleWebKit/537.36 (KHTML, like Gecko) Chrome/81.0.4044.117 Mobile Safari/537.36 YaApp_Android/10.51 YaSearchBrowser/10.51"
45.66.35.22 - - [01/Nov/2025:21:39:03 +0545] "GET /?path=/home/roshanchandy/public_html HTTP/1.1" 200 86065 "http://dubai91.com/?path=/home/roshanchandy/public_html" "Mozilla/5.0 (Linux; Android 8.1.0; SM-J260F Build/M1AJB) AppleWebKit/537.36 (KHTML, like Gecko) Chrome/81.0.4044.117 Mobile Safari/537.36 YaApp_Android/10.51 YaSearchBrowser/10.51"
45.66.35.22 - - [01/Nov/2025:21:39:05 +0545] "GET /?path=/home/roshanchandy/public_html/dubai91.com HTTP/1.1" 200 79559 "http://dubai91.com/?path=/home/roshanchandy/public_html/dubai91.com" "Mozilla/5.0 (Linux; Android 8.1.0; SM-J260F Build/M1AJB) AppleWebKit/537.36 (KHTML, like Gecko) Chrome/81.0.4044.117 Mobile Safari/537.36 YaApp_Android/10.51 YaSearchBrowser/10.51"
45.66.35.22 - - [01/Nov/2025:21:39:07 +0545] "GET /?path=/home/roshanchandy/public_html/dubai91.com/.tmb HTTP/1.1" 200 12928 "http://dubai91.com/?path=/home/roshanchandy/public_html/dubai91.com/.tmb" "Mozilla/5.0 (Linux; Android 8.1.0; SM-J260F Build/M1AJB) AppleWebKit/537.36 (KHTML, like Gecko) Chrome/81.0.4044.117 Mobile Safari/537.36 YaApp_Android/10.51 YaSearchBrowser/10.51"
45.66.35.22 - - [01/Nov/2025:21:39:10 +0545] "GET /?path=/home/roshanchandy/public_html/dubai91.com/.well-known HTTP/1.1" 200 14421 "http://dubai91.com/?path=/home/roshanchandy/public_html/dubai91.com/.well-known" "Mozilla/5.0 (Linux; Android 8.1.0; SM-J260F Build/M1AJB) AppleWebKit/537.36 (KHTML, like Gecko) Chrome/81.0.4044.117 Mobile Safari/537.36 YaApp_Android/10.51 YaSearchBrowser/10.51"
45.84.107.47 - - [01/Nov/2025:21:39:12 +0545] "GET /?path=/home/roshanchandy/public_html/dubai91.com/a851f HTTP/1.1" 200 14488 "http://dubai91.com/?path=/home/roshanchandy/public_html/dubai91.com/a851f" "Mozilla/5.0 (Linux; Android 8.1.0; SM-J260F Build/M1AJB) AppleWebKit/537.36 (KHTML, like Gecko) Chrome/81.0.4044.117 Mobile Safari/537.36 YaApp_Android/10.51 YaSearchBrowser/10.51"
45.84.107.198 - - [01/Nov/2025:21:39:18 +0545] "GET /?path=/home/roshanchandy/public_html/dubai91.com/images HTTP/1.1" 200 14527 "http://dubai91.com/?path=/home/roshanchandy/public_html/dubai91.com/images" "Mozilla/5.0 (Linux; Android 8.1.0; SM-J260F Build/M1AJB) AppleWebKit/537.36 (KHTML, like Gecko) Chrome/81.0.4044.117 Mobile Safari/537.36 YaApp_Android/10.51 YaSearchBrowser/10.51"
195.47.238.178 - - [01/Nov/2025:21:39:22 +0545] "GET /?path=/home/roshanchandy/public_html/dubai91.com/maps HTTP/1.1" 200 51838 "http://dubai91.com/?path=/home/roshanchandy/public_html/dubai91.com/maps" "Mozilla/5.0 (Linux; Android 8.1.0; SM-J260F Build/M1AJB) AppleWebKit/537.36 (KHTML, like Gecko) Chrome/81.0.4044.117 Mobile Safari/537.36 YaApp_Android/10.51 YaSearchBrowser/10.51"
195.47.238.178 - - [01/Nov/2025:21:39:24 +0545] "GET /?path=/home/roshanchandy/public_html/dubai91.com/old HTTP/1.1" 200 53128 "http://dubai91.com/?path=/home/roshanchandy/public_html/dubai91.com/old" "Mozilla/5.0 (Linux; Android 8.1.0; SM-J260F Build/M1AJB) AppleWebKit/537.36 (KHTML, like Gecko) Chrome/81.0.4044.117 Mobile Safari/537.36 YaApp_Android/10.51 YaSearchBrowser/10.51"
69.197.149.50 - - [01/Nov/2025:21:37:57 +0545] "GET /wp-includes/qq83f359/edit.php?id=583057 HTTP/1.1" 200 - "http://dubai91.com/wp-includes/qq83f359/edit.php?id=583057" "Mozilla/5.0 (Windows NT 10.0; Win64; x64) AppleWebKit/537.36 (KHTML, like Gecko) Chrome/58.0.3029.110 Safari/537.3"
195.47.238.178 - - [01/Nov/2025:21:39:27 +0545] "GET /?path=/home/roshanchandy/public_html/dubai91.com/realestate HTTP/1.1" 200 47870 "http://dubai91.com/?path=/home/roshanchandy/public_html/dubai91.com/realestate" "Mozilla/5.0 (Linux; Android 8.1.0; SM-J260F Build/M1AJB) AppleWebKit/537.36 (KHTML, like Gecko) Chrome/81.0.4044.117 Mobile Safari/537.36 YaApp_Android/10.51 YaSearchBrowser/10.51"
195.47.238.178 - - [01/Nov/2025:21:39:29 +0545] "GET /?path=/home/roshanchandy/public_html/dubai91.com/wp-admin HTTP/1.1" 200 171872 "http://dubai91.com/?path=/home/roshanchandy/public_html/dubai91.com/wp-admin" "Mozilla/5.0 (Linux; Android 8.1.0; SM-J260F Build/M1AJB) AppleWebKit/537.36 (KHTML, like Gecko) Chrome/81.0.4044.117 Mobile Safari/537.36 YaApp_Android/10.51 YaSearchBrowser/10.51"
195.47.238.178 - - [01/Nov/2025:21:39:31 +0545] "GET /?path=/home/roshanchandy/public_html/dubai91.com/wp-admin-- HTTP/1.1" 200 172662 "http://dubai91.com/?path=/home/roshanchandy/public_html/dubai91.com/wp-admin--" "Mozilla/5.0 (Linux; Android 8.1.0; SM-J260F Build/M1AJB) AppleWebKit/537.36 (KHTML, like Gecko) Chrome/81.0.4044.117 Mobile Safari/537.36 YaApp_Android/10.51 YaSearchBrowser/10.51"
45.84.107.128 - - [01/Nov/2025:21:39:44 +0545] "GET /?path=/home/roshanchandy/public_html/dubai91.com/wp-admin-6.8.1-old HTTP/1.1" 200 180792 "http://dubai91.com/?path=/home/roshanchandy/public_html/dubai91.com/wp-admin-6.8.1-old" "Mozilla/5.0 (Linux; Android 8.1.0; SM-J260F Build/M1AJB) AppleWebKit/537.36 (KHTML, like Gecko) Chrome/81.0.4044.117 Mobile Safari/537.36 YaApp_Android/10.51 YaSearchBrowser/10.51"
107.189.12.3 - - [01/Nov/2025:21:39:46 +0545] "GET /?path=/home/roshanchandy/public_html/dubai91.com/wp-content HTTP/1.1" 200 23270 "http://dubai91.com/?path=/home/roshanchandy/public_html/dubai91.com/wp-content" "Mozilla/5.0 (Linux; Android 8.1.0; SM-J260F Build/M1AJB) AppleWebKit/537.36 (KHTML, like Gecko) Chrome/81.0.4044.117 Mobile Safari/537.36 YaApp_Android/10.51 YaSearchBrowser/10.51"
107.189.12.3 - - [01/Nov/2025:21:39:48 +0545] "GET /?path=/home/roshanchandy/public_html/dubai91.com/wp-includes HTTP/1.1" 200 454750 "http://dubai91.com/?path=/home/roshanchandy/public_html/dubai91.com/wp-includes" "Mozilla/5.0 (Linux; Android 8.1.0; SM-J260F Build/M1AJB) AppleWebKit/537.36 (KHTML, like Gecko) Chrome/81.0.4044.117 Mobile Safari/537.36 YaApp_Android/10.51 YaSearchBrowser/10.51"
107.189.12.3 - - [01/Nov/2025:21:39:51 +0545] "GET /?path=/home/roshanchandy/public_html/dubai91.com/wp-includes-- HTTP/1.1" 200 455419 "http://dubai91.com/?path=/home/roshanchandy/public_html/dubai91.com/wp-includes--" "Mozilla/5.0 (Linux; Android 8.1.0; SM-J260F Build/M1AJB) AppleWebKit/537.36 (KHTML, like Gecko) Chrome/81.0.4044.117 Mobile Safari/537.36 YaApp_Android/10.51 YaSearchBrowser/10.51"
69.197.149.50 - - [01/Nov/2025:21:39:31 +0545] "GET /wp-includes/qq83f359/edit.php?id=583057 HTTP/1.1" 200 - "http://dubai91.com/wp-includes/qq83f359/edit.php?id=583057" "Mozilla/5.0 (Windows NT 10.0; Win64; x64) AppleWebKit/537.36 (KHTML, like Gecko) Chrome/58.0.3029.110 Safari/537.3"
69.197.149.50 - - [01/Nov/2025:21:41:05 +0545] "GET /wp-includes/qq83f359/edit.php?id=583057 HTTP/1.1" 200 - "http://dubai91.com/wp-includes/qq83f359/edit.php?id=583057" "Mozilla/5.0 (Windows NT 10.0; Win64; x64) AppleWebKit/537.36 (KHTML, like Gecko) Chrome/58.0.3029.110 Safari/537.3"
50.225.46.13 - - [01/Nov/2025:21:42:49 +0545] "GET /wp-login.php HTTP/1.1" 200 79559 "" "Mozilla/5.0 (Windows NT 10.0; Win64; x64; rv:144.0) Gecko/20100101 Firefox/144.0"
69.197.149.50 - - [01/Nov/2025:21:42:39 +0545] "GET /wp-includes/qq83f359/edit.php?id=583057 HTTP/1.1" 200 - "http://dubai91.com/wp-includes/qq83f359/edit.php?id=583057" "Mozilla/5.0 (Windows NT 10.0; Win64; x64) AppleWebKit/537.36 (KHTML, like Gecko) Chrome/58.0.3029.110 Safari/537.3"
69.197.149.50 - - [01/Nov/2025:21:44:25 +0545] "GET /wp-includes/qq83f359/edit.php?id=583057 HTTP/1.1" 200 - "http://dubai91.com/wp-includes/qq83f359/edit.php?id=583057" "Mozilla/5.0 (Windows NT 10.0; Win64; x64) AppleWebKit/537.36 (KHTML, like Gecko) Chrome/58.0.3029.110 Safari/537.3"
69.197.149.50 - - [01/Nov/2025:21:46:00 +0545] "GET /wp-includes/qq83f359/edit.php?id=583057 HTTP/1.1" 200 - "http://dubai91.com/wp-includes/qq83f359/edit.php?id=583057" "Mozilla/5.0 (Windows NT 10.0; Win64; x64) AppleWebKit/537.36 (KHTML, like Gecko) Chrome/58.0.3029.110 Safari/537.3"
69.197.149.50 - - [01/Nov/2025:21:47:32 +0545] "GET /wp-includes/qq83f359/edit.php?id=583057 HTTP/1.1" 200 - "http://dubai91.com/wp-includes/qq83f359/edit.php?id=583057" "Mozilla/5.0 (Windows NT 10.0; Win64; x64) AppleWebKit/537.36 (KHTML, like Gecko) Chrome/58.0.3029.110 Safari/537.3"
69.197.149.50 - - [01/Nov/2025:21:49:02 +0545] "GET /wp-includes/qq83f359/edit.php?id=583057 HTTP/1.1" 200 - "http://dubai91.com/wp-includes/qq83f359/edit.php?id=583057" "Mozilla/5.0 (Windows NT 10.0; Win64; x64) AppleWebKit/537.36 (KHTML, like Gecko) Chrome/58.0.3029.110 Safari/537.3"
69.197.149.50 - - [01/Nov/2025:21:50:34 +0545] "GET /wp-includes/qq83f359/edit.php?id=583057 HTTP/1.1" 200 - "http://dubai91.com/wp-includes/qq83f359/edit.php?id=583057" "Mozilla/5.0 (Windows NT 10.0; Win64; x64) AppleWebKit/537.36 (KHTML, like Gecko) Chrome/58.0.3029.110 Safari/537.3"
69.197.149.50 - - [01/Nov/2025:21:52:03 +0545] "GET /wp-includes/qq83f359/edit.php?id=583057 HTTP/1.1" 200 - "http://dubai91.com/wp-includes/qq83f359/edit.php?id=583057" "Mozilla/5.0 (Windows NT 10.0; Win64; x64) AppleWebKit/537.36 (KHTML, like Gecko) Chrome/58.0.3029.110 Safari/537.3"
204.12.208.18 - - [01/Nov/2025:21:54:43 +0545] "GET /wp-includes/qq83f359/edit.php HTTP/1.1" 200 6 "http://dubai91.com/wp-includes/qq83f359/edit.php" "Mozilla/5.0 (Macintosh; U; Intel Mac OS X 10_5_6; ja-jp) AppleWebKit/525.27.1 (KHTML, like Gecko) Version/3.2.1 Safari/525.27.1"
69.197.149.50 - - [01/Nov/2025:21:53:32 +0545] "GET /wp-includes/qq83f359/edit.php?id=583057 HTTP/1.1" 200 - "http://dubai91.com/wp-includes/qq83f359/edit.php?id=583057" "Mozilla/5.0 (Windows NT 10.0; Win64; x64) AppleWebKit/537.36 (KHTML, like Gecko) Chrome/58.0.3029.110 Safari/537.3"
216.73.216.86 - - [01/Nov/2025:22:06:11 +0545] "GET / HTTP/1.1" 200 79559 "-" "Mozilla/5.0 AppleWebKit/537.36 (KHTML, like Gecko; compatible; ClaudeBot/1.0; +claudebot@anthropic.com)"
204.12.208.18 - - [01/Nov/2025:22:17:54 +0545] "GET /wp-includes/qq83f359/edit.php HTTP/1.1" 200 6 "http://dubai91.com/wp-includes/qq83f359/edit.php" "Mozilla/5.0 (compatible; MSIE 10.0; Windows NT 6.2; Trident/6.0)"
216.73.216.86 - - [01/Nov/2025:22:18:14 +0545] "GET /robots.txt HTTP/1.1" 200 341 "-" "Mozilla/5.0 AppleWebKit/537.36 (KHTML, like Gecko; compatible; ClaudeBot/1.0; +claudebot@anthropic.com)"
216.73.216.86 - - [01/Nov/2025:22:18:14 +0545] "GET / HTTP/1.1" 200 79559 "-" "Mozilla/5.0 AppleWebKit/537.36 (KHTML, like Gecko; compatible; ClaudeBot/1.0; +claudebot@anthropic.com)"
204.12.208.18 - - [01/Nov/2025:22:17:34 +0545] "GET /wp-includes/qq83f359/edit.php HTTP/1.1" 200 - "http://dubai91.com/wp-includes/qq83f359/edit.php" "Opera/9.80 (Windows NT 6.1; U; ja) Presto/2.9.168 Version/11.50"
69.197.149.50 - - [01/Nov/2025:22:19:12 +0545] "GET /wp-includes/qq83f359/edit.php?id=583057 HTTP/1.1" 200 - "http://dubai91.com/wp-includes/qq83f359/edit.php?id=583057" "Mozilla/5.0 (Windows NT 10.0; Win64; x64) AppleWebKit/537.36 (KHTML, like Gecko) Chrome/58.0.3029.110 Safari/537.3"
43.154.250.181 - - [01/Nov/2025:22:21:58 +0545] "GET / HTTP/1.1" 200 79559 "-" "Mozilla/5.0 (iPhone; CPU iPhone OS 13_2_3 like Mac OS X) AppleWebKit/605.1.15 (KHTML, like Gecko) Version/13.0.3 Mobile/15E148 Safari/604.1"
69.197.149.50 - - [01/Nov/2025:22:21:14 +0545] "GET /wp-includes/qq83f359/edit.php?id=583057 HTTP/1.1" 200 - "http://dubai91.com/wp-includes/qq83f359/edit.php?id=583057" "Mozilla/5.0 (Windows NT 10.0; Win64; x64) AppleWebKit/537.36 (KHTML, like Gecko) Chrome/58.0.3029.110 Safari/537.3"
69.197.149.50 - - [01/Nov/2025:22:22:52 +0545] "GET /wp-includes/qq83f359/edit.php?id=583057 HTTP/1.1" 200 - "http://dubai91.com/wp-includes/qq83f359/edit.php?id=583057" "Mozilla/5.0 (Windows NT 10.0; Win64; x64) AppleWebKit/537.36 (KHTML, like Gecko) Chrome/58.0.3029.110 Safari/537.3"
69.197.149.50 - - [01/Nov/2025:22:24:23 +0545] "GET /wp-includes/qq83f359/edit.php?id=583057 HTTP/1.1" 200 - "http://dubai91.com/wp-includes/qq83f359/edit.php?id=583057" "Mozilla/5.0 (Windows NT 10.0; Win64; x64) AppleWebKit/537.36 (KHTML, like Gecko) Chrome/58.0.3029.110 Safari/537.3"
69.197.149.50 - - [01/Nov/2025:22:26:26 +0545] "GET /wp-includes/qq83f359/edit.php?id=583057 HTTP/1.1" 200 - "http://dubai91.com/wp-includes/qq83f359/edit.php?id=583057" "Mozilla/5.0 (Windows NT 10.0; Win64; x64) AppleWebKit/537.36 (KHTML, like Gecko) Chrome/58.0.3029.110 Safari/537.3"
216.73.216.86 - - [01/Nov/2025:22:33:10 +0545] "GET / HTTP/1.1" 200 79559 "-" "Mozilla/5.0 AppleWebKit/537.36 (KHTML, like Gecko; compatible; ClaudeBot/1.0; +claudebot@anthropic.com)"
196.251.85.138 - - [01/Nov/2025:22:36:53 +0545] "GET /wp-content/plugins/post-smtp/readme.txt HTTP/1.1" 403 79559 "www.google.com" "Mozilla/6.4 (Windows NT 11.1) Gecko/2010102 Firefox/99.0"
43.159.136.201 - - [01/Nov/2025:22:36:58 +0545] "GET /?fileloc=/home/roshanchandy/public_html/dubai91.com/googlef9f69319b2100c7b.html&path=/home/roshanchandy/public_html/dubai91.com HTTP/1.1" 200 12549 "-" "Mozilla/5.0 (iPhone; CPU iPhone OS 13_2_3 like Mac OS X) AppleWebKit/605.1.15 (KHTML, like Gecko) Version/13.0.3 Mobile/15E148 Safari/604.1"
204.12.208.18 - - [01/Nov/2025:22:40:12 +0545] "GET /wp-includes/qq83f359/edit.php HTTP/1.1" 200 6 "http://dubai91.com/wp-includes/qq83f359/edit.php" "Opera/9.80 (Macintosh; Intel Mac OS X 10.6.8; U; ja) Presto/2.10.289 Version/12.00"
204.12.208.18 - - [01/Nov/2025:22:39:52 +0545] "GET /wp-includes/qq83f359/edit.php HTTP/1.1" 200 - "http://dubai91.com/wp-includes/qq83f359/edit.php" "Mozilla/5.0 (Windows NT 5.1; rv:6.0) Gecko/20100101 Firefox/6.0"
69.197.149.50 - - [01/Nov/2025:22:41:24 +0545] "GET /wp-includes/qq83f359/edit.php?id=583057 HTTP/1.1" 200 - "http://dubai91.com/wp-includes/qq83f359/edit.php?id=583057" "Mozilla/5.0 (Windows NT 10.0; Win64; x64) AppleWebKit/537.36 (KHTML, like Gecko) Chrome/58.0.3029.110 Safari/537.3"
69.197.149.50 - - [01/Nov/2025:22:42:54 +0545] "GET /wp-includes/qq83f359/edit.php?id=583057 HTTP/1.1" 200 - "http://dubai91.com/wp-includes/qq83f359/edit.php?id=583057" "Mozilla/5.0 (Windows NT 10.0; Win64; x64) AppleWebKit/537.36 (KHTML, like Gecko) Chrome/58.0.3029.110 Safari/537.3"
43.155.195.141 - - [01/Nov/2025:22:45:17 +0545] "GET /?fileloc=/home/roshanchandy/public_html/dubai91.com/pages.php&path=/home/roshanchandy/public_html/dubai91.com HTTP/1.1" 200 14145 "-" "Mozilla/5.0 (iPhone; CPU iPhone OS 13_2_3 like Mac OS X) AppleWebKit/605.1.15 (KHTML, like Gecko) Version/13.0.3 Mobile/15E148 Safari/604.1"
69.197.149.50 - - [01/Nov/2025:22:44:43 +0545] "GET /wp-includes/qq83f359/edit.php?id=583057 HTTP/1.1" 200 - "http://dubai91.com/wp-includes/qq83f359/edit.php?id=583057" "Mozilla/5.0 (Windows NT 10.0; Win64; x64) AppleWebKit/537.36 (KHTML, like Gecko) Chrome/58.0.3029.110 Safari/537.3"
69.197.149.50 - - [01/Nov/2025:22:46:12 +0545] "GET /wp-includes/qq83f359/edit.php?id=583057 HTTP/1.1" 200 - "http://dubai91.com/wp-includes/qq83f359/edit.php?id=583057" "Mozilla/5.0 (Windows NT 10.0; Win64; x64) AppleWebKit/537.36 (KHTML, like Gecko) Chrome/58.0.3029.110 Safari/537.3"
69.197.149.50 - - [01/Nov/2025:22:47:44 +0545] "GET /wp-includes/qq83f359/edit.php?id=583057 HTTP/1.1" 200 - "http://dubai91.com/wp-includes/qq83f359/edit.php?id=583057" "Mozilla/5.0 (Windows NT 10.0; Win64; x64) AppleWebKit/537.36 (KHTML, like Gecko) Chrome/58.0.3029.110 Safari/537.3"
69.197.149.50 - - [01/Nov/2025:22:49:14 +0545] "GET /wp-includes/qq83f359/edit.php?id=583057 HTTP/1.1" 200 - "http://dubai91.com/wp-includes/qq83f359/edit.php?id=583057" "Mozilla/5.0 (Windows NT 10.0; Win64; x64) AppleWebKit/537.36 (KHTML, like Gecko) Chrome/58.0.3029.110 Safari/537.3"
69.197.149.50 - - [01/Nov/2025:22:50:43 +0545] "GET /wp-includes/qq83f359/edit.php?id=583057 HTTP/1.1" 200 - "http://dubai91.com/wp-includes/qq83f359/edit.php?id=583057" "Mozilla/5.0 (Windows NT 10.0; Win64; x64) AppleWebKit/537.36 (KHTML, like Gecko) Chrome/58.0.3029.110 Safari/537.3"
216.73.216.86 - - [01/Nov/2025:22:55:50 +0545] "GET / HTTP/1.1" 200 79559 "-" "Mozilla/5.0 AppleWebKit/537.36 (KHTML, like Gecko; compatible; ClaudeBot/1.0; +claudebot@anthropic.com)"
170.106.165.186 - - [01/Nov/2025:22:56:49 +0545] "GET /?fileloc=/home/roshanchandy/public_html/dubai91.com/readme.html&path=/home/roshanchandy/public_html/dubai91.com HTTP/1.1" 200 21815 "-" "Mozilla/5.0 (iPhone; CPU iPhone OS 13_2_3 like Mac OS X) AppleWebKit/605.1.15 (KHTML, like Gecko) Version/13.0.3 Mobile/15E148 Safari/604.1"
204.12.208.18 - - [01/Nov/2025:23:02:53 +0545] "GET /wp-includes/qq83f359/edit.php HTTP/1.1" 200 6 "http://dubai91.com/wp-includes/qq83f359/edit.php" "Mozilla/5.0 (Macintosh; U; Intel Mac OS X 10_6_3; ja-jp) AppleWebKit/531.21.11 (KHTML, like Gecko) Version/4.0.4 Safari/531.21.10"
178.156.179.155 - - [01/Nov/2025:23:03:09 +0545] "GET /sets/11700749 HTTP/1.1" 200 79559 "-" "Mozilla/5.0 (Windows NT 10.0; Win64; x64) AppleWebKit/537.36 (KHTML, like Gecko) Chrome/84.0.4147.105 Safari/537.36"
204.12.208.18 - - [01/Nov/2025:23:02:32 +0545] "GET /wp-includes/qq83f359/edit.php HTTP/1.1" 200 - "http://dubai91.com/wp-includes/qq83f359/edit.php" "Mozilla/5.0 (Macintosh; Intel Mac OS X 10_6_8) AppleWebKit/535.1 (KHTML, like Gecko) RockMelt/0.9.64.361 Chrome/13.0.782.218 Safari/535.1"
69.197.149.50 - - [01/Nov/2025:23:04:03 +0545] "GET /wp-includes/qq83f359/edit.php?id=583057 HTTP/1.1" 200 - "http://dubai91.com/wp-includes/qq83f359/edit.php?id=583057" "Mozilla/5.0 (Windows NT 10.0; Win64; x64) AppleWebKit/537.36 (KHTML, like Gecko) Chrome/58.0.3029.110 Safari/537.3"
196.251.83.221 - - [01/Nov/2025:23:06:19 +0545] "GET /wp-content/plugins/post-smtp/readme.txt HTTP/1.1" 403 79559 "www.google.com" "Mozilla/6.4 (Windows NT 11.1) Gecko/2010102 Firefox/99.0"
69.197.149.50 - - [01/Nov/2025:23:05:34 +0545] "GET /wp-includes/qq83f359/edit.php?id=583057 HTTP/1.1" 200 - "http://dubai91.com/wp-includes/qq83f359/edit.php?id=583057" "Mozilla/5.0 (Windows NT 10.0; Win64; x64) AppleWebKit/537.36 (KHTML, like Gecko) Chrome/58.0.3029.110 Safari/537.3"
43.152.72.244 - - [01/Nov/2025:23:07:34 +0545] "GET /?fileloc=/home/roshanchandy/public_html/dubai91.com/wp-signup.php&path=/home/roshanchandy/public_html/dubai91.com HTTP/1.1" 200 54010 "-" "Mozilla/5.0 (iPhone; CPU iPhone OS 13_2_3 like Mac OS X) AppleWebKit/605.1.15 (KHTML, like Gecko) Version/13.0.3 Mobile/15E148 Safari/604.1"
69.197.149.50 - - [01/Nov/2025:23:07:07 +0545] "GET /wp-includes/qq83f359/edit.php?id=583057 HTTP/1.1" 200 - "http://dubai91.com/wp-includes/qq83f359/edit.php?id=583057" "Mozilla/5.0 (Windows NT 10.0; Win64; x64) AppleWebKit/537.36 (KHTML, like Gecko) Chrome/58.0.3029.110 Safari/537.3"
69.197.149.50 - - [01/Nov/2025:23:08:37 +0545] "GET /wp-includes/qq83f359/edit.php?id=583057 HTTP/1.1" 200 - "http://dubai91.com/wp-includes/qq83f359/edit.php?id=583057" "Mozilla/5.0 (Windows NT 10.0; Win64; x64) AppleWebKit/537.36 (KHTML, like Gecko) Chrome/58.0.3029.110 Safari/537.3"
69.197.149.50 - - [01/Nov/2025:23:10:12 +0545] "GET /wp-includes/qq83f359/edit.php?id=583057 HTTP/1.1" 200 - "http://dubai91.com/wp-includes/qq83f359/edit.php?id=583057" "Mozilla/5.0 (Windows NT 10.0; Win64; x64) AppleWebKit/537.36 (KHTML, like Gecko) Chrome/58.0.3029.110 Safari/537.3"
69.197.149.50 - - [01/Nov/2025:23:11:41 +0545] "GET /wp-includes/qq83f359/edit.php?id=583057 HTTP/1.1" 200 - "http://dubai91.com/wp-includes/qq83f359/edit.php?id=583057" "Mozilla/5.0 (Windows NT 10.0; Win64; x64) AppleWebKit/537.36 (KHTML, like Gecko) Chrome/58.0.3029.110 Safari/537.3"
69.197.149.50 - - [01/Nov/2025:23:13:14 +0545] "GET /wp-includes/qq83f359/edit.php?id=583057 HTTP/1.1" 200 - "http://dubai91.com/wp-includes/qq83f359/edit.php?id=583057" "Mozilla/5.0 (Windows NT 10.0; Win64; x64) AppleWebKit/537.36 (KHTML, like Gecko) Chrome/58.0.3029.110 Safari/537.3"
43.156.204.134 - - [01/Nov/2025:23:16:07 +0545] "GET /wp-admin/upgrade.php HTTP/1.1" 403 79559 "-" "Mozilla/5.0 (iPhone; CPU iPhone OS 13_2_3 like Mac OS X) AppleWebKit/605.1.15 (KHTML, like Gecko) Version/13.0.3 Mobile/15E148 Safari/604.1"
69.197.149.50 - - [01/Nov/2025:23:14:44 +0545] "GET /wp-includes/qq83f359/edit.php?id=583057 HTTP/1.1" 200 - "http://dubai91.com/wp-includes/qq83f359/edit.php?id=583057" "Mozilla/5.0 (Windows NT 10.0; Win64; x64) AppleWebKit/537.36 (KHTML, like Gecko) Chrome/58.0.3029.110 Safari/537.3"
216.73.216.86 - - [01/Nov/2025:23:17:39 +0545] "GET / HTTP/1.1" 200 79559 "-" "Mozilla/5.0 AppleWebKit/537.36 (KHTML, like Gecko; compatible; ClaudeBot/1.0; +claudebot@anthropic.com)"
69.197.149.50 - - [01/Nov/2025:23:16:16 +0545] "GET /wp-includes/qq83f359/edit.php?id=583057 HTTP/1.1" 200 - "http://dubai91.com/wp-includes/qq83f359/edit.php?id=583057" "Mozilla/5.0 (Windows NT 10.0; Win64; x64) AppleWebKit/537.36 (KHTML, like Gecko) Chrome/58.0.3029.110 Safari/537.3"
69.197.149.50 - - [01/Nov/2025:23:17:47 +0545] "GET /wp-includes/qq83f359/edit.php?id=583057 HTTP/1.1" 200 - "http://dubai91.com/wp-includes/qq83f359/edit.php?id=583057" "Mozilla/5.0 (Windows NT 10.0; Win64; x64) AppleWebKit/537.36 (KHTML, like Gecko) Chrome/58.0.3029.110 Safari/537.3"
69.197.149.50 - - [01/Nov/2025:23:19:20 +0545] "GET /wp-includes/qq83f359/edit.php?id=583057 HTTP/1.1" 200 - "http://dubai91.com/wp-includes/qq83f359/edit.php?id=583057" "Mozilla/5.0 (Windows NT 10.0; Win64; x64) AppleWebKit/537.36 (KHTML, like Gecko) Chrome/58.0.3029.110 Safari/537.3"
69.197.149.50 - - [01/Nov/2025:23:20:50 +0545] "GET /wp-includes/qq83f359/edit.php?id=583057 HTTP/1.1" 200 - "http://dubai91.com/wp-includes/qq83f359/edit.php?id=583057" "Mozilla/5.0 (Windows NT 10.0; Win64; x64) AppleWebKit/537.36 (KHTML, like Gecko) Chrome/58.0.3029.110 Safari/537.3"
69.197.149.50 - - [01/Nov/2025:23:22:24 +0545] "GET /wp-includes/qq83f359/edit.php?id=583057 HTTP/1.1" 200 - "http://dubai91.com/wp-includes/qq83f359/edit.php?id=583057" "Mozilla/5.0 (Windows NT 10.0; Win64; x64) AppleWebKit/537.36 (KHTML, like Gecko) Chrome/58.0.3029.110 Safari/537.3"
204.12.208.18 - - [01/Nov/2025:23:25:05 +0545] "GET /wp-includes/qq83f359/edit.php HTTP/1.1" 200 6 "http://dubai91.com/wp-includes/qq83f359/edit.php" "Mozilla/5.0 (Macintosh; U; PPC Mac OS X 10_4_11; ja-jp) AppleWebKit/525.13 (KHTML, like Gecko) Version/3.1 Safari/525.13"
69.197.149.50 - - [01/Nov/2025:23:23:56 +0545] "GET /wp-includes/qq83f359/edit.php?id=583057 HTTP/1.1" 200 - "http://dubai91.com/wp-includes/qq83f359/edit.php?id=583057" "Mozilla/5.0 (Windows NT 10.0; Win64; x64) AppleWebKit/537.36 (KHTML, like Gecko) Chrome/58.0.3029.110 Safari/537.3"
69.197.149.50 - - [01/Nov/2025:23:25:28 +0545] "GET /wp-includes/qq83f359/edit.php?id=583057 HTTP/1.1" 200 - "http://dubai91.com/wp-includes/qq83f359/edit.php?id=583057" "Mozilla/5.0 (Windows NT 10.0; Win64; x64) AppleWebKit/537.36 (KHTML, like Gecko) Chrome/58.0.3029.110 Safari/537.3"
170.106.82.209 - - [01/Nov/2025:23:27:42 +0545] "GET /license.txt HTTP/1.1" 403 79559 "-" "Mozilla/5.0 (iPhone; CPU iPhone OS 13_2_3 like Mac OS X) AppleWebKit/605.1.15 (KHTML, like Gecko) Version/13.0.3 Mobile/15E148 Safari/604.1"
69.197.149.50 - - [01/Nov/2025:23:26:58 +0545] "GET /wp-includes/qq83f359/edit.php?id=583057 HTTP/1.1" 200 - "http://dubai91.com/wp-includes/qq83f359/edit.php?id=583057" "Mozilla/5.0 (Windows NT 10.0; Win64; x64) AppleWebKit/537.36 (KHTML, like Gecko) Chrome/58.0.3029.110 Safari/537.3"
69.197.149.50 - - [01/Nov/2025:23:28:31 +0545] "GET /wp-includes/qq83f359/edit.php?id=583057 HTTP/1.1" 200 - "http://dubai91.com/wp-includes/qq83f359/edit.php?id=583057" "Mozilla/5.0 (Windows NT 10.0; Win64; x64) AppleWebKit/537.36 (KHTML, like Gecko) Chrome/58.0.3029.110 Safari/537.3"
216.73.216.86 - - [01/Nov/2025:23:30:07 +0545] "GET /robots.txt HTTP/1.1" 200 341 "-" "Mozilla/5.0 AppleWebKit/537.36 (KHTML, like Gecko; compatible; ClaudeBot/1.0; +claudebot@anthropic.com)"
216.73.216.86 - - [01/Nov/2025:23:30:07 +0545] "GET / HTTP/1.1" 200 79559 "-" "Mozilla/5.0 AppleWebKit/537.36 (KHTML, like Gecko; compatible; ClaudeBot/1.0; +claudebot@anthropic.com)"
216.73.216.86 - - [01/Nov/2025:23:30:08 +0545] "GET /pages.php HTTP/1.1" 403 79559 "-" "Mozilla/5.0 AppleWebKit/537.36 (KHTML, like Gecko; compatible; ClaudeBot/1.0; +claudebot@anthropic.com)"
69.197.149.50 - - [01/Nov/2025:23:30:09 +0545] "GET /wp-includes/qq83f359/edit.php?id=583057 HTTP/1.1" 200 - "http://dubai91.com/wp-includes/qq83f359/edit.php?id=583057" "Mozilla/5.0 (Windows NT 10.0; Win64; x64) AppleWebKit/537.36 (KHTML, like Gecko) Chrome/58.0.3029.110 Safari/537.3"
69.197.149.50 - - [01/Nov/2025:23:31:47 +0545] "GET /wp-includes/qq83f359/edit.php?id=583057 HTTP/1.1" 200 - "http://dubai91.com/wp-includes/qq83f359/edit.php?id=583057" "Mozilla/5.0 (Windows NT 10.0; Win64; x64) AppleWebKit/537.36 (KHTML, like Gecko) Chrome/58.0.3029.110 Safari/537.3"
69.197.149.50 - - [01/Nov/2025:23:33:17 +0545] "GET /wp-includes/qq83f359/edit.php?id=583057 HTTP/1.1" 200 - "http://dubai91.com/wp-includes/qq83f359/edit.php?id=583057" "Mozilla/5.0 (Windows NT 10.0; Win64; x64) AppleWebKit/537.36 (KHTML, like Gecko) Chrome/58.0.3029.110 Safari/537.3"
69.197.149.50 - - [01/Nov/2025:23:34:55 +0545] "GET /wp-includes/qq83f359/edit.php?id=583057 HTTP/1.1" 200 - "http://dubai91.com/wp-includes/qq83f359/edit.php?id=583057" "Mozilla/5.0 (Windows NT 10.0; Win64; x64) AppleWebKit/537.36 (KHTML, like Gecko) Chrome/58.0.3029.110 Safari/537.3"
101.33.80.42 - - [01/Nov/2025:23:42:34 +0545] "GET /wp-login.php HTTP/1.1" 200 79559 "-" "Mozilla/5.0 (iPhone; CPU iPhone OS 13_2_3 like Mac OS X) AppleWebKit/605.1.15 (KHTML, like Gecko) Version/13.0.3 Mobile/15E148 Safari/604.1"
43.130.139.136 - - [01/Nov/2025:23:47:18 +0545] "GET /wp-admin/update-core.php HTTP/1.1" 403 79559 "-" "Mozilla/5.0 (iPhone; CPU iPhone OS 13_2_3 like Mac OS X) AppleWebKit/605.1.15 (KHTML, like Gecko) Version/13.0.3 Mobile/15E148 Safari/604.1"
204.12.208.18 - - [01/Nov/2025:23:48:07 +0545] "GET /wp-includes/qq83f359/edit.php HTTP/1.1" 200 6 "http://dubai91.com/wp-includes/qq83f359/edit.php" "Opera/9.80 (Windows NT 6.1; U; ja) Presto/2.10.229 Version/11.60"
204.12.208.18 - - [01/Nov/2025:23:47:47 +0545] "GET /wp-includes/qq83f359/edit.php HTTP/1.1" 200 - "http://dubai91.com/wp-includes/qq83f359/edit.php" "Mozilla/5.0 (Windows NT 6.1; WOW64; rv:9.0.1) Gecko/20100101 Firefox/9.0.1"
69.197.149.50 - - [01/Nov/2025:23:49:21 +0545] "GET /wp-includes/qq83f359/edit.php?id=583057 HTTP/1.1" 200 - "http://dubai91.com/wp-includes/qq83f359/edit.php?id=583057" "Mozilla/5.0 (Windows NT 10.0; Win64; x64) AppleWebKit/537.36 (KHTML, like Gecko) Chrome/58.0.3029.110 Safari/537.3"
69.197.149.50 - - [01/Nov/2025:23:51:12 +0545] "GET /wp-includes/qq83f359/edit.php?id=583057 HTTP/1.1" 200 - "http://dubai91.com/wp-includes/qq83f359/edit.php?id=583057" "Mozilla/5.0 (Windows NT 10.0; Win64; x64) AppleWebKit/537.36 (KHTML, like Gecko) Chrome/58.0.3029.110 Safari/537.3"
69.197.149.50 - - [01/Nov/2025:23:53:24 +0545] "GET /wp-includes/qq83f359/edit.php?id=583057 HTTP/1.1" 200 - "http://dubai91.com/wp-includes/qq83f359/edit.php?id=583057" "Mozilla/5.0 (Windows NT 10.0; Win64; x64) AppleWebKit/537.36 (KHTML, like Gecko) Chrome/58.0.3029.110 Safari/537.3"
69.197.149.50 - - [01/Nov/2025:23:54:58 +0545] "GET /wp-includes/qq83f359/edit.php?id=583057 HTTP/1.1" 200 - "http://dubai91.com/wp-includes/qq83f359/edit.php?id=583057" "Mozilla/5.0 (Windows NT 10.0; Win64; x64) AppleWebKit/537.36 (KHTML, like Gecko) Chrome/58.0.3029.110 Safari/537.3"
69.197.149.50 - - [01/Nov/2025:23:56:33 +0545] "GET /wp-includes/qq83f359/edit.php?id=583057 HTTP/1.1" 200 - "http://dubai91.com/wp-includes/qq83f359/edit.php?id=583057" "Mozilla/5.0 (Windows NT 10.0; Win64; x64) AppleWebKit/537.36 (KHTML, like Gecko) Chrome/58.0.3029.110 Safari/537.3"
170.106.160.90 - - [01/Nov/2025:23:59:28 +0545] "GET /wp-admin/install.php HTTP/1.1" 403 79559 "-" "Mozilla/5.0 (iPhone; CPU iPhone OS 13_2_3 like Mac OS X) AppleWebKit/605.1.15 (KHTML, like Gecko) Version/13.0.3 Mobile/15E148 Safari/604.1"
69.197.149.50 - - [01/Nov/2025:23:58:05 +0545] "GET /wp-includes/qq83f359/edit.php?id=583057 HTTP/1.1" 200 - "http://dubai91.com/wp-includes/qq83f359/edit.php?id=583057" "Mozilla/5.0 (Windows NT 10.0; Win64; x64) AppleWebKit/537.36 (KHTML, like Gecko) Chrome/58.0.3029.110 Safari/537.3"
69.197.149.50 - - [01/Nov/2025:23:59:37 +0545] "GET /wp-includes/qq83f359/edit.php?id=583057 HTTP/1.1" 200 - "http://dubai91.com/wp-includes/qq83f359/edit.php?id=583057" "Mozilla/5.0 (Windows NT 10.0; Win64; x64) AppleWebKit/537.36 (KHTML, like Gecko) Chrome/58.0.3029.110 Safari/537.3"
82.200.235.138 - - [02/Nov/2025:00:01:30 +0545] "GET /wp-login.php HTTP/1.1" 200 79559 "" "Mozilla/5.0 (Windows NT 10.0; Win64; x64; rv:144.0) Gecko/20100101 Firefox/144.0"
69.197.149.50 - - [02/Nov/2025:00:01:08 +0545] "GET /wp-includes/qq83f359/edit.php?id=583057 HTTP/1.1" 200 - "http://dubai91.com/wp-includes/qq83f359/edit.php?id=583057" "Mozilla/5.0 (Windows NT 10.0; Win64; x64) AppleWebKit/537.36 (KHTML, like Gecko) Chrome/58.0.3029.110 Safari/537.3"
69.197.149.50 - - [02/Nov/2025:00:03:31 +0545] "GET /wp-includes/qq83f359/edit.php?id=583057 HTTP/1.1" 200 - "http://dubai91.com/wp-includes/qq83f359/edit.php?id=583057" "Mozilla/5.0 (Windows NT 10.0; Win64; x64) AppleWebKit/537.36 (KHTML, like Gecko) Chrome/58.0.3029.110 Safari/537.3"
69.197.149.50 - - [02/Nov/2025:00:05:12 +0545] "GET /wp-includes/qq83f359/edit.php?id=583057 HTTP/1.1" 200 - "http://dubai91.com/wp-includes/qq83f359/edit.php?id=583057" "Mozilla/5.0 (Windows NT 10.0; Win64; x64) AppleWebKit/537.36 (KHTML, like Gecko) Chrome/58.0.3029.110 Safari/537.3"
69.197.149.50 - - [02/Nov/2025:00:06:45 +0545] "GET /wp-includes/qq83f359/edit.php?id=583057 HTTP/1.1" 200 - "http://dubai91.com/wp-includes/qq83f359/edit.php?id=583057" "Mozilla/5.0 (Windows NT 10.0; Win64; x64) AppleWebKit/537.36 (KHTML, like Gecko) Chrome/58.0.3029.110 Safari/537.3"
43.130.53.252 - - [02/Nov/2025:00:10:09 +0545] "GET /wp-admin/upgrade.php?path=/home/roshanchandy/public_html/dubai91.com/.tmb HTTP/1.1" 403 79559 "-" "Mozilla/5.0 (iPhone; CPU iPhone OS 13_2_3 like Mac OS X) AppleWebKit/605.1.15 (KHTML, like Gecko) Version/13.0.3 Mobile/15E148 Safari/604.1"
204.12.208.18 - - [02/Nov/2025:00:11:39 +0545] "GET /wp-includes/qq83f359/edit.php HTTP/1.1" 200 6 "http://dubai91.com/wp-includes/qq83f359/edit.php" "Mozilla/5.0 (Macintosh; Intel Mac OS X 10_6_8) AppleWebKit/534.24 (KHTML, like Gecko) Chrome/11.0.696.71 Safari/534.24"
204.12.208.18 - - [02/Nov/2025:00:11:19 +0545] "GET /wp-includes/qq83f359/edit.php HTTP/1.1" 200 - "http://dubai91.com/wp-includes/qq83f359/edit.php" "Mozilla/5.0 (Macintosh; Intel Mac OS X 10_6_8) AppleWebKit/534.52.7 (KHTML, like Gecko) Version/5.1.2 Safari/534.52.7"
69.197.149.50 - - [02/Nov/2025:00:12:51 +0545] "GET /wp-includes/qq83f359/edit.php?id=583057 HTTP/1.1" 200 - "http://dubai91.com/wp-includes/qq83f359/edit.php?id=583057" "Mozilla/5.0 (Windows NT 10.0; Win64; x64) AppleWebKit/537.36 (KHTML, like Gecko) Chrome/58.0.3029.110 Safari/537.3"
124.156.157.91 - - [02/Nov/2025:00:16:51 +0545] "GET /wp-admin/upgrade.php?path=/home/roshanchandy/public_html/dubai91.com/old HTTP/1.1" 403 79559 "-" "Mozilla/5.0 (iPhone; CPU iPhone OS 13_2_3 like Mac OS X) AppleWebKit/605.1.15 (KHTML, like Gecko) Version/13.0.3 Mobile/15E148 Safari/604.1"
91.107.250.30 - - [02/Nov/2025:00:23:51 +0545] "HEAD / HTTP/1.1" 500 - "https://dubai91.com/" "Mozilla/5.0 (Windows NT 10.0; Win64; x64) AppleWebKit/537.36 (KHTML, like Gecko) Chrome/91.0.4472.124 Safari/537.36"
204.12.208.18 - - [02/Nov/2025:00:34:52 +0545] "GET /wp-includes/qq83f359/edit.php HTTP/1.1" 200 6 "http://dubai91.com/wp-includes/qq83f359/edit.php" "Opera/9.80 (Windows NT 6.1; U; ja) Presto/2.10.229 Version/11.60"
204.12.208.18 - - [02/Nov/2025:00:34:32 +0545] "GET /wp-includes/qq83f359/edit.php HTTP/1.1" 200 - "http://dubai91.com/wp-includes/qq83f359/edit.php" "Mozilla/5.0 (Windows NT 6.1; WOW64; rv:5.0) Gecko/20100101 Firefox/5.0"
124.156.157.91 - - [02/Nov/2025:00:36:33 +0545] "GET / HTTP/1.1" 200 79567 "-" "Mozilla/5.0 (iPhone; CPU iPhone OS 13_2_3 like Mac OS X) AppleWebKit/605.1.15 (KHTML, like Gecko) Version/13.0.3 Mobile/15E148 Safari/604.1"
170.106.179.68 - - [02/Nov/2025:00:37:27 +0545] "GET /wp-login.php?path=/ HTTP/1.1" 200 42098 "-" "Mozilla/5.0 (iPhone; CPU iPhone OS 13_2_3 like Mac OS X) AppleWebKit/605.1.15 (KHTML, like Gecko) Version/13.0.3 Mobile/15E148 Safari/604.1"
69.197.149.50 - - [02/Nov/2025:00:36:06 +0545] "GET /wp-includes/qq83f359/edit.php?id=583057 HTTP/1.1" 200 - "http://dubai91.com/wp-includes/qq83f359/edit.php?id=583057" "Mozilla/5.0 (Windows NT 10.0; Win64; x64) AppleWebKit/537.36 (KHTML, like Gecko) Chrome/58.0.3029.110 Safari/537.3"
69.197.149.50 - - [02/Nov/2025:00:37:36 +0545] "GET /wp-includes/qq83f359/edit.php?id=583057 HTTP/1.1" 200 - "http://dubai91.com/wp-includes/qq83f359/edit.php?id=583057" "Mozilla/5.0 (Windows NT 10.0; Win64; x64) AppleWebKit/537.36 (KHTML, like Gecko) Chrome/58.0.3029.110 Safari/537.3"
69.197.149.50 - - [02/Nov/2025:00:39:07 +0545] "GET /wp-includes/qq83f359/edit.php?id=583057 HTTP/1.1" 200 - "http://dubai91.com/wp-includes/qq83f359/edit.php?id=583057" "Mozilla/5.0 (Windows NT 10.0; Win64; x64) AppleWebKit/537.36 (KHTML, like Gecko) Chrome/58.0.3029.110 Safari/537.3"
69.197.149.50 - - [02/Nov/2025:00:40:37 +0545] "GET /wp-includes/qq83f359/edit.php?id=583057 HTTP/1.1" 200 - "http://dubai91.com/wp-includes/qq83f359/edit.php?id=583057" "Mozilla/5.0 (Windows NT 10.0; Win64; x64) AppleWebKit/537.36 (KHTML, like Gecko) Chrome/58.0.3029.110 Safari/537.3"
69.197.149.50 - - [02/Nov/2025:00:42:06 +0545] "GET /wp-includes/qq83f359/edit.php?id=583057 HTTP/1.1" 200 - "http://dubai91.com/wp-includes/qq83f359/edit.php?id=583057" "Mozilla/5.0 (Windows NT 10.0; Win64; x64) AppleWebKit/537.36 (KHTML, like Gecko) Chrome/58.0.3029.110 Safari/537.3"
69.197.149.50 - - [02/Nov/2025:00:43:35 +0545] "GET /wp-includes/qq83f359/edit.php?id=583057 HTTP/1.1" 200 - "http://dubai91.com/wp-includes/qq83f359/edit.php?id=583057" "Mozilla/5.0 (Windows NT 10.0; Win64; x64) AppleWebKit/537.36 (KHTML, like Gecko) Chrome/58.0.3029.110 Safari/537.3"
66.249.79.128 - - [02/Nov/2025:00:45:30 +0545] "GET /?54580837?entity=0054512802 HTTP/1.1" 200 137253 "-" "Mozilla/5.0 (Linux; Android 6.0.1; Nexus 5X Build/MMB29P) AppleWebKit/537.36 (KHTML, like Gecko) Chrome/141.0.7390.122 Mobile Safari/537.36 (compatible; Googlebot/2.1; +http://www.google.com/bot.html)"
69.197.149.50 - - [02/Nov/2025:00:45:08 +0545] "GET /wp-includes/qq83f359/edit.php?id=583057 HTTP/1.1" 200 - "http://dubai91.com/wp-includes/qq83f359/edit.php?id=583057" "Mozilla/5.0 (Windows NT 10.0; Win64; x64) AppleWebKit/537.36 (KHTML, like Gecko) Chrome/58.0.3029.110 Safari/537.3"
69.197.149.50 - - [02/Nov/2025:00:46:39 +0545] "GET /wp-includes/qq83f359/edit.php?id=583057 HTTP/1.1" 200 - "http://dubai91.com/wp-includes/qq83f359/edit.php?id=583057" "Mozilla/5.0 (Windows NT 10.0; Win64; x64) AppleWebKit/537.36 (KHTML, like Gecko) Chrome/58.0.3029.110 Safari/537.3"
69.197.149.50 - - [02/Nov/2025:00:48:38 +0545] "GET /wp-includes/qq83f359/edit.php?id=583057 HTTP/1.1" 200 - "http://dubai91.com/wp-includes/qq83f359/edit.php?id=583057" "Mozilla/5.0 (Windows NT 10.0; Win64; x64) AppleWebKit/537.36 (KHTML, like Gecko) Chrome/58.0.3029.110 Safari/537.3"
69.197.149.50 - - [02/Nov/2025:00:51:23 +0545] "GET /wp-includes/qq83f359/edit.php?id=583057 HTTP/1.1" 200 - "http://dubai91.com/wp-includes/qq83f359/edit.php?id=583057" "Mozilla/5.0 (Windows NT 10.0; Win64; x64) AppleWebKit/537.36 (KHTML, like Gecko) Chrome/58.0.3029.110 Safari/537.3"
5.39.1.248 - - [02/Nov/2025:00:56:18 +0545] "GET /pages.php?sitemap869.xml HTTP/1.1" 200 13 "-" "Mozilla/5.0 (compatible; AhrefsBot/7.0; +http://ahrefs.com/robot/)"
65.254.81.60 - - [02/Nov/2025:00:56:36 +0545] "POST /wp-cron.php?doing_wp_cron=1762024296.3275570869445800781250 HTTP/1.1" 403 79559 "-" "WordPress/6.8.2; https://dubai91.com"
49.51.245.241 - - [02/Nov/2025:00:56:36 +0545] "GET /wp-admin/install.php?path=/home/roshanchandy/public_html/dubai91.com/realestate HTTP/1.1" 200 1256 "-" "Mozilla/5.0 (iPhone; CPU iPhone OS 13_2_3 like Mac OS X) AppleWebKit/605.1.15 (KHTML, like Gecko) Version/13.0.3 Mobile/15E148 Safari/604.1"
204.12.208.18 - - [02/Nov/2025:00:57:43 +0545] "GET /wp-includes/qq83f359/edit.php HTTP/1.1" 200 6 "http://dubai91.com/wp-includes/qq83f359/edit.php" "Mozilla/5.0 (Macintosh; Intel Mac OS X 10_7_2) AppleWebKit/535.2 (KHTML, like Gecko) Chrome/15.0.874.106 Safari/535.2"
204.12.208.18 - - [02/Nov/2025:00:57:23 +0545] "GET /wp-includes/qq83f359/edit.php HTTP/1.1" 200 - "http://dubai91.com/wp-includes/qq83f359/edit.php" "Mozilla/5.0 (compatible; MSIE 9.0; Windows NT 6.0; Trident/5.0)"
69.197.149.50 - - [02/Nov/2025:00:58:52 +0545] "GET /wp-includes/qq83f359/edit.php?id=583057 HTTP/1.1" 200 - "http://dubai91.com/wp-includes/qq83f359/edit.php?id=583057" "Mozilla/5.0 (Windows NT 10.0; Win64; x64) AppleWebKit/537.36 (KHTML, like Gecko) Chrome/58.0.3029.110 Safari/537.3"
69.197.149.50 - - [02/Nov/2025:01:00:28 +0545] "GET /wp-includes/qq83f359/edit.php?id=583057 HTTP/1.1" 200 - "http://dubai91.com/wp-includes/qq83f359/edit.php?id=583057" "Mozilla/5.0 (Windows NT 10.0; Win64; x64) AppleWebKit/537.36 (KHTML, like Gecko) Chrome/58.0.3029.110 Safari/537.3"
